000
CDUS44 KSHV 160748
CLIELD


CLIMATE REPORT
NATIONAL WEATHER SERVICE SHREVEPORT, LA
248 AM CDT WED AUG 16 2017


...................................

...THE EL DORADO CLIMATE SUMMARY FOR AUGUST 15 2017...

CLIMATE NORMAL PERIOD 1981 TO 2010
CLIMATE RECORD PERIOD 1907 TO 2017


WEATHER ITEM   OBSERVED TIME   RECORD YEAR NORMAL DEPARTURE LAST
                VALUE   (LST)  VALUE       VALUE  FROM      YEAR
                                                  NORMAL
..................................................................
TEMPERATURE (F)
 YESTERDAY
  MAXIMUM         92    422 PM 107    1948  93     -1       83
  MINIMUM         76   1057 PM  56    2004  70      6       73
  AVERAGE         84                        82      2       78

PRECIPITATION (IN)
  YESTERDAY        0.00          2.18 1947   0.10  -0.10     1.44
  MONTH TO DATE    3.19                      1.56   1.63     5.28
  SINCE DEC 1     41.32                     38.18   3.14    49.27
  SINCE JAN 1     35.03                     33.00   2.03    41.21

SNOWFALL (IN)
  YESTERDAY        0.0
  MONTH TO DATE    0.0
  SINCE JUN 1      0.0
  SINCE JUL 1      0.0
  SNOW DEPTH       0

DEGREE DAYS
 HEATING
  YESTERDAY        0                         0      0        0
  MONTH TO DATE    0                         0      0        0
  SINCE JUN 1      0                         0      0        0
  SINCE JUL 1      0                         0      0        0

 COOLING
  YESTERDAY       19                        17      2       13
  MONTH TO DATE  225                       255    -30      279
  SINCE JUN 1   1151                      1167    -16     1323
  SINCE JAN 1   1497                      1478     19     1604
..................................................................


WIND (MPH)
  HIGHEST WIND SPEED    13   HIGHEST WIND DIRECTION    SW (240)
  HIGHEST GUST SPEED    16   HIGHEST GUST DIRECTION    SW (240)
  AVERAGE WIND SPEED     6.3


SKY COVER
  POSSIBLE SUNSHINE  MM
  AVERAGE SKY COVER 0.2


WEATHER CONDITIONS
 THE FOLLOWING WEATHER WAS RECORDED YESTERDAY.
  NO SIGNIFICANT WEATHER WAS OBSERVED.


RELATIVE HUMIDITY (PERCENT)
 HIGHEST   100          1100 PM
 LOWEST     52           500 PM
 AVERAGE    76

..........................................................


THE EL DORADO CLIMATE NORMALS FOR TODAY
                         NORMAL    RECORD    YEAR
 MAXIMUM TEMPERATURE (F)   93       106      2000
 MINIMUM TEMPERATURE (F)   70        54      1963


SUNRISE AND SUNSET
AUGUST 16 2017........SUNRISE   635 AM CDT   SUNSET   755 PM CDT
AUGUST 17 2017........SUNRISE   636 AM CDT   SUNSET   754 PM CDT


-  INDICATES NEGATIVE NUMBERS.
R  INDICATES RECORD WAS SET OR TIED.
MM INDICATES DATA IS MISSING.
T  INDICATES TRACE AMOUNT.




$$
