000
CDUS44 KSHV 020738
CLIELD


CLIMATE REPORT
NATIONAL WEATHER SERVICE SHREVEPORT, LA
235 AM CDT THU JUL 2 2015


...................................

...THE EL DORADO CLIMATE SUMMARY FOR JULY 1 2015...

CLIMATE NORMAL PERIOD 1981 TO 2010
CLIMATE RECORD PERIOD 1907 TO 2015


WEATHER ITEM   OBSERVED TIME   RECORD YEAR NORMAL DEPARTURE LAST
                VALUE   (LST)  VALUE       VALUE  FROM      YEAR
                                                  NORMAL
..................................................................
TEMPERATURE (F)
 YESTERDAY
  MAXIMUM         90    336 PM 102    1954  91     -1       92
  MINIMUM         70    549 AM  57    1950  70      0       72
  AVERAGE         80                        81     -1       82

PRECIPITATION (IN)
  YESTERDAY        0.00          1.98 1951   0.15  -0.15     0.00
  MONTH TO DATE    0.00                      0.15  -0.15     0.00
  SINCE DEC 1     32.47                     33.21  -0.74    31.46
  SINCE JAN 1     29.14                     28.03   1.11    24.90

SNOWFALL (IN)
  YESTERDAY        0.0
  MONTH TO DATE    0.0
  SINCE JUN 1      0.0
  SINCE JUL 1      0.0
  SNOW DEPTH       0

DEGREE DAYS
 HEATING
  YESTERDAY        0                         0      0        0
  MONTH TO DATE    0                         0      0        0
  SINCE JUN 1      0                         0      0        0
  SINCE JUL 1      0                         0      0        0

 COOLING
  YESTERDAY       15                        16     -1       17
  MONTH TO DATE   15                        16     -1       17
  SINCE JUN 1    445                       412     33      434
  SINCE JAN 1    785                       723     62      686
..................................................................


WIND (MPH)
  HIGHEST WIND SPEED    15   HIGHEST WIND DIRECTION     S (200)
  HIGHEST GUST SPEED    22   HIGHEST GUST DIRECTION    SW (240)
  AVERAGE WIND SPEED     7.8


SKY COVER
  POSSIBLE SUNSHINE  MM
  AVERAGE SKY COVER 0.1


WEATHER CONDITIONS
 THE FOLLOWING WEATHER WAS RECORDED YESTERDAY.
  NO SIGNIFICANT WEATHER WAS OBSERVED.


RELATIVE HUMIDITY (PERCENT)
 HIGHEST   100           300 AM
 LOWEST     56           200 PM
 AVERAGE    78

..........................................................


THE EL DORADO CLIMATE NORMALS FOR TODAY
                         NORMAL    RECORD    YEAR
 MAXIMUM TEMPERATURE (F)   91       102      1969
 MINIMUM TEMPERATURE (F)   70        57      1918


SUNRISE AND SUNSET
JULY  2 2015..........SUNRISE   606 AM CDT   SUNSET   824 PM CDT
JULY  3 2015..........SUNRISE   606 AM CDT   SUNSET   824 PM CDT


-  INDICATES NEGATIVE NUMBERS.
R  INDICATES RECORD WAS SET OR TIED.
MM INDICATES DATA IS MISSING.
T  INDICATES TRACE AMOUNT.




$$
