000
CDUS44 KSHV 230745
CLIELD


CLIMATE REPORT
NATIONAL WEATHER SERVICE SHREVEPORT, LA
241 AM CDT MON OCT 23 2017


...................................

...THE EL DORADO CLIMATE SUMMARY FOR OCTOBER 22 2017...

CLIMATE NORMAL PERIOD 1981 TO 2010
CLIMATE RECORD PERIOD 1907 TO 2017


WEATHER ITEM   OBSERVED TIME   RECORD YEAR NORMAL DEPARTURE LAST
                VALUE   (LST)  VALUE       VALUE  FROM      YEAR
                                                  NORMAL
..................................................................
TEMPERATURE (F)
 YESTERDAY
  MAXIMUM         73    303 AM  93    1939  74     -1       72
  MINIMUM         53   1159 PM  31    1917  49      4       42
  AVERAGE         63                        62      1       57

PRECIPITATION (IN)
  YESTERDAY        0.71          4.70 1957   0.18   0.53     0.00
  MONTH TO DATE    0.74                      3.67  -2.93     2.09
  SINCE DEC 1     45.64                     46.51  -0.87    60.63
  SINCE JAN 1     39.35                     41.33  -1.98    52.57

SNOWFALL (IN)
  YESTERDAY        0.0
  MONTH TO DATE    0.0
  SINCE SEP 1      0.0
  SINCE JUL 1      0.0
  SNOW DEPTH       0

DEGREE DAYS
 HEATING
  YESTERDAY        2                         5     -3        8
  MONTH TO DATE   30                        65    -35       20
  SINCE SEP 1     33                        77    -44       20
  SINCE JUL 1     33                        77    -44       20

 COOLING
  YESTERDAY        0                         2     -2        0
  MONTH TO DATE  134                        69     65      108
  SINCE SEP 1    450                       369     81      492
  SINCE JAN 1   2185                      2096     89     2350
..................................................................


WIND (MPH)
  HIGHEST WIND SPEED    37   HIGHEST WIND DIRECTION    NW (330)
  HIGHEST GUST SPEED    46   HIGHEST GUST DIRECTION    NW (320)
  AVERAGE WIND SPEED     7.8


SKY COVER
  POSSIBLE SUNSHINE  MM
  AVERAGE SKY COVER 0.7


WEATHER CONDITIONS
 THE FOLLOWING WEATHER WAS RECORDED YESTERDAY.
  THUNDERSTORM
  HEAVY RAIN
  RAIN
  LIGHT RAIN
  FOG


RELATIVE HUMIDITY (PERCENT)
 HIGHEST   100           600 AM
 LOWEST     78           300 PM
 AVERAGE    89

..........................................................


THE EL DORADO CLIMATE NORMALS FOR TODAY
                         NORMAL    RECORD    YEAR
 MAXIMUM TEMPERATURE (F)   74        95      1939
 MINIMUM TEMPERATURE (F)   49        28      1952


SUNRISE AND SUNSET
OCTOBER 23 2017.......SUNRISE   722 AM CDT   SUNSET   628 PM CDT
OCTOBER 24 2017.......SUNRISE   723 AM CDT   SUNSET   627 PM CDT


-  INDICATES NEGATIVE NUMBERS.
R  INDICATES RECORD WAS SET OR TIED.
MM INDICATES DATA IS MISSING.
T  INDICATES TRACE AMOUNT.




$$
