000
CDUS44 KSHV 280850
CLIELD


CLIMATE REPORT
NATIONAL WEATHER SERVICE SHREVEPORT, LA
350 AM CDT TUE MAR 28 2017


...................................

...THE EL DORADO CLIMATE SUMMARY FOR MARCH 27 2017...

CLIMATE NORMAL PERIOD 1981 TO 2010
CLIMATE RECORD PERIOD 1907 TO 2017


WEATHER ITEM   OBSERVED TIME   RECORD YEAR NORMAL DEPARTURE LAST
                VALUE   (LST)  VALUE       VALUE  FROM      YEAR
                                                  NORMAL
..................................................................
TEMPERATURE (F)
 YESTERDAY
  MAXIMUM         81    428 PM  84    1982  71     10       78
  MINIMUM         60   1136 PM  20    1955  46     14       50
  AVERAGE         71                        59     12       64

PRECIPITATION (IN)
  YESTERDAY        T             2.25 1946   0.14  -0.14     0.00
  MONTH TO DATE    1.55                      4.17  -2.62    10.15
  SINCE DEC 1     16.25                     18.44  -2.19    25.81
  SINCE JAN 1      9.96                     13.26  -3.30    17.75

SNOWFALL (IN)
  YESTERDAY        0.0
  MONTH TO DATE    0.0
  SINCE MAR 1      0.0
  SINCE JUL 1      T
  SNOW DEPTH       0

DEGREE DAYS
 HEATING
  YESTERDAY        0                         7     -7        1
  MONTH TO DATE  205                       281    -76      186
  SINCE MAR 1    205                       281    -76      186
  SINCE JUL 1   1657                      2509   -852     1925

 COOLING
  YESTERDAY        6                         1      5        0
  MONTH TO DATE   40                        18     22       17
  SINCE MAR 1     40                        18     22       17
  SINCE JAN 1     67                        24     43       23
..................................................................


WIND (MPH)
  HIGHEST WIND SPEED    20   HIGHEST WIND DIRECTION     S (190)
  HIGHEST GUST SPEED    25   HIGHEST GUST DIRECTION     S (200)
  AVERAGE WIND SPEED     7.5


SKY COVER
  POSSIBLE SUNSHINE  MM
  AVERAGE SKY COVER 0.5


WEATHER CONDITIONS
 THE FOLLOWING WEATHER WAS RECORDED YESTERDAY.
  THUNDERSTORM
  LIGHT RAIN
  FOG
  HAZE


RELATIVE HUMIDITY (PERCENT)
 HIGHEST    93           400 AM
 LOWEST     54           500 PM
 AVERAGE    74

..........................................................


THE EL DORADO CLIMATE NORMALS FOR TODAY
                         NORMAL    RECORD    YEAR
 MAXIMUM TEMPERATURE (F)   72        88      1907
 MINIMUM TEMPERATURE (F)   46        28      1977


SUNRISE AND SUNSET
MARCH 28 2017.........SUNRISE   704 AM CDT   SUNSET   729 PM CDT
MARCH 29 2017.........SUNRISE   703 AM CDT   SUNSET   730 PM CDT


-  INDICATES NEGATIVE NUMBERS.
R  INDICATES RECORD WAS SET OR TIED.
MM INDICATES DATA IS MISSING.
T  INDICATES TRACE AMOUNT.




$$
