000
CDUS44 KEPZ 260933
CLIELP


CLIMATE REPORT
NATIONAL WEATHER SERVICE EL PASO, TX
332 AM MDT TUE SEP 26 2017


...................................

...THE EL PASO CLIMATE SUMMARY FOR SEPTEMBER 25 2017...

CLIMATE NORMAL PERIOD 1981 TO 2010
CLIMATE RECORD PERIOD 1879 TO 2017


WEATHER ITEM   OBSERVED TIME   RECORD YEAR NORMAL DEPARTURE LAST
                VALUE   (LST)  VALUE       VALUE  FROM      YEAR
                                                  NORMAL
..................................................................
TEMPERATURE (F)
 YESTERDAY
  MAXIMUM         87    332 PM  96    1977  85      2       80
  MINIMUM         65   1112 PM  45    1889  60      5       62
  AVERAGE         76                        72      4       71

PRECIPITATION (IN)
  YESTERDAY        0.00          0.82 1978   0.04  -0.04      T
  MONTH TO DATE    0.01                      1.32  -1.31     1.16
  SINCE SEP 1      0.01                      1.32  -1.31     1.16
  SINCE JAN 1      7.93                      7.64   0.29     7.13

SNOWFALL (IN)
  YESTERDAY        0.0                                       0.0
  MONTH TO DATE    0.0                                       0.0
  SINCE SEP 1      0.0                                       0.0
  SINCE JUL 1      0.0                                        T
  SNOW DEPTH       0

DEGREE DAYS
 HEATING
  YESTERDAY        0                         0      0        0
  MONTH TO DATE    0                         0      0        0
  SINCE SEP 1      0                         0      0        0
  SINCE JUL 1      0                         0      0        0

 COOLING
  YESTERDAY       11                         8      3        6
  MONTH TO DATE  395                       283    112      340
  SINCE SEP 1    395                       283    112      340
  SINCE JAN 1   2682                      2212    470     2564
..................................................................


WIND (MPH)
  HIGHEST WIND SPEED    17   HIGHEST WIND DIRECTION     W (270)
  HIGHEST GUST SPEED    22   HIGHEST GUST DIRECTION    SW (240)
  AVERAGE WIND SPEED     6.4


SKY COVER
  POSSIBLE SUNSHINE  MM
  AVERAGE SKY COVER 0.3


WEATHER CONDITIONS
 THE FOLLOWING WEATHER WAS RECORDED YESTERDAY.
  HAZE


RELATIVE HUMIDITY (PERCENT)
 HIGHEST    81           500 AM
 LOWEST     12           300 PM
 AVERAGE    47

..........................................................


THE EL PASO CLIMATE NORMALS FOR TODAY
                         NORMAL    RECORD    YEAR
 MAXIMUM TEMPERATURE (F)   85        97      2005
                                             1982
                                             1977
 MINIMUM TEMPERATURE (F)   60        42      1889


SUNRISE AND SUNSET
SEPTEMBER 26 2017.....SUNRISE   656 AM MDT   SUNSET   657 PM MDT
SEPTEMBER 27 2017.....SUNRISE   657 AM MDT   SUNSET   655 PM MDT


-  INDICATES NEGATIVE NUMBERS.
R  INDICATES RECORD WAS SET OR TIED.
MM INDICATES DATA IS MISSING.
T  INDICATES TRACE AMOUNT.




$$
