000
CDUS44 KEPZ 292339
CLIELP


CLIMATE REPORT
NATIONAL WEATHER SERVICE EL PASO, TX
538 PM MDT MON AUG 29 2016


...................................

...THE EL PASO CLIMATE SUMMARY FOR AUGUST 29 2016...
VALID TODAY AS OF 0500 PM LOCAL TIME.

CLIMATE NORMAL PERIOD 1981 TO 2010
CLIMATE RECORD PERIOD 1879 TO 2016


WEATHER ITEM   OBSERVED TIME   RECORD YEAR NORMAL DEPARTURE LAST
                VALUE   (LST)  VALUE       VALUE  FROM      YEAR
                                                  NORMAL
..................................................................
TEMPERATURE (F)
 TODAY
  MAXIMUM         88    228 PM 102    1962  92     -4       93
  MINIMUM         67    615 AM  58    1970  68     -1       71
                                      1917

PRECIPITATION (IN)
  TODAY            T                         0.05  -0.05     0.04
  MONTH TO DATE    4.07                      1.91   2.16     1.55
  SINCE JUN 1      4.64                      4.40   0.24     4.61
  SINCE JAN 1      5.28                      6.22  -0.94     7.15

..................................................................


WIND (MPH)
  HIGHEST WIND SPEED    15   HIGHEST WIND DIRECTION     E (110)
  HIGHEST GUST SPEED    18   HIGHEST GUST DIRECTION     E (80)


SKY COVER
  AVERAGE SKY COVER 0.5


WEATHER CONDITIONS
 THE FOLLOWING WEATHER WAS RECORDED TODAY.
  LIGHT RAIN


RELATIVE HUMIDITY (PERCENT)
 HIGHEST    81           600 AM
 LOWEST     37           300 PM

..........................................................


THE EL PASO CLIMATE NORMALS FOR TOMORROW
                         NORMAL    RECORD    YEAR
 MAXIMUM TEMPERATURE (F)   91       103      2011
 MINIMUM TEMPERATURE (F)   68        57      1976
                                             1915


SUNRISE AND SUNSET
AUGUST 29 2016........SUNRISE   640 AM MDT   SUNSET   732 PM MDT
AUGUST 30 2016........SUNRISE   640 AM MDT   SUNSET   731 PM MDT


-  INDICATES NEGATIVE NUMBERS.
R  INDICATES RECORD WAS SET OR TIED.
MM INDICATES DATA IS MISSING.
T  INDICATES TRACE AMOUNT.




$$
