000
CDUS44 KEPZ 252340
CLIELP


CLIMATE REPORT
NATIONAL WEATHER SERVICE EL PASO, TX
540 PM MDT MON MAY 25 2015


...................................

...THE EL PASO CLIMATE SUMMARY FOR MAY 25 2015...
VALID TODAY AS OF 500 PM LOCAL TIME.

CLIMATE NORMAL PERIOD 1981 TO 2010
CLIMATE RECORD PERIOD 1879 TO 2015


WEATHER ITEM   OBSERVED TIME   RECORD YEAR NORMAL DEPARTURE LAST
                VALUE   (LST)  VALUE       VALUE  FROM      YEAR
                                                  NORMAL
..................................................................
TEMPERATURE (F)
 TODAY
  MAXIMUM         84    335 PM 102    2006  91     -7       85
  MINIMUM         61    553 AM  48    1975  63     -2       60
                                      1908

PRECIPITATION (IN)
  TODAY            0.00                      0.01  -0.01     0.00
  MONTH TO DATE    0.81                      0.36   0.45     0.01
  SINCE MAR 1      1.66                      0.85   0.81     0.64
  SINCE JAN 1      2.54                      1.71   0.83     0.64

..................................................................


WIND (MPH)
  HIGHEST WIND SPEED    23   HIGHEST WIND DIRECTION     W (250)
  HIGHEST GUST SPEED    39   HIGHEST GUST DIRECTION     W (280)


SKY COVER
  AVERAGE SKY COVER 0.2


WEATHER CONDITIONS
 THE FOLLOWING WEATHER WAS RECORDED TODAY.
  NO SIGNIFICANT WEATHER WAS OBSERVED.


RELATIVE HUMIDITY (PERCENT)
 HIGHEST    36           600 AM
 LOWEST     13           200 PM

..........................................................


THE EL PASO CLIMATE NORMALS FOR TOMORROW
                         NORMAL    RECORD    YEAR
 MAXIMUM TEMPERATURE (F)   91       102      1951
 MINIMUM TEMPERATURE (F)   63        48      1975


SUNRISE AND SUNSET
MAY 25 2015...........SUNRISE   603 AM MDT   SUNSET   802 PM MDT
MAY 26 2015...........SUNRISE   603 AM MDT   SUNSET   803 PM MDT


-  INDICATES NEGATIVE NUMBERS.
R  INDICATES RECORD WAS SET OR TIED.
MM INDICATES DATA IS MISSING.
T  INDICATES TRACE AMOUNT.




$$
