000
CDUS44 KEPZ 230927
CLIELP


CLIMATE REPORT
NATIONAL WEATHER SERVICE EL PASO, TX
226 AM MST THU FEB 23 2017


...................................

...THE EL PASO CLIMATE SUMMARY FOR FEBRUARY 22 2017...

CLIMATE NORMAL PERIOD 1981 TO 2010
CLIMATE RECORD PERIOD 1879 TO 2017


WEATHER ITEM   OBSERVED TIME   RECORD YEAR NORMAL DEPARTURE LAST
                VALUE   (LST)  VALUE       VALUE  FROM      YEAR
                                                  NORMAL
..................................................................
TEMPERATURE (F)
 YESTERDAY
  MAXIMUM         79R   355 PM  79    1996  65     14       75
  MINIMUM         47    626 AM  15    1964  39      8       46
  AVERAGE         63                        52     11       61

PRECIPITATION (IN)
  YESTERDAY        0.00          1.06 1888   0.01  -0.01     0.00
  MONTH TO DATE    0.16                      0.38  -0.22     0.07
  SINCE DEC 1      2.07                      1.56   0.51     1.61
  SINCE JAN 1      1.21                      0.78   0.43     0.53

SNOWFALL (IN)
  YESTERDAY        0.0                                       0.0
  MONTH TO DATE    T                                          T
  SINCE DEC 1      T                                         8.1
  SINCE JUL 1      T                                         8.1
  SNOW DEPTH       0

DEGREE DAYS
 HEATING
  YESTERDAY        2                        13    -11        4
  MONTH TO DATE  204                       343   -139      275
  SINCE DEC 1   1180                      1586   -406     1431
  SINCE JUL 1   1422                      2028   -606     1766

 COOLING
  YESTERDAY        0                         0      0        0
  MONTH TO DATE    3                         0      3        3
  SINCE DEC 1      3                         0      3        3
  SINCE JAN 1      3                         0      3        3
..................................................................


WIND (MPH)
  HIGHEST WIND SPEED    17   HIGHEST WIND DIRECTION    SW (230)
  HIGHEST GUST SPEED    23   HIGHEST GUST DIRECTION     W (290)
  AVERAGE WIND SPEED     9.3


SKY COVER
  POSSIBLE SUNSHINE  MM
  AVERAGE SKY COVER 0.1


WEATHER CONDITIONS
 THE FOLLOWING WEATHER WAS RECORDED YESTERDAY.
  HAZE


RELATIVE HUMIDITY (PERCENT)
 HIGHEST    56           700 AM
 LOWEST     13           500 PM
 AVERAGE    35

..........................................................


THE EL PASO CLIMATE NORMALS FOR TODAY
                         NORMAL    RECORD    YEAR
 MAXIMUM TEMPERATURE (F)   65        84      1904
 MINIMUM TEMPERATURE (F)   39        20      1976
                                             1964


SUNRISE AND SUNSET
FEBRUARY 23 2017......SUNRISE   639 AM MST   SUNSET   559 PM MST
FEBRUARY 24 2017......SUNRISE   638 AM MST   SUNSET   600 PM MST


-  INDICATES NEGATIVE NUMBERS.
R  INDICATES RECORD WAS SET OR TIED.
MM INDICATES DATA IS MISSING.
T  INDICATES TRACE AMOUNT.




$$
