000
CDUS44 KEPZ 270931
CLIELP


CLIMATE REPORT
NATIONAL WEATHER SERVICE EL PASO, TX
230 AM MST FRI FEB 27 2015


...................................

...THE EL PASO CLIMATE SUMMARY FOR FEBRUARY 26 2015...

CLIMATE NORMAL PERIOD 1981 TO 2010
CLIMATE RECORD PERIOD 1879 TO 2015


WEATHER ITEM   OBSERVED TIME   RECORD YEAR NORMAL DEPARTURE LAST
                VALUE   (LST)  VALUE       VALUE  FROM      YEAR
                                                  NORMAL
..................................................................
TEMPERATURE (F)
 YESTERDAY
  MAXIMUM         56   1231 PM  83    2009  66    -10       69
                                      1986
                                      1904
  MINIMUM         33   1159 PM  20    1952  39     -6       47
                                      1935
  AVERAGE         45                        53     -8       58

PRECIPITATION (IN)
  YESTERDAY        0.00          0.44 1886   0.01  -0.01     0.00
  MONTH TO DATE    0.03                      0.43  -0.40      T
  SINCE DEC 1      1.00                      1.61  -0.61     0.26
  SINCE JAN 1      0.88                      0.83   0.05      T

SNOWFALL (IN)
  YESTERDAY        0.0                                       0.0
  MONTH TO DATE    0.0                                       0.0
  SINCE DEC 1      T                                          T
  SINCE JUL 1      T                                          T
  SNOW DEPTH       0

DEGREE DAYS
 HEATING
  YESTERDAY       20                        12      8        7
  MONTH TO DATE  286                       394   -108      231
  SINCE DEC 1   1416                      1637   -221     1403
  SINCE JUL 1   1779                      2079   -300     1787

 COOLING
  YESTERDAY        0                         0      0        0
  MONTH TO DATE    1                         0      1        6
  SINCE DEC 1      1                         0      1        6
  SINCE JAN 1      1                         0      1        6
..................................................................


WIND (MPH)
  HIGHEST WIND SPEED    22   HIGHEST WIND DIRECTION     E (80)
  HIGHEST GUST SPEED    28   HIGHEST GUST DIRECTION     E (70)
  AVERAGE WIND SPEED    11.8


SKY COVER
  POSSIBLE SUNSHINE  MM
  AVERAGE SKY COVER 0.4


WEATHER CONDITIONS
 THE FOLLOWING WEATHER WAS RECORDED YESTERDAY.
  NO SIGNIFICANT WEATHER WAS OBSERVED.


RELATIVE HUMIDITY (PERCENT)
 HIGHEST    69          1000 PM
 LOWEST     32          1200 AM
 AVERAGE    51

..........................................................


THE EL PASO CLIMATE NORMALS FOR TODAY
                         NORMAL    RECORD    YEAR
 MAXIMUM TEMPERATURE (F)   66        85      1904
 MINIMUM TEMPERATURE (F)   40        20      1974


SUNRISE AND SUNSET
FEBRUARY 27 2015......SUNRISE   635 AM MST   SUNSET   602 PM MST
FEBRUARY 28 2015......SUNRISE   634 AM MST   SUNSET   603 PM MST


-  INDICATES NEGATIVE NUMBERS.
R  INDICATES RECORD WAS SET OR TIED.
MM INDICATES DATA IS MISSING.
T  INDICATES TRACE AMOUNT.




$$
