000
CDUS44 KEPZ 202326
CLIELP


CLIMATE REPORT
NATIONAL WEATHER SERVICE EL PASO, TX
525 PM MDT SAT SEP 20 2014


...................................

...THE EL PASO CLIMATE SUMMARY FOR SEPTEMBER 20 2014...
VALID TODAY AS OF 0500 PM LOCAL TIME.

CLIMATE NORMAL PERIOD 1981 TO 2010
CLIMATE RECORD PERIOD 1879 TO 2014


WEATHER ITEM   OBSERVED TIME   RECORD YEAR NORMAL DEPARTURE LAST
                VALUE   (LST)  VALUE       VALUE  FROM      YEAR
                                                  NORMAL
..................................................................
TEMPERATURE (F)
 TODAY
  MAXIMUM         88    359 PM  97    1973  87      1       82
                                      1954
  MINIMUM         67    616 AM  44    1971  62      5       66

PRECIPITATION (IN)
  TODAY            0.00                      0.05  -0.05     0.00
  MONTH TO DATE    3.71                      1.10   2.61     3.85
  SINCE SEP 1      3.71                      1.10   2.61     3.85
  SINCE JAN 1      6.84                      7.42  -0.58     9.15

..................................................................


WIND (MPH)
  HIGHEST WIND SPEED     9   HIGHEST WIND DIRECTION     N (340)
  HIGHEST GUST SPEED    13   HIGHEST GUST DIRECTION    NE (30)


SKY COVER
  AVERAGE SKY COVER 0.4


WEATHER CONDITIONS
 THE FOLLOWING WEATHER WAS RECORDED TODAY.
  NO SIGNIFICANT WEATHER WAS OBSERVED.


RELATIVE HUMIDITY (PERCENT)
 HIGHEST    93           500 AM
 LOWEST     40           200 PM

..........................................................


THE EL PASO CLIMATE NORMALS FOR TOMORROW
                         NORMAL    RECORD    YEAR
 MAXIMUM TEMPERATURE (F)   86        98      1980
 MINIMUM TEMPERATURE (F)   62        49      1971


SUNRISE AND SUNSET
SEPTEMBER 20 2014.....SUNRISE   653 AM MDT   SUNSET   705 PM MDT
SEPTEMBER 21 2014.....SUNRISE   653 AM MDT   SUNSET   703 PM MDT


-  INDICATES NEGATIVE NUMBERS.
R  INDICATES RECORD WAS SET OR TIED.
MM INDICATES DATA IS MISSING.
T  INDICATES TRACE AMOUNT.




$$
