000
CDUS44 KEPZ 090927
CLIELP


CLIMATE REPORT
NATIONAL WEATHER SERVICE EL PASO, TX
226 AM MST TUE FEB 9 2016


...................................

...THE EL PASO CLIMATE SUMMARY FOR FEBRUARY 8 2016...

CLIMATE NORMAL PERIOD 1981 TO 2010
CLIMATE RECORD PERIOD 1879 TO 2016


WEATHER ITEM   OBSERVED TIME   RECORD YEAR NORMAL DEPARTURE LAST
                VALUE   (LST)  VALUE       VALUE  FROM      YEAR
                                                  NORMAL
..................................................................
TEMPERATURE (F)
 YESTERDAY
  MAXIMUM         63    422 PM  79    2015  62      1       79
  MINIMUM         36    732 AM  13    1971  36      0       45
  AVERAGE         50                        49      1       62

PRECIPITATION (IN)
  YESTERDAY        0.00          0.41 1965   0.02  -0.02     0.00
  MONTH TO DATE    0.07                      0.14  -0.07     0.00
  SINCE DEC 1      1.61                      1.32   0.29     0.97
  SINCE JAN 1      0.53                      0.54  -0.01     0.85

SNOWFALL (IN)
  YESTERDAY        0.0                                       0.0
  MONTH TO DATE    T                                         0.0
  SINCE DEC 1      8.1                                        T
  SINCE JUL 1      8.1                                        T
  SNOW DEPTH       0

DEGREE DAYS
 HEATING
  YESTERDAY       15                        16     -1        3
  MONTH TO DATE  186                       137     49       81
  SINCE DEC 1   1342                      1380    -38     1211
  SINCE JUL 1   1677                      1822   -145     1574

 COOLING
  YESTERDAY        0                         0      0        0
  MONTH TO DATE    0                         0      0        0
  SINCE DEC 1      0                         0      0        0
  SINCE JAN 1      0                         0      0        0
..................................................................


WIND (MPH)
  HIGHEST WIND SPEED    12   HIGHEST WIND DIRECTION     E (80)
  HIGHEST GUST SPEED    13   HIGHEST GUST DIRECTION     E (80)
  AVERAGE WIND SPEED     4.4


SKY COVER
  POSSIBLE SUNSHINE  MM
  AVERAGE SKY COVER 0.4


WEATHER CONDITIONS
 THE FOLLOWING WEATHER WAS RECORDED YESTERDAY.
  NO SIGNIFICANT WEATHER WAS OBSERVED.


RELATIVE HUMIDITY (PERCENT)
 HIGHEST    44           800 AM
 LOWEST     17           400 PM
 AVERAGE    31

..........................................................


THE EL PASO CLIMATE NORMALS FOR TODAY
                         NORMAL    RECORD    YEAR
 MAXIMUM TEMPERATURE (F)   62        78      1957
                                             1938
 MINIMUM TEMPERATURE (F)   36        11      1974


SUNRISE AND SUNSET
FEBRUARY  9 2016......SUNRISE   653 AM MST   SUNSET   547 PM MST
FEBRUARY 10 2016......SUNRISE   652 AM MST   SUNSET   548 PM MST


-  INDICATES NEGATIVE NUMBERS.
R  INDICATES RECORD WAS SET OR TIED.
MM INDICATES DATA IS MISSING.
T  INDICATES TRACE AMOUNT.




$$
