000
CDUS44 KEPZ 042326
CLIELP


CLIMATE REPORT
NATIONAL WEATHER SERVICE EL PASO, TX
525 PM MDT WED MAY 4 2016


...................................

...THE EL PASO CLIMATE SUMMARY FOR MAY 4 2016...
VALID TODAY AS OF 0500 PM LOCAL TIME.

CLIMATE NORMAL PERIOD 1981 TO 2010
CLIMATE RECORD PERIOD 1879 TO 2016


WEATHER ITEM   OBSERVED TIME   RECORD YEAR NORMAL DEPARTURE LAST
                VALUE   (LST)  VALUE       VALUE  FROM      YEAR
                                                  NORMAL
..................................................................
TEMPERATURE (F)
 TODAY
  MAXIMUM         85    341 PM  98    1947  84      1       86
  MINIMUM         57    447 AM  36    1935  57      0       63

PRECIPITATION (IN)
  TODAY            0.00                      0.01  -0.01     0.16
  MONTH TO DATE    0.00                      0.04  -0.04     0.16
  SINCE MAR 1      0.05                      0.53  -0.48     1.01
  SINCE JAN 1      0.58                      1.39  -0.81     1.89

..................................................................


WIND (MPH)
  HIGHEST WIND SPEED    17   HIGHEST WIND DIRECTION    SE (120)
  HIGHEST GUST SPEED    25   HIGHEST GUST DIRECTION     S (180)


SKY COVER
  AVERAGE SKY COVER 0.1


WEATHER CONDITIONS
 THE FOLLOWING WEATHER WAS RECORDED TODAY.
  NO SIGNIFICANT WEATHER WAS OBSERVED.


RELATIVE HUMIDITY (PERCENT)
 HIGHEST    39           600 AM
 LOWEST     10           300 PM

..........................................................


THE EL PASO CLIMATE NORMALS FOR TOMORROW
                         NORMAL    RECORD    YEAR
 MAXIMUM TEMPERATURE (F)   84        98      1947
 MINIMUM TEMPERATURE (F)   57        39      1935


SUNRISE AND SUNSET
MAY  4 2016...........SUNRISE   617 AM MDT   SUNSET   748 PM MDT
MAY  5 2016...........SUNRISE   616 AM MDT   SUNSET   749 PM MDT


-  INDICATES NEGATIVE NUMBERS.
R  INDICATES RECORD WAS SET OR TIED.
MM INDICATES DATA IS MISSING.
T  INDICATES TRACE AMOUNT.




$$
