000
CDUS44 KEPZ 232335
CLIELP


CLIMATE REPORT
NATIONAL WEATHER SERVICE EL PASO, TX
535 PM MDT WED JUL 23 2014


...................................

...THE EL PASO CLIMATE SUMMARY FOR JULY 23 2014...
VALID TODAY AS OF 500 PM LOCAL TIME.

CLIMATE NORMAL PERIOD 1981 TO 2010
CLIMATE RECORD PERIOD 1879 TO 2014


WEATHER ITEM   OBSERVED TIME   RECORD YEAR NORMAL DEPARTURE LAST
                VALUE   (LST)  VALUE       VALUE  FROM      YEAR
                                                  NORMAL
..................................................................
TEMPERATURE (F)
 TODAY
  MAXIMUM         96    404 PM 104    1963  94      2       95
  MINIMUM         70    554 AM  56    1880  71     -1       73

PRECIPITATION (IN)
  TODAY            0.08                      0.05   0.03     0.00
  MONTH TO DATE    0.53                      1.05  -0.52     0.60
  SINCE JUN 1      0.54                      1.99  -1.45     0.76
  SINCE JAN 1      1.18                      3.81  -2.63     1.65

..................................................................


WIND (MPH)
  HIGHEST WIND SPEED    21   HIGHEST WIND DIRECTION    SE (130)
  HIGHEST GUST SPEED    28   HIGHEST GUST DIRECTION     E (110)


SKY COVER
  AVERAGE SKY COVER 0.2


WEATHER CONDITIONS
 THE FOLLOWING WEATHER WAS RECORDED TODAY.
  LIGHT RAIN


RELATIVE HUMIDITY (PERCENT)
 HIGHEST    90           600 AM
 LOWEST     16           300 PM

..........................................................


THE EL PASO CLIMATE NORMALS FOR TOMORROW
                         NORMAL    RECORD    YEAR
 MAXIMUM TEMPERATURE (F)   94       106      1979
 MINIMUM TEMPERATURE (F)   71        57      1880


SUNRISE AND SUNSET
JULY 23 2014..........SUNRISE   616 AM MDT   SUNSET   808 PM MDT
JULY 24 2014..........SUNRISE   616 AM MDT   SUNSET   808 PM MDT


-  INDICATES NEGATIVE NUMBERS.
R  INDICATES RECORD WAS SET OR TIED.
MM INDICATES DATA IS MISSING.
T  INDICATES TRACE AMOUNT.




$$
