000
CDUS44 KEPZ 042329
CLIELP


CLIMATE REPORT
NATIONAL WEATHER SERVICE EL PASO, TX
528 PM MDT FRI SEP 4 2015


...................................

...THE EL PASO CLIMATE SUMMARY FOR SEPTEMBER 4 2015...
VALID TODAY AS OF 500 PM LOCAL TIME.

CLIMATE NORMAL PERIOD 1981 TO 2010
CLIMATE RECORD PERIOD 1879 TO 2015


WEATHER ITEM   OBSERVED TIME   RECORD YEAR NORMAL DEPARTURE LAST
                VALUE   (LST)  VALUE       VALUE  FROM      YEAR
                                                  NORMAL
..................................................................
TEMPERATURE (F)
 TODAY
  MAXIMUM         91    114 PM 101    1983  91      0       93
  MINIMUM         72    554 AM  53    1893  67      5       67

PRECIPITATION (IN)
  TODAY            0.00                      0.06  -0.06     0.11
  MONTH TO DATE    T                         0.21  -0.21     0.11
  SINCE SEP 1      T                         0.21  -0.21     0.11
  SINCE JAN 1      7.15                      6.53   0.62     3.24

..................................................................


WIND (MPH)
  HIGHEST WIND SPEED    12   HIGHEST WIND DIRECTION     N (340)
  HIGHEST GUST SPEED    17   HIGHEST GUST DIRECTION     N (340)


SKY COVER
  AVERAGE SKY COVER 0.8


WEATHER CONDITIONS
 THE FOLLOWING WEATHER WAS RECORDED TODAY.
  NO SIGNIFICANT WEATHER WAS OBSERVED.


RELATIVE HUMIDITY (PERCENT)
 HIGHEST    53           500 AM
 LOWEST     24           400 PM

..........................................................


THE EL PASO CLIMATE NORMALS FOR TOMORROW
                         NORMAL    RECORD    YEAR
 MAXIMUM TEMPERATURE (F)   90       103      1948
 MINIMUM TEMPERATURE (F)   67        49      1984


SUNRISE AND SUNSET
SEPTEMBER  4 2015.....SUNRISE   643 AM MDT   SUNSET   726 PM MDT
SEPTEMBER  5 2015.....SUNRISE   643 AM MDT   SUNSET   725 PM MDT


-  INDICATES NEGATIVE NUMBERS.
R  INDICATES RECORD WAS SET OR TIED.
MM INDICATES DATA IS MISSING.
T  INDICATES TRACE AMOUNT.




$$
