000
CDUS44 KEPZ 250926
CLIELP


CLIMATE REPORT
NATIONAL WEATHER SERVICE EL PASO, TX
325 AM MDT TUE APR 25 2017


...................................

...THE EL PASO CLIMATE SUMMARY FOR APRIL 24 2017...

CLIMATE NORMAL PERIOD 1981 TO 2010
CLIMATE RECORD PERIOD 1879 TO 2017


WEATHER ITEM   OBSERVED TIME   RECORD YEAR NORMAL DEPARTURE LAST
                VALUE   (LST)  VALUE       VALUE  FROM      YEAR
                                                  NORMAL
..................................................................
TEMPERATURE (F)
 YESTERDAY
  MAXIMUM         91    301 PM  97    1974  81     10       86
  MINIMUM         66    623 AM  33    1968  53     13       66
  AVERAGE         79                        67     12       76

PRECIPITATION (IN)
  YESTERDAY        0.00          0.98 1966   0.01  -0.01     0.00
  MONTH TO DATE    0.00                      0.18  -0.18     0.04
  SINCE MAR 1      T                         0.44  -0.44     0.05
  SINCE JAN 1      1.21                      1.30  -0.09     0.58

SNOWFALL (IN)
  YESTERDAY        0.0                                       0.0
  MONTH TO DATE    0.0                                       0.0
  SINCE MAR 1      0.0                                       0.0
  SINCE JUL 1      T                                         8.1
  SNOW DEPTH       0

DEGREE DAYS
 HEATING
  YESTERDAY        0                         2     -2        0
  MONTH TO DATE   25                        84    -59       61
  SINCE MAR 1     88                       354   -266      170
  SINCE JUL 1   1557                      2457   -900     2004

 COOLING
  YESTERDAY       14                         4     10       11
  MONTH TO DATE  135                        54     81       68
  SINCE MAR 1    204                        64    140       88
  SINCE JAN 1    207                        64    143       91
..................................................................


WIND (MPH)
  HIGHEST WIND SPEED    36   HIGHEST WIND DIRECTION     W (260)
  HIGHEST GUST SPEED    45   HIGHEST GUST DIRECTION     W (260)
  AVERAGE WIND SPEED    18.0


SKY COVER
  POSSIBLE SUNSHINE  MM
  AVERAGE SKY COVER 0.4


WEATHER CONDITIONS
 THE FOLLOWING WEATHER WAS RECORDED YESTERDAY.
  NO SIGNIFICANT WEATHER WAS OBSERVED.


RELATIVE HUMIDITY (PERCENT)
 HIGHEST    32           200 AM
 LOWEST      3           400 PM
 AVERAGE    18

..........................................................


THE EL PASO CLIMATE NORMALS FOR TODAY
                         NORMAL    RECORD    YEAR
 MAXIMUM TEMPERATURE (F)   81        95      2012
 MINIMUM TEMPERATURE (F)   54        36      1913


SUNRISE AND SUNSET
APRIL 25 2017.........SUNRISE   626 AM MDT   SUNSET   742 PM MDT
APRIL 26 2017.........SUNRISE   625 AM MDT   SUNSET   743 PM MDT


-  INDICATES NEGATIVE NUMBERS.
R  INDICATES RECORD WAS SET OR TIED.
MM INDICATES DATA IS MISSING.
T  INDICATES TRACE AMOUNT.




$$
