459
CDUS44 KEPZ 250942
CLIELP


CLIMATE REPORT
NATIONAL WEATHER SERVICE EL PASO, TX
341 AM MDT THU MAY 25 2017


...................................

...THE EL PASO CLIMATE SUMMARY FOR MAY 24 2017...

CLIMATE NORMAL PERIOD 1981 TO 2010
CLIMATE RECORD PERIOD 1879 TO 2017


WEATHER ITEM   OBSERVED TIME   RECORD YEAR NORMAL DEPARTURE LAST
                VALUE   (LST)  VALUE       VALUE  FROM      YEAR
                                                  NORMAL
..................................................................
TEMPERATURE (F)
 YESTERDAY
  MAXIMUM         95    558 PM 102    2000  90      5       91
  MINIMUM         58    526 AM  36    1939  62     -4       66
  AVERAGE         77                        76      1       79

PRECIPITATION (IN)
  YESTERDAY        0.00          0.25 1994   0.02  -0.02     0.00
  MONTH TO DATE    T                         0.35  -0.35      T
  SINCE MAR 1      0.14                      0.84  -0.70     0.05
  SINCE JAN 1      1.35                      1.70  -0.35     0.58

SNOWFALL (IN)
  YESTERDAY        0.0                                       0.0
  MONTH TO DATE    0.0                                       0.0
  SINCE MAR 1      0.0                                       0.0
  SINCE JUL 1      T                                         8.1
  SNOW DEPTH       0

DEGREE DAYS
 HEATING
  YESTERDAY        0                         0      0        0
  MONTH TO DATE    2                         6     -4       14
  SINCE MAR 1    108                       368   -260      184
  SINCE JUL 1   1577                      2471   -894     2018

 COOLING
  YESTERDAY       12                        11      1       14
  MONTH TO DATE  210                       197     13      197
  SINCE MAR 1    449                       289    160      308
  SINCE JAN 1    452                       289    163      311
..................................................................


WIND (MPH)
  HIGHEST WIND SPEED    21   HIGHEST WIND DIRECTION     W (270)
  HIGHEST GUST SPEED    27   HIGHEST GUST DIRECTION     W (250)
  AVERAGE WIND SPEED     8.2


SKY COVER
  POSSIBLE SUNSHINE  MM
  AVERAGE SKY COVER 0.1


WEATHER CONDITIONS
 THE FOLLOWING WEATHER WAS RECORDED YESTERDAY.
  NO SIGNIFICANT WEATHER WAS OBSERVED.


RELATIVE HUMIDITY (PERCENT)
 HIGHEST    43           400 AM
 LOWEST      4           800 PM
 AVERAGE    24

..........................................................


THE EL PASO CLIMATE NORMALS FOR TODAY
                         NORMAL    RECORD    YEAR
 MAXIMUM TEMPERATURE (F)   91       102      2006
 MINIMUM TEMPERATURE (F)   63        48      1975
                                             1908


SUNRISE AND SUNSET
MAY 25 2017...........SUNRISE   603 AM MDT   SUNSET   802 PM MDT
MAY 26 2017...........SUNRISE   603 AM MDT   SUNSET   803 PM MDT


-  INDICATES NEGATIVE NUMBERS.
R  INDICATES RECORD WAS SET OR TIED.
MM INDICATES DATA IS MISSING.
T  INDICATES TRACE AMOUNT.




$$
