000
CDUS44 KEPZ 272328
CLIELP


CLIMATE REPORT
NATIONAL WEATHER SERVICE EL PASO, TX
427 PM MST SAT DEC 27 2014


...................................

...THE EL PASO CLIMATE SUMMARY FOR DECEMBER 27 2014...
VALID TODAY AS OF 400 PM LOCAL TIME.

CLIMATE NORMAL PERIOD 1981 TO 2010
CLIMATE RECORD PERIOD 1879 TO 2014


WEATHER ITEM   OBSERVED TIME   RECORD YEAR NORMAL DEPARTURE LAST
                VALUE   (LST)  VALUE       VALUE  FROM      YEAR
                                                  NORMAL
..................................................................
TEMPERATURE (F)
 TODAY
  MAXIMUM         46    357 PM  76    1980  56    -10       56
  MINIMUM         34    533 AM  14    1987  32      2       26

PRECIPITATION (IN)
  TODAY            T                         0.02  -0.02     0.00
  MONTH TO DATE    0.12                      0.70  -0.58     0.26
  SINCE DEC 1      0.12                      0.70  -0.58     0.26
  SINCE JAN 1      8.57                      9.63  -1.06     9.51

SNOWFALL (IN)
  TODAY           MM                                         0.0
  MONTH TO DATE    0.0                                        T
  SINCE JUL 1      0.0                                        T

..................................................................


WIND (MPH)
  HIGHEST WIND SPEED    13   HIGHEST WIND DIRECTION     N (340)
  HIGHEST GUST SPEED    14   HIGHEST GUST DIRECTION     N (340)


SKY COVER
  AVERAGE SKY COVER 0.9


WEATHER CONDITIONS
 THE FOLLOWING WEATHER WAS RECORDED TODAY.
  LIGHT RAIN


RELATIVE HUMIDITY (PERCENT)
 HIGHEST    92           400 AM
 LOWEST     49           400 PM

..........................................................


THE EL PASO CLIMATE NORMALS FOR TOMORROW
                         NORMAL    RECORD    YEAR
 MAXIMUM TEMPERATURE (F)   56        76      1980
 MINIMUM TEMPERATURE (F)   32        13      1915


SUNRISE AND SUNSET
DECEMBER 27 2014......SUNRISE   704 AM MST   SUNSET   509 PM MST
DECEMBER 28 2014......SUNRISE   705 AM MST   SUNSET   510 PM MST


-  INDICATES NEGATIVE NUMBERS.
R  INDICATES RECORD WAS SET OR TIED.
MM INDICATES DATA IS MISSING.
T  INDICATES TRACE AMOUNT.




$$
