000
CDUS45 KLKN 030940
CLIELY


CLIMATE REPORT
NATIONAL WEATHER SERVICE ELKO NV
139 AM PST SAT DEC 3 2016


...................................

...THE ELY AIRPORT NV CLIMATE SUMMARY FOR DECEMBER 2 2016...

CLIMATE NORMAL PERIOD 1981 TO 2010
CLIMATE RECORD PERIOD 1893 TO 2016


WEATHER ITEM   OBSERVED TIME   RECORD YEAR NORMAL DEPARTURE LAST
                VALUE   (LST)  VALUE       VALUE  FROM      YEAR
                                                  NORMAL
..................................................................
TEMPERATURE (F)
 YESTERDAY
  MAXIMUM         30    239 PM  63    1959  42    -12       49
  MINIMUM          6   1159 PM  -5    1967  13     -7        7
  AVERAGE         18                        27     -9       28

PRECIPITATION (IN)
  YESTERDAY        0.00          0.37 1964   0.01  -0.01     0.00
  MONTH TO DATE    T                         0.03  -0.03     0.00
  SINCE OCT 1      0.61                      1.73  -1.12     3.15
  SINCE JAN 1     10.33                      9.20   1.13     8.65

SNOWFALL (IN)
  YESTERDAY        0.0           4.3  1960   0.2   -0.2      0.0
  MONTH TO DATE    T                         0.4   -0.4      0.0
  SINCE DEC 1      T                         0.4   -0.4      0.0
  SINCE JUL 1      5.9                       9.9   -4.0     17.7
  SNOW DEPTH       T

DEGREE DAYS
 HEATING
  YESTERDAY       47                        38      9       37
  MONTH TO DATE   85                        75     10       82
  SINCE DEC 1     85                        75     10       82
  SINCE JUL 1   1638                      1943   -305     1711

 COOLING
  YESTERDAY        0                         0      0        0
  MONTH TO DATE    0                         0      0        0
  SINCE DEC 1      0                         0      0        0
  SINCE JAN 1    267                       218     49      329
..................................................................


WIND (MPH)
  HIGHEST WIND SPEED    22   HIGHEST WIND DIRECTION     N (360)
  HIGHEST GUST SPEED    26   HIGHEST GUST DIRECTION     N (350)
  AVERAGE WIND SPEED    10.7



WEATHER CONDITIONS
 THE FOLLOWING WEATHER WAS RECORDED YESTERDAY.
  NO SIGNIFICANT WEATHER WAS OBSERVED.


RELATIVE HUMIDITY (PERCENT)
 HIGHEST    88          1100 PM
 LOWEST     47           100 PM
 AVERAGE    68

..........................................................


THE ELY AIRPORT NV CLIMATE NORMALS FOR TODAY
                         NORMAL    RECORD    YEAR
 MAXIMUM TEMPERATURE (F)   41        67      1958
 MINIMUM TEMPERATURE (F)   13        -6      2004


SUNRISE AND SUNSET
DECEMBER  3 2016......SUNRISE   642 AM PST   SUNSET   416 PM PST
DECEMBER  4 2016......SUNRISE   643 AM PST   SUNSET   416 PM PST


-  INDICATES NEGATIVE NUMBERS.
R  INDICATES RECORD WAS SET OR TIED.
MM INDICATES DATA IS MISSING.
T  INDICATES TRACE AMOUNT.




$$
