000
CDUS45 KLKN 010930
CLIELY


CLIMATE REPORT
NATIONAL WEATHER SERVICE ELKO NV
227 AM PDT WED OCT 1 2014


...................................

...THE ELY AIRPORT NV CLIMATE SUMMARY FOR SEPTEMBER 30 2014...

CLIMATE NORMAL PERIOD 1981 TO 2010
CLIMATE RECORD PERIOD 1893 TO 2014


WEATHER ITEM   OBSERVED TIME   RECORD YEAR NORMAL DEPARTURE LAST
                VALUE   (LST)  VALUE       VALUE  FROM      YEAR
                                                  NORMAL
..................................................................
TEMPERATURE (F)
 YESTERDAY
  MAXIMUM         67    244 PM  88    2010  70     -3       75
  MINIMUM         34    403 AM  18    1950  32      2       36
  AVERAGE         51                        51      0       56

PRECIPITATION (IN)
  YESTERDAY        0.00          0.20 1906   0.03  -0.03     0.00
  MONTH TO DATE    0.83                      0.83   0.00     1.71
  SINCE OCT 1     10.77                      9.76   1.01     8.96
  SINCE JAN 1      8.09                      7.47   0.62     5.86

SNOWFALL (IN)
  YESTERDAY        0.0           2.2  1971   0.0    0.0      0.0
  MONTH TO DATE    0.0                       0.4   -0.4       T
  SINCE SEP 1      0.0                       0.4   -0.4       T
  SINCE JUL 1      0.0                       0.4   -0.4       T
  SNOW DEPTH       0

DEGREE DAYS
 HEATING
  YESTERDAY       14                        14      0        9
  MONTH TO DATE  120                       251   -131      223
  SINCE SEP 1    120                       252   -132      223
  SINCE JUL 1    168                       316   -148      231

 COOLING
  YESTERDAY        0                         0      0        0
  MONTH TO DATE   18                         6     12       17
  SINCE SEP 1     18                         6     12       17
  SINCE JAN 1    286                       218     68      387
..................................................................


WIND (MPH)
  HIGHEST WIND SPEED    21   HIGHEST WIND DIRECTION     N (360)
  HIGHEST GUST SPEED    26   HIGHEST GUST DIRECTION     N (360)
  AVERAGE WIND SPEED     7.8



WEATHER CONDITIONS
 THE FOLLOWING WEATHER WAS RECORDED YESTERDAY.
  NO SIGNIFICANT WEATHER WAS OBSERVED.


RELATIVE HUMIDITY (PERCENT)
 HIGHEST   100           400 AM
 LOWEST     28           300 PM
 AVERAGE    64

..........................................................


THE ELY AIRPORT NV CLIMATE NORMALS FOR TODAY
                         NORMAL    RECORD    YEAR
 MAXIMUM TEMPERATURE (F)   69        86      2010
 MINIMUM TEMPERATURE (F)   32        14      2009
                                             1898


SUNRISE AND SUNSET
OCTOBER  1 2014.......SUNRISE   635 AM PDT   SUNSET   622 PM PDT
OCTOBER  2 2014.......SUNRISE   636 AM PDT   SUNSET   620 PM PDT


-  INDICATES NEGATIVE NUMBERS.
R  INDICATES RECORD WAS SET OR TIED.
MM INDICATES DATA IS MISSING.
T  INDICATES TRACE AMOUNT.




$$
