000
CDUS45 KLKN 240932
CLIELY


CLIMATE REPORT
NATIONAL WEATHER SERVICE ELKO NV
231 AM PDT THU AUG 24 2017


...................................

...THE ELY AIRPORT NV CLIMATE SUMMARY FOR AUGUST 23 2017...

CLIMATE NORMAL PERIOD 1981 TO 2010
CLIMATE RECORD PERIOD 1893 TO 2017


WEATHER ITEM   OBSERVED TIME   RECORD YEAR NORMAL DEPARTURE LAST
                VALUE   (LST)  VALUE       VALUE  FROM      YEAR
                                                  NORMAL
..................................................................
TEMPERATURE (F)
 YESTERDAY
  MAXIMUM         85    236 PM  93    2011  84      1       85
  MINIMUM         46    529 AM  24    1960  46      0       43
  AVERAGE         66                        65      1       64

PRECIPITATION (IN)
  YESTERDAY        0.02          0.43 1989   0.03  -0.01      T
  MONTH TO DATE    0.19                      0.69  -0.50     0.33
  SINCE OCT 1      9.02                      8.72   0.30    13.38
  SINCE JAN 1      7.24                      6.43   0.81     9.02

SNOWFALL (IN)
  YESTERDAY       MM             0.0  1893   0.0   MM        0.0
  MONTH TO DATE    0.0                       0.0    0.0      0.0
  SINCE JUN 1      T                         0.1   -0.1      0.0
  SINCE JUL 1      0.0                       0.0    0.0      0.0
  SNOW DEPTH       0

DEGREE DAYS
 HEATING
  YESTERDAY        0                         2     -2        1
  MONTH TO DATE    4                        21    -17        7
  SINCE JUN 1     76                       219   -143       85
  SINCE JUL 1      4                        44    -40       24

 COOLING
  YESTERDAY        1                         2     -1        0
  MONTH TO DATE   92                        67     25       62
  SINCE JUN 1    372                       201    171      246
  SINCE JAN 1    372                       202    170      246
..................................................................


WIND (MPH)
  HIGHEST WIND SPEED    24   HIGHEST WIND DIRECTION     S (180)
  HIGHEST GUST SPEED    31   HIGHEST GUST DIRECTION     S (180)
  AVERAGE WIND SPEED     9.8



WEATHER CONDITIONS
 THE FOLLOWING WEATHER WAS RECORDED YESTERDAY.
  THUNDERSTORM


RELATIVE HUMIDITY (PERCENT)
 HIGHEST    89           200 AM
 LOWEST     16           100 PM
 AVERAGE    53

..........................................................


THE ELY AIRPORT NV CLIMATE NORMALS FOR TODAY
                         NORMAL    RECORD    YEAR
 MAXIMUM TEMPERATURE (F)   84        95      2011
 MINIMUM TEMPERATURE (F)   46        29      1992


SUNRISE AND SUNSET
AUGUST 24 2017........SUNRISE   601 AM PDT   SUNSET   722 PM PDT
AUGUST 25 2017........SUNRISE   602 AM PDT   SUNSET   720 PM PDT


-  INDICATES NEGATIVE NUMBERS.
R  INDICATES RECORD WAS SET OR TIED.
MM INDICATES DATA IS MISSING.
T  INDICATES TRACE AMOUNT.




$$
