000
CDUS45 KLKN 210959
CLIELY


CLIMATE REPORT
NATIONAL WEATHER SERVICE ELKO NV
158 AM PST TUE FEB 21 2017


...................................

...THE ELY AIRPORT NV CLIMATE SUMMARY FOR FEBRUARY 20 2017...

CLIMATE NORMAL PERIOD 1981 TO 2010
CLIMATE RECORD PERIOD 1893 TO 2017


WEATHER ITEM   OBSERVED TIME   RECORD YEAR NORMAL DEPARTURE LAST
                VALUE   (LST)  VALUE       VALUE  FROM      YEAR
                                                  NORMAL
..................................................................
TEMPERATURE (F)
 YESTERDAY
  MAXIMUM         48    331 PM  66    1977  44      4       51
  MINIMUM         35    535 AM -13    1990  17     18       20
  AVERAGE         42                        30     12       36

PRECIPITATION (IN)
  YESTERDAY        T             0.50 1897   0.02  -0.02     0.00
  MONTH TO DATE    0.95                      0.51   0.44     0.60
  SINCE OCT 1      4.25                      3.50   0.75     7.54
  SINCE JAN 1      2.47                      1.21   1.26     3.18

SNOWFALL (IN)
  YESTERDAY        0.0           5.0  1897   0.3   -0.3      0.0
  MONTH TO DATE    4.3                       5.7   -1.4      4.1
  SINCE DEC 1     36.0                      23.2   12.8     61.6
  SINCE JUL 1     41.9                      32.7    9.2     79.3
  SNOW DEPTH       0

DEGREE DAYS
 HEATING
  YESTERDAY       23                        35    -12       29
  MONTH TO DATE  479                       740   -261      825
  SINCE DEC 1   3050                      3201   -151     3497
  SINCE JUL 1   4603                      5069   -466     5126

 COOLING
  YESTERDAY        0                         0      0        0
  MONTH TO DATE    0                         0      0        0
  SINCE DEC 1      0                         0      0        0
  SINCE JAN 1      0                         0      0        0
..................................................................


WIND (MPH)
  HIGHEST WIND SPEED    33   HIGHEST WIND DIRECTION    SE (140)
  HIGHEST GUST SPEED    43   HIGHEST GUST DIRECTION    SE (140)
  AVERAGE WIND SPEED    18.3



WEATHER CONDITIONS
 THE FOLLOWING WEATHER WAS RECORDED YESTERDAY.
  LIGHT RAIN


RELATIVE HUMIDITY (PERCENT)
 HIGHEST    85          1200 AM
 LOWEST     65          1000 PM
 AVERAGE    75

..........................................................


THE ELY AIRPORT NV CLIMATE NORMALS FOR TODAY
                         NORMAL    RECORD    YEAR
 MAXIMUM TEMPERATURE (F)   44        65      1982
 MINIMUM TEMPERATURE (F)   17       -18      1897


SUNRISE AND SUNSET
FEBRUARY 21 2017......SUNRISE   623 AM PST   SUNSET   523 PM PST
FEBRUARY 22 2017......SUNRISE   622 AM PST   SUNSET   525 PM PST


-  INDICATES NEGATIVE NUMBERS.
R  INDICATES RECORD WAS SET OR TIED.
MM INDICATES DATA IS MISSING.
T  INDICATES TRACE AMOUNT.




$$
