833
CDUS45 KLKN 290931
CLIELY


CLIMATE REPORT
NATIONAL WEATHER SERVICE ELKO NV
228 AM PDT THU SEP 29 2016


...................................

...THE ELY AIRPORT NV CLIMATE SUMMARY FOR SEPTEMBER 28 2016...

CLIMATE NORMAL PERIOD 1981 TO 2010
CLIMATE RECORD PERIOD 1893 TO 2016


WEATHER ITEM   OBSERVED TIME   RECORD YEAR NORMAL DEPARTURE LAST
                VALUE   (LST)  VALUE       VALUE  FROM      YEAR
                                                  NORMAL
..................................................................
TEMPERATURE (F)
 YESTERDAY
  MAXIMUM         77    216 PM  91    2010  70      7       78
  MINIMUM         37    548 AM  16    1971  33      4       49
  AVERAGE         57                        52      5       64

PRECIPITATION (IN)
  YESTERDAY        0.00          0.82 1909   0.03  -0.03     0.00
  MONTH TO DATE    0.69                      0.77  -0.08     0.51
  SINCE OCT 1     14.07                      9.70   4.37     6.67
  SINCE JAN 1      9.71                      7.41   2.30     5.50

SNOWFALL (IN)
  YESTERDAY        0.0           0.0  1893   0.0    0.0      0.0
  MONTH TO DATE    0.0                       0.3   -0.3      0.0
  SINCE SEP 1      0.0                       0.3   -0.3      0.0
  SINCE JUL 1      0.0                       0.3   -0.3      0.0
  SNOW DEPTH       0

DEGREE DAYS
 HEATING
  YESTERDAY        8                        13     -5        1
  MONTH TO DATE  226                       223      3       97
  SINCE SEP 1    226                       223      3       97
  SINCE JUL 1    263                       287    -24      129

 COOLING
  YESTERDAY        0                         0      0        0
  MONTH TO DATE   12                         4      8       23
  SINCE SEP 1     12                         4      8       23
  SINCE JAN 1    267                       216     51      327
..................................................................


WIND (MPH)
  HIGHEST WIND SPEED    25   HIGHEST WIND DIRECTION     S (160)
  HIGHEST GUST SPEED    33   HIGHEST GUST DIRECTION     S (160)
  AVERAGE WIND SPEED     9.5



WEATHER CONDITIONS
 THE FOLLOWING WEATHER WAS RECORDED YESTERDAY.
  NO SIGNIFICANT WEATHER WAS OBSERVED.


RELATIVE HUMIDITY (PERCENT)
 HIGHEST    70           300 AM
 LOWEST     20          1000 AM
 AVERAGE    45

..........................................................


THE ELY AIRPORT NV CLIMATE NORMALS FOR TODAY
                         NORMAL    RECORD    YEAR
 MAXIMUM TEMPERATURE (F)   70        88      2010
 MINIMUM TEMPERATURE (F)   33        17      1985


SUNRISE AND SUNSET
SEPTEMBER 29 2016.....SUNRISE   634 AM PDT   SUNSET   624 PM PDT
SEPTEMBER 30 2016.....SUNRISE   635 AM PDT   SUNSET   623 PM PDT


-  INDICATES NEGATIVE NUMBERS.
R  INDICATES RECORD WAS SET OR TIED.
MM INDICATES DATA IS MISSING.
T  INDICATES TRACE AMOUNT.




$$
