000
CDUS45 KLKN 010028
CLIELY


CLIMATE REPORT
NATIONAL WEATHER SERVICE ELKO NV
527 PM PDT SUN APR 30 2017


...................................

...THE ELY AIRPORT NV CLIMATE SUMMARY FOR APRIL 30 2017...
VALID TODAY AS OF 0500 PM LOCAL TIME.

CLIMATE NORMAL PERIOD 1981 TO 2010
CLIMATE RECORD PERIOD 1893 TO 2017


WEATHER ITEM   OBSERVED TIME   RECORD YEAR NORMAL DEPARTURE LAST
                VALUE   (LST)  VALUE       VALUE  FROM      YEAR
                                                  NORMAL
..................................................................
TEMPERATURE (F)
 TODAY
  MAXIMUM         65    359 PM  78    1981  62      3       52
                                      1959
  MINIMUM         22    505 AM   7    1967  30     -8       33
  AVERAGE         44                        46     -2       43

PRECIPITATION (IN)
  TODAY            0.00          0.63 1983   0.04  -0.04      T
  MONTH TO DATE    1.03                      0.95   0.08     1.69
  SINCE OCT 1      7.67                      5.62   2.05    10.79
  SINCE JAN 1      5.89                      3.33   2.56     6.43

SNOWFALL (IN)
  TODAY            0.0           4.2  1983   0.1   -0.1      0.0
  MONTH TO DATE    1.4                       5.2   -3.8      4.9
  SINCE MAR 1     17.2                      13.5    3.7     21.1
  SINCE JUL 1     66.8                      48.4   18.4    100.4
  SNOW DEPTH       0

DEGREE DAYS
 HEATING
  TODAY           21                        19      2       22
  MONTH TO DATE  672                       677     -5      615
  SINCE MAR 1   1412                      1566   -154     1416
  SINCE JUL 1   6373                      6903   -530     6790

 COOLING
  TODAY            0                         0      0        0
  MONTH TO DATE    0                         0      0        0
  SINCE MAR 1      0                         0      0        0
  SINCE JAN 1      0                         0      0        0
..................................................................


WIND (MPH)
  HIGHEST WIND SPEED    22   HIGHEST WIND DIRECTION    NW (300)
  HIGHEST GUST SPEED    29   HIGHEST GUST DIRECTION    NW (300)



WEATHER CONDITIONS
 THE FOLLOWING WEATHER WAS RECORDED TODAY.
  NO SIGNIFICANT WEATHER WAS OBSERVED.


RELATIVE HUMIDITY (PERCENT)
 HIGHEST    84           400 AM
 LOWEST     19           100 PM
 AVERAGE    52

..........................................................


THE ELY AIRPORT NV CLIMATE NORMALS FOR TOMORROW
                         NORMAL    RECORD    YEAR
 MAXIMUM TEMPERATURE (F)   63        82      1985
 MINIMUM TEMPERATURE (F)   30        16      2011
                                             1948
                                             1946


SUNRISE AND SUNSET
APRIL 30 2017.........SUNRISE   542 AM PDT   SUNSET   732 PM PDT
MAY  1 2017...........SUNRISE   540 AM PDT   SUNSET   733 PM PDT


-  INDICATES NEGATIVE NUMBERS.
R  INDICATES RECORD WAS SET OR TIED.
MM INDICATES DATA IS MISSING.
T  INDICATES TRACE AMOUNT.




$$
