000
CDUS45 KLKN 250930
CLIELY


CLIMATE REPORT
NATIONAL WEATHER SERVICE ELKO NV
127 AM PST SUN JAN 25 2015


...................................

...THE ELY AIRPORT NV CLIMATE SUMMARY FOR JANUARY 24 2015...

CLIMATE NORMAL PERIOD 1981 TO 2010
CLIMATE RECORD PERIOD 1893 TO 2015


WEATHER ITEM   OBSERVED TIME   RECORD YEAR NORMAL DEPARTURE LAST
                VALUE   (LST)  VALUE       VALUE  FROM      YEAR
                                                  NORMAL
..................................................................
TEMPERATURE (F)
 YESTERDAY
  MAXIMUM         51    328 PM  58    1959  40     11       44
                                      1953
  MINIMUM         13    639 AM -23    1949  12      1        9
  AVERAGE         32                        26      6       27

PRECIPITATION (IN)
  YESTERDAY        0.00          0.88 1967   0.02  -0.02     0.00
  MONTH TO DATE    0.23                      0.54  -0.31     0.04
  SINCE OCT 1      1.40                      2.83  -1.43     2.72
  SINCE JAN 1      0.23                      0.54  -0.31     0.04

SNOWFALL (IN)
  YESTERDAY        0.0          11.9  1967   0.2   -0.2      0.0
  MONTH TO DATE    0.8                       7.1   -6.3      1.2
  SINCE DEC 1      6.7                      15.5   -8.8     14.1
  SINCE JUL 1      7.4                      25.0  -17.6     27.0
  SNOW DEPTH       0

DEGREE DAYS
 HEATING
  YESTERDAY       33                        39     -6       38
  MONTH TO DATE  780                       957   -177      805
  SINCE DEC 1   1850                      2189   -339     2129
  SINCE JUL 1   3297                      4057   -760     3894

 COOLING
  YESTERDAY        0                         0      0        0
  MONTH TO DATE    0                         0      0        0
  SINCE DEC 1      0                         0      0        0
  SINCE JAN 1      0                         0      0        0
..................................................................


WIND (MPH)
  HIGHEST WIND SPEED    20   HIGHEST WIND DIRECTION     N (10)
  HIGHEST GUST SPEED    24   HIGHEST GUST DIRECTION     N (10)
  AVERAGE WIND SPEED     6.9



WEATHER CONDITIONS
 THE FOLLOWING WEATHER WAS RECORDED YESTERDAY.
  NO SIGNIFICANT WEATHER WAS OBSERVED.


RELATIVE HUMIDITY (PERCENT)
 HIGHEST    96           400 AM
 LOWEST     29           200 PM
 AVERAGE    63

..........................................................


THE ELY AIRPORT NV CLIMATE NORMALS FOR TODAY
                         NORMAL    RECORD    YEAR
 MAXIMUM TEMPERATURE (F)   40        68      1951
 MINIMUM TEMPERATURE (F)   12       -27      1949


SUNRISE AND SUNSET
JANUARY 25 2015.......SUNRISE   652 AM PST   SUNSET   452 PM PST
JANUARY 26 2015.......SUNRISE   651 AM PST   SUNSET   453 PM PST


-  INDICATES NEGATIVE NUMBERS.
R  INDICATES RECORD WAS SET OR TIED.
MM INDICATES DATA IS MISSING.
T  INDICATES TRACE AMOUNT.




$$
