000
CDUS45 KLKN 290926
CLIELY


CLIMATE REPORT
NATIONAL WEATHER SERVICE ELKO NV
225 AM PDT THU JUN 29 2017


...................................

...THE ELY AIRPORT NV CLIMATE SUMMARY FOR JUNE 28 2017...

CLIMATE NORMAL PERIOD 1981 TO 2010
CLIMATE RECORD PERIOD 1893 TO 2017


WEATHER ITEM   OBSERVED TIME   RECORD YEAR NORMAL DEPARTURE LAST
                VALUE   (LST)  VALUE       VALUE  FROM      YEAR
                                                  NORMAL
..................................................................
TEMPERATURE (F)
 YESTERDAY
  MAXIMUM         86    409 PM  97    2015  84      2       92
  MINIMUM         40    450 AM  30    1945  45     -5       49
  AVERAGE         63                        64     -1       71

PRECIPITATION (IN)
  YESTERDAY        0.00          0.22 2004   0.02  -0.02      T
  MONTH TO DATE    0.02                      0.65  -0.63     1.54
  SINCE OCT 1      7.97                      7.37   0.60    12.86
  SINCE JAN 1      6.19                      5.08   1.11     8.50

SNOWFALL (IN)
  YESTERDAY        0.0           0.0  1893   0.0    0.0      0.0
  MONTH TO DATE    T                         0.1   -0.1      0.0
  SINCE JUN 1      T                         0.1   -0.1      0.0
  SINCE JUL 1     68.0                      50.8   17.2    100.4
  SNOW DEPTH       0

DEGREE DAYS
 HEATING
  YESTERDAY        2                         2      0        0
  MONTH TO DATE   70                       171   -101       61
  SINCE JUN 1     70                       171   -101       61
  SINCE JUL 1   6859                      7518   -659     7322

 COOLING
  YESTERDAY        0                         2     -2        6
  MONTH TO DATE   62                        18     44       44
  SINCE JUN 1     62                        18     44       44
  SINCE JAN 1     62                        19     43       44
..................................................................


WIND (MPH)
  HIGHEST WIND SPEED    25   HIGHEST WIND DIRECTION     W (270)
  HIGHEST GUST SPEED    35   HIGHEST GUST DIRECTION     W (280)
  AVERAGE WIND SPEED    12.1



WEATHER CONDITIONS
 THE FOLLOWING WEATHER WAS RECORDED YESTERDAY.
  NO SIGNIFICANT WEATHER WAS OBSERVED.


RELATIVE HUMIDITY (PERCENT)
 HIGHEST    34           500 AM
 LOWEST     12           900 AM
 AVERAGE    23

..........................................................


THE ELY AIRPORT NV CLIMATE NORMALS FOR TODAY
                         NORMAL    RECORD    YEAR
 MAXIMUM TEMPERATURE (F)   84        99      2013
 MINIMUM TEMPERATURE (F)   45        31      1968


SUNRISE AND SUNSET
JUNE 29 2017..........SUNRISE   516 AM PDT   SUNSET   810 PM PDT
JUNE 30 2017..........SUNRISE   516 AM PDT   SUNSET   810 PM PDT


-  INDICATES NEGATIVE NUMBERS.
R  INDICATES RECORD WAS SET OR TIED.
MM INDICATES DATA IS MISSING.
T  INDICATES TRACE AMOUNT.




$$
