000
CDUS45 KLKN 280934
CLIELY


CLIMATE REPORT
NATIONAL WEATHER SERVICE ELKO NV
234 AM PDT THU JUL 28 2016


...................................

...THE ELY AIRPORT NV CLIMATE SUMMARY FOR JULY 27 2016...

CLIMATE NORMAL PERIOD 1981 TO 2010
CLIMATE RECORD PERIOD 1893 TO 2016


WEATHER ITEM   OBSERVED TIME   RECORD YEAR NORMAL DEPARTURE LAST
                VALUE   (LST)  VALUE       VALUE  FROM      YEAR
                                                  NORMAL
..................................................................
TEMPERATURE (F)
 YESTERDAY
  MAXIMUM         98R   405 PM  97    1994  88     10       80
  MINIMUM         46    436 AM  34    1993  49     -3       52
  AVERAGE         72                        69      3       66

PRECIPITATION (IN)
  YESTERDAY        0.00          0.60 1987   0.03  -0.03     0.00
  MONTH TO DATE    0.05                      0.53  -0.48     0.66
  SINCE OCT 1     12.93                      7.92   5.01     5.62
  SINCE JAN 1      8.57                      5.63   2.94     4.45

SNOWFALL (IN)
  YESTERDAY        0.0           0.0  1893   0.0    0.0      0.0
  MONTH TO DATE    0.0                       0.0    0.0      0.0
  SINCE JUN 1      0.0                       0.1   -0.1      0.0
  SINCE JUL 1      0.0                       0.0    0.0      0.0
  SNOW DEPTH       0

DEGREE DAYS
 HEATING
  YESTERDAY        0                         0      0        0
  MONTH TO DATE   17                        20     -3       19
  SINCE JUN 1     78                       195   -117       74
  SINCE JUL 1     17                        20     -3       19

 COOLING
  YESTERDAY        7                         4      3        1
  MONTH TO DATE   96                        94      2       72
  SINCE JUN 1    151                       117     34      179
  SINCE JAN 1    151                       118     33      182
..................................................................


WIND (MPH)
  HIGHEST WIND SPEED    20   HIGHEST WIND DIRECTION     W (250)
  HIGHEST GUST SPEED    28   HIGHEST GUST DIRECTION    SW (220)
  AVERAGE WIND SPEED     7.4



WEATHER CONDITIONS
 THE FOLLOWING WEATHER WAS RECORDED YESTERDAY.
  NO SIGNIFICANT WEATHER WAS OBSERVED.


RELATIVE HUMIDITY (PERCENT)
 HIGHEST    34           500 AM
 LOWEST      6           200 PM
 AVERAGE    20

..........................................................


THE ELY AIRPORT NV CLIMATE NORMALS FOR TODAY
                         NORMAL    RECORD    YEAR
 MAXIMUM TEMPERATURE (F)   88        96      1995
                                             1994
 MINIMUM TEMPERATURE (F)   49        38      1948


SUNRISE AND SUNSET
JULY 28 2016..........SUNRISE   536 AM PDT   SUNSET   755 PM PDT
JULY 29 2016..........SUNRISE   537 AM PDT   SUNSET   754 PM PDT


-  INDICATES NEGATIVE NUMBERS.
R  INDICATES RECORD WAS SET OR TIED.
MM INDICATES DATA IS MISSING.
T  INDICATES TRACE AMOUNT.




$$
