000
CDUS45 KLKN 270931
CLIELY


CLIMATE REPORT
NATIONAL WEATHER SERVICE ELKO NV
226 AM PDT MON MAR 27 2017


...................................

...THE ELY AIRPORT NV CLIMATE SUMMARY FOR MARCH 26 2017...

CLIMATE NORMAL PERIOD 1981 TO 2010
CLIMATE RECORD PERIOD 1893 TO 2017


WEATHER ITEM   OBSERVED TIME   RECORD YEAR NORMAL DEPARTURE LAST
                VALUE   (LST)  VALUE       VALUE  FROM      YEAR
                                                  NORMAL
..................................................................
TEMPERATURE (F)
 YESTERDAY
  MAXIMUM         51    258 PM  70    1988  53     -2       48
  MINIMUM         23    614 AM   2    1985  24     -1       20
                                      1898
  AVERAGE         37                        38     -1       34

PRECIPITATION (IN)
  YESTERDAY        0.00          0.65 1898   0.03  -0.03     0.01
  MONTH TO DATE    0.93                      0.78   0.15     0.39
  SINCE OCT 1      5.96                      4.52   1.44     7.93
  SINCE JAN 1      4.18                      2.23   1.95     3.57

SNOWFALL (IN)
  YESTERDAY        0.0           6.5  1898   0.2   -0.2       T
  MONTH TO DATE    6.6                       7.0   -0.4      2.4
  SINCE MAR 1      6.6                       7.0   -0.4      2.4
  SINCE JUL 1     56.2                      41.9   14.3     81.7
  SNOW DEPTH       0

DEGREE DAYS
 HEATING
  YESTERDAY       28                        27      1       31
  MONTH TO DATE  605                       759   -154      637
  SINCE MAR 1    605                       759   -154      637
  SINCE JUL 1   5566                      6096   -530     6011

 COOLING
  YESTERDAY        0                         0      0        0
  MONTH TO DATE    0                         0      0        0
  SINCE MAR 1      0                         0      0        0
  SINCE JAN 1      0                         0      0        0
..................................................................


WIND (MPH)
  HIGHEST WIND SPEED    17   HIGHEST WIND DIRECTION    SW (220)
  HIGHEST GUST SPEED    23   HIGHEST GUST DIRECTION    SW (210)
  AVERAGE WIND SPEED     8.7



WEATHER CONDITIONS
 THE FOLLOWING WEATHER WAS RECORDED YESTERDAY.
  NO SIGNIFICANT WEATHER WAS OBSERVED.


RELATIVE HUMIDITY (PERCENT)
 HIGHEST    92          1200 AM
 LOWEST     39           100 PM
 AVERAGE    66

..........................................................


THE ELY AIRPORT NV CLIMATE NORMALS FOR TODAY
                         NORMAL    RECORD    YEAR
 MAXIMUM TEMPERATURE (F)   53        74      2015
 MINIMUM TEMPERATURE (F)   24         8      1975


SUNRISE AND SUNSET
MARCH 27 2017.........SUNRISE   631 AM PDT   SUNSET   659 PM PDT
MARCH 28 2017.........SUNRISE   630 AM PDT   SUNSET   700 PM PDT


-  INDICATES NEGATIVE NUMBERS.
R  INDICATES RECORD WAS SET OR TIED.
MM INDICATES DATA IS MISSING.
T  INDICATES TRACE AMOUNT.




$$
