000
CDUS43 KTOP 230643
CLIEMP


CLIMATE REPORT
NATIONAL WEATHER SERVICE TOPEKA KS
1240 AM CST MON JAN 23 2017


...................................

...THE EMPORIA KS CLIMATE SUMMARY FOR JANUARY 22 2017...

CLIMATE NORMAL PERIOD 1981 TO 2010
CLIMATE RECORD PERIOD 9999 TO 9999


WEATHER ITEM   OBSERVED NORMAL DEPARTURE LAST
                VALUE   VALUE  FROM      YEAR
                               NORMAL
...............................................
TEMPERATURE (F)
 YESTERDAY
  MAXIMUM         51     42      9       27
  MINIMUM         29     21      8       15
  AVERAGE         40     31      9       21

PRECIPITATION (IN)
  YESTERDAY        T      0.02  -0.02      T
  MONTH TO DATE    1.05   0.34   0.71     0.46
  SINCE DEC 1      1.82   1.69   0.13     3.55
  SINCE JAN 1      1.05   0.34   0.71     0.46

DEGREE DAYS
 HEATING
  YESTERDAY       25     34     -9       44
  MONTH TO DATE  707    748    -41      682
  SINCE DEC 1   1753   1741     12     1462
  SINCE JUL 1   2303   2681   -378     2181

 COOLING
  YESTERDAY        0      0      0        0
  MONTH TO DATE    0      0      0        0
  SINCE DEC 1      0      0      0        0
  SINCE JAN 1      0      0      0        0
...............................................


WIND (MPH)
  HIGHEST WIND SPEED    23   HIGHEST WIND DIRECTION     N (340)
  HIGHEST GUST SPEED    29   HIGHEST GUST DIRECTION     N (340)
  AVERAGE WIND SPEED    11.3


SKY COVER
  AVERAGE SKY COVER 0.5


WEATHER CONDITIONS
 THE FOLLOWING WEATHER WAS RECORDED YESTERDAY.
  FOG


RELATIVE HUMIDITY (PERCENT)
 HIGHEST    92
 LOWEST     50
 AVERAGE    71

..........................................................


THE EMPORIA KS CLIMATE NORMALS FOR TODAY
                         NORMAL
 MAXIMUM TEMPERATURE (F)   42
 MINIMUM TEMPERATURE (F)   21


SUNRISE AND SUNSET
JANUARY 23 2017.......SUNRISE   736 AM CST   SUNSET   537 PM CST
JANUARY 24 2017.......SUNRISE   736 AM CST   SUNSET   539 PM CST


-  INDICATES NEGATIVE NUMBERS.
R  INDICATES RECORD WAS SET OR TIED.
MM INDICATES DATA IS MISSING.
T  INDICATES TRACE AMOUNT.




$$
