000
CDUS43 KTOP 290638
CLIEMP


CLIMATE REPORT
NATIONAL WEATHER SERVICE TOPEKA KS
138 AM CDT SAT APR 29 2017


...................................

...THE EMPORIA KS CLIMATE SUMMARY FOR APRIL 28 2017...

CLIMATE NORMAL PERIOD 1981 TO 2010
CLIMATE RECORD PERIOD 9999 TO 9999


WEATHER ITEM   OBSERVED NORMAL DEPARTURE LAST
                VALUE   VALUE  FROM      YEAR
                               NORMAL
...............................................
TEMPERATURE (F)
 YESTERDAY
  MAXIMUM         72     71      1       64
  MINIMUM         45     49     -4       43
  AVERAGE         59     60     -1       54

PRECIPITATION (IN)
  YESTERDAY        0.02   0.16  -0.14     0.00
  MONTH TO DATE    4.36   3.02   1.34     5.91
  SINCE MAR 1      8.55   5.55   3.00     7.51
  SINCE JAN 1     10.29   7.41   2.88     8.68

DEGREE DAYS
 HEATING
  YESTERDAY        6      6      0       11
  MONTH TO DATE  217    286    -69      200
  SINCE MAR 1    693    896   -203      643
  SINCE JUL 1   3784   4718   -934     3756

 COOLING
  YESTERDAY        0      1     -1        0
  MONTH TO DATE   30     22      8       19
  SINCE MAR 1     42     24     18       20
  SINCE JAN 1     42     24     18       20
...............................................


WIND (MPH)
  HIGHEST WIND SPEED    20   HIGHEST WIND DIRECTION     N (10)
  HIGHEST GUST SPEED    25   HIGHEST GUST DIRECTION     N (20)
  AVERAGE WIND SPEED     8.6


SKY COVER
  AVERAGE SKY COVER 0.8


WEATHER CONDITIONS
 THE FOLLOWING WEATHER WAS RECORDED YESTERDAY.
  THUNDERSTORM
  LIGHT RAIN


RELATIVE HUMIDITY (PERCENT)
 HIGHEST   100
 LOWEST     47
 AVERAGE    74

..........................................................


THE EMPORIA KS CLIMATE NORMALS FOR TODAY
                         NORMAL
 MAXIMUM TEMPERATURE (F)   72
 MINIMUM TEMPERATURE (F)   49


SUNRISE AND SUNSET
APRIL 29 2017.........SUNRISE   630 AM CDT   SUNSET   815 PM CDT
APRIL 30 2017.........SUNRISE   629 AM CDT   SUNSET   816 PM CDT


-  INDICATES NEGATIVE NUMBERS.
R  INDICATES RECORD WAS SET OR TIED.
MM INDICATES DATA IS MISSING.
T  INDICATES TRACE AMOUNT.




$$
