000
CDUS43 KTOP 210632
CLIEMP


CLIMATE REPORT
NATIONAL WEATHER SERVICE TOPEKA KS
131 AM CDT SAT OCT 21 2017


...................................

...THE EMPORIA KS CLIMATE SUMMARY FOR OCTOBER 20 2017...

CLIMATE NORMAL PERIOD 1981 TO 2010
CLIMATE RECORD PERIOD 9999 TO 9999


WEATHER ITEM   OBSERVED NORMAL DEPARTURE LAST
                VALUE   VALUE  FROM      YEAR
                               NORMAL
...............................................
TEMPERATURE (F)
 YESTERDAY
  MAXIMUM         76     67      9       63
  MINIMUM         55     44     11       43
  AVERAGE         66     56     10       53

PRECIPITATION (IN)
  YESTERDAY        0.00   0.10  -0.10     0.01
  MONTH TO DATE    2.52   1.95   0.57     1.21
  SINCE SEP 1      5.19   5.34  -0.15     8.88
  SINCE JAN 1     31.64  31.95  -0.31    37.47

DEGREE DAYS
 HEATING
  YESTERDAY        0     10    -10       12
  MONTH TO DATE   68    146    -78       86
  SINCE SEP 1     82    195   -113      108
  SINCE JUL 1     82    196   -114      108

 COOLING
  YESTERDAY        1      1      0        0
  MONTH TO DATE   61     28     33       41
  SINCE SEP 1    265    193     72      263
  SINCE JAN 1   1355   1401    -46     1599
...............................................


WIND (MPH)
  HIGHEST WIND SPEED    32   HIGHEST WIND DIRECTION     S (170)
  HIGHEST GUST SPEED    43   HIGHEST GUST DIRECTION     S (160)
  AVERAGE WIND SPEED    20.4


SKY COVER
  AVERAGE SKY COVER 0.0


WEATHER CONDITIONS
 THE FOLLOWING WEATHER WAS RECORDED YESTERDAY.
  NO SIGNIFICANT WEATHER WAS OBSERVED.


RELATIVE HUMIDITY (PERCENT)
 HIGHEST    86
 LOWEST     54
 AVERAGE    70

..........................................................


THE EMPORIA KS CLIMATE NORMALS FOR TODAY
                         NORMAL
 MAXIMUM TEMPERATURE (F)   67
 MINIMUM TEMPERATURE (F)   44


SUNRISE AND SUNSET
OCTOBER 21 2017.......SUNRISE   740 AM CDT   SUNSET   638 PM CDT
OCTOBER 22 2017.......SUNRISE   741 AM CDT   SUNSET   637 PM CDT


-  INDICATES NEGATIVE NUMBERS.
R  INDICATES RECORD WAS SET OR TIED.
MM INDICATES DATA IS MISSING.
T  INDICATES TRACE AMOUNT.




$$
