000
CDUS43 KTOP 040638
CLIEMP


CLIMATE REPORT
NATIONAL WEATHER SERVICE TOPEKA KS
138 AM CDT WED MAY 4 2016


...................................

...THE EMPORIA KS CLIMATE SUMMARY FOR MAY 3 2016...

CLIMATE NORMAL PERIOD 1981 TO 2010
CLIMATE RECORD PERIOD 9999 TO 9999


WEATHER ITEM   OBSERVED NORMAL DEPARTURE LAST
                VALUE   VALUE  FROM      YEAR
                               NORMAL
...............................................
TEMPERATURE (F)
 YESTERDAY
  MAXIMUM         71     73     -2       86
  MINIMUM         40     51    -11       59
  AVERAGE         56     62     -6       73

PRECIPITATION (IN)
  YESTERDAY        0.00   0.18  -0.18     0.00
  MONTH TO DATE    T      0.52  -0.52      T
  SINCE MAR 1      8.15   6.43   1.72     4.89
  SINCE JAN 1      9.32   8.29   1.03     6.29

DEGREE DAYS
 HEATING
  YESTERDAY        9      5      4        0
  MONTH TO DATE   33     15     18        5
  SINCE MAR 1    698    922   -224      765
  SINCE JUL 1   3811   4744   -933     4766

 COOLING
  YESTERDAY        0      1     -1        8
  MONTH TO DATE    0      3     -3        9
  SINCE MAR 1     20     26     -6       15
  SINCE JAN 1     20     26     -6       15
...............................................


WIND (MPH)
  HIGHEST WIND SPEED    15   HIGHEST WIND DIRECTION    SW (230)
  HIGHEST GUST SPEED    18   HIGHEST GUST DIRECTION     W (250)
  AVERAGE WIND SPEED     4.9


SKY COVER
  AVERAGE SKY COVER 0.2


WEATHER CONDITIONS
 THE FOLLOWING WEATHER WAS RECORDED YESTERDAY.
  FOG


RELATIVE HUMIDITY (PERCENT)
 HIGHEST   100
 LOWEST     34
 AVERAGE    67

..........................................................


THE EMPORIA KS CLIMATE NORMALS FOR TODAY
                         NORMAL
 MAXIMUM TEMPERATURE (F)   73
 MINIMUM TEMPERATURE (F)   51


SUNRISE AND SUNSET
MAY  4 2016...........SUNRISE   624 AM CDT   SUNSET   820 PM CDT
MAY  5 2016...........SUNRISE   623 AM CDT   SUNSET   821 PM CDT


-  INDICATES NEGATIVE NUMBERS.
R  INDICATES RECORD WAS SET OR TIED.
MM INDICATES DATA IS MISSING.
T  INDICATES TRACE AMOUNT.




$$
