000
CDUS43 KTOP 120638
CLIEMP


CLIMATE REPORT
NATIONAL WEATHER SERVICE TOPEKA KS
1237 AM CST TUE DEC 12 2017


...................................

...THE EMPORIA KS CLIMATE SUMMARY FOR DECEMBER 11 2017...

CLIMATE NORMAL PERIOD 1981 TO 2010
CLIMATE RECORD PERIOD 9999 TO 9999


WEATHER ITEM   OBSERVED NORMAL DEPARTURE LAST
                VALUE   VALUE  FROM      YEAR
                               NORMAL
...............................................
TEMPERATURE (F)
 YESTERDAY
  MAXIMUM         59     44     15       47
  MINIMUM         37     23     14       21
  AVERAGE         48     34     14       34

PRECIPITATION (IN)
  YESTERDAY        0.00   0.05  -0.05      T
  MONTH TO DATE    0.00   0.61  -0.61     0.51
  SINCE DEC 1      0.00   0.61  -0.61     0.51
  SINCE JAN 1     32.92  35.65  -2.73    38.33

DEGREE DAYS
 HEATING
  YESTERDAY       17     31    -14       31
  MONTH TO DATE  271    326    -55      359
  SINCE DEC 1    271    326    -55      359
  SINCE JUL 1   1090   1266   -176      909

 COOLING
  YESTERDAY        0      0      0        0
  MONTH TO DATE    0      0      0        0
  SINCE DEC 1      0      0      0        0
  SINCE JAN 1   1355   1403    -48     1629
...............................................


WIND (MPH)
  HIGHEST WIND SPEED    33   HIGHEST WIND DIRECTION    NW (320)
  HIGHEST GUST SPEED    43   HIGHEST GUST DIRECTION    NW (330)
  AVERAGE WIND SPEED    17.0


SKY COVER
  AVERAGE SKY COVER 0.1


WEATHER CONDITIONS
 THE FOLLOWING WEATHER WAS RECORDED YESTERDAY.
  NO SIGNIFICANT WEATHER WAS OBSERVED.


RELATIVE HUMIDITY (PERCENT)
 HIGHEST    62
 LOWEST     17
 AVERAGE    40

..........................................................


THE EMPORIA KS CLIMATE NORMALS FOR TODAY
                         NORMAL
 MAXIMUM TEMPERATURE (F)   44
 MINIMUM TEMPERATURE (F)   23


SUNRISE AND SUNSET
DECEMBER 12 2017......SUNRISE   733 AM CST   SUNSET   505 PM CST
DECEMBER 13 2017......SUNRISE   733 AM CST   SUNSET   505 PM CST


-  INDICATES NEGATIVE NUMBERS.
R  INDICATES RECORD WAS SET OR TIED.
MM INDICATES DATA IS MISSING.
T  INDICATES TRACE AMOUNT.




$$
