000
CDUS43 KTOP 230633
CLIEMP


CLIMATE REPORT
NATIONAL WEATHER SERVICE TOPEKA KS
131 AM CDT THU MAR 23 2017


...................................

...THE EMPORIA KS CLIMATE SUMMARY FOR MARCH 22 2017...

CLIMATE NORMAL PERIOD 1981 TO 2010
CLIMATE RECORD PERIOD 9999 TO 9999


WEATHER ITEM   OBSERVED NORMAL DEPARTURE LAST
                VALUE   VALUE  FROM      YEAR
                               NORMAL
...............................................
TEMPERATURE (F)
 YESTERDAY
  MAXIMUM         57     60     -3       80
  MINIMUM         41     35      6       48
  AVERAGE         49     48      1       64

PRECIPITATION (IN)
  YESTERDAY        0.00   0.08  -0.08     0.00
  MONTH TO DATE    0.25   1.85  -1.60     0.63
  SINCE MAR 1      0.25   1.85  -1.60     0.63
  SINCE JAN 1      1.99   3.71  -1.72     1.80

DEGREE DAYS
 HEATING
  YESTERDAY       16     17     -1        1
  MONTH TO DATE  368    467    -99      314
  SINCE MAR 1    368    467    -99      314
  SINCE JUL 1   3459   4289   -830     3427

 COOLING
  YESTERDAY        0      0      0        0
  MONTH TO DATE   12      0     12        1
  SINCE MAR 1     12      0     12        1
  SINCE JAN 1     12      0     12        1
...............................................


WIND (MPH)
  HIGHEST WIND SPEED    26   HIGHEST WIND DIRECTION     E (90)
  HIGHEST GUST SPEED    31   HIGHEST GUST DIRECTION     E (90)
  AVERAGE WIND SPEED    15.0


SKY COVER
  AVERAGE SKY COVER 0.7


WEATHER CONDITIONS
 THE FOLLOWING WEATHER WAS RECORDED YESTERDAY.
  NO SIGNIFICANT WEATHER WAS OBSERVED.


RELATIVE HUMIDITY (PERCENT)
 HIGHEST    61
 LOWEST     32
 AVERAGE    47

..........................................................


THE EMPORIA KS CLIMATE NORMALS FOR TODAY
                         NORMAL
 MAXIMUM TEMPERATURE (F)   60
 MINIMUM TEMPERATURE (F)   36


SUNRISE AND SUNSET
MARCH 23 2017.........SUNRISE   723 AM CDT   SUNSET   740 PM CDT
MARCH 24 2017.........SUNRISE   722 AM CDT   SUNSET   741 PM CDT


-  INDICATES NEGATIVE NUMBERS.
R  INDICATES RECORD WAS SET OR TIED.
MM INDICATES DATA IS MISSING.
T  INDICATES TRACE AMOUNT.




$$
