000
CDUS43 KTOP 200634
CLIEMP


CLIMATE REPORT
NATIONAL WEATHER SERVICE TOPEKA KS
134 AM CDT SAT SEP 20 2014


...................................

...THE EMPORIA KS CLIMATE SUMMARY FOR SEPTEMBER 19 2014...

CLIMATE NORMAL PERIOD 1981 TO 2010
CLIMATE RECORD PERIOD 9999 TO 9999


WEATHER ITEM   OBSERVED NORMAL DEPARTURE LAST
                VALUE   VALUE  FROM      YEAR
                               NORMAL
...............................................
TEMPERATURE (F)
 YESTERDAY
  MAXIMUM         78     80     -2       92
  MINIMUM         62     55      7       65
  AVERAGE         70     68      2       79

PRECIPITATION (IN)
  YESTERDAY        0.00   0.09  -0.09     1.95
  MONTH TO DATE    3.64   2.31   1.33     2.48
  SINCE SEP 1      3.64   2.31   1.33     2.48
  SINCE JAN 1     22.40  28.92  -6.52    26.57

DEGREE DAYS
 HEATING
  YESTERDAY        0      2     -2        0
  MONTH TO DATE   42     12     30        2
  SINCE SEP 1     42     12     30        2
  SINCE JUL 1     44     13     31        4

 COOLING
  YESTERDAY        5      4      1       14
  MONTH TO DATE  103    129    -26      197
  SINCE SEP 1    103    129    -26      197
  SINCE JAN 1   1306   1337    -31     1326
...............................................


WIND (MPH)
  HIGHEST WIND SPEED    18   HIGHEST WIND DIRECTION    SE (150)
  HIGHEST GUST SPEED    23   HIGHEST GUST DIRECTION     S (160)
  AVERAGE WIND SPEED    11.7


SKY COVER
  AVERAGE SKY COVER 0.4


WEATHER CONDITIONS
 THE FOLLOWING WEATHER WAS RECORDED YESTERDAY.
  FOG
  FOG W/VISIBILITY <= 1/4 MILE


RELATIVE HUMIDITY (PERCENT)
 HIGHEST   100
 LOWEST     74
 AVERAGE    87

..........................................................


THE EMPORIA KS CLIMATE NORMALS FOR TODAY
                         NORMAL
 MAXIMUM TEMPERATURE (F)   79
 MINIMUM TEMPERATURE (F)   55


SUNRISE AND SUNSET
SEPTEMBER 20 2014.....SUNRISE   711 AM CDT   SUNSET   725 PM CDT
SEPTEMBER 21 2014.....SUNRISE   712 AM CDT   SUNSET   723 PM CDT


-  INDICATES NEGATIVE NUMBERS.
R  INDICATES RECORD WAS SET OR TIED.
MM INDICATES DATA IS MISSING.
T  INDICATES TRACE AMOUNT.




$$
