000
CDUS43 KTOP 012241
CLIEMP


CLIMATE REPORT
NATIONAL WEATHER SERVICE TOPEKA KS
440 PM CST SUN FEB 1 2015


...................................

...THE EMPORIA KS CLIMATE SUMMARY FOR FEBRUARY 1 2015...
VALID TODAY AS OF 0400 PM LOCAL TIME.

CLIMATE NORMAL PERIOD 1981 TO 2010
CLIMATE RECORD PERIOD 9999 TO 9999


WEATHER ITEM   OBSERVED NORMAL DEPARTURE LAST
                VALUE   VALUE  FROM      YEAR
                               NORMAL
...............................................
TEMPERATURE (F)
 TODAY
  MAXIMUM         41     43     -2       27
  MINIMUM         17     22     -5       18
  AVERAGE         29     32     -3       23

PRECIPITATION (IN)
  TODAY            0.19   0.04   0.15     0.11
  MONTH TO DATE    0.19   0.04   0.15     0.11
  SINCE DEC 1      2.57   2.02   0.55     0.81
  SINCE JAN 1      0.98   0.67   0.31     0.31

DEGREE DAYS
 HEATING
  TODAY           36     33      3       42
  MONTH TO DATE   36     33      3       42
  SINCE DEC 1   1976   2081   -105     2282
  SINCE JUL 1   3026   3021      5     3313

 COOLING
  TODAY            0      0      0        0
  MONTH TO DATE    0      0      0        0
  SINCE DEC 1      0      0      0        0
  SINCE JAN 1      0      0      0        0
...............................................


WIND (MPH)
  HIGHEST WIND SPEED    36   HIGHEST WIND DIRECTION    NW (320)
  HIGHEST GUST SPEED    44   HIGHEST GUST DIRECTION    NW (320)
  AVERAGE WIND SPEED    19.4



WEATHER CONDITIONS
 THE FOLLOWING WEATHER WAS RECORDED TODAY.
  LIGHT RAIN
  LIGHT SNOW
  FOG


RELATIVE HUMIDITY (PERCENT)
 HIGHEST   100
 LOWEST     73
 AVERAGE    87

..........................................................


THE EMPORIA KS CLIMATE NORMALS FOR TOMORROW
                         NORMAL
 MAXIMUM TEMPERATURE (F)   43
 MINIMUM TEMPERATURE (F)   22


SUNRISE AND SUNSET
FEBRUARY  1 2015......SUNRISE   730 AM CST   SUNSET   547 PM CST
FEBRUARY  2 2015......SUNRISE   729 AM CST   SUNSET   548 PM CST


-  INDICATES NEGATIVE NUMBERS.
R  INDICATES RECORD WAS SET OR TIED.
MM INDICATES DATA IS MISSING.
T  INDICATES TRACE AMOUNT.




$$
