000
CDUS43 KTOP 280633
CLIEMP


CLIMATE REPORT
NATIONAL WEATHER SERVICE TOPEKA KS
132 AM CDT WED JUN 28 2017


...................................

...THE EMPORIA KS CLIMATE SUMMARY FOR JUNE 27 2017...

CLIMATE NORMAL PERIOD 1981 TO 2010
CLIMATE RECORD PERIOD 9999 TO 9999


WEATHER ITEM   OBSERVED NORMAL DEPARTURE LAST
                VALUE   VALUE  FROM      YEAR
                               NORMAL
...............................................
TEMPERATURE (F)
 YESTERDAY
  MAXIMUM         84     87     -3       94
  MINIMUM         60     66     -6       66
  AVERAGE         72     76     -4       80

PRECIPITATION (IN)
  YESTERDAY        T      0.16  -0.16     0.00
  MONTH TO DATE    2.29   5.43  -3.14     1.22
  SINCE JUN 1      2.29   5.43  -3.14     1.22
  SINCE JAN 1     17.78  18.11  -0.33    16.95

DEGREE DAYS
 HEATING
  YESTERDAY        0      0      0        0
  MONTH TO DATE    0      5     -5        0
  SINCE JUN 1      0      5     -5        0
  SINCE JUL 1   3916   4816   -900     3902

 COOLING
  YESTERDAY        7     11     -4       15
  MONTH TO DATE  245    228     17      360
  SINCE JUN 1    245    228     17      360
  SINCE JAN 1    377    347     30      436
...............................................


WIND (MPH)
  HIGHEST WIND SPEED    24   HIGHEST WIND DIRECTION     S (160)
  HIGHEST GUST SPEED    30   HIGHEST GUST DIRECTION    SE (150)
  AVERAGE WIND SPEED    13.0


SKY COVER
  AVERAGE SKY COVER 0.6


WEATHER CONDITIONS
 THE FOLLOWING WEATHER WAS RECORDED YESTERDAY.
  LIGHT RAIN
  FOG


RELATIVE HUMIDITY (PERCENT)
 HIGHEST   100
 LOWEST     55
 AVERAGE    78

..........................................................


THE EMPORIA KS CLIMATE NORMALS FOR TODAY
                         NORMAL
 MAXIMUM TEMPERATURE (F)   87
 MINIMUM TEMPERATURE (F)   66


SUNRISE AND SUNSET
JUNE 28 2017..........SUNRISE   604 AM CDT   SUNSET   852 PM CDT
JUNE 29 2017..........SUNRISE   604 AM CDT   SUNSET   852 PM CDT


-  INDICATES NEGATIVE NUMBERS.
R  INDICATES RECORD WAS SET OR TIED.
MM INDICATES DATA IS MISSING.
T  INDICATES TRACE AMOUNT.




$$
