000
CDUS46 KOTX 230828
CLIEPH


CLIMATE REPORT
NATIONAL WEATHER SERVICE SPOKANE, WA
127 AM PDT MON OCT 23 2017


...................................

...THE EPHRATA WA AIRPORT CLIMATE SUMMARY FOR OCTOBER 22 2017...

CLIMATE NORMAL PERIOD 1981 TO 2010
CLIMATE RECORD PERIOD 9999 TO 9999


WEATHER ITEM   OBSERVED TIME   RECORD YEAR NORMAL DEPARTURE LAST
                VALUE   (LST)  VALUE       VALUE  FROM      YEAR
                                                  NORMAL
..................................................................
TEMPERATURE (F)
 YESTERDAY
  MAXIMUM         62    128 PM  74    2003  59      3       58
  MINIMUM         40   1159 PM  24    1984  36      4       34
  AVERAGE         51                        48      3       46

PRECIPITATION (IN)
  YESTERDAY        0.08          0.39 1966   0.02   0.06      T
  MONTH TO DATE    0.75                      0.32   0.43     1.91
  SINCE OCT 1      0.75                      0.32   0.43     1.91
  SINCE JAN 1      6.65                      5.34   1.31     8.27

SNOWFALL (IN)
  YESTERDAY       MM

DEGREE DAYS
 HEATING
  YESTERDAY       14                        17     -3       19
  MONTH TO DATE  336                       276     60      311
  SINCE SEP 1    441                       386     55      400
  SINCE JUL 1    441                       403     38      402

 COOLING
  YESTERDAY        0                         0      0        0
  MONTH TO DATE    0                         0      0        0
  SINCE SEP 1    101                        75     26       19
  SINCE JAN 1   1072                       769    303      751
..................................................................


WIND (MPH)
  HIGHEST WIND SPEED    29   HIGHEST WIND DIRECTION     W (270)
  HIGHEST GUST SPEED    39   HIGHEST GUST DIRECTION     W (250)
  AVERAGE WIND SPEED    12.7


SKY COVER
  POSSIBLE SUNSHINE  MM
  AVERAGE SKY COVER 0.2


WEATHER CONDITIONS
 THE FOLLOWING WEATHER WAS RECORDED YESTERDAY.
  LIGHT RAIN
  FOG


RELATIVE HUMIDITY (PERCENT)
 HIGHEST    86           100 AM
 LOWEST     32           200 PM
 AVERAGE    59

..........................................................


THE EPHRATA WA AIRPORT CLIMATE NORMALS FOR TODAY
                         NORMAL    RECORD    YEAR
 MAXIMUM TEMPERATURE (F)   58        70      2013
                                             2007
 MINIMUM TEMPERATURE (F)   36        26      1984


SUNRISE AND SUNSET
OCTOBER 23 2017.......SUNRISE   729 AM PDT   SUNSET   555 PM PDT
OCTOBER 24 2017.......SUNRISE   730 AM PDT   SUNSET   554 PM PDT


-  INDICATES NEGATIVE NUMBERS.
R  INDICATES RECORD WAS SET OR TIED.
MM INDICATES DATA IS MISSING.
T  INDICATES TRACE AMOUNT.




$$
