000
CDUS46 KOTX 130827
CLIEPH


CLIMATE REPORT
NATIONAL WEATHER SERVICE SPOKANE, WA
1226 AM PST SAT FEB 13 2016


...................................

...THE EPHRATA WA AIRPORT CLIMATE SUMMARY FOR FEBRUARY 12 2016...

CLIMATE NORMAL PERIOD 1981 TO 2010
CLIMATE RECORD PERIOD 9999 TO 9999


WEATHER ITEM   OBSERVED TIME   RECORD YEAR NORMAL DEPARTURE LAST
                VALUE   (LST)  VALUE       VALUE  FROM      YEAR
                                                  NORMAL
..................................................................
TEMPERATURE (F)
 YESTERDAY
  MAXIMUM         45    251 PM  64    1977  41      4       58
  MINIMUM         34   1143 PM   6    1959  25      9       40
  AVERAGE         40                        33      7       49

PRECIPITATION (IN)
  YESTERDAY        T             0.48 1958   0.03  -0.03     0.00
  MONTH TO DATE    0.14                      0.31  -0.17     0.59
  SINCE OCT 1      4.50                      4.05   0.45     4.09
  SINCE JAN 1      1.78                      1.22   0.56     1.30

SNOWFALL (IN)
  YESTERDAY       MM

DEGREE DAYS
 HEATING
  YESTERDAY       25                        32     -7       16
  MONTH TO DATE  356                       392    -36      262
  SINCE DEC 1   2426                      2681   -255     2182
  SINCE JUL 1   3582                      4100   -518     3329

 COOLING
  YESTERDAY        0                         0      0        0
  MONTH TO DATE    0                         0      0        0
  SINCE DEC 1      0                         0      0        0
  SINCE JAN 1      0                         0      0        0
..................................................................


WIND (MPH)
  HIGHEST WIND SPEED    10   HIGHEST WIND DIRECTION     S (190)
  HIGHEST GUST SPEED    12   HIGHEST GUST DIRECTION    NW (300)
  AVERAGE WIND SPEED     3.8


SKY COVER
  POSSIBLE SUNSHINE  MM
  AVERAGE SKY COVER 1.0


WEATHER CONDITIONS
 THE FOLLOWING WEATHER WAS RECORDED YESTERDAY.
  LIGHT RAIN
  FOG
  FOG W/VISIBILITY <= 1/4 MILE


RELATIVE HUMIDITY (PERCENT)
 HIGHEST   100          1000 PM
 LOWEST     82          1200 AM
 AVERAGE    91

..........................................................


THE EPHRATA WA AIRPORT CLIMATE NORMALS FOR TODAY
                         NORMAL    RECORD    YEAR
 MAXIMUM TEMPERATURE (F)   42        60      1971
 MINIMUM TEMPERATURE (F)   25        12      1985


SUNRISE AND SUNSET
FEBRUARY 13 2016......SUNRISE   707 AM PST   SUNSET   518 PM PST
FEBRUARY 14 2016......SUNRISE   705 AM PST   SUNSET   520 PM PST


-  INDICATES NEGATIVE NUMBERS.
R  INDICATES RECORD WAS SET OR TIED.
MM INDICATES DATA IS MISSING.
T  INDICATES TRACE AMOUNT.




$$
