000
CDUS46 KOTX 220820
CLIEPH


CLIMATE REPORT
NATIONAL WEATHER SERVICE SPOKANE, WA
1219 AM PST MON JAN 22 2018


...................................

...THE EPHRATA WA AIRPORT CLIMATE SUMMARY FOR JANUARY 21 2018...

CLIMATE NORMAL PERIOD 1981 TO 2010
CLIMATE RECORD PERIOD 9999 TO 9999


WEATHER ITEM   OBSERVED TIME   RECORD YEAR NORMAL DEPARTURE LAST
                VALUE   (LST)  VALUE       VALUE  FROM      YEAR
                                                  NORMAL
..................................................................
TEMPERATURE (F)
 YESTERDAY
  MAXIMUM         40    528 PM  51    2010  36      4       38
  MINIMUM         28   1139 PM  -4    1962  23      5       33
  AVERAGE         34                        30      4       36

PRECIPITATION (IN)
  YESTERDAY        0.01          0.32 2003   0.03  -0.02     0.06
  MONTH TO DATE    0.89                      0.66   0.23     0.74
  SINCE OCT 1      3.47                      3.49  -0.02     4.34
  SINCE JAN 1      0.89                      0.66   0.23     0.74

SNOWFALL (IN)
  YESTERDAY       MM

DEGREE DAYS
 HEATING
  YESTERDAY       31                        35     -4       29
  MONTH TO DATE  635                       777   -142      995
  SINCE DEC 1   1743                      1944   -201     2285
  SINCE JUL 1   3123                      3363   -240     3408

 COOLING
  YESTERDAY        0                         0      0        0
  MONTH TO DATE    0                         0      0        0
  SINCE DEC 1      0                         0      0        0
  SINCE JAN 1      0                         0      0        0
..................................................................


WIND (MPH)
  HIGHEST WIND SPEED    15   HIGHEST WIND DIRECTION    SE (150)
  HIGHEST GUST SPEED    18   HIGHEST GUST DIRECTION    SE (150)
  AVERAGE WIND SPEED     5.2


SKY COVER
  POSSIBLE SUNSHINE  MM
  AVERAGE SKY COVER 0.5


WEATHER CONDITIONS
 THE FOLLOWING WEATHER WAS RECORDED YESTERDAY.
  LIGHT RAIN
  FOG
  HAZE


RELATIVE HUMIDITY (PERCENT)
 HIGHEST    89           700 PM
 LOWEST     70          1200 PM
 AVERAGE    80

..........................................................


THE EPHRATA WA AIRPORT CLIMATE NORMALS FOR TODAY
                         NORMAL    RECORD    YEAR
 MAXIMUM TEMPERATURE (F)   36        51      1981
 MINIMUM TEMPERATURE (F)   23        -5      2008


SUNRISE AND SUNSET
JANUARY 22 2018.......SUNRISE   735 AM PST   SUNSET   445 PM PST
JANUARY 23 2018.......SUNRISE   734 AM PST   SUNSET   447 PM PST


-  INDICATES NEGATIVE NUMBERS.
R  INDICATES RECORD WAS SET OR TIED.
MM INDICATES DATA IS MISSING.
T  INDICATES TRACE AMOUNT.




$$
