000
CDUS46 KOTX 270824
CLIEPH


CLIMATE REPORT
NATIONAL WEATHER SERVICE SPOKANE, WA
124 AM PDT TUE SEP 27 2016


...................................

...THE EPHRATA WA AIRPORT CLIMATE SUMMARY FOR SEPTEMBER 26 2016...

CLIMATE NORMAL PERIOD 1981 TO 2010
CLIMATE RECORD PERIOD 9999 TO 9999


WEATHER ITEM   OBSERVED TIME   RECORD YEAR NORMAL DEPARTURE LAST
                VALUE   (LST)  VALUE       VALUE  FROM      YEAR
                                                  NORMAL
..................................................................
TEMPERATURE (F)
 YESTERDAY
  MAXIMUM         85    243 PM  90    1963  74     11       74
  MINIMUM         52    552 AM  33    1972  46      6       55
  AVERAGE         69                        60      9       65

PRECIPITATION (IN)
  YESTERDAY        T             0.32 1959   0.01  -0.01     0.00
  MONTH TO DATE    0.07                      0.30  -0.23     0.16
  SINCE OCT 1      9.08                      7.79   1.29     7.15
  SINCE JAN 1      6.36                      4.96   1.40     4.36

SNOWFALL (IN)
  YESTERDAY       MM

DEGREE DAYS
 HEATING
  YESTERDAY        0                         6     -6        0
  MONTH TO DATE   85                        81      4       89
  SINCE SEP 1     85                        81      4       89
  SINCE JUL 1     87                        98    -11       89

 COOLING
  YESTERDAY        4                         1      3        0
  MONTH TO DATE   11                        71    -60       40
  SINCE SEP 1     11                        71    -60       40
  SINCE JAN 1    743                       765    -22     1274
..................................................................


WIND (MPH)
  HIGHEST WIND SPEED    12   HIGHEST WIND DIRECTION    NE (40)
  HIGHEST GUST SPEED    14   HIGHEST GUST DIRECTION     N (10)
  AVERAGE WIND SPEED     5.9


SKY COVER
  POSSIBLE SUNSHINE  MM
  AVERAGE SKY COVER 0.0


WEATHER CONDITIONS
 THE FOLLOWING WEATHER WAS RECORDED YESTERDAY.
  NO SIGNIFICANT WEATHER WAS OBSERVED.


RELATIVE HUMIDITY (PERCENT)
 HIGHEST    77           400 AM
 LOWEST     28           100 PM
 AVERAGE    53

..........................................................


THE EPHRATA WA AIRPORT CLIMATE NORMALS FOR TODAY
                         NORMAL    RECORD    YEAR
 MAXIMUM TEMPERATURE (F)   73        94      1994
 MINIMUM TEMPERATURE (F)   46        35      1972


SUNRISE AND SUNSET
SEPTEMBER 27 2016.....SUNRISE   652 AM PDT   SUNSET   644 PM PDT
SEPTEMBER 28 2016.....SUNRISE   654 AM PDT   SUNSET   642 PM PDT


-  INDICATES NEGATIVE NUMBERS.
R  INDICATES RECORD WAS SET OR TIED.
MM INDICATES DATA IS MISSING.
T  INDICATES TRACE AMOUNT.




$$
