000
CDUS41 KCLE 232217
CLIERI


CLIMATE REPORT
NATIONAL WEATHER SERVICE CLEVELAND OH
516 PM EST TUE JAN 23 2018


...................................

...THE ERIE PA CLIMATE SUMMARY FOR JANUARY 23 2018...
VALID TODAY AS OF 0500 PM LOCAL TIME.

CLIMATE NORMAL PERIOD 1981 TO 2010
CLIMATE RECORD PERIOD 1873 TO 2018


WEATHER ITEM   OBSERVED TIME   RECORD YEAR NORMAL DEPARTURE LAST
                VALUE   (LST)  VALUE       VALUE  FROM      YEAR
                                                  NORMAL
..................................................................
TEMPERATURE (F)
 TODAY
  MAXIMUM         54   1205 AM  65    1906  33     21       46
  MINIMUM         38    515 PM  -9    1970  20     18       37
  AVERAGE         46                        27     19       42

PRECIPITATION (IN)
  TODAY            0.27                      0.08   0.19     0.09
  MONTH TO DATE    2.04                      2.28  -0.24     3.84
  SINCE DEC 1      9.59                      6.02   3.57     7.72
  SINCE JAN 1      2.04                      2.28  -0.24     3.84

SNOWFALL (IN)
  TODAY            0.0                       0.9   -0.9      0.0
  MONTH TO DATE   16.7                      22.9   -6.2     20.2
  SINCE DEC 1    137.6                      50.4   87.2     42.4
  SINCE JUL 1    138.1                      59.1   79.0     44.8
  SNOW DEPTH       0

DEGREE DAYS
 HEATING
  TODAY           19                        38    -19       23
  MONTH TO DATE  924                       866     58      718
  SINCE DEC 1   2053                      1878    175     1711
  SINCE JUL 1   3050                      3034     16     2491

 COOLING
  TODAY            0                         0      0        0
  MONTH TO DATE    0                         0      0        0
  SINCE DEC 1      0                         0      0        0
  SINCE JAN 1      0                         0      0        0
..................................................................


WIND (MPH)
  HIGHEST WIND SPEED    18   HIGHEST WIND DIRECTION     S (160)
  HIGHEST GUST SPEED    37   HIGHEST GUST DIRECTION     W (250)


SKY COVER
  POSSIBLE SUNSHINE  MM
  AVERAGE SKY COVER 0.9


WEATHER CONDITIONS
 THE FOLLOWING WEATHER WAS RECORDED TODAY.
  THUNDERSTORM
  HEAVY RAIN
  RAIN
  LIGHT RAIN
  FOG


RELATIVE HUMIDITY (PERCENT)
 HIGHEST    86           900 AM
 LOWEST     65           400 PM
 AVERAGE    76

..........................................................


THE ERIE PA CLIMATE NORMALS FOR TOMORROW
                         NORMAL    RECORD    YEAR
 MAXIMUM TEMPERATURE (F)   33        65      1950
                                             1909
 MINIMUM TEMPERATURE (F)   20       -15      1963


SUNRISE AND SUNSET
JANUARY 23 2018.......SUNRISE   742 AM EST   SUNSET   524 PM EST
JANUARY 24 2018.......SUNRISE   741 AM EST   SUNSET   525 PM EST


-  INDICATES NEGATIVE NUMBERS.
R  INDICATES RECORD WAS SET OR TIED.
MM INDICATES DATA IS MISSING.
T  INDICATES TRACE AMOUNT.




$$
