000
CDUS41 KCLE 010526
CLIERI


CLIMATE REPORT
NATIONAL WEATHER SERVICE CLEVELAND OH
1225 AM EST SUN FEB 1 2015


...................................

...THE ERIE PA CLIMATE SUMMARY FOR JANUARY 31 2015...

CLIMATE NORMAL PERIOD 1981 TO 2010
CLIMATE RECORD PERIOD 1873 TO 2015


WEATHER ITEM   OBSERVED TIME   RECORD YEAR NORMAL DEPARTURE LAST
                VALUE   (LST)  VALUE       VALUE  FROM      YEAR
                                                  NORMAL
..................................................................
TEMPERATURE (F)
 YESTERDAY
  MAXIMUM         28   1159 PM  63    1916  34     -6       35
  MINIMUM          8    413 AM  -6    1899  20    -12       30
  AVERAGE         18                        27     -9       33

PRECIPITATION (IN)
  YESTERDAY        T                         0.08  -0.08      T
  MONTH TO DATE    3.74                      2.95   0.79     2.56
  SINCE DEC 1      6.19                      6.69  -0.50     8.52
  SINCE JAN 1      3.74                      2.95   0.79     2.56

SNOWFALL (IN)
  YESTERDAY        0.2                       0.8   -0.6       T
  MONTH TO DATE   37.4                      29.6    7.8     28.1
  SINCE DEC 1     42.9                      57.1  -14.2     76.1
  SINCE JUL 1     67.9                      65.8    2.1     91.7
  SNOW DEPTH       5

DEGREE DAYS
 HEATING
  YESTERDAY       47                        38      9       32
  MONTH TO DATE 1323                      1170    153     1339
  SINCE DEC 1   2216                      2182     34     2382
  SINCE JUL 1   3430                      3338     92     3581

 COOLING
  YESTERDAY        0                         0      0        0
  MONTH TO DATE    0                         0      0        0
  SINCE DEC 1      0                         0      0        0
  SINCE JAN 1      0                         0      0        0
..................................................................


WIND (MPH)
  HIGHEST WIND SPEED    14   HIGHEST WIND DIRECTION     S (190)
  HIGHEST GUST SPEED    19   HIGHEST GUST DIRECTION     S (180)
  AVERAGE WIND SPEED     8.7


SKY COVER
  POSSIBLE SUNSHINE  MM
  AVERAGE SKY COVER 0.8


WEATHER CONDITIONS
 THE FOLLOWING WEATHER WAS RECORDED YESTERDAY.
  NO SIGNIFICANT WEATHER WAS OBSERVED.


RELATIVE HUMIDITY (PERCENT)
 HIGHEST    80           400 AM
 LOWEST     61           800 AM
 AVERAGE    71

..........................................................


THE ERIE PA CLIMATE NORMALS FOR TODAY
                         NORMAL    RECORD    YEAR
 MAXIMUM TEMPERATURE (F)   34        58      2002
 MINIMUM TEMPERATURE (F)   20        -5      1971


SUNRISE AND SUNSET
FEBRUARY  1 2015......SUNRISE   734 AM EST   SUNSET   535 PM EST
FEBRUARY  2 2015......SUNRISE   733 AM EST   SUNSET   536 PM EST


-  INDICATES NEGATIVE NUMBERS.
R  INDICATES RECORD WAS SET OR TIED.
MM INDICATES DATA IS MISSING.
T  INDICATES TRACE AMOUNT.




$$
