000
CDUS46 KPQR 271141
CLIEUG


CLIMATE REPORT
NATIONAL WEATHER SERVICE PORTLAND OREGON
440 AM PDT SAT MAY 27 2017


...................................

...THE EUGENE OR CLIMATE SUMMARY FOR MAY 26 2017...

CLIMATE NORMAL PERIOD 1981 TO 2010
CLIMATE RECORD PERIOD 1892 TO 2017


WEATHER ITEM   OBSERVED TIME   RECORD YEAR NORMAL DEPARTURE LAST
                VALUE   (LST)  VALUE       VALUE  FROM      YEAR
                                                  NORMAL
..................................................................
TEMPERATURE (F)
 YESTERDAY
  MAXIMUM         80    355 PM  87    1950  69     11       63
  MINIMUM         42    454 AM  33    1973  45     -3       48
  AVERAGE         61                        57      4       56

PRECIPITATION (IN)
  YESTERDAY        0.00          0.80 1993   0.09  -0.09     0.00
                                      1953
  MONTH TO DATE    1.22                      2.30  -1.08     1.30
  SINCE OCT 1     43.66                     41.72   1.94    38.77
  SINCE JAN 1     24.07                     22.92   1.15    19.93

SNOWFALL (IN)
  YESTERDAY        0.0
  MONTH TO DATE    0.0
  SINCE MAR 1      T
  SINCE JUL 1      5.1

DEGREE DAYS
 HEATING
  YESTERDAY        4                         8     -4        9
  MONTH TO DATE  248                       266    -18      167
  SINCE MAR 1   1214                      1281    -67      947
  SINCE JUL 1   4415                      4608   -193     3752

 COOLING
  YESTERDAY        0                         0      0        0
  MONTH TO DATE   11                         0     11        3
  SINCE MAR 1     11                         0     11        3
  SINCE JAN 1     11                         0     11        3
..................................................................


WIND (MPH)
  HIGHEST WIND SPEED    15   HIGHEST WIND DIRECTION    NE (30)
  HIGHEST GUST SPEED    18   HIGHEST GUST DIRECTION    NE (30)
  AVERAGE WIND SPEED     5.0


SKY COVER
  POSSIBLE SUNSHINE  MM
  AVERAGE SKY COVER 0.1


WEATHER CONDITIONS
 THE FOLLOWING WEATHER WAS RECORDED YESTERDAY.
  FOG


RELATIVE HUMIDITY (PERCENT)
 HIGHEST   100           100 AM
 LOWEST     32           200 PM
 AVERAGE    66

..........................................................


THE EUGENE OR CLIMATE NORMALS FOR TODAY
                         NORMAL    RECORD    YEAR
 MAXIMUM TEMPERATURE (F)   69        87      1952
 MINIMUM TEMPERATURE (F)   45        34      1966
                                             1955
                                             1921


SUNRISE AND SUNSET
MAY 27 2017...........SUNRISE   535 AM PDT   SUNSET   845 PM PDT
MAY 28 2017...........SUNRISE   535 AM PDT   SUNSET   846 PM PDT


-  INDICATES NEGATIVE NUMBERS.
R  INDICATES RECORD WAS SET OR TIED.
MM INDICATES DATA IS MISSING.
T  INDICATES TRACE AMOUNT.




$$
