665
CDUS46 KPQR 201141
CLIEUG


CLIMATE REPORT
NATIONAL WEATHER SERVICE PORTLAND OREGON
440 AM PDT THU JUL 20 2017


...................................

...THE EUGENE OR CLIMATE SUMMARY FOR JULY 19 2017...

CLIMATE NORMAL PERIOD 1981 TO 2010
CLIMATE RECORD PERIOD 1892 TO 2017


WEATHER ITEM   OBSERVED TIME   RECORD YEAR NORMAL DEPARTURE LAST
                VALUE   (LST)  VALUE       VALUE  FROM      YEAR
                                                  NORMAL
..................................................................
TEMPERATURE (F)
 YESTERDAY
  MAXIMUM         81    344 PM 102    1988  84     -3       77
  MINIMUM         49    511 AM  39    1926  52     -3       54
  AVERAGE         65                        68     -3       66

PRECIPITATION (IN)
  YESTERDAY        0.00          0.09 1945   0.01  -0.01     0.00
  MONTH TO DATE    0.01                      0.39  -0.38     0.25
  SINCE OCT 1     45.05                     44.05   1.00    39.80
  SINCE JAN 1     25.46                     25.25   0.21    20.96

SNOWFALL (IN)
  YESTERDAY        0.0
  MONTH TO DATE    0.0
  SINCE JUN 1      0.0
  SINCE JUL 1      0.0

DEGREE DAYS
 HEATING
  YESTERDAY        0                         1     -1        0
  MONTH TO DATE    5                        28    -23       10
  SINCE JUN 1    130                       185    -55      110
  SINCE JUL 1      5                        28    -23       10

 COOLING
  YESTERDAY        0                         4     -4        1
  MONTH TO DATE   28                        49    -21       23
  SINCE JUN 1     59                        68     -9       88
  SINCE JAN 1     72                        73     -1       91
..................................................................


WIND (MPH)
  HIGHEST WIND SPEED    17   HIGHEST WIND DIRECTION     W (270)
  HIGHEST GUST SPEED    23   HIGHEST GUST DIRECTION     W (250)
  AVERAGE WIND SPEED     7.8


SKY COVER
  POSSIBLE SUNSHINE  MM
  AVERAGE SKY COVER 0.1


WEATHER CONDITIONS
 THE FOLLOWING WEATHER WAS RECORDED YESTERDAY.
  NO SIGNIFICANT WEATHER WAS OBSERVED.


RELATIVE HUMIDITY (PERCENT)
 HIGHEST   100           500 AM
 LOWEST     33           300 PM
 AVERAGE    67

..........................................................


THE EUGENE OR CLIMATE NORMALS FOR TODAY
                         NORMAL    RECORD    YEAR
 MAXIMUM TEMPERATURE (F)   84       105      1946
 MINIMUM TEMPERATURE (F)   52        44      2008
                                             1924


SUNRISE AND SUNSET
JULY 20 2017..........SUNRISE   549 AM PDT   SUNSET   849 PM PDT
JULY 21 2017..........SUNRISE   550 AM PDT   SUNSET   848 PM PDT


-  INDICATES NEGATIVE NUMBERS.
R  INDICATES RECORD WAS SET OR TIED.
MM INDICATES DATA IS MISSING.
T  INDICATES TRACE AMOUNT.




$$
