000
CDUS43 KPAH 162245
CLIEVV


CLIMATE REPORT
NATIONAL WEATHER SERVICE PADUCAH KY
445 PM CST SAT DEC 16 2017


...................................

...THE EVANSVILLE IN CLIMATE SUMMARY FOR DECEMBER 16 2017...
VALID TODAY AS OF 0400 PM LOCAL TIME.

CLIMATE NORMAL PERIOD 1981 TO 2010
CLIMATE RECORD PERIOD 1896 TO 2017


WEATHER ITEM   OBSERVED TIME   RECORD YEAR NORMAL DEPARTURE LAST
                VALUE   (LST)  VALUE       VALUE  FROM      YEAR
                                                  NORMAL
..................................................................
TEMPERATURE (F)
 TODAY
  MAXIMUM         53    311 PM  69    1984  44      9       45
  MINIMUM         30    415 AM  -6    1989  27      3       18
  AVERAGE         42                        35      7       32

PRECIPITATION (IN)
  TODAY            T             2.65 1915   0.12  -0.12     0.01
  MONTH TO DATE    0.75                      2.05  -1.30     1.27
  SINCE DEC 1      0.75                      2.05  -1.30     1.27
  SINCE JAN 1     41.81                     43.60  -1.79    46.93

SNOWFALL (IN)
  TODAY           MM                                         0.0
  MONTH TO DATE    T                                          T
  SINCE JUL 1      T                                          T
  SNOW DEPTH       0

..................................................................


WIND (MPH)
  HIGHEST WIND SPEED    21   HIGHEST WIND DIRECTION    SW (210)
  HIGHEST GUST SPEED    28   HIGHEST GUST DIRECTION    SW (210)




..........................................................


THE EVANSVILLE IN CLIMATE NORMALS FOR TOMORROW
                         NORMAL    RECORD    YEAR
 MAXIMUM TEMPERATURE (F)   43        70      2016
 MINIMUM TEMPERATURE (F)   27        -3      1989


SUNRISE AND SUNSET
DECEMBER 16 2017......SUNRISE   700 AM CST   SUNSET   432 PM CST
DECEMBER 17 2017......SUNRISE   700 AM CST   SUNSET   432 PM CST


-  INDICATES NEGATIVE NUMBERS.
R  INDICATES RECORD WAS SET OR TIED.
MM INDICATES DATA IS MISSING.
T  INDICATES TRACE AMOUNT.




$$
