000
CDUS43 KPAH 260630
CLIEVV


CLIMATE REPORT
NATIONAL WEATHER SERVICE PADUCAH KY
127 AM CDT SUN MAR 26 2017


...................................

...THE EVANSVILLE IN CLIMATE SUMMARY FOR MARCH 25 2017...

CLIMATE NORMAL PERIOD 1981 TO 2010
CLIMATE RECORD PERIOD 1896 TO 2017


WEATHER ITEM   OBSERVED TIME   RECORD YEAR NORMAL DEPARTURE LAST
                VALUE   (LST)  VALUE       VALUE  FROM      YEAR
                                                  NORMAL
..................................................................
TEMPERATURE (F)
 YESTERDAY
  MAXIMUM         75   1151 AM  82    2007  60     15       50
                                      1929
                                      1907
  MINIMUM         60   1159 PM  18    1974  38     22       35
                                      1955
  AVERAGE         68                        49     19       43

PRECIPITATION (IN)
  YESTERDAY        0.12          4.01 1913   0.15  -0.03     0.00
  MONTH TO DATE    2.91                      3.36  -0.45     4.73
  SINCE MAR 1      2.91                      3.36  -0.45     4.73
  SINCE JAN 1      6.18                      9.63  -3.45    11.07

SNOWFALL (IN)
  YESTERDAY        0.0           1.3  1971   0.0    0.0      0.0
  MONTH TO DATE    1.0                       0.9    0.1       T
  SINCE MAR 1      1.0                       0.9    0.1       T
  SINCE JUL 1      1.4                      11.6  -10.2     14.2
  SNOW DEPTH       0

DEGREE DAYS
 HEATING
  YESTERDAY        0                        16    -16       22
  MONTH TO DATE  456                       500    -44      347
  SINCE MAR 1    456                       500    -44      347
  SINCE JUL 1   3155                      4074   -919     3165

 COOLING
  YESTERDAY        3                         0      3        0
  MONTH TO DATE    3                         0      3        1
  SINCE MAR 1      3                         0      3        1
  SINCE JAN 1      3                         0      3        1
..................................................................


WIND (MPH)
  HIGHEST WIND SPEED    22   HIGHEST WIND DIRECTION     S (190)
  HIGHEST GUST SPEED    30   HIGHEST GUST DIRECTION     S (190)
  AVERAGE WIND SPEED    10.8


SKY COVER
  AVERAGE SKY COVER 0.6


WEATHER CONDITIONS
 THE FOLLOWING WEATHER WAS RECORDED YESTERDAY.
  RAIN
  LIGHT RAIN
  FOG


RELATIVE HUMIDITY (PERCENT)
 HIGHEST    67
 LOWEST     46
 AVERAGE    57

..........................................................


THE EVANSVILLE IN CLIMATE NORMALS FOR TODAY
                         NORMAL    RECORD    YEAR
 MAXIMUM TEMPERATURE (F)   61        80      2007
                                             1991
                                             1921
 MINIMUM TEMPERATURE (F)   38        10      1955


SUNRISE AND SUNSET
MARCH 26 2017.........SUNRISE   644 AM CDT   SUNSET   708 PM CDT
MARCH 27 2017.........SUNRISE   643 AM CDT   SUNSET   709 PM CDT


-  INDICATES NEGATIVE NUMBERS.
R  INDICATES RECORD WAS SET OR TIED.
MM INDICATES DATA IS MISSING.
T  INDICATES TRACE AMOUNT.




$$
