000
CDUS43 KPAH 100641
CLIEVV


CLIMATE REPORT
NATIONAL WEATHER SERVICE PADUCAH KY
1236 AM CST SAT DEC 10 2016


...................................

...THE EVANSVILLE IN CLIMATE SUMMARY FOR DECEMBER 9 2016...

CLIMATE NORMAL PERIOD 1981 TO 2010
CLIMATE RECORD PERIOD 1896 TO 2016


WEATHER ITEM   OBSERVED TIME   RECORD YEAR NORMAL DEPARTURE LAST
                VALUE   (LST)  VALUE       VALUE  FROM      YEAR
                                                  NORMAL
..................................................................
TEMPERATURE (F)
 YESTERDAY
  MAXIMUM         33    223 PM  68    1897  46    -13       62
  MINIMUM         18   1152 PM  -5    1917  28    -10       43
  AVERAGE         26                        37    -11       53

PRECIPITATION (IN)
  YESTERDAY        T             1.66 1923   0.13  -0.13     0.00
  MONTH TO DATE    0.86                      1.19  -0.33     0.05
  SINCE DEC 1      0.86                      1.19  -0.33     0.05
  SINCE JAN 1     46.52                     42.74   3.78    46.79

SNOWFALL (IN)
  YESTERDAY        T             3.3  1961   0.1   -0.1      0.0
  MONTH TO DATE    T                         0.5   -0.5      0.0
  SINCE DEC 1      T                         0.5   -0.5      0.0
  SINCE JUL 1      T                         0.8   -0.8      0.0
  SNOW DEPTH       0

DEGREE DAYS
 HEATING
  YESTERDAY       39                        28     11       12
  MONTH TO DATE  253                       240     13      200
  SINCE DEC 1    253                       240     13      200
  SINCE JUL 1    783                      1101   -318      809

 COOLING
  YESTERDAY        0                         0      0        0
  MONTH TO DATE    0                         0      0        0
  SINCE DEC 1      0                         0      0        0
  SINCE JAN 1   1775                      1397    378     1576
..................................................................


WIND (MPH)
  HIGHEST WIND SPEED    15   HIGHEST WIND DIRECTION    NW (320)
  HIGHEST GUST SPEED    20   HIGHEST GUST DIRECTION    NW (320)
  AVERAGE WIND SPEED     4.2


SKY COVER
  AVERAGE SKY COVER 0.6


WEATHER CONDITIONS
 THE FOLLOWING WEATHER WAS RECORDED YESTERDAY.
  NO SIGNIFICANT WEATHER WAS OBSERVED.


RELATIVE HUMIDITY (PERCENT)
 HIGHEST    84
 LOWEST     47
 AVERAGE    66

..........................................................


THE EVANSVILLE IN CLIMATE NORMALS FOR TODAY
                         NORMAL    RECORD    YEAR
 MAXIMUM TEMPERATURE (F)   45        70      1971
 MINIMUM TEMPERATURE (F)   28        -4      1917


SUNRISE AND SUNSET
DECEMBER 10 2016......SUNRISE   656 AM CST   SUNSET   431 PM CST
DECEMBER 11 2016......SUNRISE   657 AM CST   SUNSET   431 PM CST


-  INDICATES NEGATIVE NUMBERS.
R  INDICATES RECORD WAS SET OR TIED.
MM INDICATES DATA IS MISSING.
T  INDICATES TRACE AMOUNT.




$$
