000
CDUS43 KPAH 250631
CLIEVV


CLIMATE REPORT
NATIONAL WEATHER SERVICE PADUCAH KY
129 AM CDT SAT OCT 25 2014


...................................

...THE EVANSVILLE IN CLIMATE SUMMARY FOR OCTOBER 24 2014...

CLIMATE NORMAL PERIOD 1981 TO 2010
CLIMATE RECORD PERIOD 1896 TO 2014


WEATHER ITEM   OBSERVED TIME   RECORD YEAR NORMAL DEPARTURE LAST
                VALUE   (LST)  VALUE       VALUE  FROM      YEAR
                                                  NORMAL
..................................................................
TEMPERATURE (F)
 YESTERDAY
  MAXIMUM         70    314 PM  82    1934  67      3       47
  MINIMUM         42    202 AM  23    1981  43     -1       33
  AVERAGE         56                        55      1       40

PRECIPITATION (IN)
  YESTERDAY        0.00          1.05 1986   0.11  -0.11      T
  MONTH TO DATE    3.66                      2.48   1.18     4.84
  SINCE SEP 1      6.21                      5.53   0.68     7.65
  SINCE JAN 1     40.39                     36.45   3.94    42.98

SNOWFALL (IN)
  YESTERDAY        0.0           0.0  2002   0.0    0.0      0.0
                                      2001
  MONTH TO DATE    0.0                       0.1   -0.1      0.0
  SINCE SEP 1      0.0                       0.1   -0.1      0.0
  SINCE JUL 1      0.0                       0.1   -0.1      0.0
  SNOW DEPTH       0

DEGREE DAYS
 HEATING
  YESTERDAY        9                        10     -1       25
  MONTH TO DATE  163                       177    -14      156
  SINCE SEP 1    199                       223    -24      166
  SINCE JUL 1    199                       224    -25      166

 COOLING
  YESTERDAY        0                         0      0        0
  MONTH TO DATE   28                        28      0       55
  SINCE SEP 1    191                       195     -4      270
  SINCE JAN 1   1471                      1394     77     1462
..................................................................


WIND (MPH)
  HIGHEST WIND SPEED     9   HIGHEST WIND DIRECTION     W (260)
  HIGHEST GUST SPEED    13   HIGHEST GUST DIRECTION    SW (220)
  AVERAGE WIND SPEED     2.4


SKY COVER
  AVERAGE SKY COVER 0.3


WEATHER CONDITIONS
 THE FOLLOWING WEATHER WAS RECORDED YESTERDAY.
  FOG


RELATIVE HUMIDITY (PERCENT)
 HIGHEST    96
 LOWEST     49
 AVERAGE    73

..........................................................


THE EVANSVILLE IN CLIMATE NORMALS FOR TODAY
                         NORMAL    RECORD    YEAR
 MAXIMUM TEMPERATURE (F)   67        85      1940
 MINIMUM TEMPERATURE (F)   43        26      1999


SUNRISE AND SUNSET
OCTOBER 25 2014.......SUNRISE   709 AM CDT   SUNSET   559 PM CDT
OCTOBER 26 2014.......SUNRISE   710 AM CDT   SUNSET   558 PM CDT


-  INDICATES NEGATIVE NUMBERS.
R  INDICATES RECORD WAS SET OR TIED.
MM INDICATES DATA IS MISSING.
T  INDICATES TRACE AMOUNT.




$$
