000
CDUS45 KSLC 301234
CLIEVW


CLIMATE REPORT
NATIONAL WEATHER SERVICE SALT LAKE CITY UT
633 AM MDT THU OCT 30 2014


...................................

...THE EVANSTON WY CLIMATE SUMMARY FOR OCTOBER 29 2014...

CLIMATE NORMAL PERIOD 1981 TO 2010
CLIMATE RECORD PERIOD 9999 TO 9999


WEATHER ITEM   OBSERVED TIME   RECORD YEAR NORMAL DEPARTURE LAST
                VALUE   (LST)  VALUE       VALUE  FROM      YEAR
                                                  NORMAL
..................................................................
TEMPERATURE (F)
 YESTERDAY
  MAXIMUM         58    333 PM  MM      MM  49      9       35
  MINIMUM         31    712 AM  MM      MM  28      3       25
  AVERAGE         45                        38      7       30

PRECIPITATION (IN)
  YESTERDAY        0.00         MM      MM   0.05  -0.05     0.41
  MONTH TO DATE    0.11                      1.08  -0.97     0.94
  SINCE OCT 1      0.11                      1.08  -0.97     0.94
  SINCE JAN 1      9.24                     10.42  -1.18     5.00

DEGREE DAYS
 HEATING
  YESTERDAY       20                        27     -7       35
  MONTH TO DATE  463                       601   -138      634
  SINCE SEP 1    651                       895   -244      899
  SINCE JUL 1    771                       998   -227      913

 COOLING
  YESTERDAY        0                         0      0        0
  MONTH TO DATE    0                         0      0        0
  SINCE SEP 1     13                         5      8       26
  SINCE JAN 1    219                       162     57      348
..................................................................


WIND (MPH)
  RESULTANT WIND SPEED  10   RESULTANT WIND DIRECTION  SW (240)
  HIGHEST WIND SPEED    23   HIGHEST WIND DIRECTION    SW (240)
  HIGHEST GUST SPEED    28   HIGHEST GUST DIRECTION    SW (230)
  AVERAGE WIND SPEED    11.1


SKY COVER
  POSSIBLE SUNSHINE  MM
  AVERAGE SKY COVER 0.0


WEATHER CONDITIONS
 THE FOLLOWING WEATHER WAS RECORDED YESTERDAY.
  NO SIGNIFICANT WEATHER WAS OBSERVED.


RELATIVE HUMIDITY (PERCENT)
 HIGHEST    49           900 PM
 LOWEST     24          1000 AM
 AVERAGE    37

..........................................................


THE EVANSTON WY CLIMATE NORMALS FOR TODAY
                         NORMAL    RECORD    YEAR
 MAXIMUM TEMPERATURE (F)   48        MM        MM
 MINIMUM TEMPERATURE (F)   28        MM        MM


SUNRISE AND SUNSET
OCTOBER 30 2014.......SUNRISE   753 AM MDT   SUNSET   622 PM MDT
OCTOBER 31 2014.......SUNRISE   754 AM MDT   SUNSET   621 PM MDT


-  INDICATES NEGATIVE NUMBERS.
R  INDICATES RECORD WAS SET OR TIED.
MM INDICATES DATA IS MISSING.
T  INDICATES TRACE AMOUNT.




$$
