000
CDUS45 KSLC 060027
CLIEVW


CLIMATE REPORT
NATIONAL WEATHER SERVICE SALT LAKE CITY UT
526 PM MST MON DEC 5 2016


...................................

...THE EVANSTON WY CLIMATE SUMMARY FOR DECEMBER 5 2016...
VALID TODAY AS OF 0500 PM LOCAL TIME.

CLIMATE NORMAL PERIOD 1981 TO 2010
CLIMATE RECORD PERIOD 9999 TO 9999


WEATHER ITEM   OBSERVED TIME   RECORD YEAR NORMAL DEPARTURE LAST
                VALUE   (LST)  VALUE       VALUE  FROM      YEAR
                                                  NORMAL
..................................................................
TEMPERATURE (F)
 TODAY
  MAXIMUM         MM        MM  MM      MM  30     MM       34
  MINIMUM         MM        MM  MM      MM  14     MM       17
  AVERAGE         MM                        22     MM       26

PRECIPITATION (IN)
  TODAY            T            MM      MM   0.02  -0.02     0.00
  MONTH TO DATE    T                         0.11  -0.11     0.00
  SINCE OCT 1      1.36                      2.32  -0.96     0.58
  SINCE JAN 1      7.08                     11.66  -4.58    10.37

DEGREE DAYS
 HEATING
  TODAY           MM                        43     MM       39
  MONTH TO DATE  175                       213    -38      203
  SINCE DEC 1    175                       213    -38      203
  SINCE JUL 1   1826                      2322   -496     1892

 COOLING
  TODAY           MM                         0     MM        0
  MONTH TO DATE    0                         0      0        0
  SINCE DEC 1      0                         0      0        0
  SINCE JAN 1    293                       162    131      235
..................................................................


WIND (MPH)
  RESULTANT WIND SPEED  15   RESULTANT WIND DIRECTION   W (280)
  HIGHEST WIND SPEED    27   HIGHEST WIND DIRECTION    NW (310)
  HIGHEST GUST SPEED    40   HIGHEST GUST DIRECTION    NW (310)
  AVERAGE WIND SPEED    16.0


SKY COVER
  POSSIBLE SUNSHINE  MM
  AVERAGE SKY COVER 0.5


WEATHER CONDITIONS
 THE FOLLOWING WEATHER WAS RECORDED TODAY.
  SNOW
  LIGHT SNOW
  FOG


RELATIVE HUMIDITY (PERCENT)
 HIGHEST    92          1200 AM
 LOWEST     20           300 PM
 AVERAGE    56

..........................................................


THE EVANSTON WY CLIMATE NORMALS FOR TOMORROW
                         NORMAL    RECORD    YEAR
 MAXIMUM TEMPERATURE (F)   29        MM        MM
 MINIMUM TEMPERATURE (F)   14        MM        MM


SUNRISE AND SUNSET
DECEMBER  5 2016......SUNRISE   735 AM MST   SUNSET   455 PM MST
DECEMBER  6 2016......SUNRISE   736 AM MST   SUNSET   455 PM MST


-  INDICATES NEGATIVE NUMBERS.
R  INDICATES RECORD WAS SET OR TIED.
MM INDICATES DATA IS MISSING.
T  INDICATES TRACE AMOUNT.




$$
