000
CDUS45 KSLC 280042
CLIEVW


CLIMATE REPORT
NATIONAL WEATHER SERVICE SALT LAKE CITY UT
642 PM MDT FRI MAY 27 2016


...................................

...THE EVANSTON WY CLIMATE SUMMARY FOR MAY 27 2016...
VALID TODAY AS OF 0500 PM LOCAL TIME.

CLIMATE NORMAL PERIOD 1981 TO 2010
CLIMATE RECORD PERIOD 9999 TO 9999


WEATHER ITEM   OBSERVED TIME   RECORD YEAR NORMAL DEPARTURE LAST
                VALUE   (LST)  VALUE       VALUE  FROM      YEAR
                                                  NORMAL
..................................................................
TEMPERATURE (F)
 TODAY
  MAXIMUM         MM        MM  MM      MM  65     MM       61
  MINIMUM         MM        MM  MM      MM  39     MM       39
  AVERAGE         MM                        52     MM       50

PRECIPITATION (IN)
  TODAY            0.10         MM      MM   0.05   0.05     0.11
  MONTH TO DATE    2.02                      1.55   0.47     4.32
  SINCE OCT 1      4.34                      7.50  -3.16     7.22
  SINCE JAN 1      3.35                      4.71  -1.36     6.34

DEGREE DAYS
 HEATING
  TODAY           MM                        13     MM       15
  MONTH TO DATE  452                       455     -3      476
  SINCE MAR 1   2027                      2284   -257     1929
  SINCE JUL 1   7554                      8292   -738     6901

 COOLING
  TODAY           MM                         0     MM        0
  MONTH TO DATE    0                         0      0        0
  SINCE MAR 1      0                         0      0        0
  SINCE JAN 1      0                         0      0        0
..................................................................


WIND (MPH)
  RESULTANT WIND SPEED   5   RESULTANT WIND DIRECTION  SW (220)
  HIGHEST WIND SPEED    13   HIGHEST WIND DIRECTION     W (290)
  HIGHEST GUST SPEED    18   HIGHEST GUST DIRECTION     W (290)
  AVERAGE WIND SPEED     7.2


SKY COVER
  POSSIBLE SUNSHINE  MM
  AVERAGE SKY COVER 0.6


WEATHER CONDITIONS
 THE FOLLOWING WEATHER WAS RECORDED TODAY.
  THUNDERSTORM
  LIGHT RAIN


RELATIVE HUMIDITY (PERCENT)
 HIGHEST    82           300 AM
 LOWEST     50          1000 AM
 AVERAGE    66

..........................................................


THE EVANSTON WY CLIMATE NORMALS FOR TOMORROW
                         NORMAL    RECORD    YEAR
 MAXIMUM TEMPERATURE (F)   65        MM        MM
 MINIMUM TEMPERATURE (F)   40        MM        MM


SUNRISE AND SUNSET
MAY 27 2016...........SUNRISE   556 AM MDT   SUNSET   847 PM MDT
MAY 28 2016...........SUNRISE   555 AM MDT   SUNSET   848 PM MDT


-  INDICATES NEGATIVE NUMBERS.
R  INDICATES RECORD WAS SET OR TIED.
MM INDICATES DATA IS MISSING.
T  INDICATES TRACE AMOUNT.




$$
