856
CDUS42 KMHX 252145
CLIEWN


CLIMATE REPORT
NATIONAL WEATHER SERVICE NEWPORT/MOREHEAD CITY NC
545 PM EDT SAT MAR 25 2017


...................................

...THE NEW BERN NC CLIMATE SUMMARY FOR MARCH 25 2017...
VALID TODAY AS OF 0500 PM LOCAL TIME.

CLIMATE NORMAL PERIOD 1981 TO 2010
CLIMATE RECORD PERIOD 1948 TO 2017


WEATHER ITEM   OBSERVED TIME   RECORD YEAR NORMAL DEPARTURE LAST
                VALUE   (LST)  VALUE       VALUE  FROM      YEAR
                                                  NORMAL
..................................................................
TEMPERATURE (F)
 TODAY
  MAXIMUM         78   1212 PM  84    2016  68     10       84
                                      1954
  MINIMUM         51    622 AM  29    1968  44      7       63
  AVERAGE         65                        56      9       74

PRECIPITATION (IN)
  TODAY            0.00          1.44 1958   0.13  -0.13     0.47
  MONTH TO DATE    3.19                      3.57  -0.38     2.51
  SINCE MAR 1      3.19                      3.57  -0.38     2.51
  SINCE JAN 1      9.41                     11.25  -1.84    13.53

SNOWFALL (IN)
  TODAY            0.0
  MONTH TO DATE    0.0
  SINCE NOV 1      T
  SINCE JUL 1      T
  SNOW DEPTH       0

DEGREE DAYS
 HEATING
  TODAY            0                         9     -9        0
  MONTH TO DATE  396                       318     78      193
  SINCE MAR 1    396                       318     78      193
  SINCE JUL 1   2136                      2464   -328     1881

 COOLING
  TODAY            0                         0      0        9
  MONTH TO DATE    8                         0      8       45
  SINCE MAR 1      8                         0      8       45
  SINCE JAN 1     14                         3     11       45
..................................................................


WIND (MPH)
  HIGHEST WIND SPEED    18   HIGHEST WIND DIRECTION     S (180)
  HIGHEST GUST SPEED    27   HIGHEST GUST DIRECTION    SW (220)
  AVERAGE WIND SPEED     7.9


SKY COVER
  POSSIBLE SUNSHINE  MM
  AVERAGE SKY COVER 0.2


WEATHER CONDITIONS
 THE FOLLOWING WEATHER WAS RECORDED TODAY.
  NO SIGNIFICANT WEATHER WAS OBSERVED.


RELATIVE HUMIDITY (PERCENT)
 HIGHEST    93           700 AM
 LOWEST     40           200 PM
 AVERAGE    67

..........................................................


THE NEW BERN NC CLIMATE NORMALS FOR TOMORROW
                         NORMAL    RECORD    YEAR
 MAXIMUM TEMPERATURE (F)   68        82      1959
 MINIMUM TEMPERATURE (F)   45        28      2014
                                             1983


SUNRISE AND SUNSET
MARCH 25 2017.........SUNRISE   704 AM EDT   SUNSET   724 PM EDT
MARCH 26 2017.........SUNRISE   703 AM EDT   SUNSET   725 PM EDT


-  INDICATES NEGATIVE NUMBERS.
R  INDICATES RECORD WAS SET OR TIED.
MM INDICATES DATA IS MISSING.
T  INDICATES TRACE AMOUNT.




$$
