000
CDUS42 KMHX 010529
CLIEWN


CLIMATE REPORT
NATIONAL WEATHER SERVICE NEWPORT/MOREHEAD CITY NC
129 AM EDT MON SEP 1 2014


...................................

...THE NEW BERN NC CLIMATE SUMMARY FOR AUGUST 31 2014...

CLIMATE NORMAL PERIOD 1981 TO 2010
CLIMATE RECORD PERIOD 1948 TO 2014


WEATHER ITEM   OBSERVED TIME   RECORD YEAR NORMAL DEPARTURE LAST
                VALUE   (LST)  VALUE       VALUE  FROM      YEAR
                                                  NORMAL
..................................................................
TEMPERATURE (F)
 YESTERDAY
  MAXIMUM         92    241 PM  96    1957  86      6       91
  MINIMUM         71    527 AM  53    1965  69      2       68
  AVERAGE         82                        78      4       80

PRECIPITATION (IN)
  YESTERDAY        0.00          3.64 2006   0.19  -0.19     0.00
  MONTH TO DATE    9.13                      6.65   2.48     6.08
  SINCE JUN 1     19.13                     17.41   1.72    18.02
  SINCE JAN 1     37.01                     36.80   0.21    29.37

SNOWFALL (IN)
  YESTERDAY        0.0
  MONTH TO DATE    0.0
  SINCE NOV 1     14.0
  SINCE JUL 1      0.0
  SNOW DEPTH       0

DEGREE DAYS
 HEATING
  YESTERDAY        0                         0      0        0
  MONTH TO DATE    0                         0      0        0
  SINCE JUN 1      0                         1     -1        0
  SINCE JUL 1      0                         0      0        0

 COOLING
  YESTERDAY       17                        13      4       15
  MONTH TO DATE  446                       439      7      435
  SINCE JUN 1   1350                      1286     64     1361
  SINCE JAN 1   1711                      1529    182     1617
..................................................................


WIND (MPH)
  HIGHEST WIND SPEED    14   HIGHEST WIND DIRECTION     S (180)
  HIGHEST GUST SPEED    17   HIGHEST GUST DIRECTION     S (170)
  AVERAGE WIND SPEED     3.8


SKY COVER
  POSSIBLE SUNSHINE  MM
  AVERAGE SKY COVER 0.1


WEATHER CONDITIONS
 THE FOLLOWING WEATHER WAS RECORDED YESTERDAY.
  FOG


RELATIVE HUMIDITY (PERCENT)
 HIGHEST    93           100 AM
 LOWEST     49          1200 PM
 AVERAGE    71

..........................................................


THE NEW BERN NC CLIMATE NORMALS FOR TODAY
                         NORMAL    RECORD    YEAR
 MAXIMUM TEMPERATURE (F)   86        98      1993
 MINIMUM TEMPERATURE (F)   69        58      1976


SUNRISE AND SUNSET
SEPTEMBER  1 2014.....SUNRISE   641 AM EDT   SUNSET   735 PM EDT
SEPTEMBER  2 2014.....SUNRISE   642 AM EDT   SUNSET   734 PM EDT


-  INDICATES NEGATIVE NUMBERS.
R  INDICATES RECORD WAS SET OR TIED.
MM INDICATES DATA IS MISSING.
T  INDICATES TRACE AMOUNT.




$$
