000
CDUS42 KMHX 170626
CLIEWN


CLIMATE REPORT
NATIONAL WEATHER SERVICE NEWPORT/MOREHEAD CITY NC
126 AM EST WED DEC 17 2014


...................................

...THE NEW BERN NC CLIMATE SUMMARY FOR DECEMBER 16 2014...

CLIMATE NORMAL PERIOD 1981 TO 2010
CLIMATE RECORD PERIOD 1948 TO 2014


WEATHER ITEM   OBSERVED TIME   RECORD YEAR NORMAL DEPARTURE LAST
                VALUE   (LST)  VALUE       VALUE  FROM      YEAR
                                                  NORMAL
..................................................................
TEMPERATURE (F)
 YESTERDAY
  MAXIMUM         73    128 PM  83    1971  57     16       58
  MINIMUM         34    610 AM  17    1955  36     -2       35
  AVERAGE         54                        46      8       47

PRECIPITATION (IN)
  YESTERDAY        0.04          1.59 1973   0.11  -0.07     0.00
  MONTH TO DATE    0.66                      1.74  -1.08     1.43
  SINCE DEC 1      0.66                      1.74  -1.08     1.43
  SINCE JAN 1     51.37                     51.09   0.28    41.71

SNOWFALL (IN)
  YESTERDAY       MM
  MONTH TO DATE    0.0
  SINCE NOV 1      0.0
  SINCE JUL 1      0.0
  SNOW DEPTH       0

DEGREE DAYS
 HEATING
  YESTERDAY       11                        19     -8       18
  MONTH TO DATE  231                       267    -36      218
  SINCE DEC 1    231                       267    -36      218
  SINCE JUL 1    676                       694    -18      641

 COOLING
  YESTERDAY        0                         0      0        0
  MONTH TO DATE    0                         0      0       12
  SINCE DEC 1      0                         0      0       12
  SINCE JAN 1   2193                      1900    293     2018
..................................................................


WIND (MPH)
  HIGHEST WIND SPEED    18   HIGHEST WIND DIRECTION    SW (210)
  HIGHEST GUST SPEED    26   HIGHEST GUST DIRECTION    SW (210)
  AVERAGE WIND SPEED     6.7


SKY COVER
  POSSIBLE SUNSHINE  MM
  AVERAGE SKY COVER 0.3


WEATHER CONDITIONS
 THE FOLLOWING WEATHER WAS RECORDED YESTERDAY.
  LIGHT RAIN
  FOG
  HAZE


RELATIVE HUMIDITY (PERCENT)
 HIGHEST    89          1200 AM
 LOWEST     33           100 PM
 AVERAGE    61

..........................................................


THE NEW BERN NC CLIMATE NORMALS FOR TODAY
                         NORMAL    RECORD    YEAR
 MAXIMUM TEMPERATURE (F)   57        78      1956
 MINIMUM TEMPERATURE (F)   36        16      1955


SUNRISE AND SUNSET
DECEMBER 17 2014......SUNRISE   710 AM EST   SUNSET   458 PM EST
DECEMBER 18 2014......SUNRISE   711 AM EST   SUNSET   459 PM EST


-  INDICATES NEGATIVE NUMBERS.
R  INDICATES RECORD WAS SET OR TIED.
MM INDICATES DATA IS MISSING.
T  INDICATES TRACE AMOUNT.




$$
