000
CDUS42 KMHX 140545
CLIEWN


CLIMATE REPORT
NATIONAL WEATHER SERVICE NEWPORT/MOREHEAD CITY NC
1245 AM EST SUN FEB 14 2016


...................................

...THE NEW BERN NC CLIMATE SUMMARY FOR FEBRUARY 13 2016...

CLIMATE NORMAL PERIOD 1981 TO 2010
CLIMATE RECORD PERIOD 1948 TO 2016


WEATHER ITEM   OBSERVED TIME   RECORD YEAR NORMAL DEPARTURE LAST
                VALUE   (LST)  VALUE       VALUE  FROM      YEAR
                                                  NORMAL
..................................................................
TEMPERATURE (F)
 YESTERDAY
  MAXIMUM         37    316 PM  76    1976  58    -21       38
  MINIMUM         25   1159 PM   6    1973  36    -11       22
  AVERAGE         31                        47    -16       30

PRECIPITATION (IN)
  YESTERDAY        0.00          2.41 1971   0.13  -0.13     0.00
  MONTH TO DATE    6.21                      1.61   4.60     1.38
  SINCE DEC 1     16.34                      9.03   7.31    10.02
  SINCE JAN 1      9.92                      5.63   4.29     5.87

SNOWFALL (IN)
  YESTERDAY        0.0
  MONTH TO DATE    0.0
  SINCE NOV 1      T
  SINCE JUL 1      T
  SNOW DEPTH       0

DEGREE DAYS
 HEATING
  YESTERDAY       34                        18     16       35
  MONTH TO DATE  265                       250     15      267
  SINCE DEC 1   1159                      1463   -304     1342
  SINCE JUL 1   1442                      1890   -448     1787

 COOLING
  YESTERDAY        0                         0      0        0
  MONTH TO DATE    0                         0      0        0
  SINCE DEC 1     49                         4     45        7
  SINCE JAN 1      0                         1     -1        7
..................................................................


WIND (MPH)
  HIGHEST WIND SPEED    23   HIGHEST WIND DIRECTION    NW (310)
  HIGHEST GUST SPEED    29   HIGHEST GUST DIRECTION    NW (300)
  AVERAGE WIND SPEED    10.2


SKY COVER
  POSSIBLE SUNSHINE  MM
  AVERAGE SKY COVER 0.2


WEATHER CONDITIONS
 THE FOLLOWING WEATHER WAS RECORDED YESTERDAY.
  FOG


RELATIVE HUMIDITY (PERCENT)
 HIGHEST    92          1200 AM
 LOWEST     27           400 PM
 AVERAGE    60

..........................................................


THE NEW BERN NC CLIMATE NORMALS FOR TODAY
                         NORMAL    RECORD    YEAR
 MAXIMUM TEMPERATURE (F)   58        79      1949
 MINIMUM TEMPERATURE (F)   36        16      1955


SUNRISE AND SUNSET
FEBRUARY 14 2016......SUNRISE   656 AM EST   SUNSET   549 PM EST
FEBRUARY 15 2016......SUNRISE   655 AM EST   SUNSET   550 PM EST


-  INDICATES NEGATIVE NUMBERS.
R  INDICATES RECORD WAS SET OR TIED.
MM INDICATES DATA IS MISSING.
T  INDICATES TRACE AMOUNT.




$$
