000
CDUS42 KMHX 252126
CLIEWN


CLIMATE REPORT
NATIONAL WEATHER SERVICE NEWPORT/MOREHEAD CITY NC
526 PM EDT SAT OCT 25 2014


...................................

...THE NEW BERN NC CLIMATE SUMMARY FOR OCTOBER 25 2014...
VALID TODAY AS OF 0500 PM LOCAL TIME.

CLIMATE NORMAL PERIOD 1981 TO 2010
CLIMATE RECORD PERIOD 1948 TO 2014


WEATHER ITEM   OBSERVED TIME   RECORD YEAR NORMAL DEPARTURE LAST
                VALUE   (LST)  VALUE       VALUE  FROM      YEAR
                                                  NORMAL
..................................................................
TEMPERATURE (F)
 TODAY
  MAXIMUM         75    330 PM  86    2001  72      3       59
  MINIMUM         45    556 AM  32    1964  50     -5       36
  AVERAGE         60                        61     -1       48

PRECIPITATION (IN)
  TODAY            0.00          0.72 1990   0.09  -0.09      T
  MONTH TO DATE    2.13                      2.70  -0.57     3.21
  SINCE SEP 1      9.71                      8.59   1.12     6.46
  SINCE JAN 1     46.72                     45.39   1.33    35.83

SNOWFALL (IN)
  TODAY            0.0
  MONTH TO DATE    0.0
  SINCE NOV 1     14.0
  SINCE JUL 1      0.0
  SNOW DEPTH       0

DEGREE DAYS
 HEATING
  TODAY            5                         5      0       17
  MONTH TO DATE   41                        74    -33       40
  SINCE SEP 1     41                        81    -40       42
  SINCE JUL 1     41                        81    -40       42

 COOLING
  TODAY            0                         2     -2        0
  MONTH TO DATE  107                        76     31      105
  SINCE SEP 1    457                       350    107      373
  SINCE JAN 1   2168                      1879    289     1990
..................................................................


WIND (MPH)
  HIGHEST WIND SPEED     8   HIGHEST WIND DIRECTION     W (270)
  HIGHEST GUST SPEED    11   HIGHEST GUST DIRECTION     W (270)
  AVERAGE WIND SPEED     2.2


SKY COVER
  POSSIBLE SUNSHINE  MM
  AVERAGE SKY COVER 0.0


WEATHER CONDITIONS
 THE FOLLOWING WEATHER WAS RECORDED TODAY.
  FOG
  HAZE


RELATIVE HUMIDITY (PERCENT)
 HIGHEST    93           700 AM
 LOWEST     33           100 PM
 AVERAGE    63

..........................................................


THE NEW BERN NC CLIMATE NORMALS FOR TOMORROW
                         NORMAL    RECORD    YEAR
 MAXIMUM TEMPERATURE (F)   72        84      2010
                                             1981
 MINIMUM TEMPERATURE (F)   50        32      1962


SUNRISE AND SUNSET
OCTOBER 25 2014.......SUNRISE   723 AM EDT   SUNSET   621 PM EDT
OCTOBER 26 2014.......SUNRISE   724 AM EDT   SUNSET   620 PM EDT


-  INDICATES NEGATIVE NUMBERS.
R  INDICATES RECORD WAS SET OR TIED.
MM INDICATES DATA IS MISSING.
T  INDICATES TRACE AMOUNT.




$$
