000
CDUS42 KMHX 300526
CLIEWN


CLIMATE REPORT
NATIONAL WEATHER SERVICE NEWPORT/MOREHEAD CITY NC
125 AM EDT TUE SEP 30 2014


...................................

...THE NEW BERN NC CLIMATE SUMMARY FOR SEPTEMBER 29 2014...

CLIMATE NORMAL PERIOD 1981 TO 2010
CLIMATE RECORD PERIOD 1948 TO 2014


WEATHER ITEM   OBSERVED TIME   RECORD YEAR NORMAL DEPARTURE LAST
                VALUE   (LST)  VALUE       VALUE  FROM      YEAR
                                                  NORMAL
..................................................................
TEMPERATURE (F)
 YESTERDAY
  MAXIMUM         78    135 PM  89    1974  80     -2       79
  MINIMUM         62    446 AM  48    1970  60      2       60
  AVERAGE         70                        70      0       70

PRECIPITATION (IN)
  YESTERDAY        0.02          3.04 2010   0.18  -0.16      T
  MONTH TO DATE    7.59                      5.72   1.87     3.25
  SINCE SEP 1      7.59                      5.72   1.87     3.25
  SINCE JAN 1     44.60                     42.52   2.08    32.62

SNOWFALL (IN)
  YESTERDAY        0.0
  MONTH TO DATE    0.0
  SINCE NOV 1     14.0
  SINCE JUL 1      0.0
  SNOW DEPTH       0

DEGREE DAYS
 HEATING
  YESTERDAY        0                         1     -1        0
  MONTH TO DATE    0                         4     -4        2
  SINCE SEP 1      0                         4     -4        2
  SINCE JUL 1      0                         4     -4        2

 COOLING
  YESTERDAY        5                         6     -1        5
  MONTH TO DATE  343                       268     75      266
  SINCE SEP 1    343                       268     75      266
  SINCE JAN 1   2054                      1797    257     1883
..................................................................


WIND (MPH)
  HIGHEST WIND SPEED    10   HIGHEST WIND DIRECTION     N (350)
  HIGHEST GUST SPEED    13   HIGHEST GUST DIRECTION     N (360)
  AVERAGE WIND SPEED     3.2


SKY COVER
  POSSIBLE SUNSHINE  MM
  AVERAGE SKY COVER 0.6


WEATHER CONDITIONS
 THE FOLLOWING WEATHER WAS RECORDED YESTERDAY.
  LIGHT RAIN
  FOG
  FOG W/VISIBILITY <= 1/4 MILE
  HAZE


RELATIVE HUMIDITY (PERCENT)
 HIGHEST    93           200 AM
 LOWEST     64           100 PM
 AVERAGE    79

..........................................................


THE NEW BERN NC CLIMATE NORMALS FOR TODAY
                         NORMAL    RECORD    YEAR
 MAXIMUM TEMPERATURE (F)   79        90      1972
 MINIMUM TEMPERATURE (F)   60        43      1970


SUNRISE AND SUNSET
SEPTEMBER 30 2014.....SUNRISE   702 AM EDT   SUNSET   654 PM EDT
OCTOBER  1 2014.......SUNRISE   703 AM EDT   SUNSET   652 PM EDT


-  INDICATES NEGATIVE NUMBERS.
R  INDICATES RECORD WAS SET OR TIED.
MM INDICATES DATA IS MISSING.
T  INDICATES TRACE AMOUNT.




$$
