000
CDUS42 KMHX 280527
CLIEWN


CLIMATE REPORT
NATIONAL WEATHER SERVICE NEWPORT/MOREHEAD CITY NC
127 AM EDT FRI APR 28 2017


...................................

...THE NEW BERN NC CLIMATE SUMMARY FOR APRIL 27 2017...

CLIMATE NORMAL PERIOD 1981 TO 2010
CLIMATE RECORD PERIOD 1948 TO 2017


WEATHER ITEM   OBSERVED TIME   RECORD YEAR NORMAL DEPARTURE LAST
                VALUE   (LST)  VALUE       VALUE  FROM      YEAR
                                                  NORMAL
..................................................................
TEMPERATURE (F)
 YESTERDAY
  MAXIMUM         84    138 PM  94    1990  76      8       88
  MINIMUM         61    544 AM  36    1963  53      8       63
  AVERAGE         73                        65      8       76

PRECIPITATION (IN)
  YESTERDAY        0.00          1.45 1973   0.11  -0.11     0.00
  MONTH TO DATE    4.36                      2.86   1.50     1.34
  SINCE MAR 1      8.39                      7.25   1.14     4.67
  SINCE JAN 1     14.61                     14.93  -0.32    15.69

SNOWFALL (IN)
  YESTERDAY        0.0
  MONTH TO DATE    0.0
  SINCE NOV 1      T
  SINCE JUL 1      T
  SNOW DEPTH       0

DEGREE DAYS
 HEATING
  YESTERDAY        0                         3     -3        0
  MONTH TO DATE   55                       144    -89      169
  SINCE MAR 1    466                       513    -47      386
  SINCE JUL 1   2206                      2659   -453     2074

 COOLING
  YESTERDAY        8                         3      5       11
  MONTH TO DATE   90                        48     42       43
  SINCE MAR 1    101                        59     42       91
  SINCE JAN 1    107                        62     45       91
..................................................................


WIND (MPH)
  HIGHEST WIND SPEED    20   HIGHEST WIND DIRECTION     S (170)
  HIGHEST GUST SPEED    26   HIGHEST GUST DIRECTION     S (170)
  AVERAGE WIND SPEED     8.9


SKY COVER
  POSSIBLE SUNSHINE  MM
  AVERAGE SKY COVER 0.2


WEATHER CONDITIONS
 THE FOLLOWING WEATHER WAS RECORDED YESTERDAY.
  NO SIGNIFICANT WEATHER WAS OBSERVED.


RELATIVE HUMIDITY (PERCENT)
 HIGHEST   100           200 AM
 LOWEST     43           300 PM
 AVERAGE    72

..........................................................


THE NEW BERN NC CLIMATE NORMALS FOR TODAY
                         NORMAL    RECORD    YEAR
 MAXIMUM TEMPERATURE (F)   76        92      1957
 MINIMUM TEMPERATURE (F)   53        37      1967


SUNRISE AND SUNSET
APRIL 28 2017.........SUNRISE   620 AM EDT   SUNSET   752 PM EDT
APRIL 29 2017.........SUNRISE   619 AM EDT   SUNSET   752 PM EDT


-  INDICATES NEGATIVE NUMBERS.
R  INDICATES RECORD WAS SET OR TIED.
MM INDICATES DATA IS MISSING.
T  INDICATES TRACE AMOUNT.




$$
