000
CDUS41 KOKX 262039
CLIEWR


CLIMATE REPORT
NATIONAL WEATHER SERVICE NEW YORK NY
439 PM EDT SUN MAR 26 2017


...................................

...THE NEWARK NJ CLIMATE SUMMARY FOR MARCH 26 2017...
VALID TODAY AS OF 0400 PM LOCAL TIME.

CLIMATE NORMAL PERIOD 1981 TO 2010
CLIMATE RECORD PERIOD 1929 TO 2017


WEATHER ITEM   OBSERVED TIME   RECORD YEAR NORMAL DEPARTURE LAST
                VALUE   (LST)  VALUE       VALUE  FROM      YEAR
                                                  NORMAL
..................................................................
TEMPERATURE (F)
 TODAY
  MAXIMUM         44    259 PM  73    1986  54    -10       54
                                      1943
  MINIMUM         39    500 AM  19    1960  37      2       38
  AVERAGE         42                        45     -3       46

PRECIPITATION (IN)
  TODAY            0.04          1.56 1978   0.14  -0.10     0.00
  MONTH TO DATE    1.76                      3.46  -1.70     1.00
  SINCE MAR 1      1.76                      3.46  -1.70     1.00
  SINCE JAN 1      8.50                      9.88  -1.38     9.05

SNOWFALL (IN)
  TODAY            0.0           0.7  1955   0.1   -0.1      0.0
  MONTH TO DATE    9.4                       4.2    5.2      1.6
  SINCE OCT 1     30.0                      27.2    2.8     32.8
  SINCE JUL 1     30.0                      27.2    2.8     32.8
  SNOW DEPTH       0

DEGREE DAYS
 HEATING
  TODAY           23                        20      3       19
  MONTH TO DATE  675                       616     59      423
  SINCE MAR 1    675                       616     59      423
  SINCE JUL 1   3684                      4251   -567     3296

 COOLING
  TODAY            0                         0      0        0
  MONTH TO DATE    0                         0      0        5
  SINCE MAR 1      0                         0      0        5
  SINCE JAN 1      0                         0      0        5
..................................................................


WIND (MPH)
  HIGHEST WIND SPEED    18   HIGHEST WIND DIRECTION     E (70)
  HIGHEST GUST SPEED    22   HIGHEST GUST DIRECTION     E (70)
  AVERAGE WIND SPEED    10.3


SKY COVER
  AVERAGE SKY COVER 1.0


WEATHER CONDITIONS
 THE FOLLOWING WEATHER WAS RECORDED TODAY.
  LIGHT RAIN


RELATIVE HUMIDITY (PERCENT)
 HIGHEST    85           300 AM
 LOWEST     65          1200 AM
 AVERAGE    75

..........................................................


THE NEWARK NJ CLIMATE NORMALS FOR TOMORROW
                         NORMAL    RECORD    YEAR
 MAXIMUM TEMPERATURE (F)   55        84      1998
 MINIMUM TEMPERATURE (F)   37        22      2014


SUNRISE AND SUNSET
MARCH 26 2017.........SUNRISE   650 AM EDT   SUNSET   715 PM EDT
MARCH 27 2017.........SUNRISE   648 AM EDT   SUNSET   716 PM EDT


-  INDICATES NEGATIVE NUMBERS.
R  INDICATES RECORD WAS SET OR TIED.
MM INDICATES DATA IS MISSING.
T  INDICATES TRACE AMOUNT.




$$
