000
CDUS41 KOKX 220619
CLIEWR


CLIMATE REPORT
NATIONAL WEATHER SERVICE NEW YORK NY
218 AM EDT SUN OCT 22 2017


...................................

...THE NEWARK NJ CLIMATE SUMMARY FOR OCTOBER 21 2017...

CLIMATE NORMAL PERIOD 1981 TO 2010
CLIMATE RECORD PERIOD 1929 TO 2017


WEATHER ITEM   OBSERVED TIME   RECORD YEAR NORMAL DEPARTURE LAST
                VALUE   (LST)  VALUE       VALUE  FROM      YEAR
                                                  NORMAL
..................................................................
TEMPERATURE (F)
 YESTERDAY
  MAXIMUM         81    106 PM  84    1947  64     17       71
  MINIMUM         52    627 AM  31    1974  46      6       58
                                      1952
  AVERAGE         67                        55     12       65

PRECIPITATION (IN)
  YESTERDAY        0.00          1.07 1988   0.11  -0.11     0.22
  MONTH TO DATE    0.65                      2.45  -1.80     0.88
  SINCE SEP 1      2.37                      6.27  -3.90     3.05
  SINCE JAN 1     40.05                     37.64   2.41    26.86

SNOWFALL (IN)
  YESTERDAY        0.0           0.0  2002   0.0    0.0      0.0
                                      2001
  MONTH TO DATE    0.0                       0.0    0.0      0.0
  SINCE OCT 1      0.0                       0.0    0.0      0.0
  SINCE JUL 1      0.0                       0.0    0.0      0.0
  SNOW DEPTH       0

DEGREE DAYS
 HEATING
  YESTERDAY        0                        10    -10        0
  MONTH TO DATE   54                       156   -102       86
  SINCE SEP 1     71                       200   -129      102
  SINCE JUL 1     71                       201   -130      102

 COOLING
  YESTERDAY        2                         0      2        0
  MONTH TO DATE   77                        14     63       31
  SINCE SEP 1    279                       154    125      259
  SINCE JAN 1   1307                      1188    119     1569
..................................................................


WIND (MPH)
  HIGHEST WIND SPEED    10   HIGHEST WIND DIRECTION    SW (230)
  HIGHEST GUST SPEED    16   HIGHEST GUST DIRECTION     W (290)
  AVERAGE WIND SPEED     3.5


SKY COVER
  AVERAGE SKY COVER 0.5


WEATHER CONDITIONS
 THE FOLLOWING WEATHER WAS RECORDED YESTERDAY.
  NO SIGNIFICANT WEATHER WAS OBSERVED.


RELATIVE HUMIDITY (PERCENT)
 HIGHEST    67          1100 PM
 LOWEST     17           100 PM
 AVERAGE    42

..........................................................


THE NEWARK NJ CLIMATE NORMALS FOR TODAY
                         NORMAL    RECORD    YEAR
 MAXIMUM TEMPERATURE (F)   63        86      1979
 MINIMUM TEMPERATURE (F)   46        30      1940


SUNRISE AND SUNSET
OCTOBER 22 2017.......SUNRISE   716 AM EDT   SUNSET   606 PM EDT
OCTOBER 23 2017.......SUNRISE   717 AM EDT   SUNSET   604 PM EDT


-  INDICATES NEGATIVE NUMBERS.
R  INDICATES RECORD WAS SET OR TIED.
MM INDICATES DATA IS MISSING.
T  INDICATES TRACE AMOUNT.




$$
