112
CDUS41 KOKX 240641
CLIEWR


CLIMATE REPORT
NATIONAL WEATHER SERVICE NEW YORK NY
227 AM EDT THU AUG 24 2017


...................................

...THE NEWARK NJ CLIMATE SUMMARY FOR AUGUST 23 2017...

CLIMATE NORMAL PERIOD 1981 TO 2010
CLIMATE RECORD PERIOD 1929 TO 2017


WEATHER ITEM   OBSERVED TIME   RECORD YEAR NORMAL DEPARTURE LAST
                VALUE   (LST)  VALUE       VALUE  FROM      YEAR
                                                  NORMAL
..................................................................
TEMPERATURE (F)
 YESTERDAY
  MAXIMUM         83    211 PM  93    1989  83      0       84
  MINIMUM         69   1159 PM  55    1952  67      2       59
  AVERAGE         76                        75      1       72

PRECIPITATION (IN)
  YESTERDAY        T             1.88 1970   0.11  -0.11     0.00
  MONTH TO DATE    5.16                      2.92   2.24     0.92
  SINCE JUN 1     14.81                     11.70   3.11     9.40
  SINCE JAN 1     37.35                     30.59   6.76    23.80

SNOWFALL (IN)
  YESTERDAY        0.0           0.0  2002   0.0    0.0      0.0
                                      2001
  MONTH TO DATE    0.0                       0.0    0.0      0.0
  SINCE OCT 1     30.0                      28.5    1.5     32.8
  SINCE JUL 1      0.0                       0.0    0.0      0.0
  SNOW DEPTH       0

DEGREE DAYS
 HEATING
  YESTERDAY        0                         0      0        0
  MONTH TO DATE    0                         0      0        0
  SINCE JUN 1     18                        17      1        4
  SINCE JUL 1      0                         0      0        0

 COOLING
  YESTERDAY       11                        10      1        7
  MONTH TO DATE  247                       261    -14      349
  SINCE JUN 1    895                       883     12     1069
  SINCE JAN 1    990                       959     31     1187
..................................................................


WIND (MPH)
  HIGHEST WIND SPEED    18   HIGHEST WIND DIRECTION     W (270)
  HIGHEST GUST SPEED    24   HIGHEST GUST DIRECTION     W (270)
  AVERAGE WIND SPEED     9.2


SKY COVER
  AVERAGE SKY COVER 0.6


WEATHER CONDITIONS
 THE FOLLOWING WEATHER WAS RECORDED YESTERDAY.
  LIGHT RAIN
  FOG


RELATIVE HUMIDITY (PERCENT)
 HIGHEST    93           200 AM
 LOWEST     36           200 PM
 AVERAGE    65

..........................................................


THE NEWARK NJ CLIMATE NORMALS FOR TODAY
                         NORMAL    RECORD    YEAR
 MAXIMUM TEMPERATURE (F)   83        95      1947
 MINIMUM TEMPERATURE (F)   67        52      1940


SUNRISE AND SUNSET
AUGUST 24 2017........SUNRISE   616 AM EDT   SUNSET   741 PM EDT
AUGUST 25 2017........SUNRISE   617 AM EDT   SUNSET   740 PM EDT


-  INDICATES NEGATIVE NUMBERS.
R  INDICATES RECORD WAS SET OR TIED.
MM INDICATES DATA IS MISSING.
T  INDICATES TRACE AMOUNT.




$$
