681
CDUS43 KIND 270532
CLIEYE


CLIMATE REPORT
NATIONAL WEATHER SERVICE INDIANAPOLIS IN
131 AM EDT FRI MAY 27 2016


...................................

...THE INDIANAPOLIS EAGLE CREEK IN CLIMATE SUMMARY FOR MAY 26 2016...

CLIMATE NORMAL PERIOD 1981 TO 2010
CLIMATE RECORD PERIOD 9999 TO 9999


WEATHER ITEM   OBSERVED TIME   NORMAL DEPARTURE LAST
                VALUE   (LST)  VALUE  FROM      YEAR
                                      NORMAL
......................................................
TEMPERATURE (F)
 YESTERDAY
  MAXIMUM         78    308 PM  76      2       80
  MINIMUM         66   1137 PM  57      9       65
  AVERAGE         72            66      6       73

PRECIPITATION (IN)
  YESTERDAY        0.09          0.12  -0.03      T
  MONTH TO DATE    3.25          4.63  -1.38     1.12
  SINCE MAR 1      9.55         11.83  -2.28     9.25
  SINCE JAN 1     11.51         16.17  -4.66    11.73

DEGREE DAYS
 HEATING
  YESTERDAY        0             3     -3        0
  MONTH TO DATE  153           129     24       80
  SINCE MAR 1    992          1199   -207     1232
  SINCE JUL 1   4505          5324   -819     5918

 COOLING
  YESTERDAY        7             4      3        8
  MONTH TO DATE   30            50    -20       91
  SINCE MAR 1     43            65    -22       95
  SINCE JAN 1     43            65    -22       95
......................................................


WIND (MPH)
  HIGHEST WIND SPEED    13   HIGHEST WIND DIRECTION     S (200)
  HIGHEST GUST SPEED    17   HIGHEST GUST DIRECTION     S (190)
  AVERAGE WIND SPEED     6.1


SKY COVER
  AVERAGE SKY COVER 0.5


WEATHER CONDITIONS
 THE FOLLOWING WEATHER WAS RECORDED YESTERDAY.
  THUNDERSTORM
  LIGHT RAIN
  FOG


RELATIVE HUMIDITY (PERCENT)
 HIGHEST    84           700 AM
 LOWEST     60           400 PM
 AVERAGE    72

..........................................................


THE INDIANAPOLIS EAGLE CREEK IN CLIMATE NORMALS FOR TODAY
                         NORMAL
 MAXIMUM TEMPERATURE (F)   76
 MINIMUM TEMPERATURE (F)   57


SUNRISE AND SUNSET
MAY 27 2016...........SUNRISE   621 AM EDT   SUNSET   904 PM EDT
MAY 28 2016...........SUNRISE   621 AM EDT   SUNSET   905 PM EDT


-  INDICATES NEGATIVE NUMBERS.
R  INDICATES RECORD WAS SET OR TIED.
MM INDICATES DATA IS MISSING.
T  INDICATES TRACE AMOUNT.




$$
