000
CDUS43 KIND 300533
CLIEYE


CLIMATE REPORT
NATIONAL WEATHER SERVICE INDIANAPOLIS IN
131 AM EDT FRI SEP 30 2016


...................................

...THE INDIANAPOLIS EAGLE CREEK IN CLIMATE SUMMARY FOR SEPTEMBER 29 2016...

CLIMATE NORMAL PERIOD 1981 TO 2010
CLIMATE RECORD PERIOD 9999 TO 9999


WEATHER ITEM   OBSERVED TIME   NORMAL DEPARTURE LAST
                VALUE   (LST)  VALUE  FROM      YEAR
                                      NORMAL
......................................................
TEMPERATURE (F)
 YESTERDAY
  MAXIMUM         69    358 PM  71     -2       73
  MINIMUM         55   1254 AM  51      4       60
  AVERAGE         62            61      1       67

PRECIPITATION (IN)
  YESTERDAY        T             0.09  -0.09     0.26
  MONTH TO DATE    3.91          2.16   1.75     2.20
  SINCE SEP 1      3.91          2.16   1.75     2.20
  SINCE JAN 1     35.94         30.81   5.13    28.20

DEGREE DAYS
 HEATING
  YESTERDAY        3             5     -2        0
  MONTH TO DATE   10            52    -42       22
  SINCE SEP 1     10            52    -42       22
  SINCE JUL 1     13            55    -42       25

 COOLING
  YESTERDAY        0             2     -2        2
  MONTH TO DATE  212           122     90      164
  SINCE SEP 1    212           122     90      164
  SINCE JAN 1   1401          1042    359     1024
......................................................


WIND (MPH)
  HIGHEST WIND SPEED    14   HIGHEST WIND DIRECTION     E (80)
  HIGHEST GUST SPEED    30   HIGHEST GUST DIRECTION    NW (330)
  AVERAGE WIND SPEED     4.8


SKY COVER
  AVERAGE SKY COVER 0.7


WEATHER CONDITIONS
 THE FOLLOWING WEATHER WAS RECORDED YESTERDAY.
  LIGHT RAIN


RELATIVE HUMIDITY (PERCENT)
 HIGHEST    86          1200 AM
 LOWEST     52           300 PM
 AVERAGE    69

..........................................................


THE INDIANAPOLIS EAGLE CREEK IN CLIMATE NORMALS FOR TODAY
                         NORMAL
 MAXIMUM TEMPERATURE (F)   71
 MINIMUM TEMPERATURE (F)   51


SUNRISE AND SUNSET
SEPTEMBER 30 2016.....SUNRISE   741 AM EDT   SUNSET   728 PM EDT
OCTOBER  1 2016.......SUNRISE   742 AM EDT   SUNSET   727 PM EDT


-  INDICATES NEGATIVE NUMBERS.
R  INDICATES RECORD WAS SET OR TIED.
MM INDICATES DATA IS MISSING.
T  INDICATES TRACE AMOUNT.




$$
