000
CDUS43 KIND 010534
CLIEYE


CLIMATE REPORT
NATIONAL WEATHER SERVICE INDIANAPOLIS IN
133 AM EDT TUE SEP 1 2015


...................................

...THE INDIANAPOLIS EAGLE CREEK IN CLIMATE SUMMARY FOR AUGUST 31 2015...

CLIMATE NORMAL PERIOD 1981 TO 2010
CLIMATE RECORD PERIOD 9999 TO 9999


WEATHER ITEM   OBSERVED TIME   NORMAL DEPARTURE LAST
                VALUE   (LST)  VALUE  FROM      YEAR
                                      NORMAL
......................................................
TEMPERATURE (F)
 YESTERDAY
  MAXIMUM         86    420 PM  82      4       82
  MINIMUM         66    624 AM  63      3       70
  AVERAGE         76            73      3       76

PRECIPITATION (IN)
  YESTERDAY        0.00          0.12  -0.12     0.04
  MONTH TO DATE    1.13          3.19  -2.06     3.22
  SINCE JUN 1     13.65         11.84   1.81    12.37
  SINCE JAN 1     26.00         28.65  -2.65    28.82

DEGREE DAYS
 HEATING
  YESTERDAY        0             0      0        0
  MONTH TO DATE    2             0      2        3
  SINCE JUN 1     21            17      4       11
  SINCE JUL 1      3             3      0        8

 COOLING
  YESTERDAY       11             8      3       11
  MONTH TO DATE  224           284    -60      277
  SINCE JUN 1    733           836   -103      685
  SINCE JAN 1    860           920    -60      793
......................................................


WIND (MPH)
  HIGHEST WIND SPEED    12   HIGHEST WIND DIRECTION    SW (210)
  HIGHEST GUST SPEED    16   HIGHEST GUST DIRECTION    SW (220)
  AVERAGE WIND SPEED     3.0


SKY COVER
  AVERAGE SKY COVER 0.2


WEATHER CONDITIONS
 THE FOLLOWING WEATHER WAS RECORDED YESTERDAY.
  FOG


RELATIVE HUMIDITY (PERCENT)
 HIGHEST   100           500 AM
 LOWEST     51           400 PM
 AVERAGE    76

..........................................................


THE INDIANAPOLIS EAGLE CREEK IN CLIMATE NORMALS FOR TODAY
                         NORMAL
 MAXIMUM TEMPERATURE (F)   82
 MINIMUM TEMPERATURE (F)   63


SUNRISE AND SUNSET
SEPTEMBER  1 2015.....SUNRISE   713 AM EDT   SUNSET   817 PM EDT
SEPTEMBER  2 2015.....SUNRISE   714 AM EDT   SUNSET   815 PM EDT


-  INDICATES NEGATIVE NUMBERS.
R  INDICATES RECORD WAS SET OR TIED.
MM INDICATES DATA IS MISSING.
T  INDICATES TRACE AMOUNT.




$$
