000
CDUS43 KIND 280532
CLIEYE


CLIMATE REPORT
NATIONAL WEATHER SERVICE INDIANAPOLIS IN
131 AM EDT SUN AUG 28 2016


...................................

...THE INDIANAPOLIS EAGLE CREEK IN CLIMATE SUMMARY FOR AUGUST 27 2016...

CLIMATE NORMAL PERIOD 1981 TO 2010
CLIMATE RECORD PERIOD 9999 TO 9999


WEATHER ITEM   OBSERVED TIME   NORMAL DEPARTURE LAST
                VALUE   (LST)  VALUE  FROM      YEAR
                                      NORMAL
......................................................
TEMPERATURE (F)
 YESTERDAY
  MAXIMUM         84    608 PM  83      1       79
  MINIMUM         71    625 AM  64      7       57
  AVERAGE         78            73      5       68

PRECIPITATION (IN)
  YESTERDAY        0.17          0.12   0.05     0.00
  MONTH TO DATE    5.81          2.72   3.09     1.13
  SINCE JUN 1     20.03         11.37   8.66    13.65
  SINCE JAN 1     31.54         28.18   3.36    26.00

DEGREE DAYS
 HEATING
  YESTERDAY        0             0      0        0
  MONTH TO DATE    0             0      0        2
  SINCE JUN 1      3            15    -12       21
  SINCE JUL 1      3             1      2        3

 COOLING
  YESTERDAY       13             8      5        3
  MONTH TO DATE  350           254     96      190
  SINCE JUN 1   1028           806    222      699
  SINCE JAN 1   1130           890    240      826
......................................................


WIND (MPH)
  HIGHEST WIND SPEED     8   HIGHEST WIND DIRECTION    SE (130)
  HIGHEST GUST SPEED    16   HIGHEST GUST DIRECTION    NE (60)
  AVERAGE WIND SPEED     2.7


SKY COVER
  AVERAGE SKY COVER 0.2


WEATHER CONDITIONS
 THE FOLLOWING WEATHER WAS RECORDED YESTERDAY.
  THUNDERSTORM
  RAIN
  LIGHT RAIN
  FOG


RELATIVE HUMIDITY (PERCENT)
 HIGHEST    94          1000 PM
 LOWEST     65           500 PM
 AVERAGE    80

..........................................................


THE INDIANAPOLIS EAGLE CREEK IN CLIMATE NORMALS FOR TODAY
                         NORMAL
 MAXIMUM TEMPERATURE (F)   83
 MINIMUM TEMPERATURE (F)   64


SUNRISE AND SUNSET
AUGUST 28 2016........SUNRISE   710 AM EDT   SUNSET   822 PM EDT
AUGUST 29 2016........SUNRISE   711 AM EDT   SUNSET   820 PM EDT


-  INDICATES NEGATIVE NUMBERS.
R  INDICATES RECORD WAS SET OR TIED.
MM INDICATES DATA IS MISSING.
T  INDICATES TRACE AMOUNT.




$$
