000
CDUS43 KIND 180533
CLIEYE


CLIMATE REPORT
NATIONAL WEATHER SERVICE INDIANAPOLIS IN
1232 AM EST SAT NOV 18 2017


...................................

...THE INDIANAPOLIS EAGLE CREEK IN CLIMATE SUMMARY FOR NOVEMBER 17 2017...

CLIMATE NORMAL PERIOD 1981 TO 2010
CLIMATE RECORD PERIOD 9999 TO 9999


WEATHER ITEM   OBSERVED TIME   NORMAL DEPARTURE LAST
                VALUE   (LST)  VALUE  FROM      YEAR
                                      NORMAL
......................................................
TEMPERATURE (F)
 YESTERDAY
  MAXIMUM         49   1159 PM  51     -2       75
  MINIMUM         34    900 AM  36     -2       39
  AVERAGE         42            44     -2       57

PRECIPITATION (IN)
  YESTERDAY        0.09          0.12  -0.03     0.00
  MONTH TO DATE    1.81          2.09  -0.28     0.20
  SINCE SEP 1      5.73          7.45  -1.72     7.51
  SINCE JAN 1     37.87         36.10   1.77    39.54

DEGREE DAYS
 HEATING
  YESTERDAY       23            21      2        8
  MONTH TO DATE  336           310     26      218
  SINCE SEP 1    613           699    -86      397
  SINCE JUL 1    613           702    -89      400

 COOLING
  YESTERDAY        0             0      0        0
  MONTH TO DATE    0             0      0        5
  SINCE SEP 1    218           138     80      264
  SINCE JAN 1   1146          1058     88     1453
......................................................


WIND (MPH)
  HIGHEST WIND SPEED    16   HIGHEST WIND DIRECTION    SE (150)
  HIGHEST GUST SPEED    23   HIGHEST GUST DIRECTION    SE (150)
  AVERAGE WIND SPEED     9.8


SKY COVER
  AVERAGE SKY COVER 0.7


WEATHER CONDITIONS
 THE FOLLOWING WEATHER WAS RECORDED YESTERDAY.
  HEAVY RAIN
  LIGHT RAIN


RELATIVE HUMIDITY (PERCENT)
 HIGHEST    82           800 AM
 LOWEST     50           500 PM
 AVERAGE    66

..........................................................


THE INDIANAPOLIS EAGLE CREEK IN CLIMATE NORMALS FOR TODAY
                         NORMAL
 MAXIMUM TEMPERATURE (F)   51
 MINIMUM TEMPERATURE (F)   35


SUNRISE AND SUNSET
NOVEMBER 18 2017......SUNRISE   734 AM EST   SUNSET   527 PM EST
NOVEMBER 19 2017......SUNRISE   735 AM EST   SUNSET   526 PM EST


-  INDICATES NEGATIVE NUMBERS.
R  INDICATES RECORD WAS SET OR TIED.
MM INDICATES DATA IS MISSING.
T  INDICATES TRACE AMOUNT.




$$
