000
CDUS42 KKEY 220531
CLIEYW


CLIMATE REPORT
NATIONAL WEATHER SERVICE KEY WEST, FL
1229 AM EST WED FEB 22 2017

...................................

...THE KEY WEST CLIMATE SUMMARY FOR FEBRUARY 21 2017...

CLIMATE NORMAL PERIOD 1981 TO 2010
CLIMATE RECORD PERIOD 1871 TO 2017

WEATHER ITEM   OBSERVED TIME   RECORD YEAR NORMAL DEPARTURE LAST
                VALUE   (LST)  VALUE       VALUE  FROM      YEAR
                                                  NORMAL
..................................................................
TEMPERATURE (F)
 YESTERDAY
  MAXIMUM         80    258 PM  85    1882  77      3       78
  MINIMUM         73    817 AM  51    1958  67      6       67
                                      1908
  AVERAGE         77                        72      5       73

PRECIPITATION (IN)
  YESTERDAY        0.00          2.99 1902   0.06  -0.06      T
  MONTH TO DATE    0.14                      1.06  -0.92     3.06
  SINCE DEC 1      2.88                      5.32  -2.44    11.00
  SINCE JAN 1      1.14                      3.10  -1.96     6.42

SNOWFALL (IN)
  YESTERDAY        0.0
  MONTH TO DATE    0.0
  SINCE DEC 1      0.0
  SINCE JUL 1      0.0
  SNOW DEPTH       0

DEGREE DAYS
 HEATING
  YESTERDAY        0                         1     -1        0
  MONTH TO DATE    0                        18    -18        9
  SINCE DEC 1      5                        68    -63       22
  SINCE JUL 1      5                        69    -64       22

 COOLING
  YESTERDAY       12                         7      5        8
  MONTH TO DATE  207                       134     73      114
  SINCE DEC 1    861                       516    345      689
  SINCE JAN 1    468                       299    169      290
..................................................................


WIND (MPH)
  HIGHEST WIND SPEED    16   HIGHEST WIND DIRECTION    SE (130)
  HIGHEST GUST SPEED    20   HIGHEST GUST DIRECTION    SE (140)
  AVERAGE WIND SPEED     9.3


SKY COVER
  POSSIBLE SUNSHINE  MM
  AVERAGE SKY COVER 0.1


WEATHER CONDITIONS
 THE FOLLOWING WEATHER WAS RECORDED YESTERDAY.
  NO SIGNIFICANT WEATHER WAS OBSERVED.


RELATIVE HUMIDITY (PERCENT)
 HIGHEST    79
 LOWEST     54
 AVERAGE    67

..........................................................


THE KEY WEST CLIMATE NORMALS FOR TODAY
                         NORMAL    RECORD    YEAR
 MAXIMUM TEMPERATURE (F)   77        85      1989
                                             1932
                                             1929
 MINIMUM TEMPERATURE (F)   67        51      1978


SUNRISE AND SUNSET
FEBRUARY 22 2017......SUNRISE   655 AM EST   SUNSET   626 PM EST
FEBRUARY 23 2017......SUNRISE   654 AM EST   SUNSET   626 PM EST


-  INDICATES NEGATIVE NUMBERS.
R  INDICATES RECORD WAS SET OR TIED.
MM INDICATES DATA IS MISSING.
T  INDICATES TRACE AMOUNT.

$$

BWC
