000
CDUS42 KKEY 310614
CLIEYW

CLIMATE REPORT NATIONAL WEATHER SERVICE KEY WEST, FL

112 AM EST SAT JAN 31 2015


...................................

...THE KEY WEST CLIMATE SUMMARY FOR JANUARY 30 2015...

CLIMATE NORMAL PERIOD 1981 TO 2010
CLIMATE RECORD PERIOD 1871 TO 2015


WEATHER ITEM   OBSERVED TIME   RECORD YEAR NORMAL DEPARTURE LAST
                VALUE   (LST)  VALUE       VALUE  FROM      YEAR
                                                  NORMAL
..................................................................
TEMPERATURE (F)
 YESTERDAY
  MAXIMUM         72    354 PM  85    1991  75     -3       69
                                      1957
  MINIMUM         63    557 AM  47    1940  65     -2       64
  AVERAGE         68                        70     -2       67

PRECIPITATION (IN)
  YESTERDAY        0.00          2.93 1970   0.06  -0.06     0.50
  MONTH TO DATE    1.03                      1.98  -0.95     6.64
  SINCE DEC 1      3.28                      4.20  -0.92     7.73
  SINCE JAN 1      1.03                      1.98  -0.95     6.64

SNOWFALL (IN)
  YESTERDAY        0.0
  MONTH TO DATE    0.0
  SINCE DEC 1      0.0
  SINCE JUL 1      0.0
  SNOW DEPTH       0

DEGREE DAYS
 HEATING
  YESTERDAY        0                         1     -1        0
  MONTH TO DATE    0                        30    -30       22
  SINCE DEC 1      5                        47    -42       22
  SINCE JUL 1      6                        48    -42       22

 COOLING
  YESTERDAY        3                         6     -3        2
  MONTH TO DATE  227                       153     74      148
  SINCE DEC 1    480                       370    110      488
  SINCE JAN 1    227                       153     74      148
..................................................................


WIND (MPH)
  HIGHEST WIND SPEED    16   HIGHEST WIND DIRECTION     N (350)
  HIGHEST GUST SPEED    19   HIGHEST GUST DIRECTION     N (10)
  AVERAGE WIND SPEED     9.4


SKY COVER
  POSSIBLE SUNSHINE  MM
  AVERAGE SKY COVER 0.2


WEATHER CONDITIONS
 THE FOLLOWING WEATHER WAS RECORDED YESTERDAY.
  NO SIGNIFICANT WEATHER WAS OBSERVED.


RELATIVE HUMIDITY (PERCENT)
 HIGHEST    78
 LOWEST     57
 AVERAGE    68

..........................................................


THE KEY WEST CLIMATE NORMALS FOR TODAY
                         NORMAL    RECORD    YEAR
 MAXIMUM TEMPERATURE (F)   75        86      1957
 MINIMUM TEMPERATURE (F)   65        47      1966


SUNRISE AND SUNSET
JANUARY 31 2015.......SUNRISE   709 AM EST   SUNSET   612 PM EST
FEBRUARY  1 2015......SUNRISE   709 AM EST   SUNSET   612 PM EST


-  INDICATES NEGATIVE NUMBERS.
R  INDICATES RECORD WAS SET OR TIED.
MM INDICATES DATA IS MISSING.
T  INDICATES TRACE AMOUNT.




$$
