566
CDUS42 KKEY 230752
CLIEYW


CLIMATE REPORT
NATIONAL WEATHER SERVICE KEY WEST, FL
252 AM EST MON JAN 23 2017


...................................

...THE KEY WEST CLIMATE SUMMARY FOR JANUARY 22 2017...

CLIMATE NORMAL PERIOD 1981 TO 2010
CLIMATE RECORD PERIOD 1871 TO 2017


WEATHER ITEM   OBSERVED TIME   RECORD YEAR NORMAL DEPARTURE LAST
                VALUE   (LST)  VALUE       VALUE  FROM      YEAR
                                                  NORMAL
..................................................................
TEMPERATURE (F)
 YESTERDAY
  MAXIMUM         82    433 PM  87    1877  74      8       76
  MINIMUM         77    733 AM  48    2009  64     13       69
  AVERAGE         80                        69     11       73

PRECIPITATION (IN)
  YESTERDAY        0.00          6.42 1983   0.07  -0.07     0.87
  MONTH TO DATE    0.31                      1.46  -1.15     3.01
  SINCE DEC 1      2.05                      3.68  -1.63     7.59
  SINCE JAN 1      0.31                      1.46  -1.15     3.01

SNOWFALL (IN)
  YESTERDAY        0.0
  MONTH TO DATE    0.0
  SINCE DEC 1      0.0
  SINCE JUL 1      0.0
  SNOW DEPTH      MM

DEGREE DAYS
 HEATING
  YESTERDAY        0                         1     -1        0
  MONTH TO DATE    3                        22    -19        6
  SINCE DEC 1      3                        39    -36        6
  SINCE JUL 1      3                        40    -37        6

 COOLING
  YESTERDAY       15                         5     10        8
  MONTH TO DATE  211                       112     99      140
  SINCE DEC 1    604                       329    275      539
  SINCE JAN 1    211                       112     99      140
..................................................................


WIND (MPH)
  HIGHEST WIND SPEED    30   HIGHEST WIND DIRECTION     S (200)
  HIGHEST GUST SPEED    38   HIGHEST GUST DIRECTION    SW (210)
  AVERAGE WIND SPEED    18.7


SKY COVER
  POSSIBLE SUNSHINE  MM
  AVERAGE SKY COVER 0.1


WEATHER CONDITIONS
 THE FOLLOWING WEATHER WAS RECORDED YESTERDAY.
  NO SIGNIFICANT WEATHER WAS OBSERVED.


RELATIVE HUMIDITY (PERCENT)
 HIGHEST    85
 LOWEST     69
 AVERAGE    77

..........................................................


THE KEY WEST CLIMATE NORMALS FOR TODAY
                         NORMAL    RECORD    YEAR
 MAXIMUM TEMPERATURE (F)   74        86      1877
 MINIMUM TEMPERATURE (F)   64        47      2009


SUNRISE AND SUNSET
JANUARY 23 2017.......SUNRISE   712 AM EST   SUNSET   606 PM EST
JANUARY 24 2017.......SUNRISE   712 AM EST   SUNSET   607 PM EST


-  INDICATES NEGATIVE NUMBERS.
R  INDICATES RECORD WAS SET OR TIED.
MM INDICATES DATA IS MISSING.
T  INDICATES TRACE AMOUNT.




$$
