000
CDUS42 KKEY 120532
CLIEYW

CLIMATE REPORT
NATIONAL WEATHER SERVICE KEY WEST, FL
1228 AM EST FRI FEB 12 2016

...................................

...THE KEY WEST CLIMATE SUMMARY FOR FEBRUARY 11 2016...

CLIMATE NORMAL PERIOD 1981 TO 2010
CLIMATE RECORD PERIOD 1871 TO 2016


WEATHER ITEM   OBSERVED TIME   RECORD YEAR NORMAL DEPARTURE LAST
                VALUE   (LST)  VALUE       VALUE  FROM      YEAR
                                                  NORMAL
..................................................................
TEMPERATURE (F)
 YESTERDAY
  MAXIMUM         64    315 PM  85    1875  76    -12       68
  MINIMUM         56   1029 PM  50    2000  66    -10       61
  AVERAGE         60                        71    -11       65

PRECIPITATION (IN)
  YESTERDAY        0.00          2.29 1879   0.05  -0.05     0.00
  MONTH TO DATE    2.84                      0.56   2.28     1.00
  SINCE DEC 1     10.78                      4.82   5.96     4.28
  SINCE JAN 1      6.20                      2.60   3.60     2.03

SNOWFALL (IN)
  YESTERDAY        0.0
  MONTH TO DATE    0.0
  SINCE DEC 1      0.0
  SINCE JUL 1      0.0
  SNOW DEPTH       0

DEGREE DAYS
 HEATING
  YESTERDAY        5                         1      4        0
  MONTH TO DATE    9                        11     -2        0
  SINCE DEC 1     22                        61    -39        5
  SINCE JUL 1     22                        62    -40        6

 COOLING
  YESTERDAY        0                         6     -6        0
  MONTH TO DATE   60                        66     -6       51
  SINCE DEC 1    635                       448    187      535
  SINCE JAN 1    236                       231      5      282
..................................................................


WIND (MPH)
  HIGHEST WIND SPEED    16   HIGHEST WIND DIRECTION    NE (30)
  HIGHEST GUST SPEED    21   HIGHEST GUST DIRECTION     N (10)
  AVERAGE WIND SPEED     7.4


SKY COVER
  POSSIBLE SUNSHINE  MM
  AVERAGE SKY COVER 0.0


WEATHER CONDITIONS
 THE FOLLOWING WEATHER WAS RECORDED YESTERDAY.
  NO SIGNIFICANT WEATHER WAS OBSERVED.


RELATIVE HUMIDITY (PERCENT)
 HIGHEST    84
 LOWEST     46
 AVERAGE    65

..........................................................


THE KEY WEST CLIMATE NORMALS FOR TODAY
                         NORMAL    RECORD    YEAR
 MAXIMUM TEMPERATURE (F)   76        85      1982
 MINIMUM TEMPERATURE (F)   66        51      1973
                                             1955
                                             1926


SUNRISE AND SUNSET
FEBRUARY 12 2016......SUNRISE   703 AM EST   SUNSET   620 PM EST
FEBRUARY 13 2016......SUNRISE   702 AM EST   SUNSET   620 PM EST


-  INDICATES NEGATIVE NUMBERS.
R  INDICATES RECORD WAS SET OR TIED.
MM INDICATES DATA IS MISSING.
T  INDICATES TRACE AMOUNT.

$$

APA
