000
CDUS42 KKEY 180530
CLIEYW


CLIMATE REPORT
NATIONAL WEATHER SERVICE KEY WEST, FL
127 AM EDT WED OCT 18 2017


...................................

...THE KEY WEST CLIMATE SUMMARY FOR OCTOBER 17 2017...

CLIMATE NORMAL PERIOD 1981 TO 2010
CLIMATE RECORD PERIOD 1871 TO 2017


WEATHER ITEM   OBSERVED TIME   RECORD YEAR NORMAL DEPARTURE LAST
                VALUE   (LST)  VALUE       VALUE  FROM      YEAR
                                                  NORMAL
..................................................................
TEMPERATURE (F)
 YESTERDAY
  MAXIMUM         88   1247 PM  89    2009  84      4       86
                                      2007
                                      1930
  MINIMUM         74   1023 PM  67    1977  76     -2       79
                                      1955
                                      1889
  AVERAGE         81                        80      1       83

PRECIPITATION (IN)
  YESTERDAY        0.49          6.91 2011   0.15   0.34     0.00
  MONTH TO DATE    4.44                      3.05   1.39     0.73
  SINCE SEP 1     13.72                      9.76   3.96     8.77
  SINCE JAN 1     33.96                     33.43   0.53    34.11

SNOWFALL (IN)
  YESTERDAY        0.0
  MONTH TO DATE    0.0
  SINCE SEP 1      0.0
  SINCE JUL 1      0.0
  SNOW DEPTH       0

DEGREE DAYS
 HEATING
  YESTERDAY        0                         0      0        0
  MONTH TO DATE    0                         0      0        0
  SINCE SEP 1      0                         0      0        0
  SINCE JUL 1      0                         0      0        0

 COOLING
  YESTERDAY       16                        15      1       18
  MONTH TO DATE  310                       276     34      323
  SINCE SEP 1    906                       822     84      897
  SINCE JAN 1   4537                      4011    526     4204
..................................................................


WIND (MPH)
  HIGHEST WIND SPEED    15   HIGHEST WIND DIRECTION    NE (50)
  HIGHEST GUST SPEED    22   HIGHEST GUST DIRECTION    NE (50)
  AVERAGE WIND SPEED     6.7


SKY COVER
  POSSIBLE SUNSHINE  MM
  AVERAGE SKY COVER 0.2


WEATHER CONDITIONS
 THE FOLLOWING WEATHER WAS RECORDED YESTERDAY.
  HEAVY RAIN
  LIGHT RAIN
  FOG


RELATIVE HUMIDITY (PERCENT)
 HIGHEST    91
 LOWEST     63
 AVERAGE    77

..........................................................


THE KEY WEST CLIMATE NORMALS FOR TODAY
                         NORMAL    RECORD    YEAR
 MAXIMUM TEMPERATURE (F)   84        90      2007
 MINIMUM TEMPERATURE (F)   76        65      2000


SUNRISE AND SUNSET
OCTOBER 18 2017.......SUNRISE   726 AM EDT   SUNSET   657 PM EDT
OCTOBER 19 2017.......SUNRISE   727 AM EDT   SUNSET   657 PM EDT


-  INDICATES NEGATIVE NUMBERS.
R  INDICATES RECORD WAS SET OR TIED.
MM INDICATES DATA IS MISSING.
T  INDICATES TRACE AMOUNT.




$$
