000
CDUS42 KKEY 290530
CLIEYW


CLIMATE REPORT
NATIONAL WEATHER SERVICE KEY WEST, FL
128 AM EDT WED MAR 29 2017

...................................

...THE KEY WEST CLIMATE SUMMARY FOR MARCH 28 2017...

CLIMATE NORMAL PERIOD 1981 TO 2010
CLIMATE RECORD PERIOD 1871 TO 2017

WEATHER ITEM   OBSERVED TIME   RECORD YEAR NORMAL DEPARTURE LAST
                VALUE   (LST)  VALUE       VALUE  FROM      YEAR
                                                  NORMAL
..................................................................
TEMPERATURE (F)
 YESTERDAY
  MAXIMUM         83    107 PM  88    1994  79      4       83
  MINIMUM         73    656 AM  58    2013  69      4       75
  AVERAGE         78                        74      4       79

PRECIPITATION (IN)
  YESTERDAY        0.00          1.10 2000   0.06  -0.06     0.00
  MONTH TO DATE    0.93                      1.85  -0.92     0.30
  SINCE MAR 1      0.93                      1.85  -0.92     0.30
  SINCE JAN 1      3.98                      5.38  -1.40     7.38

SNOWFALL (IN)
  YESTERDAY        0.0
  MONTH TO DATE    0.0
  SINCE MAR 1      0.0
  SINCE JUL 1      0.0
  SNOW DEPTH       0

DEGREE DAYS
 HEATING
  YESTERDAY        0                         0      0        0
  MONTH TO DATE    0                         0      0        0
  SINCE MAR 1      0                         0      0        0
  SINCE JUL 1      5                        66    -61       24

 COOLING
  YESTERDAY       13                         9      4       14
  MONTH TO DATE  263                       234     29      286
  SINCE MAR 1    263                       234     29      286
  SINCE JAN 1    803                       582    221      614
..................................................................


WIND (MPH)
  HIGHEST WIND SPEED    13   HIGHEST WIND DIRECTION    NE (30)
  HIGHEST GUST SPEED    16   HIGHEST GUST DIRECTION     N (20)
  AVERAGE WIND SPEED     6.3


SKY COVER
  POSSIBLE SUNSHINE  MM
  AVERAGE SKY COVER 0.2


WEATHER CONDITIONS
 THE FOLLOWING WEATHER WAS RECORDED YESTERDAY.
  NO SIGNIFICANT WEATHER WAS OBSERVED.


RELATIVE HUMIDITY (PERCENT)
 HIGHEST    82
 LOWEST     58
 AVERAGE    70

..........................................................


THE KEY WEST CLIMATE NORMALS FOR TODAY
                         NORMAL    RECORD    YEAR
 MAXIMUM TEMPERATURE (F)   79        87      1882
                                             1878
                                             1874
 MINIMUM TEMPERATURE (F)   70        60      1958
                                             1915


SUNRISE AND SUNSET
MARCH 29 2017.........SUNRISE   722 AM EDT   SUNSET   742 PM EDT
MARCH 30 2017.........SUNRISE   721 AM EDT   SUNSET   743 PM EDT


-  INDICATES NEGATIVE NUMBERS.
R  INDICATES RECORD WAS SET OR TIED.
MM INDICATES DATA IS MISSING.
T  INDICATES TRACE AMOUNT.

$$

BWC
