000
CDUS42 KKEY 100554
CLIEYW


CLIMATE REPORT
NATIONAL WEATHER SERVICE KEY WEST, FL
1253 AM EST SAT DEC 10 2016


...................................

...THE KEY WEST CLIMATE SUMMARY FOR DECEMBER 9 2016...

CLIMATE NORMAL PERIOD 1981 TO 2010
CLIMATE RECORD PERIOD 1871 TO 2016


WEATHER ITEM   OBSERVED TIME   RECORD YEAR NORMAL DEPARTURE LAST
                VALUE   (LST)  VALUE       VALUE  FROM      YEAR
                                                  NORMAL
..................................................................
TEMPERATURE (F)
 YESTERDAY
  MAXIMUM         79    251 PM  85    1948  77      2       76
  MINIMUM         69   1159 PM  53    1928  68      1       71
  AVERAGE         74                        72      2       74

PRECIPITATION (IN)
  YESTERDAY        T             3.88 2002   0.08  -0.08     0.00
  MONTH TO DATE    0.45                      0.74  -0.29     4.13
  SINCE DEC 1      0.45                      0.74  -0.29     4.13
  SINCE JAN 1     36.06                     38.35  -2.29    35.79

SNOWFALL (IN)
  YESTERDAY        0.0
  MONTH TO DATE    0.0
  SINCE DEC 1      0.0
  SINCE JUL 1      0.0
  SNOW DEPTH       0

DEGREE DAYS
 HEATING
  YESTERDAY        0                         0      0        0
  MONTH TO DATE    0                         0      0        0
  SINCE DEC 1      0                         0      0        0
  SINCE JUL 1      0                         1     -1        0

 COOLING
  YESTERDAY        9                         8      1        9
  MONTH TO DATE  127                        74     53       89
  SINCE DEC 1    127                        74     53       89
  SINCE JAN 1   4880                      4607    273     5268
..................................................................


WIND (MPH)
  HIGHEST WIND SPEED    22   HIGHEST WIND DIRECTION    NE (30)
  HIGHEST GUST SPEED    32   HIGHEST GUST DIRECTION     N (10)
  AVERAGE WIND SPEED    14.9


SKY COVER
  POSSIBLE SUNSHINE  MM
  AVERAGE SKY COVER 0.7


WEATHER CONDITIONS
 THE FOLLOWING WEATHER WAS RECORDED YESTERDAY.
  LIGHT RAIN


RELATIVE HUMIDITY (PERCENT)
 HIGHEST    93
 LOWEST     71
 AVERAGE    82

..........................................................


THE KEY WEST CLIMATE NORMALS FOR TODAY
                         NORMAL    RECORD    YEAR
 MAXIMUM TEMPERATURE (F)   77        84      2009
                                             1993
 MINIMUM TEMPERATURE (F)   68        53      1930


SUNRISE AND SUNSET
DECEMBER 10 2016......SUNRISE   701 AM EST   SUNSET   540 PM EST
DECEMBER 11 2016......SUNRISE   701 AM EST   SUNSET   540 PM EST


-  INDICATES NEGATIVE NUMBERS.
R  INDICATES RECORD WAS SET OR TIED.
MM INDICATES DATA IS MISSING.
T  INDICATES TRACE AMOUNT.




$$
