000
CDAK49 PAFG 291016
CLIFAI

CLIMATE REPORT
NATIONAL WEATHER SERVICE FAIRBANKS AK
216 AM AKDT FRI APR 29 2016

...................................

...THE FAIRBANKS AK CLIMATE SUMMARY FOR APRIL 28 2016...

CLIMATE NORMAL PERIOD 1981 TO 2010
CLIMATE RECORD PERIOD 1904 TO 2016


WEATHER ITEM   OBSERVED TIME   RECORD YEAR NORMAL DEPARTURE LAST
                VALUE   (LST)  VALUE       VALUE  FROM      YEAR
                                                  NORMAL
..................................................................
TEMPERATURE (F)
 YESTERDAY
  MAXIMUM         61    521 PM  69    1953  53      8       52
  MINIMUM         37    750 AM   2    2013  30      7       35
  AVERAGE         49                        41      8       44

PRECIPITATION (IN)
  YESTERDAY        0.00          0.40 2002   0.02  -0.02     0.00
  MONTH TO DATE    0.52                      0.28   0.24     0.16
  SINCE MAR 1      1.05                      0.53   0.52     0.65
  SINCE JAN 1      1.11                      1.53  -0.42     1.28

SNOWFALL (IN)
  YESTERDAY        0.0           1.1  1934   0.1   -0.1      0.0
  MONTH TO DATE    3.7                       2.8    0.9      2.1
  SINCE MAR 1      7.4                       7.7   -0.3     10.2
  SINCE JUL 1     60.0                      64.0   -4.0     43.8
  SNOW DEPTH       0

DEGREE DAYS
 HEATING
  YESTERDAY       16                        24     -8       21
  MONTH TO DATE  632                       928   -296      797
  SINCE MAR 1   2028                      2588   -560     2324
  SINCE JUL 1  11434                     12978  -1544    11791

 COOLING
  YESTERDAY        0                         0      0        0
  MONTH TO DATE    0                         0      0        0
  SINCE MAR 1      0                         0      0        0
  SINCE JAN 1      0                         0      0        0
..................................................................


WIND (MPH)
  HIGHEST GUST SPEED    18   HIGHEST GUST DIRECTION    SE (140)


SKY COVER
  AVERAGE SKY COVER 0.7


WEATHER CONDITIONS
 THE FOLLOWING WEATHER WAS RECORDED YESTERDAY.
  FOG
  FOG W/VISIBILITY <= 1/4 MILE


RELATIVE HUMIDITY (PERCENT)
 HIGHEST   100
 LOWEST     19
 AVERAGE    60

..........................................................


THE FAIRBANKS AK CLIMATE NORMALS FOR TODAY
                         NORMAL    RECORD    YEAR
 MAXIMUM TEMPERATURE (F)   53        74      2009
 MINIMUM TEMPERATURE (F)   30        13      1927


SUNRISE AND SUNSET
APRIL 29 2016..........SUNRISE  524 AM AKDT   SUNSET  1017 PM AKDT
APRIL 30 2016..........SUNRISE  520 AM AKDT   SUNSET  1021 PM AKDT


-  INDICATES NEGATIVE NUMBERS.
R  INDICATES RECORD WAS SET OR TIED.
MM INDICATES DATA IS MISSING.
T  INDICATES TRACE AMOUNT.

&&

SNOW DEPTH IS MEASURED AT 3AM AKST/4AM AKDT

----------------------------
AVAILABLE DAYLIGHT

AMOUNT OF DAYLIGHT TODAY  (HOUR:MIN)........16:53
GAIN SINCE YESTERDAY........................7 MINUTES
----------------------------

$$
DJH APR 16
