662
CDAK49 PAFG 210040
CLIFAI

CLIMATE REPORT
NATIONAL WEATHER SERVICE FAIRBANKS AK
340 PM AKST FRI JAN 20 2017

...................................

...THE FAIRBANKS AK CLIMATE SUMMARY FOR JANUARY 20 2017...
VALID TODAY AS OF 0300 PM LOCAL TIME.

CLIMATE NORMAL PERIOD 1981 TO 2010
CLIMATE RECORD PERIOD 1904 TO 2017


WEATHER ITEM   OBSERVED TIME   RECORD YEAR NORMAL DEPARTURE LAST
                VALUE   (LST)  VALUE       VALUE  FROM      YEAR
                                                  NORMAL
..................................................................
TEMPERATURE (F)
 TODAY
  MAXIMUM        -11    856 AM  45    1961   0    -11        4
  MINIMUM        -28   1216 AM -65    1906 -16    -12      -12
  AVERAGE        -19                        -8    -11       -4

PRECIPITATION (IN)
  TODAY            0.00          1.33 1937   0.01  -0.01     0.00
  MONTH TO DATE    0.82                      0.39   0.43      T
  SINCE DEC 1      2.78                      1.03   1.75     0.07
  SINCE JAN 1      0.82                      0.39   0.43      T

SNOWFALL (IN)
  TODAY            0.0          10.5  1937   0.3   -0.3      0.0
  MONTH TO DATE   13.8                       7.0    6.8      0.6
  SINCE DEC 1     46.7                      19.1   27.6      1.7
  SINCE JUL 1     51.9                      44.9    7.0     51.8
  SNOW DEPTH      21

DEGREE DAYS
 HEATING
  TODAY           84                        74     10       69
  MONTH TO DATE 1540                      1464     76     1237
  SINCE DEC 1   3806                      3605    201     3309
  SINCE JUL 1   7576                      7736   -160     7097

 COOLING
  TODAY            0                         0      0        0
  MONTH TO DATE    0                         0      0        0
  SINCE DEC 1      0                         0      0        0
  SINCE JAN 1      0                         0      0        0
..................................................................


WIND (MPH)
  HIGHEST GUST SPEED    14   HIGHEST GUST DIRECTION    NW (300)


SKY COVER
  AVERAGE SKY COVER 0.7


WEATHER CONDITIONS
 THE FOLLOWING WEATHER WAS RECORDED TODAY.
  NO SIGNIFICANT WEATHER WAS OBSERVED.


RELATIVE HUMIDITY (PERCENT)
 HIGHEST    86
 LOWEST     73
 AVERAGE    80

..........................................................


THE FAIRBANKS AK CLIMATE NORMALS FOR TOMORROW
                         NORMAL    RECORD    YEAR
 MAXIMUM TEMPERATURE (F)    1        47      1961
 MINIMUM TEMPERATURE (F)  -17       -61      1906


SUNRISE AND SUNSET
JANUARY 20 2017..........SUNRISE  1012 AM AKST   SUNSET  354 PM AKST
JANUARY 21 2017..........SUNRISE  1009 AM AKST   SUNSET  357 PM AKST


-  INDICATES NEGATIVE NUMBERS.
R  INDICATES RECORD WAS SET OR TIED.
MM INDICATES DATA IS MISSING.
T  INDICATES TRACE AMOUNT.

&&

SNOW DEPTH IS MEASURED AT 3AM AKST/4AM AKDT

----------------------------
AVAILABLE DAYLIGHT

AMOUNT OF DAYLIGHT TODAY  (HOUR:MIN)........5:42
GAIN SINCE YESTERDAY........................6 MINUTES
----------------------------

$$
HFL JAN 17
