000
CDAK49 PAFG 250038
CLIFAI

CLIMATE REPORT
NATIONAL WEATHER SERVICE FAIRBANKS AK
438 PM AKDT TUE MAY 24 2016

...................................

...THE FAIRBANKS AK CLIMATE SUMMARY FOR MAY 24 2016...
VALID TODAY AS OF 0400 PM LOCAL TIME.

CLIMATE NORMAL PERIOD 1981 TO 2010
CLIMATE RECORD PERIOD 1904 TO 2016


WEATHER ITEM   OBSERVED TIME   RECORD YEAR NORMAL DEPARTURE LAST
                VALUE   (LST)  VALUE       VALUE  FROM      YEAR
                                                  NORMAL
..................................................................
TEMPERATURE (F)
 TODAY
  MAXIMUM         57    256 PM  89    1960  64     -7       71
  MINIMUM         42    600 AM  28    1931  41      1       52
  AVERAGE         50                        53     -3       62

PRECIPITATION (IN)
  TODAY            T             0.30 1926   0.02  -0.02     0.00
  MONTH TO DATE    0.67                      0.43   0.24     0.17
  SINCE MAR 1      1.72                      0.99   0.73     0.82
  SINCE JAN 1      1.78                      1.99  -0.21     1.45

SNOWFALL (IN)
  TODAY            0.0           T    1926   0.1   -0.1      0.0
  MONTH TO DATE    0.0                       0.9   -0.9      0.0
  SINCE MAR 1      7.4                       8.7   -1.3     10.2
  SINCE JUL 1     60.0                      65.0   -5.0     43.8
  SNOW DEPTH       0

DEGREE DAYS
 HEATING
  TODAY           15                        12      3        3
  MONTH TO DATE  294                       409   -115      266
  SINCE MAR 1   2361                      3043   -682     2634
  SINCE JUL 1  11767                     13433  -1666    12101

 COOLING
  TODAY            0                         0      0        0
  MONTH TO DATE    6                         0      6        2
  SINCE MAR 1      6                         0      6        2
  SINCE JAN 1      6                         0      6        2
..................................................................


WIND (MPH)
  HIGHEST GUST SPEED    21   HIGHEST GUST DIRECTION    SW (230)


SKY COVER
  AVERAGE SKY COVER 0.8


WEATHER CONDITIONS
 THE FOLLOWING WEATHER WAS RECORDED TODAY.
  LIGHT RAIN


RELATIVE HUMIDITY (PERCENT)
 HIGHEST    82
 LOWEST     46
 AVERAGE    64

..........................................................


THE FAIRBANKS AK CLIMATE NORMALS FOR TOMORROW
                         NORMAL    RECORD    YEAR
 MAXIMUM TEMPERATURE (F)   65        87      1960
 MINIMUM TEMPERATURE (F)   41        29      1905


SUNRISE AND SUNSET
MAY 24 2016..........SUNRISE  357 AM AKDT   SUNSET  1144 PM AKDT
MAY 25 2016..........SUNRISE  353 AM AKDT   SUNSET  1148 PM AKDT


-  INDICATES NEGATIVE NUMBERS.
R  INDICATES RECORD WAS SET OR TIED.
MM INDICATES DATA IS MISSING.
T  INDICATES TRACE AMOUNT.

&&

SNOW DEPTH IS MEASURED AT 3AM AKST/4AM AKDT

----------------------------
AVAILABLE DAYLIGHT

AMOUNT OF DAYLIGHT TODAY  (HOUR:MIN)........19:47
GAIN SINCE YESTERDAY........................7 MINUTES
----------------------------

$$
LTH MAY 16
