765
CDAK49 PAFG 240931
CLIFAI

CLIMATE REPORT
NATIONAL WEATHER SERVICE FAIRBANKS AK
131 AM AKDT SUN JUL 24 2016

...................................

...THE FAIRBANKS AK CLIMATE SUMMARY FOR JULY 23 2016...

CLIMATE NORMAL PERIOD 1981 TO 2010
CLIMATE RECORD PERIOD 1904 TO 2016


WEATHER ITEM   OBSERVED TIME   RECORD YEAR NORMAL DEPARTURE LAST
                VALUE   (LST)  VALUE       VALUE  FROM      YEAR
                                                  NORMAL
..................................................................
TEMPERATURE (F)
 YESTERDAY
  MAXIMUM         69    422 PM  88    1968  72     -3       77
  MINIMUM         50    436 AM  36    1928  52     -2       60
  AVERAGE         60                        62     -2       69

PRECIPITATION (IN)
  YESTERDAY        0.01          0.77 1998   0.07  -0.06      T
  MONTH TO DATE    2.98                      1.57   1.41     0.73
  SINCE JUN 1      6.27                      2.94   3.33     1.76
  SINCE JAN 1      8.16                      5.10   3.06     3.33

SNOWFALL (IN)
  YESTERDAY        0.0           0.0  2002   0.0    0.0      0.0
                                      2001
                                      2000
  MONTH TO DATE    0.0                       0.0    0.0      0.0
  SINCE JUN 1      0.0                       0.0    0.0      0.0
  SINCE JUL 1      0.0                       0.0    0.0      0.0
  SNOW DEPTH       0

DEGREE DAYS
 HEATING
  YESTERDAY        5                         4      1        0
  MONTH TO DATE   56                        73    -17       75
  SINCE JUN 1    217                       233    -16      256
  SINCE JUL 1     56                        73    -17       75

 COOLING
  YESTERDAY        0                         1     -1        4
  MONTH TO DATE   41                        27     14       22
  SINCE JUN 1     60                        50     10       53
  SINCE JAN 1     66                        51     15       55
..................................................................


WIND (MPH)
  HIGHEST GUST SPEED    16   HIGHEST GUST DIRECTION     N (360)


SKY COVER
  AVERAGE SKY COVER 0.7


WEATHER CONDITIONS
 THE FOLLOWING WEATHER WAS RECORDED YESTERDAY.
  THUNDERSTORM
  LIGHT RAIN
  FOG


RELATIVE HUMIDITY (PERCENT)
 HIGHEST   100
 LOWEST     56
 AVERAGE    78

..........................................................


THE FAIRBANKS AK CLIMATE NORMALS FOR TODAY
                         NORMAL    RECORD    YEAR
 MAXIMUM TEMPERATURE (F)   71        89      1968
 MINIMUM TEMPERATURE (F)   52        35      1917


SUNRISE AND SUNSET
JULY 24 2016..........SUNRISE  427 AM AKDT   SUNSET  1128 PM AKDT
JULY 25 2016..........SUNRISE  430 AM AKDT   SUNSET  1124 PM AKDT


-  INDICATES NEGATIVE NUMBERS.
R  INDICATES RECORD WAS SET OR TIED.
MM INDICATES DATA IS MISSING.
T  INDICATES TRACE AMOUNT.

&&

SNOW DEPTH IS MEASURED AT 3AM AKST/4AM AKDT

----------------------------
AVAILABLE DAYLIGHT

AMOUNT OF DAYLIGHT TODAY  (HOUR:MIN)........19:01
LOSS SINCE YESTERDAY........................7 MINUTES
----------------------------

$$
RF JUL 16
