000
CDAK49 PAFG 170932
CLIFAI

CLIMATE REPORT
NATIONAL WEATHER SERVICE FAIRBANKS AK
132 AM AKDT THU APR 17 2014

...................................

...THE FAIRBANKS AK CLIMATE SUMMARY FOR APRIL 16 2014...

CLIMATE NORMAL PERIOD 1981 TO 2010
CLIMATE RECORD PERIOD 1904 TO 2014


WEATHER ITEM   OBSERVED TIME   RECORD YEAR NORMAL DEPARTURE LAST
                VALUE   (LST)  VALUE       VALUE  FROM      YEAR
                                                  NORMAL
..................................................................
TEMPERATURE (F)
 YESTERDAY
  MAXIMUM         51    402 PM  61    2012  45      6       30
  MINIMUM         27    355 AM -12    1914  22      5       12
  AVERAGE         39                        33      6       21

PRECIPITATION (IN)
  YESTERDAY        0.00          0.06 1960   0.01  -0.01      T
  MONTH TO DATE    0.20                      0.13   0.07     0.31
  SINCE MAR 1      0.41                      0.38   0.03     0.57
  SINCE JAN 1      1.03                      1.38  -0.35     1.84

SNOWFALL (IN)
  YESTERDAY        0.0           2.5  1960   0.1   -0.1       T
  MONTH TO DATE    2.9                       1.8    1.1      5.4
  SINCE MAR 1      6.0                       6.7   -0.7     11.6
  SINCE JUL 1     48.9                      63.0  -14.1     62.1
  SNOW DEPTH      13

DEGREE DAYS
 HEATING
  YESTERDAY       26                        32     -6       44
  MONTH TO DATE  640                       601     39      852
  SINCE MAR 1   2216                      2261    -45     2638
  SINCE JUL 1  11608                     12651  -1043    13607

 COOLING
  YESTERDAY        0                         0      0        0
  MONTH TO DATE    0                         0      0        0
  SINCE MAR 1      0                         0      0        0
  SINCE JAN 1      0                         0      0        0
..................................................................


WIND (MPH)
  HIGHEST GUST SPEED    10   HIGHEST GUST DIRECTION    NW (300)


SKY COVER
  AVERAGE SKY COVER 0.5


WEATHER CONDITIONS
 THE FOLLOWING WEATHER WAS RECORDED YESTERDAY.
  NO SIGNIFICANT WEATHER WAS OBSERVED.


RELATIVE HUMIDITY (PERCENT)
 HIGHEST    92
 LOWEST     36
 AVERAGE    64

..........................................................


THE FAIRBANKS AK CLIMATE NORMALS FOR TODAY
                         NORMAL    RECORD    YEAR
 MAXIMUM TEMPERATURE (F)   46        60      1996
 MINIMUM TEMPERATURE (F)   22       -16      1963


SUNRISE AND SUNSET
APRIL 17 2014..........SUNRISE  609 AM AKDT   SUNSET  936 PM AKDT
APRIL 18 2014..........SUNRISE  605 AM AKDT   SUNSET  939 PM AKDT


-  INDICATES NEGATIVE NUMBERS.
R  INDICATES RECORD WAS SET OR TIED.
MM INDICATES DATA IS MISSING.
T  INDICATES TRACE AMOUNT.

&&

SNOW DEPTH IS MEASURED AT 3AM AKST/4AM AKDT

----------------------------
AVAILABLE DAYLIGHT

AMOUNT OF DAYLIGHT TODAY  (HOUR:MIN)........15:27
GAIN SINCE YESTERDAY........................7 MINUTES
----------------------------

$$
CF APR 14
