000
CDAK49 PAFG 210935
CLIFAI

CLIMATE REPORT
NATIONAL WEATHER SERVICE FAIRBANKS AK
1235 AM AKST FRI NOV 21 2014

...................................

...THE FAIRBANKS AK CLIMATE SUMMARY FOR NOVEMBER 20 2014...

CLIMATE NORMAL PERIOD 1981 TO 2010
CLIMATE RECORD PERIOD 1904 TO 2014


WEATHER ITEM   OBSERVED TIME   RECORD YEAR NORMAL DEPARTURE LAST
                VALUE   (LST)  VALUE       VALUE  FROM      YEAR
                                                  NORMAL
..................................................................
TEMPERATURE (F)
 YESTERDAY
  MAXIMUM         18    159 PM  40    1943   9      9      -22
  MINIMUM          4    714 PM -37    2011  -9     13      -32
  AVERAGE         11                         0     11      -27

PRECIPITATION (IN)
  YESTERDAY        0.00          0.78 1970   0.02  -0.02     0.00
  MONTH TO DATE    T                         0.46  -0.46     1.47
  SINCE SEP 1      3.33                      2.39   0.94     3.80
  SINCE JAN 1     16.05                      9.96   6.09     9.60

SNOWFALL (IN)
  YESTERDAY        0.0          14.6  1970   0.4   -0.4      0.0
  MONTH TO DATE    T                         8.9   -8.9     12.6
  SINCE SEP 1      6.0                      21.5  -15.5     14.0
  SINCE JUL 1      6.0                      21.5  -15.5     14.0
  SNOW DEPTH       2

DEGREE DAYS
 HEATING
  YESTERDAY       54                        65    -11       92
  MONTH TO DATE 1023                      1209   -186     1077
  SINCE SEP 1   2800                      3079   -279     2593
  SINCE JUL 1   3121                      3468   -347     2852

 COOLING
  YESTERDAY        0                         0      0        0
  MONTH TO DATE    0                         0      0        0
  SINCE SEP 1      0                         0      0        0
  SINCE JAN 1     27                        61    -34      226
..................................................................


WIND (MPH)
  HIGHEST GUST SPEED     8   HIGHEST GUST DIRECTION    NW (330)


SKY COVER
  AVERAGE SKY COVER 0.6


WEATHER CONDITIONS
 THE FOLLOWING WEATHER WAS RECORDED YESTERDAY.
  NO SIGNIFICANT WEATHER WAS OBSERVED.


RELATIVE HUMIDITY (PERCENT)
 HIGHEST    88
 LOWEST     73
 AVERAGE    81

..........................................................


THE FAIRBANKS AK CLIMATE NORMALS FOR TODAY
                         NORMAL    RECORD    YEAR
 MAXIMUM TEMPERATURE (F)    8        41      1947
 MINIMUM TEMPERATURE (F)   -9       -38      2011


SUNRISE AND SUNSET
NOVEMBER 21 2014..........SUNRISE  948 AM AKST   SUNSET  327 PM AKST
NOVEMBER 22 2014..........SUNRISE  952 AM AKST   SUNSET  324 PM AKST


-  INDICATES NEGATIVE NUMBERS.
R  INDICATES RECORD WAS SET OR TIED.
MM INDICATES DATA IS MISSING.
T  INDICATES TRACE AMOUNT.

&&

SNOW DEPTH IS MEASURED AT 3AM AKST/4AM AKDT

----------------------------
AVAILABLE DAYLIGHT

AMOUNT OF DAYLIGHT TODAY  (HOUR:MIN)........5:39
LOSS SINCE YESTERDAY........................7 MINUTES
----------------------------

$$
NOV 14
