000
CDAK49 PAFG 181022
CLIFAI

CLIMATE REPORT
NATIONAL WEATHER SERVICE FAIRBANKS AK
222 AM AKDT WED OCT 18 2017

...................................

...THE FAIRBANKS AK CLIMATE SUMMARY FOR OCTOBER 17 2017...

CLIMATE NORMAL PERIOD 1981 TO 2010
CLIMATE RECORD PERIOD 1904 TO 2017


WEATHER ITEM   OBSERVED TIME   RECORD YEAR NORMAL DEPARTURE LAST
                VALUE   (LST)  VALUE       VALUE  FROM      YEAR
                                                  NORMAL
..................................................................
TEMPERATURE (F)
 YESTERDAY
  MAXIMUM         32    340 PM  54    1925  31      1       28
  MINIMUM         25    835 AM -10    1907  16      9       20
  AVERAGE         29                        24      5       24

PRECIPITATION (IN)
  YESTERDAY        T             0.32 1933   0.03  -0.03     0.00
  MONTH TO DATE    2.00                      0.48   1.52     0.00
  SINCE SEP 1      3.42                      1.58   1.84     2.08
  SINCE JAN 1     12.29                      9.15   3.14    13.79

SNOWFALL (IN)
  YESTERDAY        T             9.7  1974   0.4   -0.4      0.0
  MONTH TO DATE    3.9                       5.0   -1.1      0.0
  SINCE SEP 1      3.9                       6.8   -2.9       T
  SINCE JUL 1      3.9                       6.8   -2.9       T
  SNOW DEPTH       1

DEGREE DAYS
 HEATING
  YESTERDAY       36                        41     -5       41
  MONTH TO DATE  456                       592   -136      527
  SINCE SEP 1    960                      1197   -237     1082
  SINCE JUL 1   1183                      1586   -403     1284

 COOLING
  YESTERDAY        0                         0      0        0
  MONTH TO DATE    0                         0      0        0
  SINCE SEP 1      0                         0      0        0
  SINCE JAN 1    104                        61     43       76
..................................................................


WIND (MPH)
  HIGHEST GUST SPEED     7   HIGHEST GUST DIRECTION    NE (50)


SKY COVER
  AVERAGE SKY COVER 0.9


WEATHER CONDITIONS
 THE FOLLOWING WEATHER WAS RECORDED YESTERDAY.
  LIGHT SNOW
  FOG


RELATIVE HUMIDITY (PERCENT)
 HIGHEST   100
 LOWEST     85
 AVERAGE    93

..........................................................


THE FAIRBANKS AK CLIMATE NORMALS FOR TODAY
                         NORMAL    RECORD    YEAR
 MAXIMUM TEMPERATURE (F)   30        63      1925
 MINIMUM TEMPERATURE (F)   15       -15      1915


SUNRISE AND SUNSET
OCTOBER 18 2017.......SUNRISE   855 AM AKDT  SUNSET   617 PM AKDT
OCTOBER 19 2017.......SUNRISE   858 AM AKDT  SUNSET   613 PM AKDT


-  INDICATES NEGATIVE NUMBERS.
R  INDICATES RECORD WAS SET OR TIED.
MM INDICATES DATA IS MISSING.
T  INDICATES TRACE AMOUNT.

&&

SNOW DEPTH IS MEASURED AT 3AM AKST/4AM AKDT

----------------------------
AVAILABLE DAYLIGHT

AMOUNT OF DAYLIGHT TODAY  (HOUR:MIN)........09:22
LOSS SINCE YESTERDAY........................7 MINUTES
----------------------------

$$
OCT 17
