000
CDAK49 PAFG 300935
CLIFAI

CLIMATE REPORT
NATIONAL WEATHER SERVICE FAIRBANKS AK
135 AM AKDT TUE JUN 30 2015

...................................

...THE FAIRBANKS AK CLIMATE SUMMARY FOR JUNE 29 2015...

CLIMATE NORMAL PERIOD 1981 TO 2010
CLIMATE RECORD PERIOD 1904 TO 2015


WEATHER ITEM   OBSERVED TIME   RECORD YEAR NORMAL DEPARTURE LAST
                VALUE   (LST)  VALUE       VALUE  FROM      YEAR
                                                  NORMAL
..................................................................
TEMPERATURE (F)
 YESTERDAY
  MAXIMUM         78    537 PM  91    1992  74      4       81
  MINIMUM         48    359 AM  28    1918  53     -5       50
  AVERAGE         63                        64     -1       66

PRECIPITATION (IN)
  YESTERDAY        T             0.68 1955   0.06  -0.06      T
  MONTH TO DATE    0.81                      1.31  -0.50     3.55
  SINCE JUN 1      0.81                      1.31  -0.50     3.55
  SINCE JAN 1      2.38                      3.47  -1.09     4.64

SNOWFALL (IN)
  YESTERDAY       MM             0.0  2002   0.0   MM        0.0
                                      2001
                                      2000
  MONTH TO DATE    0.0                       0.0    0.0      0.0
  SINCE JUN 1      0.0                       0.0    0.0      0.0
  SINCE JUL 1     43.8                      65.0  -21.2     48.9
  SNOW DEPTH       0

DEGREE DAYS
 HEATING
  YESTERDAY        2                         3     -1        0
  MONTH TO DATE  179                       156     23      188
  SINCE JUN 1    179                       156     23      188
  SINCE JUL 1  12310                     13665  -1355    12497

 COOLING
  YESTERDAY        0                         2     -2        1
  MONTH TO DATE   31                        19     12        1
  SINCE JUN 1     31                        19     12        1
  SINCE JAN 1     33                        20     13        1
..................................................................


WIND (MPH)
  HIGHEST GUST SPEED     9   HIGHEST GUST DIRECTION    SW (220)


SKY COVER
  AVERAGE SKY COVER 0.6


WEATHER CONDITIONS
 THE FOLLOWING WEATHER WAS RECORDED YESTERDAY.
  NO SIGNIFICANT WEATHER WAS OBSERVED.


RELATIVE HUMIDITY (PERCENT)
 HIGHEST    93
 LOWEST     25
 AVERAGE    59

..........................................................


THE FAIRBANKS AK CLIMATE NORMALS FOR TODAY
                         NORMAL    RECORD    YEAR
 MAXIMUM TEMPERATURE (F)   74        89      1991
 MINIMUM TEMPERATURE (F)   53        33      1918


SUNRISE AND SUNSET
JUNE 30 2015..........SUNRISE  310 AM AKDT   SUNSET  1240 AM AKDT
JULY 01 2015..........SUNRISE  312 AM AKDT   SUNSET  1238 AM AKDT


-  INDICATES NEGATIVE NUMBERS.
R  INDICATES RECORD WAS SET OR TIED.
MM INDICATES DATA IS MISSING.
T  INDICATES TRACE AMOUNT.

&&

SNOW DEPTH IS MEASURED AT 3AM AKST/4AM AKDT

----------------------------
AVAILABLE DAYLIGHT

AMOUNT OF DAYLIGHT TODAY  (HOUR:MIN)........21:30
LOSS SINCE YESTERDAY........................4 MINUTES
----------------------------

$$
CCC JUN 15
