000
CDAK49 PAFG 020933
CLIFAI

CLIMATE REPORT
NATIONAL WEATHER SERVICE FAIRBANKS AK
133 AM AKDT THU OCT 2 2014

...................................

...THE FAIRBANKS AK CLIMATE SUMMARY FOR OCTOBER 1 2014...

CLIMATE NORMAL PERIOD 1981 TO 2010
CLIMATE RECORD PERIOD 1904 TO 2014


WEATHER ITEM   OBSERVED TIME   RECORD YEAR NORMAL DEPARTURE LAST
                VALUE   (LST)  VALUE       VALUE  FROM      YEAR
                                                  NORMAL
..................................................................
TEMPERATURE (F)
 YESTERDAY
  MAXIMUM         39    459 PM  72    2003  45     -6       38
  MINIMUM         29    212 AM  12    1914  28      1       31
  AVERAGE         34                        36     -2       35

PRECIPITATION (IN)
  YESTERDAY        T             0.44 1959   0.03  -0.03      T
  MONTH TO DATE    T                         0.03  -0.03      T
  SINCE SEP 1      2.89                      1.13   1.76     1.74
  SINCE JAN 1     15.61                      8.70   6.91     7.54

SNOWFALL (IN)
  YESTERDAY        T             2.4  1916   0.2   -0.2       T
  MONTH TO DATE    T                         0.2   -0.2       T
  SINCE SEP 1      0.3                       2.0   -1.7      0.7
  SINCE JUL 1      0.3                       2.0   -1.7      0.7
  SNOW DEPTH       0

DEGREE DAYS
 HEATING
  YESTERDAY       31                        29      2       30
  MONTH TO DATE   31                        29      2       30
  SINCE SEP 1    580                       634    -54      660
  SINCE JUL 1    901                      1023   -122      919

 COOLING
  YESTERDAY        0                         0      0        0
  MONTH TO DATE    0                         0      0        0
  SINCE SEP 1      0                         0      0        0
  SINCE JAN 1     27                        61    -34      226
..................................................................


WIND (MPH)
  HIGHEST GUST SPEED     8   HIGHEST GUST DIRECTION    SW (230)


SKY COVER
  AVERAGE SKY COVER 0.9


WEATHER CONDITIONS
 THE FOLLOWING WEATHER WAS RECORDED YESTERDAY.
  LIGHT SNOW


RELATIVE HUMIDITY (PERCENT)
 HIGHEST    89
 LOWEST     69
 AVERAGE    79

..........................................................


THE FAIRBANKS AK CLIMATE NORMALS FOR TODAY
                         NORMAL    RECORD    YEAR
 MAXIMUM TEMPERATURE (F)   44        70      2003
 MINIMUM TEMPERATURE (F)   27        14      1974


SUNRISE AND SUNSET
OCTOBER 02 2014..........SUNRISE  805 AM AKDT   SUNSET  716 PM AKDT
OCTOBER 03 2014..........SUNRISE  808 AM AKDT   SUNSET  712 PM AKDT


-  INDICATES NEGATIVE NUMBERS.
R  INDICATES RECORD WAS SET OR TIED.
MM INDICATES DATA IS MISSING.
T  INDICATES TRACE AMOUNT.

&&

SNOW DEPTH IS MEASURED AT 3AM AKST/4AM AKDT

----------------------------
AVAILABLE DAYLIGHT

AMOUNT OF DAYLIGHT TODAY  (HOUR:MIN)........11:11
LOSS SINCE YESTERDAY........................6 MINUTES
----------------------------

$$
OCT 14
