937
CDAK49 PAFG 220948
CLIFAI

CLIMATE REPORT
NATIONAL WEATHER SERVICE FAIRBANKS AK
148 AM AKDT THU JUN 22 2017

...................................

...THE FAIRBANKS AK CLIMATE SUMMARY FOR JUNE 21 2017...

CLIMATE NORMAL PERIOD 1981 TO 2010
CLIMATE RECORD PERIOD 1904 TO 2017


WEATHER ITEM   OBSERVED TIME   RECORD YEAR NORMAL DEPARTURE LAST
                VALUE   (LST)  VALUE       VALUE  FROM      YEAR
                                                  NORMAL
..................................................................
TEMPERATURE (F)
 YESTERDAY
  MAXIMUM         74    714 PM  94    1991  73      1       61
  MINIMUM         52    424 AM  37    1928  51      1       53
  AVERAGE         63                        62      1       57

PRECIPITATION (IN)
  YESTERDAY        0.00          0.58 1962   0.05  -0.05     0.13
  MONTH TO DATE    1.66                      0.86   0.80     2.38
  SINCE JUN 1      1.66                      0.86   0.80     2.38
  SINCE JAN 1      4.71                      3.02   1.69     4.27

SNOWFALL (IN)
  YESTERDAY        0.0           0.0  2002   0.0    0.0      0.0
                                      2001
                                      2000
  MONTH TO DATE    0.0                       0.0    0.0      0.0
  SINCE JUN 1      0.0                       0.0    0.0      0.0
  SINCE JUL 1     83.1                      65.0   18.1     60.0
  SNOW DEPTH       0

DEGREE DAYS
 HEATING
  YESTERDAY        2                         4     -2        8
  MONTH TO DATE   87                       130    -43      150
  SINCE JUN 1     87                       130    -43      150
  SINCE JUL 1  13641                     13639      2    11978

 COOLING
  YESTERDAY        0                         1     -1        0
  MONTH TO DATE   27                         8     19        7
  SINCE JUN 1     27                         8     19        7
  SINCE JAN 1     27                         9     18       13
..................................................................


WIND (MPH)
  HIGHEST GUST SPEED    25   HIGHEST GUST DIRECTION     W (250)


SKY COVER
  AVERAGE SKY COVER 0.5


WEATHER CONDITIONS
 THE FOLLOWING WEATHER WAS RECORDED YESTERDAY.
  NO SIGNIFICANT WEATHER WAS OBSERVED.


RELATIVE HUMIDITY (PERCENT)
 HIGHEST    96
 LOWEST     33
 AVERAGE    65

..........................................................


THE FAIRBANKS AK CLIMATE NORMALS FOR TODAY
                         NORMAL    RECORD    YEAR
 MAXIMUM TEMPERATURE (F)   74        92      1987
 MINIMUM TEMPERATURE (F)   52        35      1920


SUNRISE AND SUNSET
JUNE 22 2017..........SUNRISE  300 AM AKDT   SUNSET  1247 AM AKDT
JUNE 23 2017..........SUNRISE  300 AM AKDT   SUNSET  1247 AM AKDT


-  INDICATES NEGATIVE NUMBERS.
R  INDICATES RECORD WAS SET OR TIED.
MM INDICATES DATA IS MISSING.
T  INDICATES TRACE AMOUNT.

&&

SNOW DEPTH IS MEASURED AT 3AM AKST/4AM AKDT

----------------------------
AVAILABLE DAYLIGHT

AMOUNT OF DAYLIGHT TODAY  (HOUR:MIN)........21:47
LOSS SINCE YESTERDAY........................1 MINUTE
----------------------------

$$
CCC JUN 17
