000
CDAK49 PAFG 010052
CLIFAI

CLIMATE REPORT
NATIONAL WEATHER SERVICE FAIRBANKS AK
452 PM AKDT WED AUG 31 2016

...................................

...THE FAIRBANKS AK CLIMATE SUMMARY FOR AUGUST 31 2016...
VALID TODAY AS OF 0400 PM LOCAL TIME.

CLIMATE NORMAL PERIOD 1981 TO 2010
CLIMATE RECORD PERIOD 1904 TO 2016


WEATHER ITEM   OBSERVED TIME   RECORD YEAR NORMAL DEPARTURE LAST
                VALUE   (LST)  VALUE       VALUE  FROM      YEAR
                                                  NORMAL
..................................................................
TEMPERATURE (F)
 TODAY
  MAXIMUM         69    241 PM  78    1916  62      7       50
  MINIMUM         42    632 AM  25    1922  41      1       33
  AVERAGE         56                        52      4       42

PRECIPITATION (IN)
  TODAY            0.00          0.54 1937   0.05  -0.05     0.00
  MONTH TO DATE    1.56                      1.88  -0.32     2.58
  SINCE JUN 1      9.82                      5.41   4.41     6.39
  SINCE JAN 1     11.71                      7.57   4.14     7.96

SNOWFALL (IN)
  TODAY            0.0           T    2005   0.0    0.0      0.0
                                      1922
  MONTH TO DATE    0.0                       T      0.0      0.0
  SINCE JUN 1      0.0                       T      0.0      0.0
  SINCE JUL 1      0.0                       T      0.0      0.0
  SNOW DEPTH       0

DEGREE DAYS
 HEATING
  TODAY            9                        13     -4       23
  MONTH TO DATE  118                       279   -161      321
  SINCE JUN 1    363                       549   -186      606
  SINCE JUL 1    202                       389   -187      425

 COOLING
  TODAY            0                         0      0        0
  MONTH TO DATE    8                         6      2        5
  SINCE JUN 1     70                        60     10       60
  SINCE JAN 1     76                        61     15       62
..................................................................


WIND (MPH)
  HIGHEST GUST SPEED    10   HIGHEST GUST DIRECTION     N (20)


SKY COVER
  AVERAGE SKY COVER 0.3


WEATHER CONDITIONS
 THE FOLLOWING WEATHER WAS RECORDED TODAY.
  NO SIGNIFICANT WEATHER WAS OBSERVED.


RELATIVE HUMIDITY (PERCENT)
 HIGHEST    89
 LOWEST     29
 AVERAGE    59

..........................................................


THE FAIRBANKS AK CLIMATE NORMALS FOR TOMORROW
                         NORMAL    RECORD    YEAR
 MAXIMUM TEMPERATURE (F)   62        80      1963
 MINIMUM TEMPERATURE (F)   41        17      1922


SUNRISE AND SUNSET
AUGUST 31 2016..........SUNRISE  631 AM AKDT   SUNSET  910 PM AKDT
SEPTEMBER 01 2016..........SUNRISE  634 AM AKDT   SUNSET  907 PM AKDT


-  INDICATES NEGATIVE NUMBERS.
R  INDICATES RECORD WAS SET OR TIED.
MM INDICATES DATA IS MISSING.
T  INDICATES TRACE AMOUNT.

&&

SNOW DEPTH IS MEASURED AT 3AM AKST/4AM AKDT

----------------------------
AVAILABLE DAYLIGHT

AMOUNT OF DAYLIGHT TODAY  (HOUR:MIN)........14:39
LOSS SINCE YESTERDAY........................8 MINUTES
----------------------------

$$
BJB AUG 16
