000
CDAK49 PAFG 200939
CLIFAI

CLIMATE REPORT
NATIONAL WEATHER SERVICE FAIRBANKS AK
139 AM AKDT SUN AUG 20 2017

...................................

...THE FAIRBANKS AK CLIMATE SUMMARY FOR AUGUST 19 2017...

CLIMATE NORMAL PERIOD 1981 TO 2010
CLIMATE RECORD PERIOD 1904 TO 2017


WEATHER ITEM   OBSERVED TIME   RECORD YEAR NORMAL DEPARTURE LAST
                VALUE   (LST)  VALUE       VALUE  FROM      YEAR
                                                  NORMAL
..................................................................
TEMPERATURE (F)
 YESTERDAY
  MAXIMUM         55    525 PM  85    1950  65    -10       69
  MINIMUM         46    509 AM  31    1914  46      0       54
  AVERAGE         51                        56     -5       62

PRECIPITATION (IN)
  YESTERDAY        0.15          0.46 1947   0.06   0.09     0.12
  MONTH TO DATE    1.72                      1.22   0.50     0.89
  SINCE JUN 1      5.39                      4.75   0.64     9.15
  SINCE JAN 1      8.44                      6.91   1.53    11.04

SNOWFALL (IN)
  YESTERDAY        0.0           0.0  2002   0.0    0.0      0.0
                                      2001
                                      2000
  MONTH TO DATE    0.0                       0.0    0.0      0.0
  SINCE JUN 1      0.0                       0.0    0.0      0.0
  SINCE JUL 1      0.0                       0.0    0.0      0.0
  SNOW DEPTH       0

DEGREE DAYS
 HEATING
  YESTERDAY       14                        10      4        3
  MONTH TO DATE   89                       141    -52       51
  SINCE JUN 1    207                       409   -202      296
  SINCE JUL 1    113                       249   -136      135

 COOLING
  YESTERDAY        0                         0      0        0
  MONTH TO DATE   14                         0     14        8
  SINCE JUN 1    104                        54     50       70
  SINCE JAN 1    104                        55     49       76
..................................................................


WIND (MPH)
  HIGHEST GUST SPEED    13   HIGHEST GUST DIRECTION    NE (60)


SKY COVER
  AVERAGE SKY COVER 0.9


WEATHER CONDITIONS
 THE FOLLOWING WEATHER WAS RECORDED YESTERDAY.
  LIGHT RAIN
  FOG


RELATIVE HUMIDITY (PERCENT)
 HIGHEST   100
 LOWEST     71
 AVERAGE    86

..........................................................


THE FAIRBANKS AK CLIMATE NORMALS FOR TODAY
                         NORMAL    RECORD    YEAR
 MAXIMUM TEMPERATURE (F)   65        90      1923
 MINIMUM TEMPERATURE (F)   45        28      1931


SUNRISE AND SUNSET
AUGUST 20 2017........SUNRISE   555 AM AKDT  SUNSET   952 PM AKDT
AUGUST 21 2017........SUNRISE   559 AM AKDT  SUNSET   948 PM AKDT


-  INDICATES NEGATIVE NUMBERS.
R  INDICATES RECORD WAS SET OR TIED.
MM INDICATES DATA IS MISSING.
T  INDICATES TRACE AMOUNT.

&&

SNOW DEPTH IS MEASURED AT 3AM AKST/4AM AKDT

----------------------------
AVAILABLE DAYLIGHT

AMOUNT OF DAYLIGHT TODAY  (HOUR:MIN)........15:55
LOSS SINCE YESTERDAY........................7 MINUTES
----------------------------

$$
SDB AUG 17
