000
CDAK49 PAFG 280934
CLIFAI

CLIMATE REPORT
NATIONAL WEATHER SERVICE FAIRBANKS AK
1234 AM AKST SUN DEC 28 2014

...................................

...THE FAIRBANKS AK CLIMATE SUMMARY FOR DECEMBER 27 2014...

CLIMATE NORMAL PERIOD 1981 TO 2010
CLIMATE RECORD PERIOD 1904 TO 2014


WEATHER ITEM   OBSERVED TIME   RECORD YEAR NORMAL DEPARTURE LAST
                VALUE   (LST)  VALUE       VALUE  FROM      YEAR
                                                  NORMAL
..................................................................
TEMPERATURE (F)
 YESTERDAY
  MAXIMUM         19    211 AM  38    1909   3     16      -23
  MINIMUM        -20    334 PM -58    1961 -15     -5      -39
  AVERAGE          0                        -6      6      -31

PRECIPITATION (IN)
  YESTERDAY        T             0.78 1965   0.02  -0.02     0.00
  MONTH TO DATE    0.91                      0.55   0.36     0.75
  SINCE DEC 1      0.91                      0.55   0.36     0.75
  SINCE JAN 1     17.14                     10.72   6.42    10.62

SNOWFALL (IN)
  YESTERDAY        T            12.9  1965   0.4   -0.4      0.0
  MONTH TO DATE   14.9                      10.5    4.4     14.0
  SINCE DEC 1     14.9                      10.5    4.4     14.0
  SINCE JUL 1     24.7                      36.3  -11.6     33.0
  SNOW DEPTH      14

DEGREE DAYS
 HEATING
  YESTERDAY       65                        71     -6       96
  MONTH TO DATE 1574                      1856   -282     1850
  SINCE DEC 1   1574                      1856   -282     1850
  SINCE JUL 1   5292                      5987   -695     5387

 COOLING
  YESTERDAY        0                         0      0        0
  MONTH TO DATE    0                         0      0        0
  SINCE DEC 1      0                         0      0        0
  SINCE JAN 1     27                        61    -34      226
..................................................................


WIND (MPH)
  HIGHEST GUST SPEED    17   HIGHEST GUST DIRECTION     W (250)


SKY COVER
  AVERAGE SKY COVER 0.4


WEATHER CONDITIONS
 THE FOLLOWING WEATHER WAS RECORDED YESTERDAY.
  LIGHT SNOW
  FOG


RELATIVE HUMIDITY (PERCENT)
 HIGHEST    83
 LOWEST     62
 AVERAGE    73

..........................................................


THE FAIRBANKS AK CLIMATE NORMALS FOR TODAY
                         NORMAL    RECORD    YEAR
 MAXIMUM TEMPERATURE (F)    3        40      1982
 MINIMUM TEMPERATURE (F)  -15       -62      1961


SUNRISE AND SUNSET
DECEMBER 28 2014..........SUNRISE  1059 AM AKST   SUNSET  249 PM AKST
DECEMBER 29 2014..........SUNRISE  1058 AM AKST   SUNSET  251 PM AKST


-  INDICATES NEGATIVE NUMBERS.
R  INDICATES RECORD WAS SET OR TIED.
MM INDICATES DATA IS MISSING.
T  INDICATES TRACE AMOUNT.

&&

SNOW DEPTH IS MEASURED AT 3AM AKST/4AM AKDT

----------------------------
AVAILABLE DAYLIGHT

AMOUNT OF DAYLIGHT TODAY  (HOUR:MIN)........3:50
GAIN SINCE YESTERDAY........................2 MINUTES
----------------------------

$$
DJH DEC 14
