000
CDAK49 PAFG 011000
CLIFAI

CLIMATE REPORT
NATIONAL WEATHER SERVICE FAIRBANKS AK
200 AM AKDT SAT AUG 1 2015

...................................

...THE FAIRBANKS AK CLIMATE SUMMARY FOR JULY 31 2015...

CLIMATE NORMAL PERIOD 1981 TO 2010
CLIMATE RECORD PERIOD 1904 TO 2015


WEATHER ITEM   OBSERVED TIME   RECORD YEAR NORMAL DEPARTURE LAST
                VALUE   (LST)  VALUE       VALUE  FROM      YEAR
                                                  NORMAL
..................................................................
TEMPERATURE (F)
 YESTERDAY
  MAXIMUM         70    517 PM  87    1994  70      0       76
  MINIMUM         50    410 AM  35    1929  51     -1       52
  AVERAGE         60                        60      0       64

PRECIPITATION (IN)
  YESTERDAY        0.00          0.64 1934   0.07  -0.07     0.00
  MONTH TO DATE    2.78                      2.16   0.62     5.78
  SINCE JUN 1      3.81                      3.53   0.28     9.34
  SINCE JAN 1      5.38                      5.69  -0.31    10.43

SNOWFALL (IN)
  YESTERDAY        0.0           0.0  2002   0.0    0.0      0.0
                                      2001
                                      2000
  MONTH TO DATE    0.0                       0.0    0.0      0.0
  SINCE JUN 1      0.0                       0.0    0.0      0.0
  SINCE JUL 1      0.0                       0.0    0.0      0.0
  SNOW DEPTH       0

DEGREE DAYS
 HEATING
  YESTERDAY        5                         5      0        1
  MONTH TO DATE  104                       110     -6      137
  SINCE JUN 1    285                       268     17      329
  SINCE JUL 1    104                       108     -4      137

 COOLING
  YESTERDAY        0                         0      0        0
  MONTH TO DATE   24                        31     -7       19
  SINCE JUN 1     55                        54      1       20
  SINCE JAN 1     57                        55      2       20
..................................................................


WIND (MPH)
  HIGHEST GUST SPEED    15   HIGHEST GUST DIRECTION     S (200)


SKY COVER
  AVERAGE SKY COVER 0.8


WEATHER CONDITIONS
 THE FOLLOWING WEATHER WAS RECORDED YESTERDAY.
  HAZE


RELATIVE HUMIDITY (PERCENT)
 HIGHEST    96
 LOWEST     53
 AVERAGE    75

..........................................................


THE FAIRBANKS AK CLIMATE NORMALS FOR TODAY
                         NORMAL    RECORD    YEAR
 MAXIMUM TEMPERATURE (F)   70        90      1976
 MINIMUM TEMPERATURE (F)   50        38      1926


SUNRISE AND SUNSET
AUGUST 01 2015..........SUNRISE  452 AM AKDT   SUNSET  1102 PM AKDT
AUGUST 02 2015..........SUNRISE  455 AM AKDT   SUNSET  1059 PM AKDT


-  INDICATES NEGATIVE NUMBERS.
R  INDICATES RECORD WAS SET OR TIED.
MM INDICATES DATA IS MISSING.
T  INDICATES TRACE AMOUNT.

&&

SNOW DEPTH IS MEASURED AT 3AM AKST/4AM AKDT

----------------------------
AVAILABLE DAYLIGHT

AMOUNT OF DAYLIGHT TODAY  (HOUR:MIN)........18:10
LOSS SINCE YESTERDAY........................7 MINUTES
----------------------------

$$
AUG 15
