893
CDAK49 PAFG 130931
CLIFAI

CLIMATE REPORT
NATIONAL WEATHER SERVICE FAIRBANKS AK
1231 AM AKST SAT FEB 13 2016

...................................

...THE FAIRBANKS AK CLIMATE SUMMARY FOR FEBRUARY 12 2016...

CLIMATE NORMAL PERIOD 1981 TO 2010
CLIMATE RECORD PERIOD 1904 TO 2016


WEATHER ITEM   OBSERVED TIME   RECORD YEAR NORMAL DEPARTURE LAST
                VALUE   (LST)  VALUE       VALUE  FROM      YEAR
                                                  NORMAL
..................................................................
TEMPERATURE (F)
 YESTERDAY
  MAXIMUM         14    323 PM  44    1942   9      5       10
  MINIMUM         -8    936 AM -53    1932 -13      5       -4
  AVERAGE          3                        -2      5        3

PRECIPITATION (IN)
  YESTERDAY        0.00          0.64 1915   0.01  -0.01      T
  MONTH TO DATE    0.05                      0.19  -0.14      T
  SINCE DEC 1      0.13                      1.41  -1.28     1.08
  SINCE JAN 1      0.06                      0.77  -0.71     0.15

SNOWFALL (IN)
  YESTERDAY        0.0          10.9  1966   0.3   -0.3       T
  MONTH TO DATE    0.6                       3.6   -3.0      0.1
  SINCE DEC 1      2.5                      26.0  -23.5     19.9
  SINCE JUL 1     52.6                      51.8    0.8     29.7
  SNOW DEPTH      13

DEGREE DAYS
 HEATING
  YESTERDAY       62                        67     -5       62
  MONTH TO DATE  768                       832    -64      989
  SINCE DEC 1   4739                      5233   -494     4953
  SINCE JUL 1   8527                      9364   -837     8671

 COOLING
  YESTERDAY        0                         0      0        0
  MONTH TO DATE    0                         0      0        0
  SINCE DEC 1      0                         0      0        0
  SINCE JAN 1      0                         0      0        0
..................................................................


WIND (MPH)
  HIGHEST GUST SPEED    10   HIGHEST GUST DIRECTION     S (190)


SKY COVER
  AVERAGE SKY COVER 0.5


WEATHER CONDITIONS
 THE FOLLOWING WEATHER WAS RECORDED YESTERDAY.
  NO SIGNIFICANT WEATHER WAS OBSERVED.


RELATIVE HUMIDITY (PERCENT)
 HIGHEST    91
 LOWEST     70
 AVERAGE    81

..........................................................


THE FAIRBANKS AK CLIMATE NORMALS FOR TODAY
                         NORMAL    RECORD    YEAR
 MAXIMUM TEMPERATURE (F)    9        41      1942
 MINIMUM TEMPERATURE (F)  -13       -52      1950


SUNRISE AND SUNSET
FEBRUARY 13 2016..........SUNRISE  858 AM AKST   SUNSET  515 PM AKST
FEBRUARY 14 2016..........SUNRISE  855 AM AKST   SUNSET  519 PM AKST


-  INDICATES NEGATIVE NUMBERS.
R  INDICATES RECORD WAS SET OR TIED.
MM INDICATES DATA IS MISSING.
T  INDICATES TRACE AMOUNT.

&&

SNOW DEPTH IS MEASURED AT 3AM AKST/4AM AKDT

----------------------------
AVAILABLE DAYLIGHT

AMOUNT OF DAYLIGHT TODAY  (HOUR:MIN)........8:17
GAIN SINCE YESTERDAY........................7 MINUTES
----------------------------

$$
FEB 16
