000
CDUS43 KFGF 252204
CLIFAR


CLIMATE REPORT
NATIONAL WEATHER SERVICE EASTERN NORTH DAKOTA/GRAND FORKS
503 PM CDT SAT OCT 25 2014


...................................

...THE FARGO HECTOR INTL AP ND CLIMATE SUMMARY FOR OCTOBER 25 2014...
VALID TODAY AS OF 0400 PM LOCAL TIME.

CLIMATE NORMAL PERIOD 1981 TO 2010
CLIMATE RECORD PERIOD 1881 TO 2014


WEATHER ITEM   OBSERVED TIME   RECORD YEAR NORMAL DEPARTURE LAST
                VALUE   (LST)  VALUE       VALUE  FROM      YEAR
                                                  NORMAL
..................................................................
TEMPERATURE (F)
 TODAY
  MAXIMUM         62    230 PM  83    1989  51     11       60
  MINIMUM         40    734 AM   6    1887  32      8       26
  AVERAGE         51                        41     10       43

PRECIPITATION (IN)
  TODAY            0.00          2.30 1902   0.06  -0.06     0.00
  MONTH TO DATE    0.25                      1.85  -1.60     4.17
  SINCE SEP 1      2.70                      4.42  -1.72     8.56
  SINCE JAN 1     19.16                     20.48  -1.32    30.48

SNOWFALL (IN)
  TODAY            0.0           1.6  1942   0.0    0.0      0.0
  MONTH TO DATE    T                         0.4   -0.4       T
  SINCE SEP 1      T                         0.4   -0.4       T
  SINCE JUL 1      T                         0.4   -0.4       T
  SNOW DEPTH       0

DEGREE DAYS
 HEATING
  TODAY           14                        24    -10       22
  MONTH TO DATE  351                       454   -103      445
  SINCE SEP 1    511                       674   -163      536
  SINCE JUL 1    543                       724   -181      570

 COOLING
  TODAY            0                         0      0        0
  MONTH TO DATE    0                         0      0        0
  SINCE SEP 1     43                        43      0       81
  SINCE JAN 1    544                       548     -4      699
..................................................................


WIND (MPH)
  HIGHEST WIND SPEED    20   HIGHEST WIND DIRECTION    NW (320)
  HIGHEST GUST SPEED    23   HIGHEST GUST DIRECTION    NW (320)
  AVERAGE WIND SPEED    12.4


SKY COVER
  POSSIBLE SUNSHINE  MM
  AVERAGE SKY COVER 0.0


WEATHER CONDITIONS
 THE FOLLOWING WEATHER WAS RECORDED TODAY.
  NO SIGNIFICANT WEATHER WAS OBSERVED.


RELATIVE HUMIDITY (PERCENT)
 HIGHEST    70           700 AM
 LOWEST     25           300 PM
 AVERAGE    48

..........................................................


THE FARGO HECTOR INTL AP ND CLIMATE NORMALS FOR TOMORROW
                         NORMAL    RECORD    YEAR
 MAXIMUM TEMPERATURE (F)   51        79      1989
 MINIMUM TEMPERATURE (F)   31        -4      1919


SUNRISE AND SUNSET
OCTOBER 25 2014.......SUNRISE   759 AM CDT   SUNSET   622 PM CDT
OCTOBER 26 2014.......SUNRISE   801 AM CDT   SUNSET   621 PM CDT


-  INDICATES NEGATIVE NUMBERS.
R  INDICATES RECORD WAS SET OR TIED.
MM INDICATES DATA IS MISSING.
T  INDICATES TRACE AMOUNT.




$$
