000
CDUS43 KFGF 290644
CLIFAR


CLIMATE REPORT
NATIONAL WEATHER SERVICE EASTERN NORTH DAKOTA/GRAND FORKS
144 AM CDT SUN MAY 29 2016


...................................

...THE FARGO HECTOR INTL AP ND CLIMATE SUMMARY FOR MAY 28 2016...

CLIMATE NORMAL PERIOD 1981 TO 2010
CLIMATE RECORD PERIOD 1881 TO 2016


WEATHER ITEM   OBSERVED TIME   RECORD YEAR NORMAL DEPARTURE LAST
                VALUE   (LST)  VALUE       VALUE  FROM      YEAR
                                                  NORMAL
..................................................................
TEMPERATURE (F)
 YESTERDAY
  MAXIMUM         72   1215 PM  97    2006  73     -1       86
                                      1934
  MINIMUM         58    447 AM  26    1947  49      9       61
  AVERAGE         65                        61      4       74

PRECIPITATION (IN)
  YESTERDAY        0.01          1.90 2002   0.10  -0.09     0.92
  MONTH TO DATE    1.24                      2.50  -1.26     7.06
  SINCE MAR 1      4.31                      5.19  -0.88     8.34
  SINCE JAN 1      5.30                      6.50  -1.20     9.31

SNOWFALL (IN)
  YESTERDAY        0.0          MM      MM   0.0    0.0      0.0
  MONTH TO DATE    T                         0.0    0.0       T
  SINCE MAR 1      3.1                      12.4   -9.3      0.4
  SINCE JUL 1     27.4                      50.4  -23.0     16.0
  SNOW DEPTH       0

DEGREE DAYS
 HEATING
  YESTERDAY        0                         6     -6        0
  MONTH TO DATE  174                       257    -83      277
  SINCE MAR 1   1620                      2035   -415     1774
  SINCE JUL 1   7143                      8713  -1570     8190

 COOLING
  YESTERDAY        0                         1     -1        9
  MONTH TO DATE   39                        24     15       15
  SINCE MAR 1     39                        27     12       15
  SINCE JAN 1     39                        27     12       15
..................................................................


WIND (MPH)
  HIGHEST WIND SPEED    16   HIGHEST WIND DIRECTION    NE (40)
  HIGHEST GUST SPEED    20   HIGHEST GUST DIRECTION    NE (60)
  AVERAGE WIND SPEED     8.1


SKY COVER
  POSSIBLE SUNSHINE  MM
  AVERAGE SKY COVER 0.7


WEATHER CONDITIONS
 THE FOLLOWING WEATHER WAS RECORDED YESTERDAY.
  LIGHT RAIN
  FOG


RELATIVE HUMIDITY (PERCENT)
 HIGHEST    93           200 AM
 LOWEST     57          1200 PM
 AVERAGE    75

..........................................................


THE FARGO HECTOR INTL AP ND CLIMATE NORMALS FOR TODAY
                         NORMAL    RECORD    YEAR
 MAXIMUM TEMPERATURE (F)   73        95      2010
                                             1939
 MINIMUM TEMPERATURE (F)   50        32      1961
                                             1889


SUNRISE AND SUNSET
MAY 29 2016...........SUNRISE   538 AM CDT   SUNSET   912 PM CDT
MAY 30 2016...........SUNRISE   537 AM CDT   SUNSET   913 PM CDT


-  INDICATES NEGATIVE NUMBERS.
R  INDICATES RECORD WAS SET OR TIED.
MM INDICATES DATA IS MISSING.
T  INDICATES TRACE AMOUNT.




$$
