000
CDUS43 KFGF 030642
CLIFAR


CLIMATE REPORT
NATIONAL WEATHER SERVICE EASTERN NORTH DAKOTA/GRAND FORKS
140 AM CDT FRI JUL 3 2015


...................................

...THE FARGO HECTOR INTL AP ND CLIMATE SUMMARY FOR JULY 2 2015...

CLIMATE NORMAL PERIOD 1981 TO 2010
CLIMATE RECORD PERIOD 1881 TO 2015


WEATHER ITEM   OBSERVED TIME   RECORD YEAR NORMAL DEPARTURE LAST
                VALUE   (LST)  VALUE       VALUE  FROM      YEAR
                                                  NORMAL
..................................................................
TEMPERATURE (F)
 YESTERDAY
  MAXIMUM         79    339 PM  98    1949  81     -2       73
  MINIMUM         59    542 AM  40    1945  59      0       51
  AVERAGE         69                        70     -1       62

PRECIPITATION (IN)
  YESTERDAY        0.00          2.32 1952   0.12  -0.12     0.00
  MONTH TO DATE    0.00                      0.24  -0.24     0.20
  SINCE JUN 1      2.75                      4.14  -1.39     5.89
  SINCE JAN 1     12.85                     10.95   1.90    12.91

SNOWFALL (IN)
  YESTERDAY        0.0           0.0    MM   0.0    0.0      0.0
  MONTH TO DATE    0.0                       0.0    0.0      0.0
  SINCE JUN 1      0.0                       0.0    0.0      0.0
  SINCE JUL 1      0.0                       0.0    0.0      0.0
  SNOW DEPTH       0

DEGREE DAYS
 HEATING
  YESTERDAY        0                         1     -1        3
  MONTH TO DATE    0                         2     -2        8
  SINCE JUN 1     23                        75    -52       38
  SINCE JUL 1      0                         2     -2        8

 COOLING
  YESTERDAY        4                         6     -2        0
  MONTH TO DATE    8                        12     -4        0
  SINCE JUN 1    104                       119    -15      102
  SINCE JAN 1    119                       150    -31      181
..................................................................


WIND (MPH)
  HIGHEST WIND SPEED    16   HIGHEST WIND DIRECTION     S (170)
  HIGHEST GUST SPEED    21   HIGHEST GUST DIRECTION     S (190)
  AVERAGE WIND SPEED     9.5


SKY COVER
  POSSIBLE SUNSHINE  MM
  AVERAGE SKY COVER 0.0


WEATHER CONDITIONS
 THE FOLLOWING WEATHER WAS RECORDED YESTERDAY.
  NO SIGNIFICANT WEATHER WAS OBSERVED.


RELATIVE HUMIDITY (PERCENT)
 HIGHEST    87           400 AM
 LOWEST     39           400 PM
 AVERAGE    63

..........................................................


THE FARGO HECTOR INTL AP ND CLIMATE NORMALS FOR TODAY
                         NORMAL    RECORD    YEAR
 MAXIMUM TEMPERATURE (F)   81        95      1949
                                             1947
 MINIMUM TEMPERATURE (F)   59        36      1967


SUNRISE AND SUNSET
JULY  3 2015..........SUNRISE   538 AM CDT   SUNSET   925 PM CDT
JULY  4 2015..........SUNRISE   538 AM CDT   SUNSET   924 PM CDT


-  INDICATES NEGATIVE NUMBERS.
R  INDICATES RECORD WAS SET OR TIED.
MM INDICATES DATA IS MISSING.
T  INDICATES TRACE AMOUNT.




$$
