000
CDUS43 KFGF 240638
CLIFAR


CLIMATE REPORT
NATIONAL WEATHER SERVICE EASTERN NORTH DAKOTA/GRAND FORKS
136 AM CDT THU APR 24 2014


...................................

...THE FARGO HECTOR INTL AP ND CLIMATE SUMMARY FOR APRIL 23 2014...

CLIMATE NORMAL PERIOD 1981 TO 2010
CLIMATE RECORD PERIOD 1881 TO 2014


WEATHER ITEM   OBSERVED TIME   RECORD YEAR NORMAL DEPARTURE LAST
                VALUE   (LST)  VALUE       VALUE  FROM      YEAR
                                                  NORMAL
..................................................................
TEMPERATURE (F)
 YESTERDAY
  MAXIMUM         49   1201 AM  91    1990  61    -12       41
  MINIMUM         40    750 PM  14    1918  36      4       22
  AVERAGE         45                        48     -3       32

PRECIPITATION (IN)
  YESTERDAY        0.42          1.61 1960   0.05   0.37     0.00
  MONTH TO DATE    0.90                      0.94  -0.04     2.04
  SINCE MAR 1      1.62                      2.24  -0.62     3.48
  SINCE JAN 1      2.50                      3.55  -1.05     5.67

SNOWFALL (IN)
  YESTERDAY        0.0           4.3  2001   0.0    0.0      0.0
  MONTH TO DATE    2.0                       2.5   -0.5     16.4
  SINCE MAR 1      7.3                      11.6   -4.3     31.0
  SINCE JUL 1     34.9                      49.6  -14.7     68.1
  SNOW DEPTH       0

DEGREE DAYS
 HEATING
  YESTERDAY       20                        17      3       33
  MONTH TO DATE  578                       520     58      805
  SINCE MAR 1   1894                      1672    222     2275
  SINCE JUL 1   9171                      8350    821     8866

 COOLING
  YESTERDAY        0                         0      0        0
  MONTH TO DATE    0                         0      0        0
  SINCE MAR 1      0                         0      0        0
  SINCE JAN 1      0                         0      0        0
..................................................................


WIND (MPH)
  HIGHEST WIND SPEED    31   HIGHEST WIND DIRECTION    SE (130)
  HIGHEST GUST SPEED    39   HIGHEST GUST DIRECTION    SE (140)
  AVERAGE WIND SPEED    18.5


SKY COVER
  POSSIBLE SUNSHINE  MM
  AVERAGE SKY COVER 0.8


WEATHER CONDITIONS
 THE FOLLOWING WEATHER WAS RECORDED YESTERDAY.
  HEAVY RAIN
  RAIN
  LIGHT RAIN
  FOG


RELATIVE HUMIDITY (PERCENT)
 HIGHEST    89          1200 PM
 LOWEST     46           100 AM
 AVERAGE    68

..........................................................


THE FARGO HECTOR INTL AP ND CLIMATE NORMALS FOR TODAY
                         NORMAL    RECORD    YEAR
 MAXIMUM TEMPERATURE (F)   61        87      1990
                                             1962
 MINIMUM TEMPERATURE (F)   36        19      1909


SUNRISE AND SUNSET
APRIL 24 2014.........SUNRISE   623 AM CDT   SUNSET   828 PM CDT
APRIL 25 2014.........SUNRISE   622 AM CDT   SUNSET   829 PM CDT


-  INDICATES NEGATIVE NUMBERS.
R  INDICATES RECORD WAS SET OR TIED.
MM INDICATES DATA IS MISSING.
T  INDICATES TRACE AMOUNT.




$$
