000
CDUS43 KFGF 260659
CLIFAR


CLIMATE REPORT
NATIONAL WEATHER SERVICE EASTERN NORTH DAKOTA/GRAND FORKS
158 AM CDT FRI MAY 26 2017


...................................

...THE FARGO HECTOR INTL AP ND CLIMATE SUMMARY FOR MAY 25 2017...

CLIMATE NORMAL PERIOD 1981 TO 2010
CLIMATE RECORD PERIOD 1881 TO 2017


WEATHER ITEM   OBSERVED TIME   RECORD YEAR NORMAL DEPARTURE LAST
                VALUE   (LST)  VALUE       VALUE  FROM      YEAR
                                                  NORMAL
..................................................................
TEMPERATURE (F)
 YESTERDAY
  MAXIMUM         70   1240 PM  92    1959  72     -2       70
  MINIMUM         50    422 AM  30    1983  48      2       55
                                      1891
  AVERAGE         60                        60      0       63

PRECIPITATION (IN)
  YESTERDAY        0.00          1.28 1906   0.10  -0.10     0.78
  MONTH TO DATE    1.01                      2.20  -1.19     0.88
  SINCE MAR 1      2.74                      4.89  -2.15     3.95
  SINCE JAN 1      4.51                      6.20  -1.69     4.94

SNOWFALL (IN)
  YESTERDAY        0.0          MM      MM   0.0    0.0      0.0
  MONTH TO DATE    0.0                       0.0    0.0       T
  SINCE MAR 1      3.8                      12.4   -8.6      3.1
  SINCE JUL 1     33.1                      50.4  -17.3     27.4
  SNOW DEPTH       0

DEGREE DAYS
 HEATING
  YESTERDAY        5                         6     -1        2
  MONTH TO DATE  222                       239    -17      173
  SINCE MAR 1   1890                      2017   -127     1619
  SINCE JUL 1   7388                      8695  -1307     7142

 COOLING
  YESTERDAY        0                         1     -1        0
  MONTH TO DATE   11                        21    -10       37
  SINCE MAR 1     11                        24    -13       37
  SINCE JAN 1     11                        24    -13       37
..................................................................


WIND (MPH)
  HIGHEST WIND SPEED    31   HIGHEST WIND DIRECTION    SE (140)
  HIGHEST GUST SPEED    41   HIGHEST GUST DIRECTION    SE (150)
  AVERAGE WIND SPEED    17.4


SKY COVER
  POSSIBLE SUNSHINE  MM
  AVERAGE SKY COVER 0.4


WEATHER CONDITIONS
 THE FOLLOWING WEATHER WAS RECORDED YESTERDAY.
  NO SIGNIFICANT WEATHER WAS OBSERVED.


RELATIVE HUMIDITY (PERCENT)
 HIGHEST    72          1000 PM
 LOWEST     44          1200 PM
 AVERAGE    58

..........................................................


THE FARGO HECTOR INTL AP ND CLIMATE NORMALS FOR TODAY
                         NORMAL    RECORD    YEAR
 MAXIMUM TEMPERATURE (F)   72        93      1931
                                             1911
 MINIMUM TEMPERATURE (F)   49        29      1970


SUNRISE AND SUNSET
MAY 26 2017...........SUNRISE   541 AM CDT   SUNSET   909 PM CDT
MAY 27 2017...........SUNRISE   540 AM CDT   SUNSET   910 PM CDT


-  INDICATES NEGATIVE NUMBERS.
R  INDICATES RECORD WAS SET OR TIED.
MM INDICATES DATA IS MISSING.
T  INDICATES TRACE AMOUNT.




$$
