306
CDUS43 KFGF 300725
CLIFAR


CLIMATE REPORT
NATIONAL WEATHER SERVICE EASTERN NORTH DAKOTA/GRAND FORKS
225 AM CDT THU MAR 30 2017


...................................

...THE FARGO HECTOR INTL AP ND CLIMATE SUMMARY FOR MARCH 29 2017...

CLIMATE NORMAL PERIOD 1981 TO 2010
CLIMATE RECORD PERIOD 1881 TO 2017


WEATHER ITEM   OBSERVED TIME   RECORD YEAR NORMAL DEPARTURE LAST
                VALUE   (LST)  VALUE       VALUE  FROM      YEAR
                                                  NORMAL
..................................................................
TEMPERATURE (F)
 YESTERDAY
  MAXIMUM         62    310 PM  76    1986  44     18       70
  MINIMUM         35    340 AM -15    1969  25     10       36
  AVERAGE         49                        35     14       53

PRECIPITATION (IN)
  YESTERDAY        0.00          0.73 1989   0.04  -0.04     0.07
  MONTH TO DATE    0.33                      1.21  -0.88     0.53
  SINCE MAR 1      0.33                      1.21  -0.88     0.53
  SINCE JAN 1      2.10                      2.52  -0.42     1.52

SNOWFALL (IN)
  YESTERDAY        0.0           4.0  1940   0.2   -0.2      0.0
  MONTH TO DATE    1.6                       8.8   -7.2      2.5
  SINCE MAR 1      1.6                       8.8   -7.2      2.5
  SINCE JUL 1     30.9                      46.8  -15.9     26.8
  SNOW DEPTH       0

DEGREE DAYS
 HEATING
  YESTERDAY       16                        30    -14       12
  MONTH TO DATE 1052                      1093    -41      780
  SINCE MAR 1   1052                      1093    -41      780
  SINCE JUL 1   6550                      7771  -1221     6303

 COOLING
  YESTERDAY        0                         0      0        0
  MONTH TO DATE    0                         0      0        0
  SINCE MAR 1      0                         0      0        0
  SINCE JAN 1      0                         0      0        0
..................................................................


WIND (MPH)
  HIGHEST WIND SPEED    23   HIGHEST WIND DIRECTION     S (170)
  HIGHEST GUST SPEED    30   HIGHEST GUST DIRECTION    SE (150)
  AVERAGE WIND SPEED    10.8


SKY COVER
  POSSIBLE SUNSHINE  MM
  AVERAGE SKY COVER 0.0


WEATHER CONDITIONS
 THE FOLLOWING WEATHER WAS RECORDED YESTERDAY.
  NO SIGNIFICANT WEATHER WAS OBSERVED.


RELATIVE HUMIDITY (PERCENT)
 HIGHEST   100          1200 AM
 LOWEST     43           600 PM
 AVERAGE    72

..........................................................


THE FARGO HECTOR INTL AP ND CLIMATE NORMALS FOR TODAY
                         NORMAL    RECORD    YEAR
 MAXIMUM TEMPERATURE (F)   45        78      1967
 MINIMUM TEMPERATURE (F)   26       -14      1969


SUNRISE AND SUNSET
MARCH 30 2017.........SUNRISE   710 AM CDT   SUNSET   754 PM CDT
MARCH 31 2017.........SUNRISE   708 AM CDT   SUNSET   756 PM CDT


-  INDICATES NEGATIVE NUMBERS.
R  INDICATES RECORD WAS SET OR TIED.
MM INDICATES DATA IS MISSING.
T  INDICATES TRACE AMOUNT.




$$
