597
CDUS43 KFGF 020642
CLIFAR


CLIMATE REPORT
NATIONAL WEATHER SERVICE EASTERN NORTH DAKOTA/GRAND FORKS
141 AM CDT MON MAY 2 2016


...................................

...THE FARGO HECTOR INTL AP ND CLIMATE SUMMARY FOR MAY 1 2016...

CLIMATE NORMAL PERIOD 1981 TO 2010
CLIMATE RECORD PERIOD 1881 TO 2016


WEATHER ITEM   OBSERVED TIME   RECORD YEAR NORMAL DEPARTURE LAST
                VALUE   (LST)  VALUE       VALUE  FROM      YEAR
                                                  NORMAL
..................................................................
TEMPERATURE (F)
 YESTERDAY
  MAXIMUM         68    444 PM  97    1959  65      3       76
  MINIMUM         31    537 AM  14    1890  39     -8       49
  AVERAGE         50                        52     -2       63

PRECIPITATION (IN)
  YESTERDAY        0.00          1.22 1902   0.07  -0.07     0.02
  MONTH TO DATE    0.00                      0.07  -0.07     0.02
  SINCE MAR 1      3.07                      2.76   0.31     1.30
  SINCE JAN 1      4.06                      4.07  -0.01     2.27

SNOWFALL (IN)
  YESTERDAY        0.0           1.0  1909   0.0    0.0      0.0
  MONTH TO DATE    0.0                       0.0    0.0      0.0
  SINCE MAR 1      3.1                      12.4   -9.3      0.4
  SINCE JUL 1     27.4                      50.4  -23.0     16.0
  SNOW DEPTH       0

DEGREE DAYS
 HEATING
  YESTERDAY       15                        13      2        2
  MONTH TO DATE   15                        13      2        2
  SINCE MAR 1   1461                      1791   -330     1499
  SINCE JUL 1   6984                      8469  -1485     7915

 COOLING
  YESTERDAY        0                         0      0        0
  MONTH TO DATE    0                         0      0        0
  SINCE MAR 1      0                         3     -3        0
  SINCE JAN 1      0                         3     -3        0
..................................................................


WIND (MPH)
  HIGHEST WIND SPEED    15   HIGHEST WIND DIRECTION    NE (30)
  HIGHEST GUST SPEED    21   HIGHEST GUST DIRECTION    NE (40)
  AVERAGE WIND SPEED     5.1


SKY COVER
  POSSIBLE SUNSHINE  MM
  AVERAGE SKY COVER 0.0


WEATHER CONDITIONS
 THE FOLLOWING WEATHER WAS RECORDED YESTERDAY.
  NO SIGNIFICANT WEATHER WAS OBSERVED.


RELATIVE HUMIDITY (PERCENT)
 HIGHEST    78           500 AM
 LOWEST     22           400 PM
 AVERAGE    50

..........................................................


THE FARGO HECTOR INTL AP ND CLIMATE NORMALS FOR TODAY
                         NORMAL    RECORD    YEAR
 MAXIMUM TEMPERATURE (F)   65        95      1959
 MINIMUM TEMPERATURE (F)   40        17      1907


SUNRISE AND SUNSET
MAY  2 2016...........SUNRISE   609 AM CDT   SUNSET   840 PM CDT
MAY  3 2016...........SUNRISE   608 AM CDT   SUNSET   841 PM CDT


-  INDICATES NEGATIVE NUMBERS.
R  INDICATES RECORD WAS SET OR TIED.
MM INDICATES DATA IS MISSING.
T  INDICATES TRACE AMOUNT.




$$
