000
CDUS43 KFGF 300732
CLIFAR


CLIMATE REPORT
NATIONAL WEATHER SERVICE EASTERN NORTH DAKOTA/GRAND FORKS
232 AM CDT SAT MAY 30 2015


...................................

...THE FARGO HECTOR INTL AP ND CLIMATE SUMMARY FOR MAY 29 2015...

CLIMATE NORMAL PERIOD 1981 TO 2010
CLIMATE RECORD PERIOD 1881 TO 2015


WEATHER ITEM   OBSERVED TIME   RECORD YEAR NORMAL DEPARTURE LAST
                VALUE   (LST)  VALUE       VALUE  FROM      YEAR
                                                  NORMAL
..................................................................
TEMPERATURE (F)
 YESTERDAY
  MAXIMUM         63    235 AM  95    2010  73    -10       91
                                      1939
  MINIMUM         43   1159 PM  32    1961  50     -7       65
                                      1889
  AVERAGE         53                        61     -8       78

PRECIPITATION (IN)
  YESTERDAY        0.79          3.77 2013   0.10   0.69     0.00
  MONTH TO DATE    7.85                      2.60   5.25     1.65
  SINCE MAR 1      9.13                      5.29   3.84     5.80
  SINCE JAN 1     10.10                      6.60   3.50     6.68

SNOWFALL (IN)
  YESTERDAY        0.0          MM      MM   0.0    0.0      0.0
  MONTH TO DATE    T                         0.0    0.0      0.0
  SINCE MAR 1      0.4                      12.4  -12.0      7.3
  SINCE JUL 1     16.0                      50.4  -34.4     34.9
  SNOW DEPTH       0

DEGREE DAYS
 HEATING
  YESTERDAY       12                         5      7        0
  MONTH TO DATE  289                       262     27      323
  SINCE MAR 1   1786                      2040   -254     2372
  SINCE JUL 1   8202                      8718   -516     9649

 COOLING
  YESTERDAY        0                         2     -2       13
  MONTH TO DATE   15                        26    -11       62
  SINCE MAR 1     15                        29    -14       62
  SINCE JAN 1     15                        29    -14       62
..................................................................


WIND (MPH)
  HIGHEST WIND SPEED    33   HIGHEST WIND DIRECTION     N (360)
  HIGHEST GUST SPEED    41   HIGHEST GUST DIRECTION     N (360)
  AVERAGE WIND SPEED    21.2


SKY COVER
  POSSIBLE SUNSHINE  MM
  AVERAGE SKY COVER 0.7


WEATHER CONDITIONS
 THE FOLLOWING WEATHER WAS RECORDED YESTERDAY.
  HEAVY RAIN
  RAIN
  LIGHT RAIN
  FOG


RELATIVE HUMIDITY (PERCENT)
 HIGHEST    93          1200 AM
 LOWEST     51           600 PM
 AVERAGE    72

..........................................................


THE FARGO HECTOR INTL AP ND CLIMATE NORMALS FOR TODAY
                         NORMAL    RECORD    YEAR
 MAXIMUM TEMPERATURE (F)   73       104      1934
 MINIMUM TEMPERATURE (F)   50        29      1947


SUNRISE AND SUNSET
MAY 30 2015...........SUNRISE   538 AM CDT   SUNSET   912 PM CDT
MAY 31 2015...........SUNRISE   537 AM CDT   SUNSET   913 PM CDT


-  INDICATES NEGATIVE NUMBERS.
R  INDICATES RECORD WAS SET OR TIED.
MM INDICATES DATA IS MISSING.
T  INDICATES TRACE AMOUNT.




$$
