000
CDUS43 KFGF 100641
CLIFAR


CLIMATE REPORT
NATIONAL WEATHER SERVICE EASTERN NORTH DAKOTA/GRAND FORKS
1240 AM CST WED FEB 10 2016


...................................

...THE FARGO HECTOR INTL AP ND CLIMATE SUMMARY FOR FEBRUARY 9 2016...

CLIMATE NORMAL PERIOD 1981 TO 2010
CLIMATE RECORD PERIOD 1881 TO 2016


WEATHER ITEM   OBSERVED TIME   RECORD YEAR NORMAL DEPARTURE LAST
                VALUE   (LST)  VALUE       VALUE  FROM      YEAR
                                                  NORMAL
..................................................................
TEMPERATURE (F)
 YESTERDAY
  MAXIMUM         15    207 PM  42    1918  22     -7       24
  MINIMUM          4   1159 PM -47    1888   3      1       12
  AVERAGE         10                        12     -2       18

PRECIPITATION (IN)
  YESTERDAY        0.00          0.26 2009   0.01  -0.01      T
  MONTH TO DATE    0.18                      0.15   0.03     0.05
  SINCE DEC 1      1.51                      1.68  -0.17     0.70
  SINCE JAN 1      0.87                      0.85   0.02     0.45

SNOWFALL (IN)
  YESTERDAY        0.0           3.0  1939   0.2   -0.2       T
  MONTH TO DATE    3.6                       2.1    1.5      0.8
  SINCE DEC 1     19.7                      24.5   -4.8      4.7
  SINCE JUL 1     22.6                      33.1  -10.5      8.3
  SNOW DEPTH       3

DEGREE DAYS
 HEATING
  YESTERDAY       55                        53      2       47
  MONTH TO DATE  393                       483    -90      460
  SINCE DEC 1   3280                      3789   -509     3322
  SINCE JUL 1   4721                      5751  -1030     5279

 COOLING
  YESTERDAY        0                         0      0        0
  MONTH TO DATE    0                         0      0        0
  SINCE DEC 1      0                         0      0        0
  SINCE JAN 1      0                         0      0        0
..................................................................


WIND (MPH)
  HIGHEST WIND SPEED    18   HIGHEST WIND DIRECTION     N (340)
  HIGHEST GUST SPEED    21   HIGHEST GUST DIRECTION     N (360)
  AVERAGE WIND SPEED    11.5


SKY COVER
  POSSIBLE SUNSHINE  MM
  AVERAGE SKY COVER 0.7


WEATHER CONDITIONS
 THE FOLLOWING WEATHER WAS RECORDED YESTERDAY.
  NO SIGNIFICANT WEATHER WAS OBSERVED.


RELATIVE HUMIDITY (PERCENT)
 HIGHEST    86           400 AM
 LOWEST     67          1000 AM
 AVERAGE    77

..........................................................


THE FARGO HECTOR INTL AP ND CLIMATE NORMALS FOR TODAY
                         NORMAL    RECORD    YEAR
 MAXIMUM TEMPERATURE (F)   22        45      1924
 MINIMUM TEMPERATURE (F)    3       -29      1899


SUNRISE AND SUNSET
FEBRUARY 10 2016......SUNRISE   740 AM CST   SUNSET   543 PM CST
FEBRUARY 11 2016......SUNRISE   738 AM CST   SUNSET   545 PM CST


-  INDICATES NEGATIVE NUMBERS.
R  INDICATES RECORD WAS SET OR TIED.
MM INDICATES DATA IS MISSING.
T  INDICATES TRACE AMOUNT.




$$
