000
CDUS46 KHNX 270023
CLIFAT


CLIMATE REPORT
NATIONAL WEATHER SERVICE SAN JOAQUIN VALLEY, CA
522 PM PDT FRI MAY 26 2017


...................................

...THE FRESNO CA CLIMATE SUMMARY FOR MAY 26 2017...
VALID AS OF 0400 PM LOCAL TIME.

CLIMATE NORMAL PERIOD 1981 TO 2010
CLIMATE RECORD PERIOD 1887 TO 2017


WEATHER ITEM   OBSERVED TIME   RECORD YEAR NORMAL DEPARTURE LAST
                VALUE   (LST)  VALUE       VALUE  FROM      YEAR
                                                  NORMAL
..................................................................
TEMPERATURE (F)
 TODAY
  MAXIMUM         73        MM 103    1974  87    -14       83
                                      1951
  MINIMUM         55        MM  40    1953  58     -3       55
  AVERAGE         64                        72     -8       69

PRECIPITATION (IN)
  TODAY            0.00          0.94 1946   0.02  -0.02     0.00
  MONTH TO DATE    0.12                      0.38  -0.26     0.29
  SINCE OCT 1     17.20                     11.05   6.15    14.23
  SINCE JAN 1     12.64                      7.58   5.06     9.03

SNOWFALL (IN)
  TODAY            0.0
  MONTH TO DATE    0.0
  SINCE MAR 1      0.0
  SINCE JUL 1      0.0
  SNOW DEPTH       0

DEGREE DAYS
 HEATING
  TODAY            1                         0      1        0
  MONTH TO DATE   27                        29     -2       10
  SINCE MAR 1    323                       430   -107      246
  SINCE JUL 1   1937                      2342   -405     1947

 COOLING
  TODAY            0                         8     -8        4
  MONTH TO DATE  179                       147     32      144
  SINCE MAR 1    209                       198     11      208
  SINCE JAN 1    209                       198     11      208
..................................................................


WIND (MPH)
  HIGHEST WIND SPEED     9   HIGHEST WIND DIRECTION    NW (300)
  HIGHEST GUST SPEED    MM   HIGHEST GUST DIRECTION    MM
  AVERAGE WIND SPEED     5.5




RELATIVE HUMIDITY (PERCENT)
 HIGHEST    83
 LOWEST     44
 AVERAGE    64

..........................................................


THE FRESNO CA CLIMATE NORMALS FOR TOMORROW
                         NORMAL    RECORD    YEAR
 MAXIMUM TEMPERATURE (F)   87       104      1974
 MINIMUM TEMPERATURE (F)   58        46      1998
                                             1953
                                             1918


SUNRISE AND SUNSET
MAY 26 2017...........SUNRISE   544 AM PDT   SUNSET   808 PM PDT
MAY 27 2017...........SUNRISE   543 AM PDT   SUNSET   809 PM PDT


-  INDICATES NEGATIVE NUMBERS.
R  INDICATES RECORD WAS SET OR TIED.
MM INDICATES DATA IS MISSING.
T  INDICATES TRACE AMOUNT.




$$
