000
CDUS46 KHNX 010820
CLIFAT


CLIMATE REPORT
NATIONAL WEATHER SERVICE SAN JOAQUIN VALLEY, CA
120 AM PDT WED JUL 1 2015


...................................

...THE FRESNO CA CLIMATE SUMMARY FOR JUNE 30 2015...

CLIMATE NORMAL PERIOD 1981 TO 2010
CLIMATE RECORD PERIOD 1887 TO 2015


WEATHER ITEM   OBSERVED TIME   RECORD YEAR NORMAL DEPARTURE
                VALUE   (LST)  VALUE       VALUE  FROM
                                                  NORMAL
...............................................................
TEMPERATURE (F)
 YESTERDAY
  MAXIMUM        106    419 PM 112    1891  96     10
  MINIMUM         75    512 AM  53    1970  66      9
                                      1958
  AVERAGE         91                        81     10

PRECIPITATION (IN)
  YESTERDAY        0.00          0.19 1982   0.00   0.00
  MONTH TO DATE    0.01                      0.21  -0.20
  SINCE OCT 1      6.42                     11.31  -4.89
  SINCE JAN 1      3.23                      7.84  -4.61

SNOWFALL (IN)
  YESTERDAY        0.0
  MONTH TO DATE    0.0
  SINCE JUN 1      0.0
  SINCE JUL 1      0.0
  SNOW DEPTH       0

DEGREE DAYS
 HEATING
  YESTERDAY        0                                0
  MONTH TO DATE    0                                0
  SINCE JUN 1      0                               -3
  SINCE JUL 1   1519                             -827

 COOLING
  YESTERDAY       26                               10
  MONTH TO DATE  513                              144
  SINCE JUN 1    513                              144
  SINCE JAN 1    786                              176
...............................................................


WIND (MPH)
  HIGHEST WIND SPEED    13   HIGHEST WIND DIRECTION    NW (310)
  HIGHEST GUST SPEED    15   HIGHEST GUST DIRECTION     W (290)
  AVERAGE WIND SPEED     4.9




RELATIVE HUMIDITY (PERCENT)
 HIGHEST    44
 LOWEST     16
 AVERAGE    30

..........................................................


THE FRESNO CA CLIMATE NORMALS FOR TODAY
                         NORMAL    RECORD    YEAR
 MAXIMUM TEMPERATURE (F)   96       114      1891
 MINIMUM TEMPERATURE (F)   66        53      1975


SUNRISE AND SUNSET
JULY  1 2015..........SUNRISE   544 AM PDT   SUNSET   822 PM PDT
JULY  2 2015..........SUNRISE   544 AM PDT   SUNSET   822 PM PDT


-  INDICATES NEGATIVE NUMBERS.
R  INDICATES RECORD WAS SET OR TIED.
MM INDICATES DATA IS MISSING.
T  INDICATES TRACE AMOUNT.




$$
