000
CDUS46 KHNX 230823
CLIFAT


CLIMATE REPORT
NATIONAL WEATHER SERVICE SAN JOAQUIN VALLEY, CA
1222 AM PST TUE JAN 23 2018


...................................

...THE FRESNO CA CLIMATE SUMMARY FOR JANUARY 22 2018...

CLIMATE NORMAL PERIOD 1981 TO 2010
CLIMATE RECORD PERIOD 1887 TO 2018


WEATHER ITEM   OBSERVED TIME   RECORD YEAR NORMAL DEPARTURE
                VALUE   (LST)  VALUE       VALUE  FROM
                                                  NORMAL
...............................................................
TEMPERATURE (F)
 YESTERDAY
  MAXIMUM         61    339 PM  70    1994  56      5
                                      1970
  MINIMUM         37    649 AM  25    1945  39     -2
  AVERAGE         49                        47      2

PRECIPITATION (IN)
  YESTERDAY        0.00          1.48 1983   0.06  -0.06
  MONTH TO DATE    0.95                      1.56  -0.61
  SINCE OCT 1      1.36                      5.03  -3.67
  SINCE JAN 1      0.95                      1.56  -0.61

SNOWFALL (IN)
  YESTERDAY        0.0
  MONTH TO DATE    0.0
  SINCE DEC 1      0.0
  SINCE JUL 1      0.0
  SNOW DEPTH       0

DEGREE DAYS
 HEATING
  YESTERDAY       16                               -2
  MONTH TO DATE  259                             -158
  SINCE DEC 1    782                             -210
  SINCE JUL 1   1040                             -340

 COOLING
  YESTERDAY        0                                0
  MONTH TO DATE    0                                0
  SINCE DEC 1      0                                0
  SINCE JAN 1      0                                0
...............................................................


WIND (MPH)
  HIGHEST WIND SPEED     8   HIGHEST WIND DIRECTION    SE (130)
  HIGHEST GUST SPEED    11   HIGHEST GUST DIRECTION     S (160)
  AVERAGE WIND SPEED     2.6




RELATIVE HUMIDITY (PERCENT)
 HIGHEST    92
 LOWEST     42
 AVERAGE    67

..........................................................


THE FRESNO CA CLIMATE NORMALS FOR TODAY
                         NORMAL    RECORD    YEAR
 MAXIMUM TEMPERATURE (F)   56        72      1948
 MINIMUM TEMPERATURE (F)   39        25      1962
                                             1937


SUNRISE AND SUNSET
JANUARY 23 2018.......SUNRISE   707 AM PST   SUNSET   515 PM PST
JANUARY 24 2018.......SUNRISE   706 AM PST   SUNSET   516 PM PST


-  INDICATES NEGATIVE NUMBERS.
R  INDICATES RECORD WAS SET OR TIED.
MM INDICATES DATA IS MISSING.
T  INDICATES TRACE AMOUNT.




$$
