000
CDUS46 KHNX 300026
CLIFAT


CLIMATE REPORT
NATIONAL WEATHER SERVICE SAN JOAQUIN VALLEY, CA
522 PM PDT WED MAR 29 2017


...................................

...THE FRESNO CA CLIMATE SUMMARY FOR MARCH 29 2017...
VALID AS OF 0400 PM LOCAL TIME.

CLIMATE NORMAL PERIOD 1981 TO 2010
CLIMATE RECORD PERIOD 1887 TO 2017


WEATHER ITEM   OBSERVED TIME   RECORD YEAR NORMAL DEPARTURE LAST
                VALUE   (LST)  VALUE       VALUE  FROM      YEAR
                                                  NORMAL
..................................................................
TEMPERATURE (F)
 TODAY
  MAXIMUM         74    359 PM  87    1969  70      4       65
  MINIMUM         48    612 AM  32    1891  47      1       40
  AVERAGE         61                        58      3       53

PRECIPITATION (IN)
  TODAY            0.00          1.21 1946   0.05  -0.05     0.00
  MONTH TO DATE    0.99                      1.93  -0.94     2.93
  SINCE OCT 1     13.57                      9.62   3.95    12.88
  SINCE JAN 1      9.01                      6.15   2.86     7.68

SNOWFALL (IN)
  TODAY            0.0
  MONTH TO DATE    0.0
  SINCE MAR 1      0.0
  SINCE JUL 1      0.0
  SNOW DEPTH       0

DEGREE DAYS
 HEATING
  TODAY            4                         7     -3       12
  MONTH TO DATE  186                       251    -65      175
  SINCE MAR 1    186                       251    -65      175
  SINCE JUL 1   1800                      2163   -363     1876

 COOLING
  TODAY            0                         0      0        0
  MONTH TO DATE   17                         0     17        1
  SINCE MAR 1     17                         0     17        1
  SINCE JAN 1     17                         0     17        1
..................................................................


WIND (MPH)
  HIGHEST WIND SPEED     9   HIGHEST WIND DIRECTION    NW (320)
  HIGHEST GUST SPEED    20   HIGHEST GUST DIRECTION    NE (50)
  AVERAGE WIND SPEED     3.3




RELATIVE HUMIDITY (PERCENT)
 HIGHEST    93
 LOWEST     38
 AVERAGE    66

..........................................................


THE FRESNO CA CLIMATE NORMALS FOR TOMORROW
                         NORMAL    RECORD    YEAR
 MAXIMUM TEMPERATURE (F)   70        89      2015
 MINIMUM TEMPERATURE (F)   47        31      1897


SUNRISE AND SUNSET
MARCH 29 2017.........SUNRISE   649 AM PDT   SUNSET   719 PM PDT
MARCH 30 2017.........SUNRISE   647 AM PDT   SUNSET   720 PM PDT


-  INDICATES NEGATIVE NUMBERS.
R  INDICATES RECORD WAS SET OR TIED.
MM INDICATES DATA IS MISSING.
T  INDICATES TRACE AMOUNT.




$$
