000
CDUS46 KHNX 260821
CLIFAT


CLIMATE REPORT
NATIONAL WEATHER SERVICE SAN JOAQUIN VALLEY, CA
1221 AM PST WED NOV 26 2014


...................................

...THE FRESNO CA CLIMATE SUMMARY FOR NOVEMBER 25 2014...

CLIMATE NORMAL PERIOD 1981 TO 2010
CLIMATE RECORD PERIOD 1887 TO 2014


WEATHER ITEM   OBSERVED TIME   RECORD YEAR NORMAL DEPARTURE
                VALUE   (LST)  VALUE       VALUE  FROM
                                                  NORMAL
...............................................................
TEMPERATURE (F)
 YESTERDAY
  MAXIMUM         65    345 PM  76    1933  61      4
  MINIMUM         40    624 AM  27    1898  41     -1
  AVERAGE         53                        51      2

PRECIPITATION (IN)
  YESTERDAY        0.00          1.20 1909   0.04  -0.04
  MONTH TO DATE    0.39                      0.88  -0.49
  SINCE JUL 1      1.08                      1.70  -0.62
  SINCE JAN 1      5.16                      9.54  -4.38

SNOWFALL (IN)
  YESTERDAY        0.0
  MONTH TO DATE    0.0
  SINCE SEP 1      0.0
  SINCE JUL 1      0.0
  SNOW DEPTH       0

DEGREE DAYS
 HEATING
  YESTERDAY       12                               -2
  MONTH TO DATE  173                              -76
  SINCE SEP 1    178                             -134
  SINCE JUL 1    178                             -134

 COOLING
  YESTERDAY        0                                0
  MONTH TO DATE    2                                2
  SINCE SEP 1    711                              273
  SINCE JAN 1   2932                              810
...............................................................


WIND (MPH)
  HIGHEST WIND SPEED     6   HIGHEST WIND DIRECTION    NE (60)
  HIGHEST GUST SPEED    10   HIGHEST GUST DIRECTION     N (360)
  AVERAGE WIND SPEED     1.3




RELATIVE HUMIDITY (PERCENT)
 HIGHEST    96
 LOWEST     48
 AVERAGE    72

..........................................................


THE FRESNO CA CLIMATE NORMALS FOR TODAY
                         NORMAL    RECORD    YEAR
 MAXIMUM TEMPERATURE (F)   60        75      1914
 MINIMUM TEMPERATURE (F)   40        30      1987
                                             1952


SUNRISE AND SUNSET
NOVEMBER 26 2014......SUNRISE   648 AM PST   SUNSET   444 PM PST
NOVEMBER 27 2014......SUNRISE   649 AM PST   SUNSET   444 PM PST


-  INDICATES NEGATIVE NUMBERS.
R  INDICATES RECORD WAS SET OR TIED.
MM INDICATES DATA IS MISSING.
T  INDICATES TRACE AMOUNT.




$$
