000
CDUS46 KHNX 240826
CLIFAT


CLIMATE REPORT
NATIONAL WEATHER SERVICE SAN JOAQUIN VALLEY, CA
125 AM PDT THU APR 24 2014


...................................

...THE FRESNO CA CLIMATE SUMMARY FOR APRIL 23 2014...

CLIMATE NORMAL PERIOD 1981 TO 2010
CLIMATE RECORD PERIOD 1887 TO 2014


WEATHER ITEM   OBSERVED TIME   RECORD YEAR NORMAL DEPARTURE
                VALUE   (LST)  VALUE       VALUE  FROM
                                                  NORMAL
...............................................................
TEMPERATURE (F)
 YESTERDAY
  MAXIMUM         75    441 PM 100    1910  77     -2
  MINIMUM         49    542 AM  39    1958  51     -2
                                      1904
  AVERAGE         62                        64     -2

PRECIPITATION (IN)
  YESTERDAY        0.00          0.77 1990   0.03  -0.03
  MONTH TO DATE    0.12                      0.77  -0.65
  SINCE JUL 1      4.15                     10.68  -6.53
  SINCE JAN 1      3.42                      7.02  -3.60

SNOWFALL (IN)
  YESTERDAY        0.0
  MONTH TO DATE    0.0
  SINCE MAR 1      0.0
  SINCE JUL 1      0.0
  SNOW DEPTH       0

DEGREE DAYS
 HEATING
  YESTERDAY        3                                0
  MONTH TO DATE   49                              -70
  SINCE MAR 1    137                             -247
  SINCE JUL 1   1482                             -814

 COOLING
  YESTERDAY        0                               -2
  MONTH TO DATE  115                               86
  SINCE MAR 1    127                               93
  SINCE JAN 1    127                               93
...............................................................


WIND (MPH)
  HIGHEST WIND SPEED    20   HIGHEST WIND DIRECTION    NW (300)
  HIGHEST GUST SPEED    26   HIGHEST GUST DIRECTION    NW (300)
  AVERAGE WIND SPEED    11.6




RELATIVE HUMIDITY (PERCENT)
 HIGHEST    66
 LOWEST     16
 AVERAGE    41

..........................................................


THE FRESNO CA CLIMATE NORMALS FOR TODAY
                         NORMAL    RECORD    YEAR
 MAXIMUM TEMPERATURE (F)   77       101      1910
 MINIMUM TEMPERATURE (F)   51        36      1958


SUNRISE AND SUNSET
APRIL 24 2014.........SUNRISE   613 AM PDT   SUNSET   741 PM PDT
APRIL 25 2014.........SUNRISE   612 AM PDT   SUNSET   742 PM PDT


-  INDICATES NEGATIVE NUMBERS.
R  INDICATES RECORD WAS SET OR TIED.
MM INDICATES DATA IS MISSING.
T  INDICATES TRACE AMOUNT.




$$
