000
CDUS46 KHNX 200823
CLIFAT


CLIMATE REPORT
NATIONAL WEATHER SERVICE SAN JOAQUIN VALLEY, CA
1223 AM PST SAT DEC 20 2014


...................................

...THE FRESNO CA CLIMATE SUMMARY FOR DECEMBER 19 2014...

CLIMATE NORMAL PERIOD 1981 TO 2010
CLIMATE RECORD PERIOD 1887 TO 2014


WEATHER ITEM   OBSERVED TIME   RECORD YEAR NORMAL DEPARTURE
                VALUE   (LST)  VALUE       VALUE  FROM
                                                  NORMAL
...............................................................
TEMPERATURE (F)
 YESTERDAY
  MAXIMUM         58    415 PM  74    1981  54      4
  MINIMUM         43    534 AM  25    1965  38      5
  AVERAGE         51                        46      5

PRECIPITATION (IN)
  YESTERDAY        T             0.90 2010   0.06  -0.06
  MONTH TO DATE    2.29                      0.95   1.34
  SINCE JUL 1      3.38                      2.84   0.54
  SINCE JAN 1      7.46                     10.68  -3.22

SNOWFALL (IN)
  YESTERDAY        0.0
  MONTH TO DATE    0.0
  SINCE DEC 1      0.0
  SINCE JUL 1      0.0
  SNOW DEPTH       0

DEGREE DAYS
 HEATING
  YESTERDAY       14                               -5
  MONTH TO DATE  192                             -148
  SINCE DEC 1    192                             -148
  SINCE JUL 1    413                             -315

 COOLING
  YESTERDAY        0                                0
  MONTH TO DATE    0                                0
  SINCE DEC 1      0                                0
  SINCE JAN 1   2932                              808
...............................................................


WIND (MPH)
  HIGHEST WIND SPEED    10   HIGHEST WIND DIRECTION     E (110)
  HIGHEST GUST SPEED    13   HIGHEST GUST DIRECTION     E (100)
  AVERAGE WIND SPEED     4.5




RELATIVE HUMIDITY (PERCENT)
 HIGHEST    89
 LOWEST     67
 AVERAGE    78

..........................................................


THE FRESNO CA CLIMATE NORMALS FOR TODAY
                         NORMAL    RECORD    YEAR
 MAXIMUM TEMPERATURE (F)   54        70      2005
                                             1969
                                             1955
 MINIMUM TEMPERATURE (F)   38        24      1897


SUNRISE AND SUNSET
DECEMBER 20 2014......SUNRISE   707 AM PST   SUNSET   446 PM PST
DECEMBER 21 2014......SUNRISE   708 AM PST   SUNSET   446 PM PST


-  INDICATES NEGATIVE NUMBERS.
R  INDICATES RECORD WAS SET OR TIED.
MM INDICATES DATA IS MISSING.
T  INDICATES TRACE AMOUNT.




$$
