000
CDUS46 KHNX 270823
CLIFAT


CLIMATE REPORT
NATIONAL WEATHER SERVICE SAN JOAQUIN VALLEY, CA
122 AM PDT WED MAY 27 2015


...................................

...THE FRESNO CA CLIMATE SUMMARY FOR MAY 26 2015...

CLIMATE NORMAL PERIOD 1981 TO 2010
CLIMATE RECORD PERIOD 1887 TO 2015


WEATHER ITEM   OBSERVED TIME   RECORD YEAR NORMAL DEPARTURE
                VALUE   (LST)  VALUE       VALUE  FROM
                                                  NORMAL
...............................................................
TEMPERATURE (F)
 YESTERDAY
  MAXIMUM         86    430 PM 103    1974  87     -1
                                      1951
  MINIMUM         57    550 AM  40    1953  58     -1
  AVERAGE         72                        72      0

PRECIPITATION (IN)
  YESTERDAY        0.00          0.94 1946   0.02  -0.02
  MONTH TO DATE    0.57                      0.38   0.19
  SINCE OCT 1      6.41                     11.05  -4.64
  SINCE JAN 1      3.22                      7.58  -4.36

SNOWFALL (IN)
  YESTERDAY        0.0
  MONTH TO DATE    0.0
  SINCE MAR 1      0.0
  SINCE JUL 1      0.0
  SNOW DEPTH       0

DEGREE DAYS
 HEATING
  YESTERDAY        0                                0
  MONTH TO DATE   25                               -4
  SINCE MAR 1    193                             -237
  SINCE JUL 1   1519                             -823

 COOLING
  YESTERDAY        7                               -1
  MONTH TO DATE   82                              -65
  SINCE MAR 1    210                               12
  SINCE JAN 1    210                               12
...............................................................


WIND (MPH)
  HIGHEST WIND SPEED    16   HIGHEST WIND DIRECTION    NW (310)
  HIGHEST GUST SPEED    22   HIGHEST GUST DIRECTION     W (290)
  AVERAGE WIND SPEED     9.2




RELATIVE HUMIDITY (PERCENT)
 HIGHEST    77
 LOWEST     25
 AVERAGE    51

..........................................................


THE FRESNO CA CLIMATE NORMALS FOR TODAY
                         NORMAL    RECORD    YEAR
 MAXIMUM TEMPERATURE (F)   87       104      1974
 MINIMUM TEMPERATURE (F)   58        46      1998
                                             1953
                                             1918


SUNRISE AND SUNSET
MAY 27 2015...........SUNRISE   544 AM PDT   SUNSET   809 PM PDT
MAY 28 2015...........SUNRISE   543 AM PDT   SUNSET   809 PM PDT


-  INDICATES NEGATIVE NUMBERS.
R  INDICATES RECORD WAS SET OR TIED.
MM INDICATES DATA IS MISSING.
T  INDICATES TRACE AMOUNT.




$$
