000
CDUS46 KHNX 200825
CLIFAT


CLIMATE REPORT
NATIONAL WEATHER SERVICE SAN JOAQUIN VALLEY, CA
124 AM PDT WED SEP 20 2017


...................................

...THE FRESNO CA CLIMATE SUMMARY FOR SEPTEMBER 19 2017...

CLIMATE NORMAL PERIOD 1981 TO 2010
CLIMATE RECORD PERIOD 1887 TO 2017


WEATHER ITEM   OBSERVED TIME   RECORD YEAR NORMAL DEPARTURE
                VALUE   (LST)  VALUE       VALUE  FROM
                                                  NORMAL
...............................................................
TEMPERATURE (F)
 YESTERDAY
  MAXIMUM         79        MM 105    1922  90    -11
  MINIMUM         59        MM  44    1978  61     -2
  AVERAGE         69                        76     -7

PRECIPITATION (IN)
  YESTERDAY        0.00          0.63 1959   0.01  -0.01
  MONTH TO DATE    0.10                      0.08   0.02
  SINCE OCT 1     17.30                     11.41   5.89
  SINCE JAN 1     12.74                      7.94   4.80

SNOWFALL (IN)
  YESTERDAY        0.0
  MONTH TO DATE    0.0
  SINCE SEP 1      0.0
  SINCE JUL 1      0.0
  SNOW DEPTH       0

DEGREE DAYS
 HEATING
  YESTERDAY        0                                0
  MONTH TO DATE    0                                0
  SINCE SEP 1      0                                0
  SINCE JUL 1      0                                0

 COOLING
  YESTERDAY        4                               -7
  MONTH TO DATE  312                               72
  SINCE SEP 1    312                               72
  SINCE JAN 1   2351                              427
...............................................................


WIND (MPH)
  HIGHEST WIND SPEED    15   HIGHEST WIND DIRECTION    NW (300)
  HIGHEST GUST SPEED    MM   HIGHEST GUST DIRECTION    MM
  AVERAGE WIND SPEED    11.8




RELATIVE HUMIDITY (PERCENT)
 HIGHEST    69
 LOWEST     27
 AVERAGE    48

..........................................................


THE FRESNO CA CLIMATE NORMALS FOR TODAY
                         NORMAL    RECORD    YEAR
 MAXIMUM TEMPERATURE (F)   90       104      1939
 MINIMUM TEMPERATURE (F)   61        46      1978
                                             1968
                                             1965


SUNRISE AND SUNSET
SEPTEMBER 20 2017.....SUNRISE   645 AM PDT   SUNSET   658 PM PDT
SEPTEMBER 21 2017.....SUNRISE   646 AM PDT   SUNSET   657 PM PDT


-  INDICATES NEGATIVE NUMBERS.
R  INDICATES RECORD WAS SET OR TIED.
MM INDICATES DATA IS MISSING.
T  INDICATES TRACE AMOUNT.




$$
