000
CDUS46 KHNX 240824
CLIFAT


CLIMATE REPORT
NATIONAL WEATHER SERVICE SAN JOAQUIN VALLEY, CA
1223 AM PST TUE JAN 24 2017


...................................

...THE FRESNO CA CLIMATE SUMMARY FOR JANUARY 23 2017...

CLIMATE NORMAL PERIOD 1981 TO 2010
CLIMATE RECORD PERIOD 1887 TO 2017


WEATHER ITEM   OBSERVED TIME   RECORD YEAR NORMAL DEPARTURE
                VALUE   (LST)  VALUE       VALUE  FROM
                                                  NORMAL
...............................................................
TEMPERATURE (F)
 YESTERDAY
  MAXIMUM         52    330 PM  72    1948  56     -4
  MINIMUM         39   1159 PM  25    1962  39      0
                                      1937
  AVERAGE         46                        47     -1

PRECIPITATION (IN)
  YESTERDAY        0.10          0.89 2000   0.07   0.03
  MONTH TO DATE    5.50                      1.63   3.87
  SINCE OCT 1     10.06                      5.10   4.96
  SINCE JAN 1      5.50                      1.63   3.87

SNOWFALL (IN)
  YESTERDAY       MM
  MONTH TO DATE    0.0
  SINCE DEC 1      0.0
  SINCE JUL 1      0.0
  SNOW DEPTH       0

DEGREE DAYS
 HEATING
  YESTERDAY       19                                1
  MONTH TO DATE  369                              -66
  SINCE DEC 1    913                              -97
  SINCE JUL 1   1164                             -234

 COOLING
  YESTERDAY        0                                0
  MONTH TO DATE    0                                0
  SINCE DEC 1      0                                0
  SINCE JAN 1      0                                0
...............................................................


WIND (MPH)
  HIGHEST WIND SPEED    18   HIGHEST WIND DIRECTION    NW (300)
  HIGHEST GUST SPEED    25   HIGHEST GUST DIRECTION    NW (310)
  AVERAGE WIND SPEED     5.6




RELATIVE HUMIDITY (PERCENT)
 HIGHEST    96
 LOWEST     59
 AVERAGE    78

..........................................................


THE FRESNO CA CLIMATE NORMALS FOR TODAY
                         NORMAL    RECORD    YEAR
 MAXIMUM TEMPERATURE (F)   56        78      2014
 MINIMUM TEMPERATURE (F)   39        24      1898


SUNRISE AND SUNSET
JANUARY 24 2017.......SUNRISE   706 AM PST   SUNSET   516 PM PST
JANUARY 25 2017.......SUNRISE   706 AM PST   SUNSET   517 PM PST


-  INDICATES NEGATIVE NUMBERS.
R  INDICATES RECORD WAS SET OR TIED.
MM INDICATES DATA IS MISSING.
T  INDICATES TRACE AMOUNT.




$$
