000
CDUS42 KRAH 290743
CLIFAY


CLIMATE REPORT
NATIONAL WEATHER SERVICE RALEIGH NC
340 AM EDT TUE JUL 29 2014


...................................

...THE FAYETTEVILLE REGL AIRPORT NC CLIMATE SUMMARY FOR JULY 28 2014...

CLIMATE NORMAL PERIOD 1981 TO 2010
CLIMATE RECORD PERIOD 1910 TO 2014


WEATHER ITEM   OBSERVED TIME   RECORD YEAR NORMAL DEPARTURE LAST
                VALUE   (LST)  VALUE       VALUE  FROM      YEAR
                                                  NORMAL
..................................................................
TEMPERATURE (F)
 YESTERDAY
  MAXIMUM         97   1257 PM 105    1940  91      6       89
  MINIMUM         77   1159 PM  55    1920  71      6       72
  AVERAGE         87                        81      6       81

PRECIPITATION (IN)
  YESTERDAY        0.00          3.11 1943   0.18  -0.18     0.03
  MONTH TO DATE    1.83                      5.38  -3.55     7.04
  SINCE JUN 1      4.52                      9.73  -5.21    15.62
  SINCE JAN 1     22.97                     25.40  -2.43    28.96

DEGREE DAYS
 HEATING
  YESTERDAY        0                         0      0        0
  MONTH TO DATE    0                         0      0        0
  SINCE JUN 1      0                         0      0        0
  SINCE JUL 1      0                         0      0        0

 COOLING
  YESTERDAY       22                        16      6       16
  MONTH TO DATE  447                       459    -12      454
  SINCE JUN 1    904                       855     49      849
  SINCE JAN 1   1270                      1139    131     1098
..................................................................


WIND (MPH)
  HIGHEST WIND SPEED    22   HIGHEST WIND DIRECTION    SW (230)
  HIGHEST GUST SPEED    29   HIGHEST GUST DIRECTION    SW (220)
  AVERAGE WIND SPEED    11.0


SKY COVER
  POSSIBLE SUNSHINE  MM
  AVERAGE SKY COVER 0.2


WEATHER CONDITIONS
 THE FOLLOWING WEATHER WAS RECORDED YESTERDAY.
  NO SIGNIFICANT WEATHER WAS OBSERVED.


RELATIVE HUMIDITY (PERCENT)
 HIGHEST    69           300 AM
 LOWEST     31           100 PM
 AVERAGE    50

..........................................................


THE FAYETTEVILLE REGL AIRPORT NC CLIMATE NORMALS FOR TODAY
                         NORMAL    RECORD    YEAR
 MAXIMUM TEMPERATURE (F)   91       103      2011
 MINIMUM TEMPERATURE (F)   71        57      1920


SUNRISE AND SUNSET
JULY 29 2014..........SUNRISE   623 AM EDT   SUNSET   821 PM EDT
JULY 30 2014..........SUNRISE   623 AM EDT   SUNSET   820 PM EDT


-  INDICATES NEGATIVE NUMBERS.
R  INDICATES RECORD WAS SET OR TIED.
MM INDICATES DATA IS MISSING.
T  INDICATES TRACE AMOUNT.




$$
