000
CDUS42 KRAH 290523
CLIFAY


CLIMATE REPORT
NATIONAL WEATHER SERVICE RALEIGH NC
122 AM EDT FRI JUL 29 2016


...................................

...THE FAYETTEVILLE REGL AIRPORT NC CLIMATE SUMMARY FOR JULY 28 2016...

CLIMATE NORMAL PERIOD 1981 TO 2010
CLIMATE RECORD PERIOD 1910 TO 2016


WEATHER ITEM   OBSERVED TIME   RECORD YEAR NORMAL DEPARTURE LAST
                VALUE   (LST)  VALUE       VALUE  FROM      YEAR
                                                  NORMAL
..................................................................
TEMPERATURE (F)
 YESTERDAY
  MAXIMUM        101    159 PM 105    1940  91     10       93
  MINIMUM         79    549 AM  55    1920  71      8       71
  AVERAGE         90                        81      9       82

PRECIPITATION (IN)
  YESTERDAY        0.00          3.11 1943   0.18  -0.18     0.00
  MONTH TO DATE    4.53                      5.38  -0.85     3.38
  SINCE JUN 1      7.74                      9.73  -1.99    12.52
  SINCE JAN 1     25.31                     25.40  -0.09    27.79

DEGREE DAYS
 HEATING
  YESTERDAY        0                         0      0        0
  MONTH TO DATE    0                         0      0        0
  SINCE JUN 1      0                         0      0        0
  SINCE JUL 1      0                         0      0        0

 COOLING
  YESTERDAY       25                        16      9       17
  MONTH TO DATE  550                       459     91      495
  SINCE JUN 1   1002                       855    147      984
  SINCE JAN 1   1338                      1139    199     1314
..................................................................


WIND (MPH)
  HIGHEST WIND SPEED    22   HIGHEST WIND DIRECTION    SW (240)
  HIGHEST GUST SPEED    27   HIGHEST GUST DIRECTION    SW (230)
  AVERAGE WIND SPEED     9.8


SKY COVER
  POSSIBLE SUNSHINE  MM
  AVERAGE SKY COVER 0.1


WEATHER CONDITIONS
 THE FOLLOWING WEATHER WAS RECORDED YESTERDAY.
  NO SIGNIFICANT WEATHER WAS OBSERVED.


RELATIVE HUMIDITY (PERCENT)
 HIGHEST    85           400 AM
 LOWEST     33           200 PM
 AVERAGE    59

..........................................................


THE FAYETTEVILLE REGL AIRPORT NC CLIMATE NORMALS FOR TODAY
                         NORMAL    RECORD    YEAR
 MAXIMUM TEMPERATURE (F)   91       103      2011
 MINIMUM TEMPERATURE (F)   71        57      1920


SUNRISE AND SUNSET
JULY 29 2016..........SUNRISE   623 AM EDT   SUNSET   820 PM EDT
JULY 30 2016..........SUNRISE   624 AM EDT   SUNSET   820 PM EDT


-  INDICATES NEGATIVE NUMBERS.
R  INDICATES RECORD WAS SET OR TIED.
MM INDICATES DATA IS MISSING.
T  INDICATES TRACE AMOUNT.




$$
