000
CDUS42 KRAH 280652
CLIFAY


CLIMATE REPORT
NATIONAL WEATHER SERVICE RALEIGH NC
150 AM EST SAT FEB 28 2015


...................................

...THE FAYETTEVILLE REGL AIRPORT NC CLIMATE SUMMARY FOR FEBRUARY 27 2015...

CLIMATE NORMAL PERIOD 1981 TO 2010
CLIMATE RECORD PERIOD 1910 TO 2015


WEATHER ITEM   OBSERVED TIME   RECORD YEAR NORMAL DEPARTURE LAST
                VALUE   (LST)  VALUE       VALUE  FROM      YEAR
                                                  NORMAL
..................................................................
TEMPERATURE (F)
 YESTERDAY
  MAXIMUM         53    321 PM  81    2011  62     -9       57
  MINIMUM         28    756 AM  13    1963  37     -9       24
  AVERAGE         41                        50     -9       41

PRECIPITATION (IN)
  YESTERDAY        0.00          1.48 1929   0.10  -0.10     0.00
  MONTH TO DATE    3.28                      2.67   0.61     2.66
  SINCE DEC 1     11.87                      8.62   3.25    11.00
  SINCE JAN 1      7.65                      5.97   1.68     6.72

DEGREE DAYS
 HEATING
  YESTERDAY       24                        16      8       24
  MONTH TO DATE  700                       485    215      509
  SINCE DEC 1   1923                      1763    160     1784
  SINCE JUL 1   2467                      2211    256     2300

 COOLING
  YESTERDAY        0                         0      0        0
  MONTH TO DATE    0                         0      0        3
  SINCE DEC 1      0                         4     -4       20
  SINCE JAN 1      0                         2     -2        3
..................................................................


WIND (MPH)
  HIGHEST WIND SPEED    13   HIGHEST WIND DIRECTION    NE (30)
  HIGHEST GUST SPEED    16   HIGHEST GUST DIRECTION    NE (30)
  AVERAGE WIND SPEED     5.9


SKY COVER
  POSSIBLE SUNSHINE  MM
  AVERAGE SKY COVER 0.1


WEATHER CONDITIONS
 THE FOLLOWING WEATHER WAS RECORDED YESTERDAY.
  FOG
  HAZE


RELATIVE HUMIDITY (PERCENT)
 HIGHEST    92           400 AM
 LOWEST     38           200 PM
 AVERAGE    65

..........................................................


THE FAYETTEVILLE REGL AIRPORT NC CLIMATE NORMALS FOR TODAY
                         NORMAL    RECORD    YEAR
 MAXIMUM TEMPERATURE (F)   62        83      2011
 MINIMUM TEMPERATURE (F)   38        14      1963


SUNRISE AND SUNSET
FEBRUARY 28 2015......SUNRISE   647 AM EST   SUNSET   610 PM EST
MARCH  1 2015.........SUNRISE   645 AM EST   SUNSET   611 PM EST


-  INDICATES NEGATIVE NUMBERS.
R  INDICATES RECORD WAS SET OR TIED.
MM INDICATES DATA IS MISSING.
T  INDICATES TRACE AMOUNT.

$$
