000
CDUS42 KRAH 290813
CLIFAY

CLIMATE REPORT
NATIONAL WEATHER SERVICE RALEIGH NC
412 AM EDT MON AUG 29 2016
...................................

...THE FAYETTEVILLE REGL AIRPORT NC CLIMATE SUMMARY FOR AUGUST 28 2016...

CLIMATE NORMAL PERIOD 1981 TO 2010
CLIMATE RECORD PERIOD 1910 TO 2016


WEATHER ITEM   OBSERVED TIME   RECORD YEAR NORMAL DEPARTURE LAST
                VALUE   (LST)  VALUE       VALUE  FROM      YEAR
                                                  NORMAL
..................................................................
TEMPERATURE (F)
 YESTERDAY
  MAXIMUM         91    148 PM 101    1954  88      3       87
  MINIMUM         74    531 AM  53    1969  68      6       64
  AVERAGE         83                        78      5       76

PRECIPITATION (IN)
  YESTERDAY        0.08          3.05 1936   0.17  -0.09     0.00
  MONTH TO DATE    1.33                      5.06  -3.73     1.75
  SINCE JUN 1      9.09                     15.33  -6.24    14.27
  SINCE JAN 1     26.66                     31.00  -4.34    29.54

DEGREE DAYS
 HEATING
  YESTERDAY        0                         0      0        0
  MONTH TO DATE    0                         0      0        0
  SINCE JUN 1      0                         0      0        0
  SINCE JUL 1      0                         0      0        0

 COOLING
  YESTERDAY       18                        13      5       11
  MONTH TO DATE  534                       414    120      430
  SINCE JUN 1   1605                      1317    288     1474
  SINCE JAN 1   1941                      1601    340     1804
..................................................................


WIND (MPH)
  HIGHEST WIND SPEED    16   HIGHEST WIND DIRECTION     E (80)
  HIGHEST GUST SPEED    23   HIGHEST GUST DIRECTION     E (70)
  AVERAGE WIND SPEED     6.4


SKY COVER
  POSSIBLE SUNSHINE  MM
  AVERAGE SKY COVER 0.4


WEATHER CONDITIONS
 THE FOLLOWING WEATHER WAS RECORDED YESTERDAY.
  THUNDERSTORM
  LIGHT RAIN
  FOG


RELATIVE HUMIDITY (PERCENT)
 HIGHEST   100           400 AM
 LOWEST     47           100 PM
 AVERAGE    74

..........................................................


THE FAYETTEVILLE REGL AIRPORT NC CLIMATE NORMALS FOR TODAY
                         NORMAL    RECORD    YEAR
 MAXIMUM TEMPERATURE (F)   88       100      1932
 MINIMUM TEMPERATURE (F)   68        55      1942


SUNRISE AND SUNSET
AUGUST 29 2016........SUNRISE   646 AM EDT   SUNSET   746 PM EDT
AUGUST 30 2016........SUNRISE   647 AM EDT   SUNSET   744 PM EDT


-  INDICATES NEGATIVE NUMBERS.
R  INDICATES RECORD WAS SET OR TIED.
MM INDICATES DATA IS MISSING.
T  INDICATES TRACE AMOUNT.




$$
