000
CDUS42 KRAH 200820
CLIFAY


CLIMATE REPORT
NATIONAL WEATHER SERVICE RALEIGH NC
318 AM EST TUE FEB 20 2018


...................................

...THE FAYETTEVILLE REGL AIRPORT NC CLIMATE SUMMARY FOR FEBRUARY 19 2018...

CLIMATE NORMAL PERIOD 1981 TO 2010
CLIMATE RECORD PERIOD 1910 TO 2018


WEATHER ITEM   OBSERVED TIME   RECORD YEAR NORMAL DEPARTURE LAST
                VALUE   (LST)  VALUE       VALUE  FROM      YEAR
                                                  NORMAL
..................................................................
TEMPERATURE (F)
 YESTERDAY
  MAXIMUM         56    424 PM  84    1956  60     -4       74
  MINIMUM         45    936 AM   8    1958  36      9       49
  AVERAGE         51                        48      3       62

PRECIPITATION (IN)
  YESTERDAY        0.07          1.07 1964   0.12  -0.05     0.00
  MONTH TO DATE    1.42                      1.87  -0.45     0.99
  SINCE DEC 1      7.47                      7.82  -0.35     6.06
  SINCE JAN 1      4.50                      5.17  -0.67     3.42

DEGREE DAYS
 HEATING
  YESTERDAY       14                        17     -3        3
  MONTH TO DATE  242                       354   -112      210
  SINCE DEC 1   1596                      1632    -36     1224
  SINCE JUL 1   2029                      2080    -51     1575

 COOLING
  YESTERDAY        0                         0      0        0
  MONTH TO DATE   17                         0     17        9
  SINCE DEC 1     17                         4     13       10
  SINCE JAN 1     17                         2     15       10
..................................................................


WIND (MPH)
  HIGHEST WIND SPEED    10   HIGHEST WIND DIRECTION     E (90)
  HIGHEST GUST SPEED    12   HIGHEST GUST DIRECTION     E (110)
  AVERAGE WIND SPEED     5.2


SKY COVER
  POSSIBLE SUNSHINE  MM
  AVERAGE SKY COVER 1.0


WEATHER CONDITIONS
 THE FOLLOWING WEATHER WAS RECORDED YESTERDAY.
  LIGHT RAIN
  FOG
  HAZE


RELATIVE HUMIDITY (PERCENT)
 HIGHEST   100           600 AM
 LOWEST     63          1200 AM
 AVERAGE    82

..........................................................


THE FAYETTEVILLE REGL AIRPORT NC CLIMATE NORMALS FOR TODAY
                         NORMAL    RECORD    YEAR
 MAXIMUM TEMPERATURE (F)   60        82      2014
 MINIMUM TEMPERATURE (F)   36        10      2015


SUNRISE AND SUNSET
FEBRUARY 20 2018......SUNRISE   656 AM EST   SUNSET   603 PM EST
FEBRUARY 21 2018......SUNRISE   655 AM EST   SUNSET   604 PM EST


-  INDICATES NEGATIVE NUMBERS.
R  INDICATES RECORD WAS SET OR TIED.
MM INDICATES DATA IS MISSING.
T  INDICATES TRACE AMOUNT.

$$
