000
CDUS42 KRAH 210754
CLIFAY


CLIMATE REPORT
NATIONAL WEATHER SERVICE RALEIGH NC
351 AM EDT THU AUG 21 2014


...................................

...THE FAYETTEVILLE REGL AIRPORT NC CLIMATE SUMMARY FOR AUGUST 20 2014...

CLIMATE NORMAL PERIOD 1981 TO 2010
CLIMATE RECORD PERIOD 1910 TO 2014


WEATHER ITEM   OBSERVED TIME   RECORD YEAR NORMAL DEPARTURE LAST
                VALUE   (LST)  VALUE       VALUE  FROM      YEAR
                                                  NORMAL
..................................................................
TEMPERATURE (F)
 YESTERDAY
  MAXIMUM         92   1250 PM 102    2007  89      3       88
  MINIMUM         73    454 AM  57    1918  69      4       72
  AVERAGE         83                        79      4       80

PRECIPITATION (IN)
  YESTERDAY        0.00          3.00 1949   0.17  -0.17     0.04
  MONTH TO DATE    2.95                      3.71  -0.76     3.23
  SINCE JUN 1      7.50                     13.98  -6.48    18.91
  SINCE JAN 1     25.95                     29.65  -3.70    32.25

DEGREE DAYS
 HEATING
  YESTERDAY        0                         0      0        0
  MONTH TO DATE    0                         0      0        0
  SINCE JUN 1      0                         0      0        0
  SINCE JUL 1      0                         0      0        0

 COOLING
  YESTERDAY       18                        14      4       15
  MONTH TO DATE  270                       305    -35      291
  SINCE JUN 1   1211                      1208      3     1185
  SINCE JAN 1   1577                      1492     85     1434
..................................................................


WIND (MPH)
  HIGHEST WIND SPEED    15   HIGHEST WIND DIRECTION    SW (220)
  HIGHEST GUST SPEED    19   HIGHEST GUST DIRECTION    SW (220)
  AVERAGE WIND SPEED     4.3


SKY COVER
  POSSIBLE SUNSHINE  MM
  AVERAGE SKY COVER 0.1


WEATHER CONDITIONS
 THE FOLLOWING WEATHER WAS RECORDED YESTERDAY.
  THUNDERSTORM
  FOG


RELATIVE HUMIDITY (PERCENT)
 HIGHEST    94           700 AM
 LOWEST     56           100 PM
 AVERAGE    75

..........................................................


THE FAYETTEVILLE REGL AIRPORT NC CLIMATE NORMALS FOR TODAY
                         NORMAL    RECORD    YEAR
 MAXIMUM TEMPERATURE (F)   89       104      2007
 MINIMUM TEMPERATURE (F)   69        56      1957


SUNRISE AND SUNSET
AUGUST 21 2014........SUNRISE   640 AM EDT   SUNSET   757 PM EDT
AUGUST 22 2014........SUNRISE   641 AM EDT   SUNSET   755 PM EDT


-  INDICATES NEGATIVE NUMBERS.
R  INDICATES RECORD WAS SET OR TIED.
MM INDICATES DATA IS MISSING.
T  INDICATES TRACE AMOUNT.




$$
