000
CDUS42 KRAH 232051
CLIFAY


CLIMATE REPORT
NATIONAL WEATHER SERVICE RALEIGH NC
449 PM EDT SUN APR 23 2017


...................................

...THE FAYETTEVILLE REGL AIRPORT NC CLIMATE SUMMARY FOR APRIL 23 2017...
VALID TODAY AS OF 0449 PM LOCAL TIME.

CLIMATE NORMAL PERIOD 1981 TO 2010
CLIMATE RECORD PERIOD 1910 TO 2017


WEATHER ITEM   OBSERVED TIME   RECORD YEAR NORMAL DEPARTURE LAST
                VALUE   (LST)  VALUE       VALUE  FROM      YEAR
                                                  NORMAL
..................................................................
TEMPERATURE (F)
 TODAY
  MAXIMUM         64   1219 AM  93    1957  77    -13       79
  MINIMUM         59    346 PM  35    1927  52      7       59
  AVERAGE         62                        65     -3       69

PRECIPITATION (IN)
  TODAY            0.02          1.01 1997   0.09  -0.07     0.00
  MONTH TO DATE    1.21                      2.34  -1.13     2.16
  SINCE MAR 1      3.89                      5.89  -2.00     3.17
  SINCE JAN 1      7.31                     11.95  -4.64    11.01

DEGREE DAYS
 HEATING
  TODAY            3                         3      0        0
  MONTH TO DATE   38                       119    -81      139
  SINCE MAR 1    387                       463    -76      329
  SINCE JUL 1   2009                      2688   -679     2142

 COOLING
  TODAY            0                         3     -3        4
  MONTH TO DATE   99                        44     55       33
  SINCE MAR 1    135                        56     79       95
  SINCE JAN 1    150                        60     90       95
..................................................................


WIND (MPH)
  HIGHEST WIND SPEED    17   HIGHEST WIND DIRECTION    NE (60)
  HIGHEST GUST SPEED    24   HIGHEST GUST DIRECTION    NE (50)
  AVERAGE WIND SPEED    10.7


SKY COVER
  POSSIBLE SUNSHINE  MM
  AVERAGE SKY COVER 0.9


WEATHER CONDITIONS
 THE FOLLOWING WEATHER WAS RECORDED TODAY.
  LIGHT RAIN
  FOG
  HAZE


RELATIVE HUMIDITY (PERCENT)
 HIGHEST    90           200 AM
 LOWEST     78           900 AM
 AVERAGE    84

..........................................................


THE FAYETTEVILLE REGL AIRPORT NC CLIMATE NORMALS FOR TOMORROW
                         NORMAL    RECORD    YEAR
 MAXIMUM TEMPERATURE (F)   77        95      1925
 MINIMUM TEMPERATURE (F)   52        34      1986


SUNRISE AND SUNSET
APRIL 23 2017.........SUNRISE   633 AM EDT   SUNSET   755 PM EDT
APRIL 24 2017.........SUNRISE   632 AM EDT   SUNSET   756 PM EDT


-  INDICATES NEGATIVE NUMBERS.
R  INDICATES RECORD WAS SET OR TIED.
MM INDICATES DATA IS MISSING.
T  INDICATES TRACE AMOUNT.




$$
