000
CDUS42 KRAH 272150
CLIFAY


CLIMATE REPORT
NATIONAL WEATHER SERVICE RALEIGH NC
447 PM EST THU NOV 27 2014


...................................

...THE FAYETTEVILLE REGL AIRPORT NC CLIMATE SUMMARY FOR NOVEMBER 27 2014...
VALID TODAY AS OF 0447 PM LOCAL TIME.

CLIMATE NORMAL PERIOD 1981 TO 2010
CLIMATE RECORD PERIOD 1910 TO 2014


WEATHER ITEM   OBSERVED TIME   RECORD YEAR NORMAL DEPARTURE LAST
                VALUE   (LST)  VALUE       VALUE  FROM      YEAR
                                                  NORMAL
..................................................................
TEMPERATURE (F)
 TODAY
  MAXIMUM         54   1203 PM  81    1973  63     -9       69
  MINIMUM         37    217 AM  19    1950  40     -3       32
  AVERAGE         46                        51     -5       51

PRECIPITATION (IN)
  TODAY            0.00          0.74 1926   0.10  -0.10     0.54
  MONTH TO DATE    2.84                      2.50   0.34     2.54
  SINCE SEP 1     11.01                     10.11   0.90     4.52
  SINCE JAN 1     37.93                     41.54  -3.61    39.08

DEGREE DAYS
 HEATING
  TODAY           19                        14      5       14
  MONTH TO DATE  407                       277    130      336
  SINCE SEP 1    482                       404     78      439
  SINCE JUL 1    482                       404     78      439

 COOLING
  TODAY            0                         0      0        0
  MONTH TO DATE    7                        11     -4       13
  SINCE SEP 1    398                       349     49      359
  SINCE JAN 1   2139                      1989    150     1938
..................................................................


WIND (MPH)
  HIGHEST WIND SPEED    20   HIGHEST WIND DIRECTION    NW (330)
  HIGHEST GUST SPEED    25   HIGHEST GUST DIRECTION    NW (310)
  AVERAGE WIND SPEED     7.6


SKY COVER
  POSSIBLE SUNSHINE  MM
  AVERAGE SKY COVER 0.6


WEATHER CONDITIONS
 THE FOLLOWING WEATHER WAS RECORDED TODAY.
  FOG
  FOG W/VISIBILITY <= 1/4 MILE


RELATIVE HUMIDITY (PERCENT)
 HIGHEST   100          1200 AM
 LOWEST     54           100 PM
 AVERAGE    77

..........................................................


THE FAYETTEVILLE REGL AIRPORT NC CLIMATE NORMALS FOR TOMORROW
                         NORMAL    RECORD    YEAR
 MAXIMUM TEMPERATURE (F)   62        83      1973
 MINIMUM TEMPERATURE (F)   39        17      1930


SUNRISE AND SUNSET
NOVEMBER 27 2014......SUNRISE   701 AM EST   SUNSET   505 PM EST
NOVEMBER 28 2014......SUNRISE   702 AM EST   SUNSET   504 PM EST


-  INDICATES NEGATIVE NUMBERS.
R  INDICATES RECORD WAS SET OR TIED.
MM INDICATES DATA IS MISSING.
T  INDICATES TRACE AMOUNT.




$$
