000
CDUS42 KFFC 290816
CLIFFC


CLIMATE REPORT
NATIONAL WEATHER SERVICE PEACHTREE CITY GA
416 AM EDT SUN MAR 29 2015


...................................

...THE PEACHTREE CITY CLIMATE SUMMARY FOR MARCH 28 2015...

CLIMATE NORMAL PERIOD 1981 TO 2010
CLIMATE RECORD PERIOD 9999 TO 9999


WEATHER ITEM   OBSERVED TIME   RECORD YEAR NORMAL DEPARTURE LAST
                VALUE   (LST)  VALUE       VALUE  FROM      YEAR
                                                  NORMAL
..................................................................
TEMPERATURE (F)
 YESTERDAY
  MAXIMUM         54    428 PM  MM      MM  69    -15       61
  MINIMUM         36    949 PM  MM      MM  43     -7       53
  AVERAGE         45                        56    -11       57

PRECIPITATION (IN)
  YESTERDAY        0.00         MM      MM   0.15  -0.15     0.49
  MONTH TO DATE    2.41                      4.67  -2.26     4.01
  SINCE MAR 1      2.41                      4.67  -2.26     4.01
  SINCE JAN 1      9.59                     13.77  -4.18    10.35

SNOWFALL (IN)
  YESTERDAY       MM            MM      MM  MM     MM       MM
  MONTH TO DATE    0.0                      MM     MM        0.0
  SINCE MAR 1      0.0                      MM     MM        0.0
  SINCE JUL 1      T                        MM     MM        1.8
  SNOW DEPTH      MM

DEGREE DAYS
 HEATING
  YESTERDAY       20                         9     11        8
  MONTH TO DATE  233                       343   -110      391
  SINCE MAR 1    233                       343   -110      391
  SINCE JUL 1   2751                      2725     26     2921

 COOLING
  YESTERDAY        0                         0      0        0
  MONTH TO DATE    5                         0      5        0
  SINCE MAR 1      5                         0      5        0
  SINCE JAN 1      5                         0      5        0
..................................................................


WIND (MPH)
  RESULTANT WIND SPEED   9   RESULTANT WIND DIRECTION  NW (310)
  HIGHEST WIND SPEED    18   HIGHEST WIND DIRECTION    NW (320)
  HIGHEST GUST SPEED    26   HIGHEST GUST DIRECTION    NW (320)
  AVERAGE WIND SPEED     9.1


SKY COVER
  POSSIBLE SUNSHINE  MM
  AVERAGE SKY COVER 0.0


WEATHER CONDITIONS
 THE FOLLOWING WEATHER WAS RECORDED YESTERDAY.
  HAZE


RELATIVE HUMIDITY (PERCENT)
 HIGHEST    82           400 AM
 LOWEST     18           500 PM
 AVERAGE    50

..........................................................


THE PEACHTREE CITY CLIMATE NORMALS FOR TODAY
                         NORMAL    RECORD    YEAR
 MAXIMUM TEMPERATURE (F)   70        MM        MM
 MINIMUM TEMPERATURE (F)   43        MM        MM


SUNRISE AND SUNSET
MARCH 29 2015.........SUNRISE   730 AM EDT   SUNSET   756 PM EDT
MARCH 30 2015.........SUNRISE   729 AM EDT   SUNSET   757 PM EDT


-  INDICATES NEGATIVE NUMBERS.
R  INDICATES RECORD WAS SET OR TIED.
MM INDICATES DATA IS MISSING.
T  INDICATES TRACE AMOUNT.




$$
