130
CDUS42 KFFC 280815
CLIFFC


CLIMATE REPORT
NATIONAL WEATHER SERVICE PEACHTREE CITY GA
415 AM EDT SUN MAY 28 2017


...................................

...THE PEACHTREE CITY CLIMATE SUMMARY FOR MAY 27 2017...

CLIMATE NORMAL PERIOD 1981 TO 2010
CLIMATE RECORD PERIOD 9999 TO 9999


WEATHER ITEM   OBSERVED TIME   RECORD YEAR NORMAL DEPARTURE LAST
                VALUE   (LST)  VALUE       VALUE  FROM      YEAR
                                                  NORMAL
..................................................................
TEMPERATURE (F)
 YESTERDAY
  MAXIMUM         84    233 PM  MM      MM  84      0       MM
  MINIMUM         59    556 AM  MM      MM  60     -1       MM
  AVERAGE         72                        72      0       MM

PRECIPITATION (IN)
  YESTERDAY        0.00         MM      MM   0.13  -0.13    MM
  MONTH TO DATE    4.98                      2.81   2.17     0.56
  SINCE MAR 1      9.99                     11.84  -1.85     7.85
  SINCE JAN 1     20.24                     20.94  -0.70    19.12

SNOWFALL (IN)
  YESTERDAY        0.0          MM      MM  MM     MM       MM
  MONTH TO DATE    0.0                      MM     MM        0.0
  SINCE MAR 1      0.0                      MM     MM        0.0
  SINCE JUL 1      0.0                      MM     MM        0.2
  SNOW DEPTH       0

DEGREE DAYS
 HEATING
  YESTERDAY        0                         0      0       MM
  MONTH TO DATE   31                        31      0       27
  SINCE MAR 1    402                       568   -166      394
  SINCE JUL 1   2041                      2950   -909     2319

 COOLING
  YESTERDAY        7                         7      0       MM
  MONTH TO DATE  134                       122     12      103
  SINCE MAR 1    245                       158     87      152
  SINCE JAN 1    246                       158     88      152
..................................................................


WIND (MPH)
  RESULTANT WIND SPEED   2   RESULTANT WIND DIRECTION  SW (240)
  HIGHEST WIND SPEED    13   HIGHEST WIND DIRECTION    SW (240)
  HIGHEST GUST SPEED    19   HIGHEST GUST DIRECTION    SW (220)
  AVERAGE WIND SPEED     3.2


SKY COVER
  POSSIBLE SUNSHINE  MM
  AVERAGE SKY COVER 0.2


WEATHER CONDITIONS
 THE FOLLOWING WEATHER WAS RECORDED YESTERDAY.
  FOG


RELATIVE HUMIDITY (PERCENT)
 HIGHEST   100           100 AM
 LOWEST     55           100 PM
 AVERAGE    78

..........................................................


THE PEACHTREE CITY CLIMATE NORMALS FOR TODAY
                         NORMAL    RECORD    YEAR
 MAXIMUM TEMPERATURE (F)   84        MM        MM
 MINIMUM TEMPERATURE (F)   60        MM        MM


SUNRISE AND SUNSET
MAY 28 2017...........SUNRISE   631 AM EDT   SUNSET   841 PM EDT
MAY 29 2017...........SUNRISE   631 AM EDT   SUNSET   841 PM EDT


-  INDICATES NEGATIVE NUMBERS.
R  INDICATES RECORD WAS SET OR TIED.
MM INDICATES DATA IS MISSING.
T  INDICATES TRACE AMOUNT.




$$
