000
CDUS43 KLMK 200628
CLIFFT


CLIMATE REPORT
NATIONAL WEATHER SERVICE LOUISVILLE KY
127 AM EST SAT JAN 20 2018


...................................

...THE FRANKFORT KY CLIMATE SUMMARY FOR JANUARY 19 2018...

CLIMATE NORMAL PERIOD 1981 TO 2010
CLIMATE RECORD PERIOD 1895 TO 2018


WEATHER ITEM   OBSERVED TIME   RECORD YEAR NORMAL DEPARTURE LAST
                VALUE   (LST)  VALUE       VALUE  FROM      YEAR
                                                  NORMAL
..................................................................
TEMPERATURE (F)
 YESTERDAY
  MAXIMUM         41    405 PM  73    1929  42     -1       57
  MINIMUM         19    255 AM -27    1994  23     -4       34
  AVERAGE         30                        32     -2       46

PRECIPITATION (IN)
  YESTERDAY        0.00          1.23 1998   0.10  -0.10     0.36
  MONTH TO DATE    0.75                      2.15  -1.40     3.38
  SINCE DEC 1      2.58                      6.16  -3.58     8.85
  SINCE JAN 1      0.75                      2.15  -1.40     3.38

SNOWFALL (IN)
  YESTERDAY       MM            MM      MM  MM     MM       MM
  MONTH TO DATE   MM                        MM     MM       MM
  SINCE DEC 1     MM                        MM     MM       MM
  SINCE JUL 1     MM                        MM     MM       MM
  SNOW DEPTH      MM

DEGREE DAYS
 HEATING
  YESTERDAY       35                        33      2       19
  MONTH TO DATE  781                       627    154      504
  SINCE DEC 1   1708                      1548    160     1377
  SINCE JUL 1   2516                      2459     57     1995

 COOLING
  YESTERDAY        0                         0      0        0
  MONTH TO DATE    0                         0      0        0
  SINCE DEC 1      0                         0      0        0
  SINCE JAN 1      0                         0      0        0
..................................................................


WIND (MPH)
  HIGHEST WIND SPEED    15   HIGHEST WIND DIRECTION     S (200)
  HIGHEST GUST SPEED    22   HIGHEST GUST DIRECTION    SW (210)
  AVERAGE WIND SPEED    10.1


SKY COVER
  POSSIBLE SUNSHINE  MM
  AVERAGE SKY COVER 0.0


WEATHER CONDITIONS
 THE FOLLOWING WEATHER WAS RECORDED YESTERDAY.
  NO SIGNIFICANT WEATHER WAS OBSERVED.


RELATIVE HUMIDITY (PERCENT)
 HIGHEST    62          1200 AM
 LOWEST     40           200 PM
 AVERAGE    51

..........................................................


THE FRANKFORT KY CLIMATE NORMALS FOR TODAY
                         NORMAL    RECORD    YEAR
 MAXIMUM TEMPERATURE (F)   42        71      1906
 MINIMUM TEMPERATURE (F)   23       -27      1994


SUNRISE AND SUNSET
JANUARY 20 2018.......SUNRISE   753 AM EST   SUNSET   549 PM EST
JANUARY 21 2018.......SUNRISE   752 AM EST   SUNSET   550 PM EST


-  INDICATES NEGATIVE NUMBERS.
R  INDICATES RECORD WAS SET OR TIED.
MM INDICATES DATA IS MISSING.
T  INDICATES TRACE AMOUNT.




$$
