779
CDUS43 KFGF 062153
CLIFGF


CLIMATE REPORT
NATIONAL WEATHER SERVICE EASTERN NORTH DAKOTA/GRAND FORKS
449 PM CDT FRI MAY 6 2016


...................................

...THE GRAND FORKS UNIV. (NWS) ND CLIMATE SUMMARY FOR MAY 6 2016...
VALID TODAY AS OF 0400 PM LOCAL TIME.

CLIMATE NORMAL PERIOD 1981 TO 2010
CLIMATE RECORD PERIOD 1890 TO 2016


WEATHER ITEM   OBSERVED TIME   RECORD YEAR NORMAL DEPARTURE LAST
                VALUE   (LST)  VALUE       VALUE  FROM      YEAR
                                                  NORMAL
..................................................................
TEMPERATURE (F)
 TODAY
  MAXIMUM         72        MM  86    1992  65      7       64
  MINIMUM         61        MM  19    1976  40     21       59
  AVERAGE         67                        52     15       62

PRECIPITATION (IN)
  TODAY            0.00          1.96 2001   0.07  -0.07     0.23
  MONTH TO DATE    0.00                      0.39  -0.39     0.27
  SINCE MAR 1      2.79                      2.39   0.40     1.29
  SINCE JAN 1      3.44                      3.69  -0.25     1.82

SNOWFALL (IN)
  TODAY            0.0           3.0  1931   0.0    0.0      0.0
                                      1924
  MONTH TO DATE    0.0                       0.0    0.0      0.0
  SINCE MAR 1      2.3                       8.0   -5.7      3.0
  SINCE JUL 1     29.6                      43.3  -13.7     19.3
  SNOW DEPTH       0

DEGREE DAYS
 HEATING
  TODAY            0                        13    -13        3
  MONTH TO DATE   41                        83    -42       31
  SINCE MAR 1   1648                      1938   -290     1635
  SINCE JUL 1   7580                      8898  -1318     8484

 COOLING
  TODAY            2                         1      1        0
  MONTH TO DATE    9                         1      8        2
  SINCE MAR 1      9                         4      5        2
  SINCE JAN 1      9                         4      5        2
..................................................................


WIND (MPH)
  HIGHEST WIND SPEED    MM   HIGHEST WIND DIRECTION    MM
  HIGHEST GUST SPEED    MM   HIGHEST GUST DIRECTION    MM
  AVERAGE WIND SPEED    MM


SKY COVER
  POSSIBLE SUNSHINE  MM
  AVERAGE SKY COVER  MM


WEATHER CONDITIONS
 THE FOLLOWING WEATHER WAS RECORDED TODAY.
  NO SIGNIFICANT WEATHER WAS OBSERVED.


RELATIVE HUMIDITY (PERCENT)
 HIGHEST    MM
 LOWEST     MM
 AVERAGE    MM

..........................................................


THE GRAND FORKS UNIV. (NWS) ND CLIMATE NORMALS FOR TOMORROW
                         NORMAL    RECORD    YEAR
 MAXIMUM TEMPERATURE (F)   66        88      1953
                                             1928
 MINIMUM TEMPERATURE (F)   40        19      1976


SUNRISE AND SUNSET
MAY  6 2016...........SUNRISE   602 AM CDT   SUNSET   849 PM CDT
MAY  7 2016...........SUNRISE   600 AM CDT   SUNSET   850 PM CDT


-  INDICATES NEGATIVE NUMBERS.
R  INDICATES RECORD WAS SET OR TIED.
MM INDICATES DATA IS MISSING.
T  INDICATES TRACE AMOUNT.




$$
