000
CSUS97 KFGF 250644
CLIFGF


CLIMATE REPORT
NATIONAL WEATHER SERVICE EASTERN NORTH DAKOTA/GRAND FORKS
143 AM CDT FRI JUL 25 2014


...................................

...THE GRAND FORKS UNIV. (NWS) ND CLIMATE SUMMARY FOR JULY 24 2014...

CLIMATE NORMAL PERIOD 1981 TO 2010
CLIMATE RECORD PERIOD 1890 TO 2014


WEATHER ITEM   OBSERVED TIME   RECORD YEAR NORMAL DEPARTURE LAST
                VALUE   (LST)  VALUE       VALUE  FROM      YEAR
                                                  NORMAL
..................................................................
TEMPERATURE (F)
 YESTERDAY
  MAXIMUM         77        MM  97    1931  82     -5       82
  MINIMUM         59        MM  41    1913  59      0       55
  AVERAGE         68                        70     -2       69

PRECIPITATION (IN)
  YESTERDAY        T             2.06 2012   0.09  -0.09      T
  MONTH TO DATE    3.42                      2.54   0.88     1.39
  SINCE JUN 1     10.17                      6.28   3.89     4.17
  SINCE JAN 1     17.16                     12.33   4.83    12.38

SNOWFALL (IN)
  YESTERDAY        0.0           0.0  2002   0.0    0.0      0.0
                                      2001
  MONTH TO DATE    0.0                       0.0    0.0      0.0
  SINCE JUN 1      0.0                       0.0    0.0      0.0
  SINCE JUL 1      0.0                       0.0    0.0      0.0
  SNOW DEPTH       0

DEGREE DAYS
 HEATING
  YESTERDAY        0                         0      0        0
  MONTH TO DATE   30                        19     11        8
  SINCE JUN 1     82                       102    -20       83
  SINCE JUL 1     30                        19     11        8

 COOLING
  YESTERDAY        3                         6     -3        4
  MONTH TO DATE  105                       134    -29      176
  SINCE JUN 1    168                       225    -57      291
  SINCE JAN 1    223                       251    -28      300
..................................................................


WIND (MPH)
  RESULTANT WIND SPEED  MM   RESULTANT WIND DIRECTION  MM
  HIGHEST WIND SPEED    MM   HIGHEST WIND DIRECTION    MM
  HIGHEST GUST SPEED    MM   HIGHEST GUST DIRECTION    MM
  AVERAGE WIND SPEED    MM


SKY COVER
  POSSIBLE SUNSHINE  MM
  AVERAGE SKY COVER  MM


WEATHER CONDITIONS
 THE FOLLOWING WEATHER WAS RECORDED YESTERDAY.
  NO SIGNIFICANT WEATHER WAS OBSERVED.


RELATIVE HUMIDITY (PERCENT)
 HIGHEST    MM
 LOWEST     MM
 AVERAGE    MM

..........................................................


THE GRAND FORKS UNIV. (NWS) ND CLIMATE NORMALS FOR TODAY
                         NORMAL    RECORD    YEAR
 MAXIMUM TEMPERATURE (F)   82       103      1931
 MINIMUM TEMPERATURE (F)   59        41      1905


SUNRISE AND SUNSET
JULY 25 2014..........SUNRISE   556 AM CDT   SUNSET   913 PM CDT
JULY 26 2014..........SUNRISE   557 AM CDT   SUNSET   912 PM CDT


-  INDICATES NEGATIVE NUMBERS.
R  INDICATES RECORD WAS SET OR TIED.
MM INDICATES DATA IS MISSING.
T  INDICATES TRACE AMOUNT.




$$
