177
CDUS43 KFGF 300644
CLIFGF


CLIMATE REPORT
NATIONAL WEATHER SERVICE EASTERN NORTH DAKOTA/GRAND FORKS
141 AM CDT MON MAY 30 2016


...................................

...THE GRAND FORKS UNIV. (NWS) ND CLIMATE SUMMARY FOR MAY 29 2016...

CLIMATE NORMAL PERIOD 1981 TO 2010
CLIMATE RECORD PERIOD 1890 TO 2016


WEATHER ITEM   OBSERVED TIME   RECORD YEAR NORMAL DEPARTURE LAST
                VALUE   (LST)  VALUE       VALUE  FROM      YEAR
                                                  NORMAL
..................................................................
TEMPERATURE (F)
 YESTERDAY
  MAXIMUM         76        MM  96    1939  72      4       61
  MINIMUM         56        MM  30    1961  48      8       39
  AVERAGE         66                        60      6       50

PRECIPITATION (IN)
  YESTERDAY        0.06          1.50 1899   0.11  -0.05      T
  MONTH TO DATE    2.00                      2.53  -0.53     4.35
  SINCE MAR 1      4.79                      4.53   0.26     5.37
  SINCE JAN 1      5.44                      5.83  -0.39     5.90

SNOWFALL (IN)
  YESTERDAY        0.0           T    1954   0.0    0.0      0.0
  MONTH TO DATE    T                         0.1   -0.1       T
  SINCE MAR 1      2.3                       8.1   -5.8      3.0
  SINCE JUL 1     29.6                      43.4  -13.8     19.3
  SNOW DEPTH       0

DEGREE DAYS
 HEATING
  YESTERDAY        0                         6     -6       15
  MONTH TO DATE  189                       298   -109      317
  SINCE MAR 1   1796                      2153   -357     1921
  SINCE JUL 1   7728                      9113  -1385     8770

 COOLING
  YESTERDAY        1                         1      0        0
  MONTH TO DATE   23                        24     -1       11
  SINCE MAR 1     23                        27     -4       11
  SINCE JAN 1     23                        27     -4       11
..................................................................


WIND (MPH)
  RESULTANT WIND SPEED  MM   RESULTANT WIND DIRECTION  MM
  HIGHEST WIND SPEED    MM   HIGHEST WIND DIRECTION    MM
  HIGHEST GUST SPEED    MM   HIGHEST GUST DIRECTION    MM
  AVERAGE WIND SPEED    MM


SKY COVER
  POSSIBLE SUNSHINE  MM
  AVERAGE SKY COVER  MM


WEATHER CONDITIONS
 THE FOLLOWING WEATHER WAS RECORDED YESTERDAY.
  LIGHT RAIN


RELATIVE HUMIDITY (PERCENT)
 HIGHEST    MM
 LOWEST     MM
 AVERAGE    MM

..........................................................


THE GRAND FORKS UNIV. (NWS) ND CLIMATE NORMALS FOR TODAY
                         NORMAL    RECORD    YEAR
 MAXIMUM TEMPERATURE (F)   72       105      1934
 MINIMUM TEMPERATURE (F)   49        30      1910


SUNRISE AND SUNSET
MAY 30 2016...........SUNRISE   534 AM CDT   SUNSET   918 PM CDT
MAY 31 2016...........SUNRISE   534 AM CDT   SUNSET   919 PM CDT


-  INDICATES NEGATIVE NUMBERS.
R  INDICATES RECORD WAS SET OR TIED.
MM INDICATES DATA IS MISSING.
T  INDICATES TRACE AMOUNT.




$$
