000
CDUS43 KFGF 270636
CLIFGF


CLIMATE REPORT
NATIONAL WEATHER SERVICE EASTERN NORTH DAKOTA/GRAND FORKS
135 AM CDT THU AUG 27 2015


...................................

...THE GRAND FORKS UNIV. (NWS) ND CLIMATE SUMMARY FOR AUGUST 26 2015...

CLIMATE NORMAL PERIOD 1981 TO 2010
CLIMATE RECORD PERIOD 1890 TO 2015


WEATHER ITEM   OBSERVED TIME   RECORD YEAR NORMAL DEPARTURE LAST
                VALUE   (LST)  VALUE       VALUE  FROM      YEAR
                                                  NORMAL
..................................................................
TEMPERATURE (F)
 YESTERDAY
  MAXIMUM         75        MM  97    1953  78     -3       69
  MINIMUM         48        MM  34    1916  54     -6       46
  AVERAGE         62                        66     -4       58

PRECIPITATION (IN)
  YESTERDAY        0.00          3.27   MM   0.10  -0.10     0.00
  MONTH TO DATE    2.49                      2.65  -0.16     3.11
  SINCE JUN 1      9.76                      9.56   0.20    13.30
  SINCE JAN 1     15.66                     15.61   0.05    20.29

SNOWFALL (IN)
  YESTERDAY        0.0           0.0  2007   0.0    0.0      0.0
  MONTH TO DATE    0.0                       0.0    0.0      0.0
  SINCE JUN 1      0.0                       0.0    0.0      0.0
  SINCE JUL 1      0.0                       0.0    0.0      0.0
  SNOW DEPTH       0

DEGREE DAYS
 HEATING
  YESTERDAY        3                         2      1        7
  MONTH TO DATE   36                        31      5       16
  SINCE JUN 1     94                       137    -43      100
  SINCE JUL 1     48                        54     -6       48

 COOLING
  YESTERDAY        0                         3     -3        0
  MONTH TO DATE  125                       130     -5      118
  SINCE JUN 1    445                       392     53      305
  SINCE JAN 1    456                       418     38      360
..................................................................


WIND (MPH)
  RESULTANT WIND SPEED  MM   RESULTANT WIND DIRECTION  MM
  HIGHEST WIND SPEED    MM   HIGHEST WIND DIRECTION    MM
  HIGHEST GUST SPEED    MM   HIGHEST GUST DIRECTION    MM
  AVERAGE WIND SPEED    MM


SKY COVER
  POSSIBLE SUNSHINE  MM
  AVERAGE SKY COVER  MM


WEATHER CONDITIONS
 THE FOLLOWING WEATHER WAS RECORDED YESTERDAY.
  NO SIGNIFICANT WEATHER WAS OBSERVED.


RELATIVE HUMIDITY (PERCENT)
 HIGHEST    MM
 LOWEST     MM
 AVERAGE    MM

..........................................................


THE GRAND FORKS UNIV. (NWS) ND CLIMATE NORMALS FOR TODAY
                         NORMAL    RECORD    YEAR
 MAXIMUM TEMPERATURE (F)   78        97      1991
 MINIMUM TEMPERATURE (F)   54        34      1982


SUNRISE AND SUNSET
AUGUST 27 2015........SUNRISE   639 AM CDT   SUNSET   819 PM CDT
AUGUST 28 2015........SUNRISE   641 AM CDT   SUNSET   818 PM CDT


-  INDICATES NEGATIVE NUMBERS.
R  INDICATES RECORD WAS SET OR TIED.
MM INDICATES DATA IS MISSING.
T  INDICATES TRACE AMOUNT.




$$
