000
CDUS43 KFGF 250719
CLIFGF


CLIMATE REPORT
NATIONAL WEATHER SERVICE EASTERN NORTH DAKOTA/GRAND FORKS
114 AM CST SUN JAN 25 2015


...................................

...THE GRAND FORKS UNIV. (NWS) ND CLIMATE SUMMARY FOR JANUARY 24 2015...

CLIMATE NORMAL PERIOD 1981 TO 2010
CLIMATE RECORD PERIOD 1890 TO 2015


WEATHER ITEM   OBSERVED TIME   RECORD YEAR NORMAL DEPARTURE LAST
                VALUE   (LST)  VALUE       VALUE  FROM      YEAR
                                                  NORMAL
..................................................................
TEMPERATURE (F)
 YESTERDAY
  MAXIMUM         36        MM  47    1981  17     19       33
  MINIMUM         20        MM -32    1936  -1     21        2
                                      1920
  AVERAGE         28                         8     20       18

PRECIPITATION (IN)
  YESTERDAY        0.00          0.56   MM   0.02  -0.02      T
  MONTH TO DATE    0.27                      0.57  -0.30     0.40
  SINCE DEC 1      0.40                      1.22  -0.82     1.09
  SINCE JAN 1      0.27                      0.57  -0.30     0.40

SNOWFALL (IN)
  YESTERDAY        0.0           5.3    MM   0.3   -0.3      0.4
  MONTH TO DATE    6.0                       8.4   -2.4     13.4
  SINCE DEC 1      7.8                      19.3  -11.5     36.2
  SINCE JUL 1     11.6                      26.4  -14.8     37.8
  SNOW DEPTH       T

DEGREE DAYS
 HEATING
  YESTERDAY       37                        57    -20       47
  MONTH TO DATE 1297                      1389    -92     1470
  SINCE DEC 1   2730                      3026   -296     3458
  SINCE JUL 1   4850                      5120   -270     5509

 COOLING
  YESTERDAY        0                         0      0        0
  MONTH TO DATE    0                         0      0        0
  SINCE DEC 1      0                         0      0        0
  SINCE JAN 1      0                         0      0        0
..................................................................


WIND (MPH)
  RESULTANT WIND SPEED  MM   RESULTANT WIND DIRECTION  MM
  HIGHEST WIND SPEED    MM   HIGHEST WIND DIRECTION    MM
  HIGHEST GUST SPEED    MM   HIGHEST GUST DIRECTION    MM
  AVERAGE WIND SPEED    MM


SKY COVER
  POSSIBLE SUNSHINE  MM
  AVERAGE SKY COVER  MM


WEATHER CONDITIONS
 THE FOLLOWING WEATHER WAS RECORDED YESTERDAY.
  NO SIGNIFICANT WEATHER WAS OBSERVED.


RELATIVE HUMIDITY (PERCENT)
 HIGHEST    MM
 LOWEST     MM
 AVERAGE    MM

..........................................................


THE GRAND FORKS UNIV. (NWS) ND CLIMATE NORMALS FOR TODAY
                         NORMAL    RECORD    YEAR
 MAXIMUM TEMPERATURE (F)   17        44      1973
 MINIMUM TEMPERATURE (F)   -1       -30      1915


SUNRISE AND SUNSET
JANUARY 25 2015.......SUNRISE   804 AM CST   SUNSET   518 PM CST
JANUARY 26 2015.......SUNRISE   803 AM CST   SUNSET   519 PM CST


-  INDICATES NEGATIVE NUMBERS.
R  INDICATES RECORD WAS SET OR TIED.
MM INDICATES DATA IS MISSING.
T  INDICATES TRACE AMOUNT.




$$
