000
CDUS43 KFGF 260637
CLIFGF


CLIMATE REPORT
NATIONAL WEATHER SERVICE EASTERN NORTH DAKOTA/GRAND FORKS
137 AM CDT TUE MAY 26 2015


...................................

...THE GRAND FORKS UNIV. (NWS) ND CLIMATE SUMMARY FOR MAY 25 2015...

CLIMATE NORMAL PERIOD 1981 TO 2010
CLIMATE RECORD PERIOD 1890 TO 2015


WEATHER ITEM   OBSERVED TIME   RECORD YEAR NORMAL DEPARTURE LAST
                VALUE   (LST)  VALUE       VALUE  FROM      YEAR
                                                  NORMAL
..................................................................
TEMPERATURE (F)
 YESTERDAY
  MAXIMUM         74        MM  90    1980  71      3       84
                                      1959
  MINIMUM         56        MM  30    1924  47      9       59
                                      1905
  AVERAGE         65                        59      6       72

PRECIPITATION (IN)
  YESTERDAY        0.00          0.92 2009   0.10  -0.10     0.41
  MONTH TO DATE    4.01                      2.10   1.91     2.26
  SINCE MAR 1      5.03                      4.10   0.93     6.01
  SINCE JAN 1      5.56                      5.40   0.16     6.74

SNOWFALL (IN)
  YESTERDAY        0.0           0.0  2002   0.0    0.0      0.0
                                      2001
  MONTH TO DATE    T                         0.1   -0.1      0.0
  SINCE MAR 1      3.0                       8.1   -5.1     14.6
  SINCE JUL 1     19.3                      43.4  -24.1     60.3
  SNOW DEPTH       0

DEGREE DAYS
 HEATING
  YESTERDAY        0                         7     -7        0
  MONTH TO DATE  302                       272     30      372
  SINCE MAR 1   1906                      2127   -221     2623
  SINCE JUL 1   8755                      9087   -332    10369

 COOLING
  YESTERDAY        0                         1     -1        7
  MONTH TO DATE    2                        20    -18       18
  SINCE MAR 1      2                        23    -21       18
  SINCE JAN 1      2                        23    -21       18
..................................................................


WIND (MPH)
  RESULTANT WIND SPEED  MM   RESULTANT WIND DIRECTION  MM
  HIGHEST WIND SPEED    MM   HIGHEST WIND DIRECTION    MM
  HIGHEST GUST SPEED    MM   HIGHEST GUST DIRECTION    MM
  AVERAGE WIND SPEED    MM


SKY COVER
  POSSIBLE SUNSHINE  MM
  AVERAGE SKY COVER  MM


WEATHER CONDITIONS
 THE FOLLOWING WEATHER WAS RECORDED YESTERDAY.
  NO SIGNIFICANT WEATHER WAS OBSERVED.


RELATIVE HUMIDITY (PERCENT)
 HIGHEST    MM
 LOWEST     MM
 AVERAGE    MM

..........................................................


THE GRAND FORKS UNIV. (NWS) ND CLIMATE NORMALS FOR TODAY
                         NORMAL    RECORD    YEAR
 MAXIMUM TEMPERATURE (F)   71        92      1931
 MINIMUM TEMPERATURE (F)   47        31      2011
                                             1993
                                             1984


SUNRISE AND SUNSET
MAY 26 2015...........SUNRISE   538 AM CDT   SUNSET   913 PM CDT
MAY 27 2015...........SUNRISE   537 AM CDT   SUNSET   914 PM CDT


-  INDICATES NEGATIVE NUMBERS.
R  INDICATES RECORD WAS SET OR TIED.
MM INDICATES DATA IS MISSING.
T  INDICATES TRACE AMOUNT.




$$
