318
CDUS45 KFGZ 160807
CLIFLG
CLIMATE REPORT
NATIONAL WEATHER SERVICE FLAGSTAFF, AZ
105 AM MST WED AUG 16 2017


...................................

...THE FLAGSTAFF AZ AIRPORT CLIMATE SUMMARY FOR AUGUST 15 2017...

CLIMATE NORMAL PERIOD 1981 TO 2010
CLIMATE RECORD PERIOD 1898 TO 2017


WEATHER ITEM   OBSERVED TIME   RECORD YEAR NORMAL DEPARTURE LAST
                VALUE   (LST)  VALUE       VALUE  FROM      YEAR
                                                  NORMAL
..................................................................
TEMPERATURE (F)
 YESTERDAY
  MAXIMUM         68    526 PM  88    1962  79    -11       83
                                      1939
  MINIMUM         44   1156 PM  33    1968  51     -7       49
  AVERAGE         56                        64     -8

PRECIPITATION (IN)
  YESTERDAY        0.00          1.10 1921   0.10  -0.10     0.02
  MONTH TO DATE    2.40                      1.59   0.81     3.23
  SINCE SEP 1     25.30                     20.34   4.96    22.91
  SINCE JAN 1     16.69                     12.67   4.02    14.08

SNOWFALL (IN)
  YESTERDAY        0.0           0.0         0.0             0.0
  MONTH TO DATE    0.0                       0.0             0.0
  SINCE JUL 1      0.0                       0.0             0.0
  SNOW DEPTH       0

DEGREE DAYS
 HEATING
  YESTERDAY        9                         2      7        0
  MONTH TO DATE   24                        17      7       12
  SINCE JUL 1     27                        49    -22       22

 COOLING
  YESTERDAY        0                         1     -1        1
  MONTH TO DATE   11                        22    -11        5
  SINCE JAN 1    168                       103     65      129
..................................................................


WIND (MPH)
  HIGHEST WIND SPEED    23   HIGHEST WIND DIRECTION    SW (230)
  HIGHEST GUST SPEED    29   HIGHEST GUST DIRECTION    SW (220)
  AVERAGE WIND SPEED     7.3


SKY COVER
  POSSIBLE SUNSHINE  MM
  AVERAGE SKY COVER 0.1


WEATHER CONDITIONS
 THE FOLLOWING WEATHER WAS RECORDED YESTERDAY.
  NO SIGNIFICANT WEATHER WAS OBSERVED.


RELATIVE HUMIDITY (PERCENT)
 HIGHEST    83           100 AM
 LOWEST     28           400 PM
 AVERAGE    56

..........................................................


THE FLAGSTAFF AZ AIRPORT CLIMATE NORMALS FOR TODAY
                         NORMAL    RECORD    YEAR
 MAXIMUM TEMPERATURE (F)   78        89      1939
 MINIMUM TEMPERATURE (F)   50        37      1968


SUNRISE AND SUNSET
AUGUST 16 2017........SUNRISE   548 AM MST   SUNSET   714 PM MST
AUGUST 17 2017........SUNRISE   548 AM MST   SUNSET   712 PM MST


-  INDICATES NEGATIVE NUMBERS.
R  INDICATES RECORD WAS SET OR TIED.
MM INDICATES DATA IS MISSING.
T  INDICATES TRACE AMOUNT.



$$
&&

-------------------------------------------------------------------
SNOW DEPTH DATA FOR FLAGSTAFF AIRPORT IS REPORTED AT 5 AM MST


-------------------------------------------------------------------
SUPPLEMENTARY CLIMATE DATA FOR NWS BELLEMONT, ARIZONA

SNOW DEPTH (IN) AT 11 AM...................................0.0
WATER EQUIVALENT OF SNOW PACK (IN) AT 11 AM*...............
* ONLY MEASURED IF SNOW DEPTH IS 2.0 INCHES OR GREATER
-------------------------------------------------------------------
