000
CDUS45 KFGZ 230911
CLIFLG
CLIMATE REPORT
NATIONAL WEATHER SERVICE FLAGSTAFF, AZ
100 AM MST MON OCT 23 2017


...................................

...THE FLAGSTAFF AZ AIRPORT CLIMATE SUMMARY FOR OCTOBER 22 2017...

CLIMATE NORMAL PERIOD 1981 TO 2010
CLIMATE RECORD PERIOD 1898 TO 2017


WEATHER ITEM   OBSERVED TIME   RECORD YEAR NORMAL DEPARTURE LAST
                VALUE   (LST)  VALUE       VALUE  FROM      YEAR
                                                  NORMAL
..................................................................
TEMPERATURE (F)
 YESTERDAY
  MAXIMUM         71    251 PM  76    2003  60     11       71
  MINIMUM         25    652 AM   9    1906  30     -5       35
  AVERAGE         48                        45      3

PRECIPITATION (IN)
  YESTERDAY        0.00          0.60 2000   0.05  -0.05     0.00
  MONTH TO DATE    0.00                      1.20  -1.20     0.36
  SINCE SEP 1      0.42                      3.58  -3.16     1.90
  SINCE JAN 1     18.00                     17.77   0.23    19.09

SNOWFALL (IN)
  YESTERDAY        0.0           0.8  1941   0.1             0.0
  MONTH TO DATE    0.0                       0.7             0.0
  SINCE JUL 1      0.0                       0.7             0.0
  SNOW DEPTH       0

DEGREE DAYS
 HEATING
  YESTERDAY       17                        20     -3       12
  MONTH TO DATE  323                       369    -46      323
  SINCE JUL 1    625                       686    -61      662

 COOLING
  YESTERDAY        0                         0      0        0
  MONTH TO DATE    0                         0      0        0
  SINCE JAN 1    184                       117     67      131
..................................................................


WIND (MPH)
  HIGHEST WIND SPEED    13   HIGHEST WIND DIRECTION     E (90)
  HIGHEST GUST SPEED    16   HIGHEST GUST DIRECTION     E (80)
  AVERAGE WIND SPEED     3.0


SKY COVER
  POSSIBLE SUNSHINE  MM
  AVERAGE SKY COVER 0.0


WEATHER CONDITIONS
 THE FOLLOWING WEATHER WAS RECORDED YESTERDAY.
  HAZE


RELATIVE HUMIDITY (PERCENT)
 HIGHEST    55           500 AM
 LOWEST     12           300 PM
 AVERAGE    34

..........................................................


THE FLAGSTAFF AZ AIRPORT CLIMATE NORMALS FOR TODAY
                         NORMAL    RECORD    YEAR
 MAXIMUM TEMPERATURE (F)   60        76      2003
 MINIMUM TEMPERATURE (F)   29        10      1906


SUNRISE AND SUNSET
OCTOBER 23 2017.......SUNRISE   640 AM MST   SUNSET   541 PM MST
OCTOBER 24 2017.......SUNRISE   641 AM MST   SUNSET   540 PM MST


-  INDICATES NEGATIVE NUMBERS.
R  INDICATES RECORD WAS SET OR TIED.
MM INDICATES DATA IS MISSING.
T  INDICATES TRACE AMOUNT.




$$
&&

-------------------------------------------------------------------
SNOW DEPTH DATA FOR FLAGSTAFF AIRPORT IS REPORTED AT 5 AM MST


-------------------------------------------------------------------
SUPPLEMENTARY CLIMATE DATA FOR NWS BELLEMONT, ARIZONA

SNOW DEPTH (IN) AT 11 AM...................................0.0
WATER EQUIVALENT OF SNOW PACK (IN) AT 11 AM*...............
* ONLY MEASURED IF SNOW DEPTH IS 2.0 INCHES OR GREATER
-------------------------------------------------------------------
