000
CDUS45 KFGZ 280059
CLIFLG
CLIMATE REPORT
NATIONAL WEATHER SERVICE FLAGSTAFF, AZ
559 PM MST TUE JAN 27 2015


...................................

...THE FLAGSTAFF AZ AIRPORT CLIMATE SUMMARY FOR JANUARY 27 2015...
VALID TODAY AS OF 0500 PM LOCAL TIME.

CLIMATE NORMAL PERIOD 1981 TO 2010
CLIMATE RECORD PERIOD 1898 TO 2015


WEATHER ITEM   OBSERVED TIME   RECORD YEAR NORMAL DEPARTURE LAST
                VALUE   (LST)  VALUE       VALUE  FROM      YEAR
                                                  NORMAL
..................................................................
TEMPERATURE (F)
 TODAY
  MAXIMUM         50    409 PM  61    2003  43      7       54
  MINIMUM         36    757 AM -13    1979  18     18       26
  AVERAGE         43                        30     13       40

PRECIPITATION (IN)
  TODAY            0.04          1.81 1916   0.06  -0.02     0.00
  MONTH TO DATE    1.09                      1.79  -0.70     0.00
  SINCE SEP 1      8.92                      9.46  -0.54     7.11
  SINCE JAN 1      1.09                      1.79  -0.70     0.00

SNOWFALL (IN)
  TODAY           MM            16.0  1916   0.9   MM        0.0
  MONTH TO DATE   10.7                      20.0   -9.3      0.0
  SINCE SEP 1     29.7                      49.1  -19.4     29.9
  SNOW DEPTH       0

DEGREE DAYS
 HEATING
  TODAY           22                        35    -13       25
  MONTH TO DATE  848                       951   -103      795
  SINCE JUL 1   3243                      3779   -536     3708

 COOLING
  TODAY            0                         0      0        0
  MONTH TO DATE    0                         0      0        0
  SINCE JAN 1      0                         0      0        0
..................................................................


WIND (MPH)
  HIGHEST WIND SPEED    17   HIGHEST WIND DIRECTION     S (200)
  HIGHEST GUST SPEED    24   HIGHEST GUST DIRECTION    SW (210)
  AVERAGE WIND SPEED     7.3


SKY COVER
  POSSIBLE SUNSHINE  MM
  AVERAGE SKY COVER 0.7


WEATHER CONDITIONS
 THE FOLLOWING WEATHER WAS RECORDED TODAY.
  LIGHT RAIN
  FOG
  HAZE


RELATIVE HUMIDITY (PERCENT)
 HIGHEST    92           600 AM
 LOWEST     46           400 PM
 AVERAGE    69

..........................................................


THE FLAGSTAFF AZ AIRPORT CLIMATE NORMALS FOR TOMORROW
                         NORMAL    RECORD    YEAR
 MAXIMUM TEMPERATURE (F)   43        63      1986
 MINIMUM TEMPERATURE (F)   18       -13      1918


SUNRISE AND SUNSET
JANUARY 27 2015.......SUNRISE   729 AM MST   SUNSET   550 PM MST
JANUARY 28 2015.......SUNRISE   729 AM MST   SUNSET   551 PM MST


-  INDICATES NEGATIVE NUMBERS.
R  INDICATES RECORD WAS SET OR TIED.
MM INDICATES DATA IS MISSING.
T  INDICATES TRACE AMOUNT.




$$


&&

-------------------------------------------------------------------
SNOW DEPTH DATA FOR FLAGSTAFF AIRPORT IS REPORTED AT 5 AM MST


-------------------------------------------------------------------
SUPPLEMENTARY CLIMATE DATA FOR NWS BELLEMONT, ARIZONA

SNOW DEPTH (IN) AT 11 AM........................................0
WATER EQUIVALENT OF SNOW PACK (IN) AT 11 AM*....................
* ONLY MEASURED IF SNOW DEPTH IS 2.0 INCHES OR GREATER
-------------------------------------------------------------------
