000
CDUS45 KFGZ 030054
CLIFLG
CLIMATE REPORT
NATIONAL WEATHER SERVICE FLAGSTAFF, AZ
553 PM MST MON MAY 2 2016


...................................

...THE FLAGSTAFF AZ AIRPORT CLIMATE SUMMARY FOR MAY 2 2016...
VALID TODAY AS OF 0500 PM LOCAL TIME.

CLIMATE NORMAL PERIOD 1981 TO 2010
CLIMATE RECORD PERIOD 1898 TO 2016


WEATHER ITEM   OBSERVED TIME   RECORD YEAR NORMAL DEPARTURE LAST
                VALUE   (LST)  VALUE       VALUE  FROM      YEAR
                                                  NORMAL
..................................................................
TEMPERATURE (F)
 TODAY
  MAXIMUM         54    147 PM  84    1947  63     -9       72
  MINIMUM         27    621 AM  13    1915  32     -5       40
  AVERAGE         41                        48     -7       56

PRECIPITATION (IN)
  TODAY            0.03          0.75 1901   0.02   0.01     0.00
  MONTH TO DATE    0.65                      0.05   0.60     0.00
  SINCE SEP 1     14.93                     15.20  -0.27    16.96
  SINCE JAN 1      6.10                      7.53  -1.43     9.13

SNOWFALL (IN)
  TODAY            0.0           7.5  1901   0.1   -0.1      0.0
  MONTH TO DATE    1.3                       0.2    1.1      0.0
  SINCE SEP 1     77.7                     101.2  -23.5     57.0
  SNOW DEPTH       0

DEGREE DAYS
 HEATING
  TODAY           24                        17      7        9
  MONTH TO DATE   51                        34     17       17
  SINCE JUL 1   6133                      6390   -257     5417

 COOLING
  TODAY            0                         0      0        0
  MONTH TO DATE    0                         0      0        0
  SINCE JAN 1      0                         0      0        0
..................................................................


WIND (MPH)
  HIGHEST WIND SPEED    16   HIGHEST WIND DIRECTION     E (70)
  HIGHEST GUST SPEED    23   HIGHEST GUST DIRECTION     E (80)
  AVERAGE WIND SPEED     3.7


SKY COVER
  POSSIBLE SUNSHINE  MM
  AVERAGE SKY COVER 0.7


WEATHER CONDITIONS
 THE FOLLOWING WEATHER WAS RECORDED TODAY.
  LIGHT RAIN
  FOG


RELATIVE HUMIDITY (PERCENT)
 HIGHEST   100          1200 AM
 LOWEST     50           200 PM
 AVERAGE    75

..........................................................


THE FLAGSTAFF AZ AIRPORT CLIMATE NORMALS FOR TOMORROW
                         NORMAL    RECORD    YEAR
 MAXIMUM TEMPERATURE (F)   64        88      1947
 MINIMUM TEMPERATURE (F)   33         7      1915


SUNRISE AND SUNSET
MAY  2 2016...........SUNRISE   534 AM MST   SUNSET   714 PM MST
MAY  3 2016...........SUNRISE   533 AM MST   SUNSET   714 PM MST


-  INDICATES NEGATIVE NUMBERS.
R  INDICATES RECORD WAS SET OR TIED.
MM INDICATES DATA IS MISSING.
T  INDICATES TRACE AMOUNT.




$$
&&

-------------------------------------------------------------------
SNOW DEPTH DATA FOR FLAGSTAFF AIRPORT IS REPORTED AT 5 AM MST


-------------------------------------------------------------------
SUPPLEMENTARY CLIMATE DATA FOR NWS BELLEMONT, ARIZONA

SNOW DEPTH (IN) AT 11 AM........................................0
WATER EQUIVALENT OF SNOW PACK (IN) AT 11 AM*....................
* ONLY MEASURED IF SNOW DEPTH IS 2.0 INCHES OR GREATER
-------------------------------------------------------------------
