000
CDUS45 KFGZ 290746
CLIFLG
CLIMATE REPORT
NATIONAL WEATHER SERVICE FLAGSTAFF, AZ
1245 AM MST THU JUN 29 2017


...................................

...THE FLAGSTAFF AZ AIRPORT CLIMATE SUMMARY FOR JUNE 28 2017...

CLIMATE NORMAL PERIOD 1981 TO 2010
CLIMATE RECORD PERIOD 1898 TO 2017


WEATHER ITEM   OBSERVED TIME   RECORD YEAR NORMAL DEPARTURE LAST
                VALUE   (LST)  VALUE       VALUE  FROM      YEAR
                                                  NORMAL
..................................................................
TEMPERATURE (F)
 YESTERDAY
  MAXIMUM         82    503 PM  96    2013  81      1       78
  MINIMUM         39    532 AM  30    1965  46     -7       54
                                      1941
  AVERAGE         61                        64     -3

PRECIPITATION (IN)
  YESTERDAY        0.00          0.66 1938   0.02  -0.02     0.39
  MONTH TO DATE    0.17                      0.32  -0.15     1.14
  SINCE SEP 1     18.42                     16.10   2.32    16.99
  SINCE JAN 1      9.81                      8.43   1.38     8.16

SNOWFALL (IN)
  YESTERDAY        0.0           0.0  2002   0.0             0.0
                                      2001
                                      1999
  MONTH TO DATE    0.0                       0.1             0.0
  SINCE JUL 1     96.7                     101.8            78.3
  SNOW DEPTH       0

DEGREE DAYS
 HEATING
  YESTERDAY        4                         3      1        0
  MONTH TO DATE   73                       166    -93       67
  SINCE JUL 1   6297                      6939   -642     6656

 COOLING
  YESTERDAY        0                         1     -1        1
  MONTH TO DATE   66                        11     55       50
  SINCE JAN 1     66                        11     55       50
..................................................................


WIND (MPH)
  HIGHEST WIND SPEED    32   HIGHEST WIND DIRECTION    SW (220)
  HIGHEST GUST SPEED    40   HIGHEST GUST DIRECTION     S (200)
  AVERAGE WIND SPEED    11.2


SKY COVER
  POSSIBLE SUNSHINE  MM
  AVERAGE SKY COVER 0.0


WEATHER CONDITIONS
 THE FOLLOWING WEATHER WAS RECORDED YESTERDAY.
  NO SIGNIFICANT WEATHER WAS OBSERVED.


RELATIVE HUMIDITY (PERCENT)
 HIGHEST    33           500 AM
 LOWEST      8           700 PM
 AVERAGE    21

..........................................................


THE FLAGSTAFF AZ AIRPORT CLIMATE NORMALS FOR TODAY
                         NORMAL    RECORD    YEAR
 MAXIMUM TEMPERATURE (F)   81        93      1990
                                             1974
 MINIMUM TEMPERATURE (F)   47        30      1913


SUNRISE AND SUNSET
JUNE 29 2017..........SUNRISE   515 AM MST   SUNSET   745 PM MST
JUNE 30 2017..........SUNRISE   516 AM MST   SUNSET   745 PM MST


-  INDICATES NEGATIVE NUMBERS.
R  INDICATES RECORD WAS SET OR TIED.
MM INDICATES DATA IS MISSING.
T  INDICATES TRACE AMOUNT.




$$
&&

-------------------------------------------------------------------
SNOW DEPTH DATA FOR FLAGSTAFF AIRPORT IS REPORTED AT 5 AM MST


-------------------------------------------------------------------
SUPPLEMENTARY CLIMATE DATA FOR NWS BELLEMONT, ARIZONA

SNOW DEPTH (IN) AT 11 AM...................................0.0
WATER EQUIVALENT OF SNOW PACK (IN) AT 11 AM*...............
* ONLY MEASURED IF SNOW DEPTH IS 2.0 INCHES OR GREATER
-------------------------------------------------------------------
