000
CDUS45 KFGZ 280100
CLIFLG
CLIMATE REPORT
NATIONAL WEATHER SERVICE FLAGSTAFF, AZ
559 PM MST MON JUL 27 2015


...................................

...THE FLAGSTAFF AZ AIRPORT CLIMATE SUMMARY FOR JULY 27 2015...
VALID TODAY AS OF 0500 PM LOCAL TIME.

CLIMATE NORMAL PERIOD 1981 TO 2010
CLIMATE RECORD PERIOD 1898 TO 2015


WEATHER ITEM   OBSERVED TIME   RECORD YEAR NORMAL DEPARTURE LAST
                VALUE   (LST)  VALUE       VALUE  FROM      YEAR
                                                  NORMAL
..................................................................
TEMPERATURE (F)
 TODAY
  MAXIMUM         80    414 PM  93    1947  80      0       84
  MINIMUM         46    547 AM  36    1913  52     -6       55
  AVERAGE         63                        66     -3       70

PRECIPITATION (IN)
  TODAY            0.00          1.13 1905   0.11  -0.11     0.07
  MONTH TO DATE    2.59                      2.14   0.45     3.66
  SINCE SEP 1     23.05                     18.28   4.77    13.98
  SINCE JAN 1     15.22                     10.61   4.61     6.87

SNOWFALL (IN)
  TODAY            0.0           0.0  2002   0.0    0.0     MM
                                      2001
                                      2000
  MONTH TO DATE    0.0                       0.0    0.0      0.0
  SINCE SEP 1     62.9                     101.7  -38.8     44.4
  SNOW DEPTH       0

DEGREE DAYS
 HEATING
  TODAY            2                         1      1        0
  MONTH TO DATE   56                        32     24        1
  SINCE JUL 1     56                        32     24        1

 COOLING
  TODAY            0                         2     -2        5
  MONTH TO DATE   23                        54    -31       79
  SINCE JAN 1     73                        71      2       93
..................................................................


WIND (MPH)
  HIGHEST WIND SPEED    24   HIGHEST WIND DIRECTION    SW (210)
  HIGHEST GUST SPEED    32   HIGHEST GUST DIRECTION     S (200)
  AVERAGE WIND SPEED    10.4


SKY COVER
  POSSIBLE SUNSHINE  MM
  AVERAGE SKY COVER 0.0


WEATHER CONDITIONS
 THE FOLLOWING WEATHER WAS RECORDED TODAY.
  NO SIGNIFICANT WEATHER WAS OBSERVED.


RELATIVE HUMIDITY (PERCENT)
 HIGHEST    60           500 AM
 LOWEST     26           400 PM
 AVERAGE    43

..........................................................


THE FLAGSTAFF AZ AIRPORT CLIMATE NORMALS FOR TOMORROW
                         NORMAL    RECORD    YEAR
 MAXIMUM TEMPERATURE (F)   80        94      1995
 MINIMUM TEMPERATURE (F)   52        36      1913


SUNRISE AND SUNSET
JULY 27 2015..........SUNRISE   532 AM MST   SUNSET   734 PM MST
JULY 28 2015..........SUNRISE   533 AM MST   SUNSET   733 PM MST


-  INDICATES NEGATIVE NUMBERS.
R  INDICATES RECORD WAS SET OR TIED.
MM INDICATES DATA IS MISSING.
T  INDICATES TRACE AMOUNT.




$$
&&

-------------------------------------------------------------------
SNOW DEPTH DATA FOR FLAGSTAFF AIRPORT IS REPORTED AT 5 AM MST


-------------------------------------------------------------------
SUPPLEMENTARY CLIMATE DATA FOR NWS BELLEMONT, ARIZONA

SNOW DEPTH (IN) AT 11 AM........................................ 0
WATER EQUIVALENT OF SNOW PACK (IN) AT 11 AM*.....................
* ONLY MEASURED IF SNOW DEPTH IS 2.0 INCHES OR GREATER
-------------------------------------------------------------------
