000
CDUS45 KFGZ 211320 CCA
CLIFLG

CLIMATE REPORT
NATIONAL WEATHER SERVICE FLAGSTAFF, AZ
1239 AM MST SUN JAN 21 2018


...................................

...THE FLAGSTAFF AZ AIRPORT CLIMATE SUMMARY FOR JANUARY 20 2018...

CLIMATE NORMAL PERIOD 1981 TO 2010
CLIMATE RECORD PERIOD 1898 TO 2018


WEATHER ITEM   OBSERVED TIME   RECORD YEAR NORMAL DEPARTURE LAST
                VALUE   (LST)  VALUE       VALUE  FROM      YEAR
                                                  NORMAL
..................................................................
TEMPERATURE (F)
 YESTERDAY
  MAXIMUM         40    554 AM  61    1950  43     -3       30
  MINIMUM         24   1159 PM -14    1922  18      6       27
  AVERAGE         32                        30      2

PRECIPITATION (IN)
  YESTERDAY        0.51          0.90 1917   0.06   0.45     0.71
  MONTH TO DATE    1.70                      1.38   0.32     3.27
  SINCE SEP 1      2.13                      9.05  -6.92    11.88
  SINCE JAN 1      1.70                      1.38   0.32     3.27

SNOWFALL (IN)
  YESTERDAY        5.6          12.6  2017   0.7            12.6
  MONTH TO DATE   10.3                      14.6            25.3
  SINCE JUL 1     10.3                      43.7            45.8
  SNOW DEPTH       0

DEGREE DAYS
 HEATING
  YESTERDAY       33                        35     -2       36
  MONTH TO DATE  556                       706   -150      649
  SINCE JUL 1   2853                      3534   -681     3212

 COOLING
  YESTERDAY        0                         0      0        0
  MONTH TO DATE    0                         0      0        0
  SINCE JAN 1      0                         0      0        0
..................................................................


WIND (MPH)
  HIGHEST WIND SPEED    25   HIGHEST WIND DIRECTION    SW (210)
  HIGHEST GUST SPEED    34   HIGHEST GUST DIRECTION    SW (220)
  AVERAGE WIND SPEED    12.1


SKY COVER
  POSSIBLE SUNSHINE  MM
  AVERAGE SKY COVER 0.7


WEATHER CONDITIONS
 THE FOLLOWING WEATHER WAS RECORDED YESTERDAY.
  HEAVY SNOW
  SNOW
  LIGHT SNOW
  FOG
  FOG W/VISIBILITY <= 1/4 MILE


RELATIVE HUMIDITY (PERCENT)
 HIGHEST   100          1100 AM
 LOWEST     44           300 AM
 AVERAGE    72

..........................................................


THE FLAGSTAFF AZ AIRPORT CLIMATE NORMALS FOR TODAY
                         NORMAL    RECORD    YEAR
 MAXIMUM TEMPERATURE (F)   43        60      1944
 MINIMUM TEMPERATURE (F)   18       -24      1937


SUNRISE AND SUNSET
JANUARY 21 2018.......SUNRISE   732 AM MST   SUNSET   544 PM MST
JANUARY 22 2018.......SUNRISE   732 AM MST   SUNSET   545 PM MST


-  INDICATES NEGATIVE NUMBERS.
R  INDICATES RECORD WAS SET OR TIED.
MM INDICATES DATA IS MISSING.
T  INDICATES TRACE AMOUNT.




$$
&&

-------------------------------------------------------------------
SNOW DEPTH DATA FOR FLAGSTAFF AIRPORT IS REPORTED AT 5 AM MST


-------------------------------------------------------------------
SUPPLEMENTARY CLIMATE DATA FOR NWS BELLEMONT, ARIZONA

SNOW DEPTH (IN) AT 11 AM...................................2
WATER EQUIVALENT OF SNOW PACK (IN) AT 11 AM*...............0.29
* ONLY MEASURED IF SNOW DEPTH IS 2.0 INCHES OR GREATER
-------------------------------------------------------------------
