000
CDUS45 KFGZ 080104
CLIFLG
CLIMATE REPORT
NATIONAL WEATHER SERVICE FLAGSTAFF, AZ
604 PM MST WED DEC 7 2016


...................................

...THE FLAGSTAFF AZ AIRPORT CLIMATE SUMMARY FOR DECEMBER 7 2016...
VALID TODAY AS OF 0500 PM LOCAL TIME.

CLIMATE NORMAL PERIOD 1981 TO 2010
CLIMATE RECORD PERIOD 1898 TO 2016


WEATHER ITEM   OBSERVED TIME   RECORD YEAR NORMAL DEPARTURE LAST
                VALUE   (LST)  VALUE       VALUE  FROM      YEAR
                                                  NORMAL
..................................................................
TEMPERATURE (F)
 TODAY
  MAXIMUM         42    219 PM  66    1958  43     -1       64
  MINIMUM         28    723 AM -19    1978  17     11       14
  AVERAGE         35                        30      5       39

PRECIPITATION (IN)
  TODAY            0.00          1.75 2009   0.06  -0.06     0.00
  MONTH TO DATE    T                         0.39  -0.39     0.00
  SINCE SEP 1      4.19                      6.19  -2.00     7.80
  SINCE JAN 1     21.38                     20.38   1.00    26.22

SNOWFALL (IN)
  TODAY            0.0          20.1  2009   0.6   -0.6      0.0
  MONTH TO DATE    T                         3.5   -3.5      0.0
  SINCE SEP 1      5.5                      15.7  -10.2     14.6
  SNOW DEPTH       0

DEGREE DAYS
 HEATING
  TODAY           30                        35     -5       26
  MONTH TO DATE  229                       238     -9      224
  SINCE JUL 1   1789                      1970   -181     1814

 COOLING
  TODAY            0                         0      0        0
  MONTH TO DATE    0                         0      0        0
  SINCE JAN 1    131                       117     14      115
..................................................................


WIND (MPH)
  HIGHEST WIND SPEED    20   HIGHEST WIND DIRECTION    SW (240)
  HIGHEST GUST SPEED    28   HIGHEST GUST DIRECTION    SW (240)
  AVERAGE WIND SPEED     8.0


SKY COVER
  POSSIBLE SUNSHINE  MM
  AVERAGE SKY COVER 0.6


WEATHER CONDITIONS
 THE FOLLOWING WEATHER WAS RECORDED TODAY.
  NO SIGNIFICANT WEATHER WAS OBSERVED.


RELATIVE HUMIDITY (PERCENT)
 HIGHEST    92           200 AM
 LOWEST     53           200 PM
 AVERAGE    73

..........................................................


THE FLAGSTAFF AZ AIRPORT CLIMATE NORMALS FOR TOMORROW
                         NORMAL    RECORD    YEAR
 MAXIMUM TEMPERATURE (F)   43        63      2015
 MINIMUM TEMPERATURE (F)   17       -23      1978


SUNRISE AND SUNSET
DECEMBER  7 2016......SUNRISE   722 AM MST   SUNSET   515 PM MST
DECEMBER  8 2016......SUNRISE   723 AM MST   SUNSET   515 PM MST


-  INDICATES NEGATIVE NUMBERS.
R  INDICATES RECORD WAS SET OR TIED.
MM INDICATES DATA IS MISSING.
T  INDICATES TRACE AMOUNT.




$$
&&

-------------------------------------------------------------------
SNOW DEPTH DATA FOR FLAGSTAFF AIRPORT IS REPORTED AT 5 AM MST


-------------------------------------------------------------------
SUPPLEMENTARY CLIMATE DATA FOR NWS BELLEMONT, ARIZONA

SNOW DEPTH (IN) AT 11 AM........................................T
WATER EQUIVALENT OF SNOW PACK (IN) AT 11 AM*...................N/A
* ONLY MEASURED IF SNOW DEPTH IS 2.0 INCHES OR GREATER
-------------------------------------------------------------------
