000
CDUS45 KFGZ 100735
CLIFLG
CLIMATE REPORT
NATIONAL WEATHER SERVICE FLAGSTAFF, AZ
1234 AM MST WED FEB 10 2016


...................................

...THE FLAGSTAFF AZ AIRPORT CLIMATE SUMMARY FOR FEBRUARY 9 2016...

CLIMATE NORMAL PERIOD 1981 TO 2010
CLIMATE RECORD PERIOD 1898 TO 2016


WEATHER ITEM   OBSERVED TIME   RECORD YEAR NORMAL DEPARTURE LAST
                VALUE   (LST)  VALUE       VALUE  FROM      YEAR
                                                  NORMAL
..................................................................
TEMPERATURE (F)
 YESTERDAY
  MAXIMUM         55    356 PM  64    2015  44     11       64
                                      1996
  MINIMUM         24    649 AM -21    1929  19      5       27
  AVERAGE         40                        31      9

PRECIPITATION (IN)
  YESTERDAY        0.00          2.07 1976   0.08  -0.08     0.00
  MONTH TO DATE    0.37                      0.65  -0.28     0.00
  SINCE SEP 1     12.61                     10.37   2.24    10.02
  SINCE JAN 1      3.78                      2.70   1.08     2.19

SNOWFALL (IN)
  YESTERDAY        0.0          14.6  2009   0.7             0.0
  MONTH TO DATE    7.8                       7.0             0.0
  SINCE JUL 1     71.7                      59.3            29.7
  SNOW DEPTH       9

DEGREE DAYS
 HEATING
  YESTERDAY       25                        34     -9       19
  MONTH TO DATE  357                       306     51      198
  SINCE JUL 1   4216                      4222     -6     3547

 COOLING
  YESTERDAY        0                         0      0        0
  MONTH TO DATE    0                         0      0        0
  SINCE JAN 1      0                         0      0        0
..................................................................


WIND (MPH)
  HIGHEST WIND SPEED    18   HIGHEST WIND DIRECTION    NE (60)
  HIGHEST GUST SPEED    26   HIGHEST GUST DIRECTION     E (80)
  AVERAGE WIND SPEED     8.4


SKY COVER
  POSSIBLE SUNSHINE  MM
  AVERAGE SKY COVER 0.0


WEATHER CONDITIONS
 THE FOLLOWING WEATHER WAS RECORDED YESTERDAY.
  NO SIGNIFICANT WEATHER WAS OBSERVED.


RELATIVE HUMIDITY (PERCENT)
 HIGHEST    68           600 AM
 LOWEST     16           500 PM
 AVERAGE    42

..........................................................


THE FLAGSTAFF AZ AIRPORT CLIMATE NORMALS FOR TODAY
                         NORMAL    RECORD    YEAR
 MAXIMUM TEMPERATURE (F)   44        65      1951
 MINIMUM TEMPERATURE (F)   19       -17      1933


SUNRISE AND SUNSET
FEBRUARY 10 2016......SUNRISE   718 AM MST   SUNSET   604 PM MST
FEBRUARY 11 2016......SUNRISE   717 AM MST   SUNSET   605 PM MST


-  INDICATES NEGATIVE NUMBERS.
R  INDICATES RECORD WAS SET OR TIED.
MM INDICATES DATA IS MISSING.
T  INDICATES TRACE AMOUNT.




$$
&&

-------------------------------------------------------------------
SNOW DEPTH DATA FOR FLAGSTAFF AIRPORT IS REPORTED AT 5 AM MST


-------------------------------------------------------------------
SUPPLEMENTARY CLIMATE DATA FOR NWS BELLEMONT, ARIZONA

SNOW DEPTH (IN) AT 11 AM........................................8
WATER EQUIVALENT OF SNOW PACK (IN) AT 11 AM*....................2.3
* ONLY MEASURED IF SNOW DEPTH IS 2.0 INCHES OR GREATER
-------------------------------------------------------------------
