000
CDUS42 KMFL 172020
CLIFLL


CLIMATE REPORT
NATIONAL WEATHER SERVICE MIAMI, FL
420 PM EDT THU APR 17 2014


...................................

...THE FORT LAUDERDALE CLIMATE SUMMARY FOR APRIL 17 2014...
VALID TODAY AS OF 0400 PM LOCAL TIME.

CLIMATE NORMAL PERIOD 1981 TO 2010
CLIMATE RECORD PERIOD 1839 TO 2014


WEATHER ITEM   OBSERVED TIME   RECORD YEAR NORMAL DEPARTURE LAST
                VALUE   (LST)  VALUE       VALUE  FROM      YEAR
                                                  NORMAL
..................................................................
TEMPERATURE (F)
 TODAY
  MAXIMUM         82    950 AM  94    1965  83     -1       84
  MINIMUM         73   1111 AM  47    1952  70      3       77
  AVERAGE         78                        76      2       81

PRECIPITATION (IN)
  TODAY            0.44          4.19 1934   0.09   0.35     0.00
  MONTH TO DATE    3.68                      1.77   1.91     4.14
  SINCE OCT 1     27.54                     24.24   3.30    17.30
  SINCE JAN 1     11.85                     11.72   0.13     7.35

SNOWFALL (IN)
  TODAY            0.0
  MONTH TO DATE    0.0
  SINCE MAR 1      0.0
  SINCE JUL 1      0.0
  SNOW DEPTH       0

DEGREE DAYS
 HEATING
  TODAY            0                         0      0
  MONTH TO DATE    0                         0      0

 COOLING
  TODAY           13                        11      2
  MONTH TO DATE  211                       178     33
  SINCE JAN 1    871                       788     83
..................................................................


WIND (MPH)
  HIGHEST WIND SPEED    23   HIGHEST WIND DIRECTION    SE (120)
  HIGHEST GUST SPEED    26   HIGHEST GUST DIRECTION    SE (120)
  AVERAGE WIND SPEED    11.8


SKY COVER
  AVERAGE SKY COVER 0.7


WEATHER CONDITIONS
 THE FOLLOWING WEATHER WAS RECORDED TODAY.
  THUNDERSTORM
  HEAVY RAIN
  LIGHT RAIN
  FOG


RELATIVE HUMIDITY (PERCENT)
 HIGHEST    94
 LOWEST     79
 AVERAGE    87

..........................................................


THE FORT LAUDERDALE CLIMATE NORMALS FOR TOMORROW
                         NORMAL    RECORD    YEAR
 MAXIMUM TEMPERATURE (F)   83        90      2006
                                             1922
                                             1839
 MINIMUM TEMPERATURE (F)   70        50      1983


SUNRISE AND SUNSET
APRIL 17 2014.........SUNRISE   656 AM EDT   SUNSET   745 PM EDT
APRIL 18 2014.........SUNRISE   655 AM EDT   SUNSET   746 PM EDT


-  INDICATES NEGATIVE NUMBERS.
R  INDICATES RECORD WAS SET OR TIED.
MM INDICATES DATA IS MISSING.
T  INDICATES TRACE AMOUNT.

$$
