000
CDUS42 KMFL 240929
CLIFLL


CLIMATE REPORT
NATIONAL WEATHER SERVICE MIAMI, FL
428 AM EST MON NOV 24 2014


...................................

...THE FORT LAUDERDALE CLIMATE SUMMARY FOR NOVEMBER 23 2014...

CLIMATE NORMAL PERIOD 1981 TO 2010
CLIMATE RECORD PERIOD 1839 TO 2014


WEATHER ITEM   OBSERVED TIME   RECORD YEAR NORMAL DEPARTURE LAST
                VALUE   (LST)  VALUE       VALUE  FROM      YEAR
                                                  NORMAL
..................................................................
TEMPERATURE (F)
 YESTERDAY
  MAXIMUM         84    237 PM  89    1929  81      3       80
  MINIMUM         78    707 AM  44    1944  68     10       71
  AVERAGE         81                        74      7       76

PRECIPITATION (IN)
  YESTERDAY        T             2.14 1964   0.07  -0.07     0.01
  MONTH TO DATE    2.84                      2.58   0.26     8.90
  SINCE NOV 1      2.84                      2.58   0.26     8.90
  SINCE JAN 1     59.28                     59.06   0.22    73.23

SNOWFALL (IN)
  YESTERDAY        0.0
  MONTH TO DATE    0.0
  SINCE SEP 1      0.0
  SINCE JUL 1      0.0
  SNOW DEPTH       0

DEGREE DAYS
 HEATING
  YESTERDAY        0                         0      0        0
  MONTH TO DATE    6                         0      6        0
  SINCE SEP 1      6                         0      6        0
  SINCE JUL 1      6                         0      6        0

 COOLING
  YESTERDAY       16                        10      6       11
  MONTH TO DATE  203                       256    -53      285
  SINCE SEP 1   1240                      1284    -44     1265
  SINCE JAN 1   4550                      4450    100     4312
..................................................................


WIND (MPH)
  HIGHEST WIND SPEED    26   HIGHEST WIND DIRECTION    SE (120)
  HIGHEST GUST SPEED    32   HIGHEST GUST DIRECTION    SE (120)
  AVERAGE WIND SPEED    14.5


SKY COVER
  AVERAGE SKY COVER 0.6


WEATHER CONDITIONS
 THE FOLLOWING WEATHER WAS RECORDED YESTERDAY.
  NO SIGNIFICANT WEATHER WAS OBSERVED.


RELATIVE HUMIDITY (PERCENT)
 HIGHEST    85
 LOWEST     74
 AVERAGE    80

..........................................................


THE FORT LAUDERDALE CLIMATE NORMALS FOR TODAY
                         NORMAL    RECORD    YEAR
 MAXIMUM TEMPERATURE (F)   81        88      1947
 MINIMUM TEMPERATURE (F)   68        41      1925


SUNRISE AND SUNSET
NOVEMBER 24 2014......SUNRISE   646 AM EST   SUNSET   529 PM EST
NOVEMBER 25 2014......SUNRISE   646 AM EST   SUNSET   529 PM EST


-  INDICATES NEGATIVE NUMBERS.
R  INDICATES RECORD WAS SET OR TIED.
MM INDICATES DATA IS MISSING.
T  INDICATES TRACE AMOUNT.




$$
