000
CDUS42 KMFL 132117
CLIFLL


CLIMATE REPORT
NATIONAL WEATHER SERVICE MIAMI, FL
416 PM EST WED DEC 13 2017


...................................

...THE FORT LAUDERDALE CLIMATE SUMMARY FOR DECEMBER 13 2017...
VALID TODAY AS OF 0400 PM LOCAL TIME.

CLIMATE NORMAL PERIOD 1981 TO 2010
CLIMATE RECORD PERIOD 1912 TO 2017


WEATHER ITEM   OBSERVED TIME   RECORD YEAR NORMAL DEPARTURE LAST
                VALUE   (LST)  VALUE       VALUE  FROM      YEAR
                                                  NORMAL
..................................................................
TEMPERATURE (F)
 TODAY
  MAXIMUM         67    331 PM  87    1922  78    -11       84
  MINIMUM         51    726 AM  29    1934  65    -14       70
  AVERAGE         59                        71    -12       77

PRECIPITATION (IN)
  TODAY            0.00          0.57 1935   0.08  -0.08     0.00
  MONTH TO DATE    0.50                      1.11  -0.61     2.77
  SINCE NOV 1      6.26                      4.35   1.91     3.81
  SINCE JAN 1     68.93                     60.83   8.10    49.48

SNOWFALL (IN)
  TODAY            0.0
  MONTH TO DATE    0.0
  SINCE DEC 1      0.0
  SINCE JUL 1      0.0
  SNOW DEPTH       0

DEGREE DAYS
 HEATING
  TODAY            6                         1      5        0
  MONTH TO DATE   27                         8     19        0
  SINCE DEC 1     27                         8     19        0
  SINCE JUL 1     29                        10     19        0

 COOLING
  TODAY            0                         7     -7       12
  MONTH TO DATE   90                       104    -14      154
  SINCE DEC 1     90                       104    -14      154
  SINCE JAN 1   4769                      4617    152     4680
..................................................................


WIND (MPH)
  HIGHEST WIND SPEED    14   HIGHEST WIND DIRECTION    NW (310)
  HIGHEST GUST SPEED    20   HIGHEST GUST DIRECTION     N (340)
  AVERAGE WIND SPEED     8.3


SKY COVER
  AVERAGE SKY COVER 0.1


WEATHER CONDITIONS
 THE FOLLOWING WEATHER WAS RECORDED TODAY.
  NO SIGNIFICANT WEATHER WAS OBSERVED.


RELATIVE HUMIDITY (PERCENT)
 HIGHEST    97
 LOWEST     34
 AVERAGE    66

..........................................................


THE FORT LAUDERDALE CLIMATE NORMALS FOR TOMORROW
                         NORMAL    RECORD    YEAR
 MAXIMUM TEMPERATURE (F)   78        87      1963
 MINIMUM TEMPERATURE (F)   64        34      2010


SUNRISE AND SUNSET
DECEMBER 13 2017......SUNRISE   659 AM EST   SUNSET   531 PM EST
DECEMBER 14 2017......SUNRISE   700 AM EST   SUNSET   531 PM EST


-  INDICATES NEGATIVE NUMBERS.
R  INDICATES RECORD WAS SET OR TIED.
MM INDICATES DATA IS MISSING.
T  INDICATES TRACE AMOUNT.




$$
