000
CDUS42 KMFL 250942
CLIFLL


CLIMATE REPORT
NATIONAL WEATHER SERVICE MIAMI, FL
441 AM EST SUN FEB 25 2018


...................................

...THE FORT LAUDERDALE CLIMATE SUMMARY FOR FEBRUARY 24 2018...

CLIMATE NORMAL PERIOD 1981 TO 2010
CLIMATE RECORD PERIOD 1912 TO 2018


WEATHER ITEM   OBSERVED TIME   RECORD YEAR NORMAL DEPARTURE LAST
                VALUE   (LST)  VALUE       VALUE  FROM      YEAR
                                                  NORMAL
..................................................................
TEMPERATURE (F)
 YESTERDAY
  MAXIMUM         82    139 PM  89    2008  78      4       84
                                      1913
  MINIMUM         72    215 AM  35    1989  65      7       65
  AVERAGE         77                        71      6       75

PRECIPITATION (IN)
  YESTERDAY        0.12          1.10 1968   0.10   0.02     0.00
  MONTH TO DATE    0.47                      2.59  -2.12     1.53
  SINCE NOV 1      9.42                     11.92  -2.50     7.87
  SINCE JAN 1      2.79                      6.22  -3.43     3.24

SNOWFALL (IN)
  YESTERDAY        0.0
  MONTH TO DATE    0.0
  SINCE DEC 1      0.0
  SINCE JUL 1      0.0
  SNOW DEPTH       0

DEGREE DAYS
 HEATING
  YESTERDAY        0                         1     -1        0
  MONTH TO DATE    0                        24    -24        0
  SINCE DEC 1    124                       102     22       29
  SINCE JUL 1    126                       104     22       29

 COOLING
  YESTERDAY       12                         7      5       10
  MONTH TO DATE  248                       159     89      196
  SINCE DEC 1    580                       545     35      752
  SINCE JAN 1    373                       329     44      409
..................................................................


WIND (MPH)
  HIGHEST WIND SPEED    23   HIGHEST WIND DIRECTION     E (110)
  HIGHEST GUST SPEED    27   HIGHEST GUST DIRECTION     E (110)
  AVERAGE WIND SPEED    15.3


SKY COVER
  AVERAGE SKY COVER 0.3


WEATHER CONDITIONS
 THE FOLLOWING WEATHER WAS RECORDED YESTERDAY.
  LIGHT RAIN
  FOG


RELATIVE HUMIDITY (PERCENT)
 HIGHEST    87
 LOWEST     67
 AVERAGE    77

..........................................................


THE FORT LAUDERDALE CLIMATE NORMALS FOR TODAY
                         NORMAL    RECORD    YEAR
 MAXIMUM TEMPERATURE (F)   78        87      2014
 MINIMUM TEMPERATURE (F)   65        35      1989


SUNRISE AND SUNSET
FEBRUARY 25 2018......SUNRISE   648 AM EST   SUNSET   620 PM EST
FEBRUARY 26 2018......SUNRISE   647 AM EST   SUNSET   620 PM EST


-  INDICATES NEGATIVE NUMBERS.
R  INDICATES RECORD WAS SET OR TIED.
MM INDICATES DATA IS MISSING.
T  INDICATES TRACE AMOUNT.




$$
