000
CDUS42 KMFL 072050
CLIFLL


CLIMATE REPORT
NATIONAL WEATHER SERVICE MIAMI, FL
449 PM EDT TUE JUL 7 2015


...................................

...THE FORT LAUDERDALE CLIMATE SUMMARY FOR JULY 7 2015...
VALID TODAY AS OF 0400 PM LOCAL TIME.

CLIMATE NORMAL PERIOD 1981 TO 2010
CLIMATE RECORD PERIOD 1839 TO 2015


WEATHER ITEM   OBSERVED TIME   RECORD YEAR NORMAL DEPARTURE LAST
                VALUE   (LST)  VALUE       VALUE  FROM      YEAR
                                                  NORMAL
..................................................................
TEMPERATURE (F)
 TODAY
  MAXIMUM         89    154 PM  97    2009  90     -1       88
                                      1963
  MINIMUM         80   1018 AM  68    1950  78      2       80
                                      1922
  AVERAGE         85                        84      1       84

PRECIPITATION (IN)
  TODAY            0.03          2.60 1941   0.21  -0.18     0.14
  MONTH TO DATE    0.21                      1.58  -1.37     3.51
  SINCE JUN 1      1.30                     11.74 -10.44    12.15
  SINCE JAN 1     15.35                     29.23 -13.88    32.75

SNOWFALL (IN)
  TODAY            0.0
  MONTH TO DATE    0.0
  SINCE JUN 1      0.0
  SINCE JUL 1      0.0
  SNOW DEPTH       0

DEGREE DAYS
 HEATING
  TODAY            0                         0      0        0
  MONTH TO DATE    0                         0      0        0
  SINCE JUN 1      0                         0      0        0
  SINCE JUL 1      0                         0      0        0

 COOLING
  TODAY           20                        19      1       19
  MONTH TO DATE  141                       133      8      136
  SINCE JUN 1    703                       676     27      652
  SINCE JAN 1   2239                      2094    145     2187
..................................................................


WIND (MPH)
  HIGHEST WIND SPEED    22   HIGHEST WIND DIRECTION     E (100)
  HIGHEST GUST SPEED    25   HIGHEST GUST DIRECTION     E (90)
  AVERAGE WIND SPEED     9.9


SKY COVER
  AVERAGE SKY COVER 0.6


WEATHER CONDITIONS
 THE FOLLOWING WEATHER WAS RECORDED TODAY.
  THUNDERSTORM


RELATIVE HUMIDITY (PERCENT)
 HIGHEST    85
 LOWEST     68
 AVERAGE    77

..........................................................


THE FORT LAUDERDALE CLIMATE NORMALS FOR TOMORROW
                         NORMAL    RECORD    YEAR
 MAXIMUM TEMPERATURE (F)   90        98      1932
 MINIMUM TEMPERATURE (F)   78        64      1975


SUNRISE AND SUNSET
JULY  7 2015..........SUNRISE   634 AM EDT   SUNSET   816 PM EDT
JULY  8 2015..........SUNRISE   635 AM EDT   SUNSET   816 PM EDT


-  INDICATES NEGATIVE NUMBERS.
R  INDICATES RECORD WAS SET OR TIED.
MM INDICATES DATA IS MISSING.
T  INDICATES TRACE AMOUNT.




$$
