192
CDUS42 KMFL 232015
CLIFLL


CLIMATE REPORT
NATIONAL WEATHER SERVICE MIAMI, FL
415 PM EDT TUE MAY 23 2017


...................................

...THE FORT LAUDERDALE CLIMATE SUMMARY FOR MAY 23 2017...
VALID TODAY AS OF 0400 PM LOCAL TIME.

CLIMATE NORMAL PERIOD 1981 TO 2010
CLIMATE RECORD PERIOD 1912 TO 2017


WEATHER ITEM   OBSERVED TIME   RECORD YEAR NORMAL DEPARTURE LAST
                VALUE   (LST)  VALUE       VALUE  FROM      YEAR
                                                  NORMAL
..................................................................
TEMPERATURE (F)
 TODAY
  MAXIMUM         88    259 PM  93    1924  87      1       88
  MINIMUM         78    552 AM  61    1920  75      3       75
  AVERAGE         83                        81      2       82

PRECIPITATION (IN)
  TODAY            0.00          2.31 2003   0.19  -0.19      T
  MONTH TO DATE    1.46                      2.89  -1.43     2.90
  SINCE NOV 1     14.87                     21.43  -6.56    28.42
  SINCE JAN 1     10.24                     15.73  -5.49    17.20

SNOWFALL (IN)
  TODAY            0.0
  MONTH TO DATE    0.0
  SINCE MAR 1      0.0
  SINCE JUL 1      0.0
  SNOW DEPTH       0

DEGREE DAYS
 HEATING
  TODAY            0                         0      0        0
  MONTH TO DATE    0                         0      0        0
  SINCE MAR 1      6                        10     -4        2
  SINCE JUL 1     35                       112    -77       87

 COOLING
  TODAY           18                        16      2       17
  MONTH TO DATE  341                       336      5      339
  SINCE MAR 1    971                       927     44     1026
  SINCE JAN 1   1427                      1283    144     1285
..................................................................


WIND (MPH)
  HIGHEST WIND SPEED    23   HIGHEST WIND DIRECTION    SE (140)
  HIGHEST GUST SPEED    29   HIGHEST GUST DIRECTION    SE (140)
  AVERAGE WIND SPEED     9.9


SKY COVER
  AVERAGE SKY COVER 0.7


WEATHER CONDITIONS
 THE FOLLOWING WEATHER WAS RECORDED TODAY.
  NO SIGNIFICANT WEATHER WAS OBSERVED.


RELATIVE HUMIDITY (PERCENT)
 HIGHEST    79
 LOWEST     53
 AVERAGE    66

..........................................................


THE FORT LAUDERDALE CLIMATE NORMALS FOR TOMORROW
                         NORMAL    RECORD    YEAR
 MAXIMUM TEMPERATURE (F)   87        94      1940
 MINIMUM TEMPERATURE (F)   76        63      1920


SUNRISE AND SUNSET
MAY 23 2017...........SUNRISE   631 AM EDT   SUNSET   804 PM EDT
MAY 24 2017...........SUNRISE   630 AM EDT   SUNSET   805 PM EDT


-  INDICATES NEGATIVE NUMBERS.
R  INDICATES RECORD WAS SET OR TIED.
MM INDICATES DATA IS MISSING.
T  INDICATES TRACE AMOUNT.




$$
