000
CDUS42 KMFL 160831
CLIFLL


CLIMATE REPORT
NATIONAL WEATHER SERVICE MIAMI, FL
431 AM EDT WED AUG 16 2017


...................................

...THE FORT LAUDERDALE CLIMATE SUMMARY FOR AUGUST 15 2017...

CLIMATE NORMAL PERIOD 1981 TO 2010
CLIMATE RECORD PERIOD 1912 TO 2017


WEATHER ITEM   OBSERVED TIME   RECORD YEAR NORMAL DEPARTURE LAST
                VALUE   (LST)  VALUE       VALUE  FROM      YEAR
                                                  NORMAL
..................................................................
TEMPERATURE (F)
 YESTERDAY
  MAXIMUM         92    149 PM  98    1956  91      1       90
  MINIMUM         80    258 AM  68    1926  79      1       81
                                      1920
  AVERAGE         86                        85      1       86

PRECIPITATION (IN)
  YESTERDAY        T             1.52 1920   0.26  -0.26     0.05
  MONTH TO DATE    4.60                      3.41   1.19     3.82
  SINCE JUN 1     22.18                     19.55   2.63    15.28
  SINCE JAN 1     33.78                     37.04  -3.26    34.23

SNOWFALL (IN)
  YESTERDAY        0.0
  MONTH TO DATE    0.0
  SINCE JUN 1      0.0
  SINCE JUL 1      0.0
  SNOW DEPTH       0

DEGREE DAYS
 HEATING
  YESTERDAY        0                         0      0        0
  MONTH TO DATE    0                         0      0        0
  SINCE JUN 1      0                         0      0        0
  SINCE JUL 1      0                         0      0        0

 COOLING
  YESTERDAY       21                        20      1       21
  MONTH TO DATE  303                       300      3      274
  SINCE JUN 1   1442                      1441      1     1469
  SINCE JAN 1   3019                      2859    160     2883
..................................................................


WIND (MPH)
  HIGHEST WIND SPEED    15   HIGHEST WIND DIRECTION    SE (130)
  HIGHEST GUST SPEED    19   HIGHEST GUST DIRECTION    SE (130)
  AVERAGE WIND SPEED     5.4


SKY COVER
  AVERAGE SKY COVER 0.4


WEATHER CONDITIONS
 THE FOLLOWING WEATHER WAS RECORDED YESTERDAY.
  THUNDERSTORM
  LIGHT RAIN


RELATIVE HUMIDITY (PERCENT)
 HIGHEST    85
 LOWEST     59
 AVERAGE    72

..........................................................


THE FORT LAUDERDALE CLIMATE NORMALS FOR TODAY
                         NORMAL    RECORD    YEAR
 MAXIMUM TEMPERATURE (F)   91        96      1956
 MINIMUM TEMPERATURE (F)   79        68      1923


SUNRISE AND SUNSET
AUGUST 16 2017........SUNRISE   654 AM EDT   SUNSET   755 PM EDT
AUGUST 17 2017........SUNRISE   654 AM EDT   SUNSET   754 PM EDT


-  INDICATES NEGATIVE NUMBERS.
R  INDICATES RECORD WAS SET OR TIED.
MM INDICATES DATA IS MISSING.
T  INDICATES TRACE AMOUNT.




$$
