000
CDUS42 KMFL 252016
CLIFLL


CLIMATE REPORT
NATIONAL WEATHER SERVICE MIAMI, FL
416 PM EDT SUN JUN 25 2017


...................................

...THE FORT LAUDERDALE CLIMATE SUMMARY FOR JUNE 25 2017...
VALID TODAY AS OF 0400 PM LOCAL TIME.

CLIMATE NORMAL PERIOD 1981 TO 2010
CLIMATE RECORD PERIOD 1912 TO 2017


WEATHER ITEM   OBSERVED TIME   RECORD YEAR NORMAL DEPARTURE LAST
                VALUE   (LST)  VALUE       VALUE  FROM      YEAR
                                                  NORMAL
..................................................................
TEMPERATURE (F)
 TODAY
  MAXIMUM         89    210 PM  96    1944  89      0       90
  MINIMUM         82    704 AM  67    1938  78      4       82
                                      1922
  AVERAGE         86                        83      3       86

PRECIPITATION (IN)
  TODAY            0.00          2.00 1918   0.36  -0.36     0.00
  MONTH TO DATE   11.70                      8.39   3.31     7.01
  SINCE JUN 1     11.70                      8.39   3.31     7.01
  SINCE JAN 1     23.30                     25.88  -2.58    25.96

SNOWFALL (IN)
  TODAY            0.0
  MONTH TO DATE    0.0
  SINCE JUN 1      0.0
  SINCE JUL 1      0.0
  SNOW DEPTH       0

DEGREE DAYS
 HEATING
  TODAY            0                         0      0        0
  MONTH TO DATE    0                         0      0        0
  SINCE JUN 1      0                         0      0        0
  SINCE JUL 1     35                       112    -77       87

 COOLING
  TODAY           21                        18      3       21
  MONTH TO DATE  432                       447    -15      467
  SINCE JUN 1    432                       447    -15      467
  SINCE JAN 1   2009                      1865    144     1881
..................................................................


WIND (MPH)
  HIGHEST WIND SPEED    17   HIGHEST WIND DIRECTION    SE (130)
  HIGHEST GUST SPEED    26   HIGHEST GUST DIRECTION    SE (150)
  AVERAGE WIND SPEED    10.4


SKY COVER
  AVERAGE SKY COVER 0.4


WEATHER CONDITIONS
 THE FOLLOWING WEATHER WAS RECORDED TODAY.
  NO SIGNIFICANT WEATHER WAS OBSERVED.


RELATIVE HUMIDITY (PERCENT)
 HIGHEST    79
 LOWEST     56
 AVERAGE    68

..........................................................


THE FORT LAUDERDALE CLIMATE NORMALS FOR TOMORROW
                         NORMAL    RECORD    YEAR
 MAXIMUM TEMPERATURE (F)   89        94      1924
 MINIMUM TEMPERATURE (F)   78        66      1937


SUNRISE AND SUNSET
JUNE 25 2017..........SUNRISE   630 AM EDT   SUNSET   816 PM EDT
JUNE 26 2017..........SUNRISE   631 AM EDT   SUNSET   816 PM EDT


-  INDICATES NEGATIVE NUMBERS.
R  INDICATES RECORD WAS SET OR TIED.
MM INDICATES DATA IS MISSING.
T  INDICATES TRACE AMOUNT.




$$
