000
CDUS42 KILM 200941
CLIFLO


CLIMATE REPORT
NATIONAL WEATHER SERVICE WILMINGTON NC
440 AM EST TUE FEB 20 2018


...................................

...THE FLORENCE SOUTH  CAROLINA CLIMATE SUMMARY FOR FEBRUARY 19 2018...

CLIMATE NORMAL PERIOD 1981 TO 2010
CLIMATE RECORD PERIOD 1948 TO 2018


WEATHER ITEM   OBSERVED TIME   RECORD YEAR NORMAL DEPARTURE LAST
                VALUE   (LST)  VALUE       VALUE  FROM      YEAR
                                                  NORMAL
..................................................................
TEMPERATURE (F)
 YESTERDAY
  MAXIMUM         65    417 PM  80    2014  61      4       72
                                      1951
  MINIMUM         48    526 AM  16    1979  38     10       48
  AVERAGE         57                        49      8       60

PRECIPITATION (IN)
  YESTERDAY        0.01          1.84 1975   0.11  -0.10     0.00
  MONTH TO DATE    0.70                      1.95  -1.25     1.60
  SINCE DEC 1      7.53                      8.19  -0.66     9.43
  SINCE JAN 1      2.87                      5.18  -2.31     4.86

SNOWFALL (IN)
  YESTERDAY       MM             0.0  2002   0.0
  MONTH TO DATE   MM                         0.1
  SINCE DEC 1     MM                         1.3
  SINCE JUL 1     MM                         1.3
  SNOW DEPTH      MM

DEGREE DAYS
 HEATING
  YESTERDAY        8                        16     -8        5
  MONTH TO DATE  201                       332   -131      205
  SINCE DEC 1   1462                      1512    -50     1089
  SINCE JUL 1   1867                      1934    -67     1402

 COOLING
  YESTERDAY        0                         0      0        0
  MONTH TO DATE   18                         0     18        6
  SINCE DEC 1     20                         6     14       10
  SINCE JAN 1     20                         2     18        6
..................................................................


WIND (MPH)
  RESULTANT WIND SPEED   5   RESULTANT WIND DIRECTION  NE (60)
  HIGHEST WIND SPEED    13   HIGHEST WIND DIRECTION     E (90)
  HIGHEST GUST SPEED    16   HIGHEST GUST DIRECTION     E (90)
  AVERAGE WIND SPEED     5.4


SKY COVER
  POSSIBLE SUNSHINE  MM
  AVERAGE SKY COVER 0.8


WEATHER CONDITIONS
 THE FOLLOWING WEATHER WAS RECORDED YESTERDAY.
  LIGHT RAIN
  FOG


RELATIVE HUMIDITY (PERCENT)
 HIGHEST   100           300 AM
 LOWEST     73           400 PM
 AVERAGE    87

..........................................................


THE FLORENCE SOUTH  CAROLINA CLIMATE NORMALS FOR TODAY
                         NORMAL    RECORD    YEAR
 MAXIMUM TEMPERATURE (F)   61        83      2014
 MINIMUM TEMPERATURE (F)   38        13      2015


SUNRISE AND SUNSET
FEBRUARY 20 2018......SUNRISE   658 AM EST   SUNSET   607 PM EST
FEBRUARY 21 2018......SUNRISE   657 AM EST   SUNSET   608 PM EST


-  INDICATES NEGATIVE NUMBERS.
R  INDICATES RECORD WAS SET OR TIED.
MM INDICATES DATA IS MISSING.
T  INDICATES TRACE AMOUNT.




$$
