000
CDUS42 KILM 242143
CLIFLO


CLIMATE REPORT
NATIONAL WEATHER SERVICE WILMINGTON NC
442 PM EST FRI NOV 24 2017


...................................

...THE FLORENCE SC CLIMATE SUMMARY FOR NOVEMBER 24 2017...
VALID TODAY AS OF 0400 PM LOCAL TIME.

CLIMATE NORMAL PERIOD 1981 TO 2010
CLIMATE RECORD PERIOD 1948 TO 2017


WEATHER ITEM   OBSERVED TIME   RECORD YEAR NORMAL DEPARTURE LAST
                VALUE   (LST)  VALUE       VALUE  FROM      YEAR
                                                  NORMAL
..................................................................
TEMPERATURE (F)
 TODAY
  MAXIMUM         62    359 PM  83    1973  65     -3       77
  MINIMUM         34    704 AM  19    1970  41     -7       50
  AVERAGE         48                        53     -5       64

PRECIPITATION (IN)
  TODAY            0.00          1.42 1967   0.09  -0.09     0.00
  MONTH TO DATE    0.70                      2.12  -1.42     0.79
  SINCE SEP 1      6.39                      8.87  -2.48    23.38
  SINCE JAN 1     37.97                     39.35  -1.38    56.26

SNOWFALL (IN)
  TODAY           MM
  MONTH TO DATE   MM
  SINCE SEP 1     MM
  SINCE JUL 1     MM
  SNOW DEPTH      MM

DEGREE DAYS
 HEATING
  TODAY           17                        12      5        1
  MONTH TO DATE  239                       224     15      234
  SINCE SEP 1    329                       341    -12      266
  SINCE JUL 1    329                       341    -12      266

 COOLING
  TODAY            0                         0      0        0
  MONTH TO DATE   14                        16     -2        6
  SINCE SEP 1    466                       388     78      533
  SINCE JAN 1   2248                      2058    190     2570
..................................................................


WIND (MPH)
  HIGHEST WIND SPEED    14   HIGHEST WIND DIRECTION     N (20)
  HIGHEST GUST SPEED    17   HIGHEST GUST DIRECTION    NE (50)
  AVERAGE WIND SPEED     7.3


SKY COVER
  POSSIBLE SUNSHINE  MM
  AVERAGE SKY COVER 0.0


WEATHER CONDITIONS
 THE FOLLOWING WEATHER WAS RECORDED TODAY.
  NO SIGNIFICANT WEATHER WAS OBSERVED.


RELATIVE HUMIDITY (PERCENT)
 HIGHEST    96           700 AM
 LOWEST     27           300 PM
 AVERAGE    62

..........................................................


THE FLORENCE SC CLIMATE NORMALS FOR TOMORROW
                         NORMAL    RECORD    YEAR
 MAXIMUM TEMPERATURE (F)   64        83      1973
 MINIMUM TEMPERATURE (F)   41        17      1950


SUNRISE AND SUNSET
NOVEMBER 24 2017......SUNRISE   700 AM EST   SUNSET   511 PM EST
NOVEMBER 25 2017......SUNRISE   701 AM EST   SUNSET   510 PM EST


-  INDICATES NEGATIVE NUMBERS.
R  INDICATES RECORD WAS SET OR TIED.
MM INDICATES DATA IS MISSING.
T  INDICATES TRACE AMOUNT.




$$
