000
CDUS42 KILM 230940
CLIFLO


CLIMATE REPORT
NATIONAL WEATHER SERVICE WILMINGTON NC
440 AM EST MON JAN 23 2017


...................................

...THE FLORENCE SC CLIMATE SUMMARY FOR JANUARY 22 2017...

CLIMATE NORMAL PERIOD 1981 TO 2010
CLIMATE RECORD PERIOD 1948 TO 2017


WEATHER ITEM   OBSERVED TIME   RECORD YEAR NORMAL DEPARTURE LAST
                VALUE   (LST)  VALUE       VALUE  FROM      YEAR
                                                  NORMAL
..................................................................
TEMPERATURE (F)
 YESTERDAY
  MAXIMUM         65    338 PM  81    1999  56      9       41
  MINIMUM         59    925 AM  14    1961  35     24       30
  AVERAGE         62                        45     17       36

PRECIPITATION (IN)
  YESTERDAY        0.44          1.67 1987   0.10   0.34     1.11
  MONTH TO DATE    2.91                      2.31   0.60     1.92
  SINCE DEC 1      7.48                      5.32   2.16     9.01
  SINCE JAN 1      2.91                      2.31   0.60     1.92

SNOWFALL (IN)
  YESTERDAY       MM
  MONTH TO DATE   MM
  SINCE DEC 1     MM
  SINCE JUL 1     MM
  SNOW DEPTH      MM

DEGREE DAYS
 HEATING
  YESTERDAY        3                        20    -17       29
  MONTH TO DATE  258                       447   -189      492
  SINCE DEC 1    753                      1004   -251      713
  SINCE JUL 1   1066                      1426   -360      977

 COOLING
  YESTERDAY        0                         0      0        0
  MONTH TO DATE    0                         0      0        0
  SINCE DEC 1      4                         4      0       57
  SINCE JAN 1      0                         0      0        0
..................................................................


WIND (MPH)
  HIGHEST WIND SPEED    20   HIGHEST WIND DIRECTION     E (110)
  HIGHEST GUST SPEED    26   HIGHEST GUST DIRECTION     E (110)
  AVERAGE WIND SPEED     9.2


SKY COVER
  POSSIBLE SUNSHINE  MM
  AVERAGE SKY COVER 0.8


WEATHER CONDITIONS
 THE FOLLOWING WEATHER WAS RECORDED YESTERDAY.
  RAIN
  LIGHT RAIN
  FOG


RELATIVE HUMIDITY (PERCENT)
 HIGHEST   100           800 AM
 LOWEST     84          1200 AM
 AVERAGE    92

..........................................................


THE FLORENCE SC CLIMATE NORMALS FOR TODAY
                         NORMAL    RECORD    YEAR
 MAXIMUM TEMPERATURE (F)   56        82      1974
 MINIMUM TEMPERATURE (F)   35        14      1985


SUNRISE AND SUNSET
JANUARY 23 2017.......SUNRISE   721 AM EST   SUNSET   540 PM EST
JANUARY 24 2017.......SUNRISE   721 AM EST   SUNSET   541 PM EST


-  INDICATES NEGATIVE NUMBERS.
R  INDICATES RECORD WAS SET OR TIED.
MM INDICATES DATA IS MISSING.
T  INDICATES TRACE AMOUNT.




$$
