000
CDUS42 KILM 130841
CLIFLO


CLIMATE REPORT
NATIONAL WEATHER SERVICE WILMINGTON NC
441 AM EDT SUN JUL 13 2014


...................................

...THE FLORENCE SC CLIMATE SUMMARY FOR JULY 12 2014...

CLIMATE NORMAL PERIOD 1981 TO 2010
CLIMATE RECORD PERIOD 1948 TO 2014


WEATHER ITEM   OBSERVED TIME   RECORD YEAR NORMAL DEPARTURE LAST
                VALUE   (LST)  VALUE       VALUE  FROM      YEAR
                                                  NORMAL
..................................................................
TEMPERATURE (F)
 YESTERDAY
  MAXIMUM         93    357 PM 101    1993  91      2       83
  MINIMUM         71    348 AM  58    1963  72     -1       72
  AVERAGE         82                        81      1       78

PRECIPITATION (IN)
  YESTERDAY        0.00          2.43 1968   0.17  -0.17     0.21
  MONTH TO DATE    2.03                      1.87   0.16     8.01
  SINCE JUN 1      3.01                      6.49  -3.48    16.29
  SINCE JAN 1     20.37                     21.85  -1.48    35.12

DEGREE DAYS
 HEATING
  YESTERDAY        0                         0      0        0
  MONTH TO DATE    0                         0      0        0
  SINCE JUN 1      0                         1     -1        0
  SINCE JUL 1      0                         0      0        0

 COOLING
  YESTERDAY       17                        16      1       13
  MONTH TO DATE  209                       192     17      184
  SINCE JUN 1    691                       589    102      608
  SINCE JAN 1   1073                       896    177      875
..................................................................


WIND (MPH)
  HIGHEST WIND SPEED    13   HIGHEST WIND DIRECTION    SE (130)
  HIGHEST GUST SPEED    16   HIGHEST GUST DIRECTION    SE (120)
  AVERAGE WIND SPEED     4.0


SKY COVER
  POSSIBLE SUNSHINE  MM
  AVERAGE SKY COVER 0.3


WEATHER CONDITIONS
 THE FOLLOWING WEATHER WAS RECORDED YESTERDAY.
  FOG


RELATIVE HUMIDITY (PERCENT)
 HIGHEST   100           300 AM
 LOWEST     44           300 PM
 AVERAGE    72

..........................................................


THE FLORENCE SC CLIMATE NORMALS FOR TODAY
                         NORMAL    RECORD    YEAR
 MAXIMUM TEMPERATURE (F)   91       104      1986
 MINIMUM TEMPERATURE (F)   72        60      1953


SUNRISE AND SUNSET
JULY 13 2014..........SUNRISE   617 AM EDT   SUNSET   832 PM EDT
JULY 14 2014..........SUNRISE   618 AM EDT   SUNSET   832 PM EDT


-  INDICATES NEGATIVE NUMBERS.
R  INDICATES RECORD WAS SET OR TIED.
MM INDICATES DATA IS MISSING.
T  INDICATES TRACE AMOUNT.




$$
