000
CDUS42 KILM 022046
CLIFLO


CLIMATE REPORT
NATIONAL WEATHER SERVICE WILMINGTON NC
442 PM EDT TUE JUN 2 2015


...................................

...THE FLORENCE SC CLIMATE SUMMARY FOR JUNE 2 2015...
VALID TODAY AS OF 0400 PM LOCAL TIME.

CLIMATE NORMAL PERIOD 1981 TO 2010
CLIMATE RECORD PERIOD 1948 TO 2015


WEATHER ITEM   OBSERVED TIME   RECORD YEAR NORMAL DEPARTURE LAST
                VALUE   (LST)  VALUE       VALUE  FROM      YEAR
                                                  NORMAL
..................................................................
TEMPERATURE (F)
 TODAY
  MAXIMUM         86    153 PM  98    2002  86      0       84
                                      1951
  MINIMUM         69    243 AM  47    1966  65      4       56
  AVERAGE         78                        75      3       70

PRECIPITATION (IN)
  TODAY            T             3.04 2010   0.15  -0.15     0.00
  MONTH TO DATE    0.68                      0.30   0.38     0.00
  SINCE JUN 1      0.68                      0.30   0.38     0.00
  SINCE JAN 1     15.70                     15.66   0.04    17.36

DEGREE DAYS
 HEATING
  TODAY            0                         0      0        0
  MONTH TO DATE    0                         0      0        0
  SINCE JUN 1      0                         0      0        0
  SINCE JUL 1   2544                      2523     21     2669

 COOLING
  TODAY           13                        11      2        5
  MONTH TO DATE   28                        21      7       11
  SINCE JUN 1     28                        21      7       11
  SINCE JAN 1    413                       328     85      393
..................................................................


WIND (MPH)
  HIGHEST WIND SPEED    22   HIGHEST WIND DIRECTION     S (160)
  HIGHEST GUST SPEED    26   HIGHEST GUST DIRECTION     S (160)
  AVERAGE WIND SPEED     1.9


SKY COVER
  POSSIBLE SUNSHINE  MM
  AVERAGE SKY COVER 0.4


WEATHER CONDITIONS
 THE FOLLOWING WEATHER WAS RECORDED TODAY.
  THUNDERSTORM
  LIGHT RAIN


RELATIVE HUMIDITY (PERCENT)
 HIGHEST    97          1200 AM
 LOWEST     51           200 PM
 AVERAGE    74

..........................................................


THE FLORENCE SC CLIMATE NORMALS FOR TOMORROW
                         NORMAL    RECORD    YEAR
 MAXIMUM TEMPERATURE (F)   86        99      1998
 MINIMUM TEMPERATURE (F)   65        50      1966


SUNRISE AND SUNSET
JUNE  2 2015..........SUNRISE   608 AM EDT   SUNSET   826 PM EDT
JUNE  3 2015..........SUNRISE   608 AM EDT   SUNSET   826 PM EDT


-  INDICATES NEGATIVE NUMBERS.
R  INDICATES RECORD WAS SET OR TIED.
MM INDICATES DATA IS MISSING.
T  INDICATES TRACE AMOUNT.




$$
