000
CDUS42 KILM 260843
CLIFLO


CLIMATE REPORT
NATIONAL WEATHER SERVICE WILMINGTON NC
443 AM EDT TUE SEP 26 2017


...................................

...THE FLORENCE SC CLIMATE SUMMARY FOR SEPTEMBER 25 2017...

CLIMATE NORMAL PERIOD 1981 TO 2010
CLIMATE RECORD PERIOD 1948 TO 2017


WEATHER ITEM   OBSERVED TIME   RECORD YEAR NORMAL DEPARTURE LAST
                VALUE   (LST)  VALUE       VALUE  FROM      YEAR
                                                  NORMAL
..................................................................
TEMPERATURE (F)
 YESTERDAY
  MAXIMUM         83    117 PM  95    2010  82      1       88
  MINIMUM         67    718 AM  41    1950  61      6       68
  AVERAGE         75                        71      4       78

PRECIPITATION (IN)
  YESTERDAY        0.00          2.19 1956   0.11  -0.11     0.00
  MONTH TO DATE    4.12                      3.08   1.04     9.36
  SINCE SEP 1      4.12                      3.08   1.04     9.36
  SINCE JAN 1     35.70                     33.56   2.14    42.24

DEGREE DAYS
 HEATING
  YESTERDAY        0                         1     -1        0
  MONTH TO DATE    0                         2     -2        0
  SINCE SEP 1      0                         2     -2        0
  SINCE JUL 1      0                         2     -2        0

 COOLING
  YESTERDAY       10                         7      3       13
  MONTH TO DATE  241                       256    -15      344
  SINCE SEP 1    241                       256    -15      344
  SINCE JAN 1   2023                      1926     97     2381
..................................................................


WIND (MPH)
  HIGHEST WIND SPEED    18   HIGHEST WIND DIRECTION    NE (50)
  HIGHEST GUST SPEED    24   HIGHEST GUST DIRECTION    NE (40)
  AVERAGE WIND SPEED    10.0


SKY COVER
  POSSIBLE SUNSHINE  MM
  AVERAGE SKY COVER 0.1


WEATHER CONDITIONS
 THE FOLLOWING WEATHER WAS RECORDED YESTERDAY.
  NO SIGNIFICANT WEATHER WAS OBSERVED.


RELATIVE HUMIDITY (PERCENT)
 HIGHEST    84          1200 AM
 LOWEST     62          1200 PM
 AVERAGE    73

..........................................................


THE FLORENCE SC CLIMATE NORMALS FOR TODAY
                         NORMAL    RECORD    YEAR
 MAXIMUM TEMPERATURE (F)   81        96      1986
 MINIMUM TEMPERATURE (F)   61        42      1950


SUNRISE AND SUNSET
SEPTEMBER 26 2017.....SUNRISE   710 AM EDT   SUNSET   710 PM EDT
SEPTEMBER 27 2017.....SUNRISE   711 AM EDT   SUNSET   708 PM EDT


-  INDICATES NEGATIVE NUMBERS.
R  INDICATES RECORD WAS SET OR TIED.
MM INDICATES DATA IS MISSING.
T  INDICATES TRACE AMOUNT.




$$
