000
CDUS42 KILM 280843
CLIFLO


CLIMATE REPORT
NATIONAL WEATHER SERVICE WILMINGTON NC
443 AM EDT FRI AUG 28 2015


...................................

...THE FLORENCE SC CLIMATE SUMMARY FOR AUGUST 27 2015...

CLIMATE NORMAL PERIOD 1981 TO 2010
CLIMATE RECORD PERIOD 1948 TO 2015


WEATHER ITEM   OBSERVED TIME   RECORD YEAR NORMAL DEPARTURE LAST
                VALUE   (LST)  VALUE       VALUE  FROM      YEAR
                                                  NORMAL
..................................................................
TEMPERATURE (F)
 YESTERDAY
  MAXIMUM         85    230 PM 101    1954  88     -3       91
  MINIMUM         70   1159 PM  58    1966  70      0       64
  AVERAGE         78                        79     -1       78

PRECIPITATION (IN)
  YESTERDAY        0.00          3.89 2002   0.15  -0.15     0.00
  MONTH TO DATE    5.28                      4.62   0.66     3.89
  SINCE JUN 1     12.18                     14.50  -2.32    10.63
  SINCE JAN 1     27.20                     29.86  -2.66    27.99

DEGREE DAYS
 HEATING
  YESTERDAY        0                         0      0        0
  MONTH TO DATE    0                         0      0        0
  SINCE JUN 1      0                         1     -1        0
  SINCE JUL 1      0                         0      0        0

 COOLING
  YESTERDAY       13                        14     -1       13
  MONTH TO DATE  453                       410     43      398
  SINCE JUN 1   1586                      1309    277     1384
  SINCE JAN 1   1971                      1616    355     1766
..................................................................


WIND (MPH)
  HIGHEST WIND SPEED    16   HIGHEST WIND DIRECTION    NE (50)
  HIGHEST GUST SPEED    19   HIGHEST GUST DIRECTION    NE (50)
  AVERAGE WIND SPEED     8.5


SKY COVER
  POSSIBLE SUNSHINE  MM
  AVERAGE SKY COVER 0.5


WEATHER CONDITIONS
 THE FOLLOWING WEATHER WAS RECORDED YESTERDAY.
  NO SIGNIFICANT WEATHER WAS OBSERVED.


RELATIVE HUMIDITY (PERCENT)
 HIGHEST    93           200 AM
 LOWEST     65           100 PM
 AVERAGE    79

..........................................................


THE FLORENCE SC CLIMATE NORMALS FOR TODAY
                         NORMAL    RECORD    YEAR
 MAXIMUM TEMPERATURE (F)   88       101      1948
 MINIMUM TEMPERATURE (F)   69        58      1969


SUNRISE AND SUNSET
AUGUST 28 2015........SUNRISE   649 AM EDT   SUNSET   750 PM EDT
AUGUST 29 2015........SUNRISE   650 AM EDT   SUNSET   749 PM EDT


-  INDICATES NEGATIVE NUMBERS.
R  INDICATES RECORD WAS SET OR TIED.
MM INDICATES DATA IS MISSING.
T  INDICATES TRACE AMOUNT.




$$
