000
CDUS42 KTBW 092235
CLIFMY


CLIMATE REPORT
NATIONAL WEATHER SERVICE TAMPA BAY FL
532 PM EST FRI DEC 9 2016


...................................

...THE FORT MYERS CLIMATE SUMMARY FOR DECEMBER 9 2016...
VALID TODAY AS OF 0500 PM LOCAL TIME.

CLIMATE NORMAL PERIOD 1981 TO 2010
CLIMATE RECORD PERIOD 1902 TO 2016


WEATHER ITEM   OBSERVED TIME   RECORD YEAR NORMAL DEPARTURE LAST
                VALUE   (LST)  VALUE       VALUE  FROM      YEAR
                                                  NORMAL
..................................................................
TEMPERATURE (F)
 TODAY
  MAXIMUM         67    102 AM  87    1986  78    -11       82
  MINIMUM         61    841 AM  42    1984  58      3       63
                                      1973
                                      1959
  AVERAGE         64                        68     -4       73

PRECIPITATION (IN)
  TODAY            0.02          1.34 1977   0.05  -0.03     0.01
  MONTH TO DATE    0.22                      0.42  -0.20     2.96
  SINCE DEC 1      0.22                      0.42  -0.20     2.96
  SINCE JAN 1     63.84                     54.64   9.20    60.26

DEGREE DAYS
 HEATING
  TODAY            1                         2     -1        0
  MONTH TO DATE    1                        13    -12        0
  SINCE DEC 1      1                        13    -12        0
  SINCE JUL 1      6                        31    -25        0

 COOLING
  TODAY            0                         4     -4        8
  MONTH TO DATE   82                        43     39       55
  SINCE DEC 1     82                        43     39       55
  SINCE JAN 1   4090                      3906    184     4381
..................................................................


WIND (MPH)
  RESULTANT WIND SPEED  12   RESULTANT WIND DIRECTION  NE (30)
  HIGHEST WIND SPEED    20   HIGHEST WIND DIRECTION    NE (40)
  HIGHEST GUST SPEED    31   HIGHEST GUST DIRECTION    NE (60)
  AVERAGE WIND SPEED    12.4


SKY COVER
  POSSIBLE SUNSHINE  MM
  AVERAGE SKY COVER 0.8


WEATHER CONDITIONS
 THE FOLLOWING WEATHER WAS RECORDED TODAY.
  LIGHT RAIN


RELATIVE HUMIDITY (PERCENT)
 HIGHEST    90           600 AM
 LOWEST     72          1200 PM

..........................................................


THE FORT MYERS CLIMATE NORMALS FOR TOMORROW
                         NORMAL    RECORD    YEAR
 MAXIMUM TEMPERATURE (F)   77        87      1986
 MINIMUM TEMPERATURE (F)   57        32      1917


SUNRISE AND SUNSET
DECEMBER  9 2016......SUNRISE   705 AM EST   SUNSET   535 PM EST
DECEMBER 10 2016......SUNRISE   705 AM EST   SUNSET   536 PM EST


-  INDICATES NEGATIVE NUMBERS.
R  INDICATES RECORD WAS SET OR TIED.
MM INDICATES DATA IS MISSING.
T  INDICATES TRACE AMOUNT.




$$


&&
------------------------------------------------------------------
******************** SUPPLEMENTAL DATA ***************************

...GULF WATER TEMPERATURE AT FORT MYERS BEACH 72 DEGREES
