000
CDUS42 KTBW 172212
CLIFMY


CLIMATE REPORT
NATIONAL WEATHER SERVICE TAMPA BAY FL
511 PM EST WED JAN 17 2018


...................................

...THE FORT MYERS CLIMATE SUMMARY FOR JANUARY 17 2018...
VALID TODAY AS OF 0500 PM LOCAL TIME.

CLIMATE NORMAL PERIOD 1981 TO 2010
CLIMATE RECORD PERIOD 1902 TO 2018


WEATHER ITEM   OBSERVED TIME   RECORD YEAR NORMAL DEPARTURE LAST
                VALUE   (LST)  VALUE       VALUE  FROM      YEAR
                                                  NORMAL
..................................................................
TEMPERATURE (F)
 TODAY
  MAXIMUM         74    142 PM  87    1943  75     -1       84
  MINIMUM         50    632 AM  35    1893  54     -4       63
  AVERAGE         62                        64     -2       74

PRECIPITATION (IN)
  TODAY            0.00          1.17 1941   0.06  -0.06     0.00
  MONTH TO DATE    0.39                      1.06  -0.67     0.76
  SINCE DEC 1      1.84                      2.77  -0.93     1.00
  SINCE JAN 1      0.39                      1.06  -0.67     0.76

DEGREE DAYS
 HEATING
  TODAY            3                         4     -1        0
  MONTH TO DATE   97                        68     29       27
  SINCE DEC 1    140                       143     -3       36
  SINCE JUL 1    145                       161    -16       41

 COOLING
  TODAY            0                         3     -3        9
  MONTH TO DATE   31                        50    -19       97
  SINCE DEC 1    200                       171     29      373
  SINCE JAN 1     31                        50    -19       97
..................................................................


WIND (MPH)
  RESULTANT WIND SPEED   5   RESULTANT WIND DIRECTION   N (340)
  HIGHEST WIND SPEED    18   HIGHEST WIND DIRECTION    NW (300)
  HIGHEST GUST SPEED    24   HIGHEST GUST DIRECTION     W (290)
  AVERAGE WIND SPEED     6.8


SKY COVER
  POSSIBLE SUNSHINE  MM
  AVERAGE SKY COVER 0.0


WEATHER CONDITIONS
 THE FOLLOWING WEATHER WAS RECORDED TODAY.
  FOG


RELATIVE HUMIDITY (PERCENT)
 HIGHEST    96           600 AM
 LOWEST     38           200 PM

..........................................................


THE FORT MYERS CLIMATE NORMALS FOR TOMORROW
                         NORMAL    RECORD    YEAR
 MAXIMUM TEMPERATURE (F)   75        86      1947
                                             1943
 MINIMUM TEMPERATURE (F)   54        31      1977


SUNRISE AND SUNSET
JANUARY 17 2018.......SUNRISE   717 AM EST   SUNSET   558 PM EST
JANUARY 18 2018.......SUNRISE   717 AM EST   SUNSET   559 PM EST


-  INDICATES NEGATIVE NUMBERS.
R  INDICATES RECORD WAS SET OR TIED.
MM INDICATES DATA IS MISSING.
T  INDICATES TRACE AMOUNT.




$$


&&
------------------------------------------------------------------
******************** SUPPLEMENTAL DATA ***************************

...GULF WATER TEMPERATURE AT FORT MYERS BEACH 63 DEGREES
