000
CDUS42 KTBW 262117
CLIFMY


CLIMATE REPORT
NATIONAL WEATHER SERVICE TAMPA BAY FL
515 PM EDT FRI MAY 26 2017


...................................

...THE FORT MYERS CLIMATE SUMMARY FOR MAY 26 2017...
VALID TODAY AS OF 0500 PM LOCAL TIME.

CLIMATE NORMAL PERIOD 1981 TO 2010
CLIMATE RECORD PERIOD 1902 TO 2017


WEATHER ITEM   OBSERVED TIME   RECORD YEAR NORMAL DEPARTURE LAST
                VALUE   (LST)  VALUE       VALUE  FROM      YEAR
                                                  NORMAL
..................................................................
TEMPERATURE (F)
 TODAY
  MAXIMUM         92    303 PM  99    1989  91      1       88
                                      1953
  MINIMUM         70    640 AM  60    1979  71     -1       65
                                      1892
  AVERAGE         81                        81      0       77

PRECIPITATION (IN)
  TODAY            0.00          3.22 1961   0.13  -0.13     0.00
  MONTH TO DATE    1.15                      1.93  -0.78     2.98
  SINCE MAR 1      3.93                      6.99  -3.06     5.48
  SINCE JAN 1      6.18                     11.08  -4.90    20.59

DEGREE DAYS
 HEATING
  TODAY            0                         0      0        0
  MONTH TO DATE    0                         0      0        0
  SINCE MAR 1     11                        27    -16        9
  SINCE JUL 1     76                       287   -211      204

 COOLING
  TODAY           16                        16      0       12
  MONTH TO DATE  400                       355     45      359
  SINCE MAR 1    848                       800     48      907
  SINCE JAN 1   1190                       985    205     1018
..................................................................


WIND (MPH)
  RESULTANT WIND SPEED   2   RESULTANT WIND DIRECTION   N (10)
  HIGHEST WIND SPEED    13   HIGHEST WIND DIRECTION     W (250)
  HIGHEST GUST SPEED    17   HIGHEST GUST DIRECTION     W (270)
  AVERAGE WIND SPEED     5.6


SKY COVER
  POSSIBLE SUNSHINE  MM
  AVERAGE SKY COVER 0.1


WEATHER CONDITIONS
 THE FOLLOWING WEATHER WAS RECORDED TODAY.
  NO SIGNIFICANT WEATHER WAS OBSERVED.


RELATIVE HUMIDITY (PERCENT)
 HIGHEST    90           300 AM
 LOWEST     52           100 PM

..........................................................


THE FORT MYERS CLIMATE NORMALS FOR TOMORROW
                         NORMAL    RECORD    YEAR
 MAXIMUM TEMPERATURE (F)   91        98      1989
 MINIMUM TEMPERATURE (F)   71        60      1979


SUNRISE AND SUNSET
MAY 26 2017...........SUNRISE   636 AM EDT   SUNSET   814 PM EDT
MAY 27 2017...........SUNRISE   635 AM EDT   SUNSET   814 PM EDT


-  INDICATES NEGATIVE NUMBERS.
R  INDICATES RECORD WAS SET OR TIED.
MM INDICATES DATA IS MISSING.
T  INDICATES TRACE AMOUNT.




$$


&&
------------------------------------------------------------------
******************** SUPPLEMENTAL DATA ***************************

...GULF WATER TEMPERATURE AT FORT MYERS BEACH 82 DEGREES
