000
CDUS42 KTBW 180929
CLIFMY


CLIMATE REPORT
NATIONAL WEATHER SERVICE TAMPA BAY FL
428 AM EST SAT NOV 18 2017


...................................

...THE FORT MYERS CLIMATE SUMMARY FOR NOVEMBER 17 2017...

CLIMATE NORMAL PERIOD 1981 TO 2010
CLIMATE RECORD PERIOD 1902 TO 2017


WEATHER ITEM   OBSERVED TIME   RECORD YEAR NORMAL DEPARTURE LAST
                VALUE   (LST)  VALUE       VALUE  FROM      YEAR
                                                  NORMAL
..................................................................
TEMPERATURE (F)
 YESTERDAY
  MAXIMUM         80    435 PM  91    1988  81     -1       83
  MINIMUM         63    709 AM  34    1940  62      1       54
  AVERAGE         72                        71      1       69

PRECIPITATION (IN)
  YESTERDAY        0.00          1.40 1915   0.07  -0.07     0.00
  MONTH TO DATE    0.09                      1.35  -1.26      T
  SINCE SEP 1     13.04                     12.54   0.50    10.14
  SINCE JAN 1     59.79                     53.61   6.18    63.62

DEGREE DAYS
 HEATING
  YESTERDAY        0                         1     -1        0
  MONTH TO DATE    0                         2     -2        0
  SINCE SEP 1      5                         4      1        0
  SINCE JUL 1      5                         4      1        0

 COOLING
  YESTERDAY        7                         7      0        4
  MONTH TO DATE  178                       138     40      113
  SINCE SEP 1   1112                      1062     50     1081
  SINCE JAN 1   4074                      3786    288     3926
..................................................................


WIND (MPH)
  RESULTANT WIND SPEED   7   RESULTANT WIND DIRECTION  NE (50)
  HIGHEST WIND SPEED    15   HIGHEST WIND DIRECTION    NE (40)
  HIGHEST GUST SPEED    19   HIGHEST GUST DIRECTION    NE (50)
  AVERAGE WIND SPEED     7.4


SKY COVER
  POSSIBLE SUNSHINE  MM
  AVERAGE SKY COVER 0.4


WEATHER CONDITIONS
 THE FOLLOWING WEATHER WAS RECORDED YESTERDAY.
  NO SIGNIFICANT WEATHER WAS OBSERVED.


RELATIVE HUMIDITY (PERCENT)
 HIGHEST    93           300 AM
 LOWEST     49           300 PM

..........................................................


THE FORT MYERS CLIMATE NORMALS FOR TODAY
                         NORMAL    RECORD    YEAR
 MAXIMUM TEMPERATURE (F)   81        89      1988
                                             1948
 MINIMUM TEMPERATURE (F)   62        40      1951


SUNRISE AND SUNSET
NOVEMBER 18 2017......SUNRISE   649 AM EST   SUNSET   536 PM EST
NOVEMBER 19 2017......SUNRISE   650 AM EST   SUNSET   536 PM EST


-  INDICATES NEGATIVE NUMBERS.
R  INDICATES RECORD WAS SET OR TIED.
MM INDICATES DATA IS MISSING.
T  INDICATES TRACE AMOUNT.




$$


&&
------------------------------------------------------------------
******************** SUPPLEMENTAL DATA ***************************

...GULF WATER TEMPERATURE AT FORT MYERS BEACH 75 DEGREES.
