000
CDUS43 KDTX 010536
CLIFNT


CLIMATE REPORT
NATIONAL WEATHER SERVICE DETROIT/PONTIAC MI
136 AM EDT FRI AUG 1 2014


...................................

...THE FLINT MI CLIMATE SUMMARY FOR JULY 31 2014...

CLIMATE NORMAL PERIOD 1981 TO 2010
CLIMATE RECORD PERIOD 1921 TO 2014


WEATHER ITEM   OBSERVED TIME   RECORD YEAR NORMAL DEPARTURE LAST
                VALUE   (LST)  VALUE       VALUE  FROM      YEAR
                                                  NORMAL
..................................................................
TEMPERATURE (F)
 YESTERDAY
  MAXIMUM         80    457 PM  97    1955  81     -1       69
                                      1933
  MINIMUM         53    516 AM  47    1960  59     -6       63
  AVERAGE         67                        70     -3       66

PRECIPITATION (IN)
  YESTERDAY        0.07          2.18 1992   0.12  -0.05     0.59
  MONTH TO DATE    5.76                      3.32   2.44     1.74
  SINCE JUN 1      8.22                      6.39   1.83     6.25
  SINCE JAN 1     23.17                     17.38   5.79    23.01

SNOWFALL (IN)
  YESTERDAY        0.0           0.0    MM   0.0    0.0      0.0
  MONTH TO DATE    0.0                       0.0    0.0      0.0
  SINCE JUN 1      0.0                       0.0    0.0      0.0
  SINCE JUL 1      0.0                       0.0    0.0      0.0
  SNOW DEPTH       0

DEGREE DAYS
 HEATING
  YESTERDAY        0                         0      0        0
  MONTH TO DATE   17                        10      7        9
  SINCE JUN 1     39                        81    -42       50
  SINCE JUL 1     17                        15      2        9

 COOLING
  YESTERDAY        2                         6     -4        1
  MONTH TO DATE  129                       187    -58      264
  SINCE JUN 1    281                       299    -18      423
  SINCE JAN 1    329                       331     -2      502
..................................................................


WIND (MPH)
  HIGHEST WIND SPEED    18   HIGHEST WIND DIRECTION    NW (320)
  HIGHEST GUST SPEED    23   HIGHEST GUST DIRECTION     W (250)
  AVERAGE WIND SPEED     5.4


SKY COVER
  POSSIBLE SUNSHINE  MM
  AVERAGE SKY COVER 0.3


WEATHER CONDITIONS
 THE FOLLOWING WEATHER WAS RECORDED YESTERDAY.
  THUNDERSTORM
  HEAVY RAIN
  LIGHT RAIN
  HAZE


RELATIVE HUMIDITY (PERCENT)
 HIGHEST    90          1000 PM
 LOWEST     45           500 PM
 AVERAGE    68

..........................................................


THE FLINT MI CLIMATE NORMALS FOR TODAY
                         NORMAL    RECORD    YEAR
 MAXIMUM TEMPERATURE (F)   81        98      1988
 MINIMUM TEMPERATURE (F)   59        43      1947


SUNRISE AND SUNSET
AUGUST  1 2014........SUNRISE   626 AM EDT   SUNSET   856 PM EDT
AUGUST  2 2014........SUNRISE   627 AM EDT   SUNSET   855 PM EDT


-  INDICATES NEGATIVE NUMBERS.
R  INDICATES RECORD WAS SET OR TIED.
MM INDICATES DATA IS MISSING.
T  INDICATES TRACE AMOUNT.




$$
