000
CDUS43 KDTX 022025
CLIFNT


CLIMATE REPORT
NATIONAL WEATHER SERVICE DETROIT/PONTIAC MI
425 PM EDT TUE SEP 2 2014


...................................

...THE FLINT MI CLIMATE SUMMARY FOR SEPTEMBER 2 2014...
VALID TODAY AS OF 0400 PM LOCAL TIME.

CLIMATE NORMAL PERIOD 1981 TO 2010
CLIMATE RECORD PERIOD 1921 TO 2014


WEATHER ITEM   OBSERVED TIME   RECORD YEAR NORMAL DEPARTURE LAST
                VALUE   (LST)  VALUE       VALUE  FROM      YEAR
                                                  NORMAL
..................................................................
TEMPERATURE (F)
 TODAY
  MAXIMUM         81   1221 PM  97    1953  77      4       75
  MINIMUM         69    647 AM  39    1994  55     14       57
                                      1946
  AVERAGE         75                        66      9       66

PRECIPITATION (IN)
  TODAY            0.00          1.19 1942   0.12  -0.12      T
  MONTH TO DATE    0.68                      0.24   0.44     0.06
  SINCE SEP 1      0.68                      0.24   0.44     0.06
  SINCE JAN 1     27.67                     20.80   6.87    25.65

SNOWFALL (IN)
  TODAY            0.0           0.0    MM   0.0    0.0      0.0
  MONTH TO DATE    0.0                       0.0    0.0      0.0
  SINCE SEP 1      0.0                       0.0    0.0      0.0
  SINCE JUL 1      0.0                       0.0    0.0      0.0
  SNOW DEPTH       0

DEGREE DAYS
 HEATING
  TODAY            0                         2     -2        0
  MONTH TO DATE    0                         4     -4        0
  SINCE SEP 1      0                         4     -4        0
  SINCE JUL 1     24                        48    -24       22

 COOLING
  TODAY           10                         3      7        1
  MONTH TO DATE   22                         6     16        7
  SINCE SEP 1     22                         6     16        7
  SINCE JAN 1    554                       483     71      677
..................................................................


WIND (MPH)
  HIGHEST WIND SPEED    17   HIGHEST WIND DIRECTION     W (290)
  HIGHEST GUST SPEED    21   HIGHEST GUST DIRECTION     W (290)
  AVERAGE WIND SPEED     7.6


SKY COVER
  POSSIBLE SUNSHINE  MM
  AVERAGE SKY COVER 0.4


WEATHER CONDITIONS
 THE FOLLOWING WEATHER WAS RECORDED TODAY.
  NO SIGNIFICANT WEATHER WAS OBSERVED.


RELATIVE HUMIDITY (PERCENT)
 HIGHEST    84          1200 AM
 LOWEST     49           300 PM
 AVERAGE    67

..........................................................


THE FLINT MI CLIMATE NORMALS FOR TOMORROW
                         NORMAL    RECORD    YEAR
 MAXIMUM TEMPERATURE (F)   77        97      1953
 MINIMUM TEMPERATURE (F)   55        35      1946


SUNRISE AND SUNSET
SEPTEMBER  2 2014.....SUNRISE   700 AM EDT   SUNSET   808 PM EDT
SEPTEMBER  3 2014.....SUNRISE   702 AM EDT   SUNSET   806 PM EDT


-  INDICATES NEGATIVE NUMBERS.
R  INDICATES RECORD WAS SET OR TIED.
MM INDICATES DATA IS MISSING.
T  INDICATES TRACE AMOUNT.




$$
