000
CDUS43 KFSD 220651
CLIFSD


CLIMATE REPORT
NATIONAL WEATHER SERVICE SIOUX FALLS SD
150 AM CDT TUE AUG 22 2017


...................................

...THE SIOUX FALLS SD CLIMATE SUMMARY FOR AUGUST 21 2017...

CLIMATE NORMAL PERIOD 1981 TO 2010
CLIMATE RECORD PERIOD 1893 TO 2017


WEATHER ITEM   OBSERVED TIME   RECORD YEAR NORMAL DEPARTURE LAST
                VALUE   (LST)  VALUE       VALUE  FROM      YEAR
                                                  NORMAL
..................................................................
TEMPERATURE (F)
 YESTERDAY
  MAXIMUM         74   1001 AM  98    1968  81     -7       80
                                      1959
                                      1947
  MINIMUM         63   1002 PM  40    2004  59      4       49
  AVERAGE         69                        70     -1       65

PRECIPITATION (IN)
  YESTERDAY        2.15          2.28 2002   0.09   2.06     0.00
  MONTH TO DATE    4.37                      2.09   2.28     1.68
  SINCE JUN 1      8.79                      9.10  -0.31     5.72
  SINCE JAN 1     16.54                     18.43  -1.89    17.22

SNOWFALL (IN)
  YESTERDAY        0.0           0.0    MM   0.0    0.0      0.0
  MONTH TO DATE    0.0                       0.0    0.0      0.0
  SINCE JUN 1      0.0                       0.0    0.0      0.0
  SINCE JUL 1      0.0                       0.0    0.0      0.0
  SNOW DEPTH       0

DEGREE DAYS
 HEATING
  YESTERDAY        0                         1     -1        0
  MONTH TO DATE    6                         8     -2        0
  SINCE JUN 1     32                        67    -35       14
  SINCE JUL 1      6                        16    -10        5

 COOLING
  YESTERDAY        4                         6     -2        0
  MONTH TO DATE   73                       148    -75      176
  SINCE JUN 1    608                       539     69      687
  SINCE JAN 1    634                       575     59      720
..................................................................


WIND (MPH)
  HIGHEST WIND SPEED    29   HIGHEST WIND DIRECTION     E (110)
  HIGHEST GUST SPEED    33   HIGHEST GUST DIRECTION     E (100)
  AVERAGE WIND SPEED     6.9


SKY COVER
  POSSIBLE SUNSHINE  MM
  AVERAGE SKY COVER 0.7


WEATHER CONDITIONS
 THE FOLLOWING WEATHER WAS RECORDED YESTERDAY.
  THUNDERSTORM
  HEAVY RAIN
  RAIN
  LIGHT RAIN
  FOG


RELATIVE HUMIDITY (PERCENT)
 HIGHEST   100           600 AM
 LOWEST     79           900 AM
 AVERAGE    90

..........................................................


THE SIOUX FALLS SD CLIMATE NORMALS FOR TODAY
                         NORMAL    RECORD    YEAR
 MAXIMUM TEMPERATURE (F)   81       103      1971
 MINIMUM TEMPERATURE (F)   59        41      1904


SUNRISE AND SUNSET
AUGUST 22 2017........SUNRISE   640 AM CDT   SUNSET   819 PM CDT
AUGUST 23 2017........SUNRISE   641 AM CDT   SUNSET   817 PM CDT


-  INDICATES NEGATIVE NUMBERS.
R  INDICATES RECORD WAS SET OR TIED.
MM INDICATES DATA IS MISSING.
T  INDICATES TRACE AMOUNT.




$$
