000
CDUS43 KFSD 200634
CLIFSD


CLIMATE REPORT
NATIONAL WEATHER SERVICE SIOUX FALLS SD
132 AM CDT MON OCT 20 2014


...................................

...THE SIOUX FALLS SD CLIMATE SUMMARY FOR OCTOBER 19 2014...

CLIMATE NORMAL PERIOD 1981 TO 2010
CLIMATE RECORD PERIOD 1893 TO 2014


WEATHER ITEM   OBSERVED TIME   RECORD YEAR NORMAL DEPARTURE LAST
                VALUE   (LST)  VALUE       VALUE  FROM      YEAR
                                                  NORMAL
..................................................................
TEMPERATURE (F)
 YESTERDAY
  MAXIMUM         74    346 PM  85    2003  58     16       53
  MINIMUM         44   1152 PM   9    1972  35      9       35
  AVERAGE         59                        47     12       44

PRECIPITATION (IN)
  YESTERDAY        0.00          0.54 1982   0.06  -0.06     0.06
  MONTH TO DATE    0.36                      1.53  -1.17     2.66
  SINCE SEP 1      2.64                      4.30  -1.66     3.43
  SINCE JAN 1     27.07                     23.69   3.38    23.85

SNOWFALL (IN)
  YESTERDAY        0.0           3.3  1982   0.0    0.0      0.0
  MONTH TO DATE    0.0                       0.4   -0.4      0.0
  SINCE SEP 1      0.0                       0.4   -0.4      0.0
  SINCE JUL 1      T                         0.4   -0.4      0.0
  SNOW DEPTH       0

DEGREE DAYS
 HEATING
  YESTERDAY        6                        18    -12       21
  MONTH TO DATE  267                       281    -14      231
  SINCE SEP 1    397                       454    -57      297
  SINCE JUL 1    415                       485    -70      331

 COOLING
  YESTERDAY        0                         0      0        0
  MONTH TO DATE    0                         0      0        3
  SINCE SEP 1     59                        60     -1      133
  SINCE JAN 1    610                       685    -75      787
..................................................................


WIND (MPH)
  HIGHEST WIND SPEED    20   HIGHEST WIND DIRECTION     S (200)
  HIGHEST GUST SPEED    25   HIGHEST GUST DIRECTION     S (190)
  AVERAGE WIND SPEED     8.7


SKY COVER
  POSSIBLE SUNSHINE  MM
  AVERAGE SKY COVER 0.1


WEATHER CONDITIONS
 THE FOLLOWING WEATHER WAS RECORDED YESTERDAY.
  NO SIGNIFICANT WEATHER WAS OBSERVED.


RELATIVE HUMIDITY (PERCENT)
 HIGHEST    76          1200 AM
 LOWEST     33           400 PM
 AVERAGE    55

..........................................................


THE SIOUX FALLS SD CLIMATE NORMALS FOR TODAY
                         NORMAL    RECORD    YEAR
 MAXIMUM TEMPERATURE (F)   58        85      1947
 MINIMUM TEMPERATURE (F)   35        13      1917


SUNRISE AND SUNSET
OCTOBER 20 2014.......SUNRISE   747 AM CDT   SUNSET   635 PM CDT
OCTOBER 21 2014.......SUNRISE   748 AM CDT   SUNSET   634 PM CDT


-  INDICATES NEGATIVE NUMBERS.
R  INDICATES RECORD WAS SET OR TIED.
MM INDICATES DATA IS MISSING.
T  INDICATES TRACE AMOUNT.




$$
