155
CDUS43 KFSD 270631
CLIFSD


CLIMATE REPORT
NATIONAL WEATHER SERVICE SIOUX FALLS SD
131 AM CDT MON MAR 27 2017


...................................

...THE SIOUX FALLS SD CLIMATE SUMMARY FOR MARCH 26 2017...

CLIMATE NORMAL PERIOD 1981 TO 2010
CLIMATE RECORD PERIOD 1893 TO 2017


WEATHER ITEM   OBSERVED TIME   RECORD YEAR NORMAL DEPARTURE LAST
                VALUE   (LST)  VALUE       VALUE  FROM      YEAR
                                                  NORMAL
..................................................................
TEMPERATURE (F)
 YESTERDAY
  MAXIMUM         49    337 PM  78    1910  48      1       46
  MINIMUM         38    722 AM  -4    1894  27     11       32
  AVERAGE         44                        37      7       39

PRECIPITATION (IN)
  YESTERDAY        T             1.08 1936   0.08  -0.08     0.63
  MONTH TO DATE    0.50                      1.34  -0.84     1.22
  SINCE MAR 1      0.50                      1.34  -0.84     1.22
  SINCE JAN 1      1.61                      2.50  -0.89     2.90

SNOWFALL (IN)
  YESTERDAY        0.0           9.0  1936   0.2   -0.2      6.4
  MONTH TO DATE    8.0                       7.2    0.8     12.2
  SINCE MAR 1      8.0                       7.2    0.8     12.2
  SINCE JUL 1     39.4                      38.7    0.7     68.5
  SNOW DEPTH       0

DEGREE DAYS
 HEATING
  YESTERDAY       21                        28     -7       26
  MONTH TO DATE  817                       863    -46      644
  SINCE MAR 1    817                       863    -46      644
  SINCE JUL 1   5623                      6713  -1090     5680

 COOLING
  YESTERDAY        0                         0      0        0
  MONTH TO DATE    0                         0      0        0
  SINCE MAR 1      0                         0      0        0
  SINCE JAN 1      0                         0      0        0
..................................................................


WIND (MPH)
  HIGHEST WIND SPEED    10   HIGHEST WIND DIRECTION     N (360)
  HIGHEST GUST SPEED    13   HIGHEST GUST DIRECTION     N (360)
  AVERAGE WIND SPEED     4.8


SKY COVER
  POSSIBLE SUNSHINE  MM
  AVERAGE SKY COVER 1.0


WEATHER CONDITIONS
 THE FOLLOWING WEATHER WAS RECORDED YESTERDAY.
  LIGHT RAIN
  FOG


RELATIVE HUMIDITY (PERCENT)
 HIGHEST   100           300 AM
 LOWEST     71           300 PM
 AVERAGE    86

..........................................................


THE SIOUX FALLS SD CLIMATE NORMALS FOR TODAY
                         NORMAL    RECORD    YEAR
 MAXIMUM TEMPERATURE (F)   49        80      1905
 MINIMUM TEMPERATURE (F)   27        -2      1899


SUNRISE AND SUNSET
MARCH 27 2017.........SUNRISE   717 AM CDT   SUNSET   748 PM CDT
MARCH 28 2017.........SUNRISE   715 AM CDT   SUNSET   749 PM CDT


-  INDICATES NEGATIVE NUMBERS.
R  INDICATES RECORD WAS SET OR TIED.
MM INDICATES DATA IS MISSING.
T  INDICATES TRACE AMOUNT.




$$
