000
CDUS43 KFSD 230636
CLIFSD


CLIMATE REPORT
NATIONAL WEATHER SERVICE SIOUX FALLS SD
1229 AM CST THU FEB 23 2017


...................................

...THE SIOUX FALLS SD CLIMATE SUMMARY FOR FEBRUARY 22 2017...

CLIMATE NORMAL PERIOD 1981 TO 2010
CLIMATE RECORD PERIOD 1893 TO 2017


WEATHER ITEM   OBSERVED TIME   RECORD YEAR NORMAL DEPARTURE LAST
                VALUE   (LST)  VALUE       VALUE  FROM      YEAR
                                                  NORMAL
..................................................................
TEMPERATURE (F)
 YESTERDAY
  MAXIMUM         63    201 PM  70    1982  34     29       37
  MINIMUM         34    542 AM -17    1989  14     20       30
  AVERAGE         49                        24     25       34

PRECIPITATION (IN)
  YESTERDAY        T             0.30 1913   0.02  -0.02      T
  MONTH TO DATE    0.26                      0.43  -0.17     0.76
  SINCE DEC 1      2.80                      1.68   1.12     2.55
  SINCE JAN 1      0.88                      0.99  -0.11     1.24

SNOWFALL (IN)
  YESTERDAY        0.0           5.6  1999   0.2   -0.2      0.0
  MONTH TO DATE    T                         5.3   -5.3      8.3
  SINCE DEC 1     20.3                      21.2   -0.9     34.3
  SINCE JUL 1     26.3                      29.9   -3.6     51.6
  SNOW DEPTH       0

DEGREE DAYS
 HEATING
  YESTERDAY       16                        41    -25       31
  MONTH TO DATE  705                       980   -275      882
  SINCE DEC 1   3451                      3900   -449     3544
  SINCE JUL 1   4586                      5612  -1026     4818

 COOLING
  YESTERDAY        0                         0      0        0
  MONTH TO DATE    0                         0      0        0
  SINCE DEC 1      0                         0      0        0
  SINCE JAN 1      0                         0      0        0
..................................................................


WIND (MPH)
  HIGHEST WIND SPEED    25   HIGHEST WIND DIRECTION     N (340)
  HIGHEST GUST SPEED    32   HIGHEST GUST DIRECTION     W (280)
  AVERAGE WIND SPEED    10.4


SKY COVER
  POSSIBLE SUNSHINE  MM
  AVERAGE SKY COVER 0.5


WEATHER CONDITIONS
 THE FOLLOWING WEATHER WAS RECORDED YESTERDAY.
  LIGHT RAIN


RELATIVE HUMIDITY (PERCENT)
 HIGHEST    92           300 AM
 LOWEST     48           200 PM
 AVERAGE    70

..........................................................


THE SIOUX FALLS SD CLIMATE NORMALS FOR TODAY
                         NORMAL    RECORD    YEAR
 MAXIMUM TEMPERATURE (F)   34        70      1958
 MINIMUM TEMPERATURE (F)   15       -19      1965


SUNRISE AND SUNSET
FEBRUARY 23 2017......SUNRISE   713 AM CST   SUNSET   608 PM CST
FEBRUARY 24 2017......SUNRISE   711 AM CST   SUNSET   610 PM CST


-  INDICATES NEGATIVE NUMBERS.
R  INDICATES RECORD WAS SET OR TIED.
MM INDICATES DATA IS MISSING.
T  INDICATES TRACE AMOUNT.




$$
