000
CDUS43 KFSD 080626
CLIFSD


CLIMATE REPORT
NATIONAL WEATHER SERVICE SIOUX FALLS SD
1226 AM CST THU DEC 8 2016


...................................

...THE SIOUX FALLS SD CLIMATE SUMMARY FOR DECEMBER 7 2016...

CLIMATE NORMAL PERIOD 1981 TO 2010
CLIMATE RECORD PERIOD 1893 TO 2016


WEATHER ITEM   OBSERVED TIME   RECORD YEAR NORMAL DEPARTURE LAST
                VALUE   (LST)  VALUE       VALUE  FROM      YEAR
                                                  NORMAL
..................................................................
TEMPERATURE (F)
 YESTERDAY
  MAXIMUM         20    211 PM  61    1984  31    -11       41
  MINIMUM          8   1159 PM -20    1976  12     -4       27
  AVERAGE         14                        21     -7       34

PRECIPITATION (IN)
  YESTERDAY        0.00          0.50 1924   0.03  -0.03     0.00
  MONTH TO DATE    T                         0.20  -0.20     0.05
  SINCE DEC 1      T                         0.20  -0.20     0.05
  SINCE JAN 1     30.31                     25.89   4.42    31.68

SNOWFALL (IN)
  YESTERDAY        0.0           6.0  1924   0.2   -0.2      0.0
  MONTH TO DATE    T                         1.9   -1.9      0.9
  SINCE DEC 1      T                         1.9   -1.9      0.9
  SINCE JUL 1      6.0                      10.6   -4.6     18.2
  SNOW DEPTH       0

DEGREE DAYS
 HEATING
  YESTERDAY       51                        44      7       31
  MONTH TO DATE  257                       297    -40      260
  SINCE DEC 1    257                       297    -40      260
  SINCE JUL 1   1392                      2009   -617     1534

 COOLING
  YESTERDAY        0                         0      0        0
  MONTH TO DATE    0                         0      0        0
  SINCE DEC 1      0                         0      0        0
  SINCE JAN 1    879                       690    189      715
..................................................................


WIND (MPH)
  HIGHEST WIND SPEED    29   HIGHEST WIND DIRECTION    NW (310)
  HIGHEST GUST SPEED    39   HIGHEST GUST DIRECTION    NW (310)
  AVERAGE WIND SPEED    21.9


SKY COVER
  POSSIBLE SUNSHINE  MM
  AVERAGE SKY COVER 0.3


WEATHER CONDITIONS
 THE FOLLOWING WEATHER WAS RECORDED YESTERDAY.
  NO SIGNIFICANT WEATHER WAS OBSERVED.


RELATIVE HUMIDITY (PERCENT)
 HIGHEST    80           400 AM
 LOWEST     56           200 PM
 AVERAGE    68

..........................................................


THE SIOUX FALLS SD CLIMATE NORMALS FOR TODAY
                         NORMAL    RECORD    YEAR
 MAXIMUM TEMPERATURE (F)   30        60      1970
 MINIMUM TEMPERATURE (F)   12       -22      1927


SUNRISE AND SUNSET
DECEMBER  8 2016......SUNRISE   748 AM CST   SUNSET   450 PM CST
DECEMBER  9 2016......SUNRISE   749 AM CST   SUNSET   450 PM CST


-  INDICATES NEGATIVE NUMBERS.
R  INDICATES RECORD WAS SET OR TIED.
MM INDICATES DATA IS MISSING.
T  INDICATES TRACE AMOUNT.




$$
