000
CDUS44 KTSA 230801
CLIFSM

CLIMATE REPORT
NATIONAL WEATHER SERVICE TULSA OK
147 AM CDT TUE MAY 23 2017


...................................

...THE FORT SMITH ARKANSAS CLIMATE SUMMARY FOR MAY 22 2017...

CLIMATE NORMAL PERIOD 1981 TO 2010
CLIMATE RECORD PERIOD 1882 TO 2017


WEATHER ITEM   OBSERVED TIME   RECORD YEAR NORMAL DEPARTURE LAST
                VALUE   (LST)  VALUE       VALUE  FROM      YEAR
                                                  NORMAL
..................................................................
TEMPERATURE (F)
 YESTERDAY
  MAXIMUM         80    423 PM  94    1953  82     -2       83
  MINIMUM         57    533 AM  42    1892  61     -4       61
  AVERAGE         69                        71     -2       72

PRECIPITATION (IN)
  YESTERDAY        T             3.58 1957   0.18  -0.18     0.00
  MONTH TO DATE    6.35                      3.96   2.39     3.29
  SINCE MAR 1     17.16                     12.11   5.05    14.65
  SINCE JAN 1     21.98                     17.68   4.30    16.80

DEGREE DAYS
 COOLING
  YESTERDAY        4                         7     -3        7
  MONTH TO DATE  107                       105      2       52
  SINCE MAR 1    227                       170     57      100
  SINCE JAN 1    243                       171     72      101
..................................................................


WIND (MPH)
  HIGHEST WIND SPEED    13   HIGHEST WIND DIRECTION     E (90)
  HIGHEST GUST SPEED    17   HIGHEST GUST DIRECTION     E (90)
  AVERAGE WIND SPEED     6.2


SKY COVER
  POSSIBLE SUNSHINE  MM
  AVERAGE SKY COVER 0.2


WEATHER CONDITIONS
 THE FOLLOWING WEATHER WAS RECORDED YESTERDAY.
  LIGHT RAIN


RELATIVE HUMIDITY (PERCENT)
 HIGHEST    86           500 AM
 LOWEST     32           200 PM
 AVERAGE    59

..........................................................


THE FORT SMITH ARKANSAS CLIMATE NORMALS FOR TODAY
                         NORMAL    RECORD    YEAR
 MAXIMUM TEMPERATURE (F)   82        95      2000
 MINIMUM TEMPERATURE (F)   61        43      1963


SUNRISE AND SUNSET
MAY 23 2017...........SUNRISE   608 AM CDT   SUNSET   821 PM CDT
MAY 24 2017...........SUNRISE   607 AM CDT   SUNSET   822 PM CDT


-  INDICATES NEGATIVE NUMBERS.
R  INDICATES RECORD WAS SET OR TIED.
MM INDICATES DATA IS MISSING.
T  INDICATES TRACE AMOUNT.




$$

&&
...........................................................

THE ARKANSAS RIVER AT VAN BUREN

                   OBSERVED      24 HOUR     24 HOUR
                    VALUE        CHANGE      FORECAST

 STAGE (FEET)
  THIS MORNING       19.5         -3.9

MEAN FLOW (CFS)
  TODAY                                        -99
...........................................................
ALL DATA MEASURED AT THE FORT SMITH REGIONAL AIRPORT
