000
CDUS44 KTSA 020800
CLIFSM

CLIMATE REPORT
NATIONAL WEATHER SERVICE TULSA OK
147 AM CDT MON MAY 2 2016


...................................

...THE FORT SMITH ARKANSAS CLIMATE SUMMARY FOR MAY 1 2016...

CLIMATE NORMAL PERIOD 1981 TO 2010
CLIMATE RECORD PERIOD 1882 TO 2016


WEATHER ITEM   OBSERVED TIME   RECORD YEAR NORMAL DEPARTURE LAST
                VALUE   (LST)  VALUE       VALUE  FROM      YEAR
                                                  NORMAL
..................................................................
TEMPERATURE (F)
 YESTERDAY
  MAXIMUM         74    329 PM  93    1959  77     -3       77
  MINIMUM         52    551 AM  34    1903  55     -3       49
  AVERAGE         63                        66     -3       63

PRECIPITATION (IN)
  YESTERDAY        0.00          1.73 2011   0.18  -0.18     0.00
  MONTH TO DATE    0.00                      0.18  -0.18     0.00
  SINCE MAR 1     11.36                      8.33   3.03     8.79
  SINCE JAN 1     13.51                     13.90  -0.39    13.40

SNOWFALL (IN)
  YESTERDAY        0.0                                       0.0
  MONTH TO DATE    0.0                                       0.0
  SINCE MAR 1      0.0                                       1.0
  SINCE JUL 1      T                                         6.6

DEGREE DAYS
 HEATING
  YESTERDAY        2                         2      0        2
  MONTH TO DATE    2                         2      0        2
  SINCE MAR 1    341                       544   -203      482
  SINCE JUL 1   2410                      3217   -807     3296

 COOLING
  YESTERDAY        0                         3     -3        0
  MONTH TO DATE    0                         3     -3        0
  SINCE MAR 1     48                        68    -20       68
  SINCE JAN 1     49                        69    -20       68
..................................................................


WIND (MPH)
  HIGHEST WIND SPEED    16   HIGHEST WIND DIRECTION     W (260)
  HIGHEST GUST SPEED    20   HIGHEST GUST DIRECTION     W (260)
  AVERAGE WIND SPEED     7.2


SKY COVER
  POSSIBLE SUNSHINE  MM
  AVERAGE SKY COVER 0.0


WEATHER CONDITIONS
 THE FOLLOWING WEATHER WAS RECORDED YESTERDAY.
  NO SIGNIFICANT WEATHER WAS OBSERVED.


RELATIVE HUMIDITY (PERCENT)
 HIGHEST    83           600 AM
 LOWEST     35           400 PM
 AVERAGE    59

..........................................................


THE FORT SMITH ARKANSAS CLIMATE NORMALS FOR TODAY
                         NORMAL    RECORD    YEAR
 MAXIMUM TEMPERATURE (F)   78        93      1943
                                             1883
 MINIMUM TEMPERATURE (F)   55        37      1989
                                             1909


SUNRISE AND SUNSET
MAY  2 2016...........SUNRISE   624 AM CDT   SUNSET   805 PM CDT
MAY  3 2016...........SUNRISE   623 AM CDT   SUNSET   806 PM CDT


-  INDICATES NEGATIVE NUMBERS.
R  INDICATES RECORD WAS SET OR TIED.
MM INDICATES DATA IS MISSING.
T  INDICATES TRACE AMOUNT.




$$

&&
...........................................................

THE ARKANSAS RIVER AT VAN BUREN

                   OBSERVED      24 HOUR     24 HOUR
                    VALUE        CHANGE      FORECAST

 STAGE (FEET)
  THIS MORNING       20.2         -0.7

MEAN FLOW (CFS)
  TODAY                                        81000
...........................................................
ALL DATA MEASURED AT THE FORT SMITH REGIONAL AIRPORT
