000
CDUS44 KTSA 210911
CLIFSM

CLIMATE REPORT
NATIONAL WEATHER SERVICE TULSA OK
302 AM CDT MON APR 21 2014


...................................

...THE FORT SMITH ARKANSAS CLIMATE SUMMARY FOR APRIL 20 2014...

CLIMATE NORMAL PERIOD 1981 TO 2010
CLIMATE RECORD PERIOD 1882 TO 2014


WEATHER ITEM   OBSERVED TIME   RECORD YEAR NORMAL DEPARTURE LAST
                VALUE   (LST)  VALUE       VALUE  FROM      YEAR
                                                  NORMAL
..................................................................
TEMPERATURE (F)
 YESTERDAY
  MAXIMUM         81    437 PM  94    1987  75      6       72
  MINIMUM         56    630 AM  35    1978  51      5       40
                                      1953
  AVERAGE         69                        63      6       56

PRECIPITATION (IN)
  YESTERDAY        0.01          2.13 1928   0.15  -0.14     0.00
  MONTH TO DATE    2.02                      2.72  -0.70     2.62
  SINCE MAR 1      5.87                      6.57  -0.70     6.04
  SINCE JAN 1      7.64                     12.14  -4.50    14.47

SNOWFALL (IN)
  YESTERDAY        0.0                                       0.0
  MONTH TO DATE    0.0                                       0.0
  SINCE MAR 1      0.5                                       0.0
  SINCE JUL 1     10.7                                       8.0

DEGREE DAYS
 HEATING
  YESTERDAY        0                         4     -4        9
  MONTH TO DATE  124                       124      0      131
  SINCE MAR 1    583                       510     73      600
  SINCE JUL 1   3528                      3183    345     2923

 COOLING
  YESTERDAY        4                         2      2        0
  MONTH TO DATE   33                        30      3       56
  SINCE MAR 1     33                        41     -8       58
  SINCE JAN 1     33                        42     -9       59
..................................................................


WIND (MPH)
  HIGHEST WIND SPEED    15   HIGHEST WIND DIRECTION    SW (240)
  HIGHEST GUST SPEED    19   HIGHEST GUST DIRECTION    SW (230)
  AVERAGE WIND SPEED     4.6


SKY COVER
  POSSIBLE SUNSHINE  MM
  AVERAGE SKY COVER 0.3


WEATHER CONDITIONS
 THE FOLLOWING WEATHER WAS RECORDED YESTERDAY.
  LIGHT RAIN


RELATIVE HUMIDITY (PERCENT)
 HIGHEST    93          1100 PM
 LOWEST     36           400 PM
 AVERAGE    65

..........................................................


THE FORT SMITH ARKANSAS CLIMATE NORMALS FOR TODAY
                         NORMAL    RECORD    YEAR
 MAXIMUM TEMPERATURE (F)   75        91      1965
 MINIMUM TEMPERATURE (F)   51        34      1978


SUNRISE AND SUNSET
APRIL 21 2014.........SUNRISE   638 AM CDT   SUNSET   755 PM CDT
APRIL 22 2014.........SUNRISE   636 AM CDT   SUNSET   756 PM CDT


-  INDICATES NEGATIVE NUMBERS.
R  INDICATES RECORD WAS SET OR TIED.
MM INDICATES DATA IS MISSING.
T  INDICATES TRACE AMOUNT.




$$

&&
...........................................................

THE ARKANSAS RIVER AT VAN BUREN

                   OBSERVED      24 HOUR     24 HOUR
                    VALUE        CHANGE      FORECAST

 STAGE (FEET)
  THIS MORNING       19.6         +0.0

MEAN FLOW (CFS)
  TODAY                                        9100
...........................................................
ALL DATA MEASURED AT THE FORT SMITH REGIONAL AIRPORT
