000
CDUS44 KTSA 240814
CLIFSM

CLIMATE REPORT
NATIONAL WEATHER SERVICE TULSA OK
147 AM CDT FRI MAR 24 2017


...................................

...THE FORT SMITH ARKANSAS CLIMATE SUMMARY FOR MARCH 23 2017...

CLIMATE NORMAL PERIOD 1981 TO 2010
CLIMATE RECORD PERIOD 1882 TO 2017


WEATHER ITEM   OBSERVED TIME   RECORD YEAR NORMAL DEPARTURE LAST
                VALUE   (LST)  VALUE       VALUE  FROM      YEAR
                                                  NORMAL
..................................................................
TEMPERATURE (F)
 YESTERDAY
  MAXIMUM         84    335 PM  87    1929  67     17       78
                                      1910
  MINIMUM         48    617 AM  26    1974  43      5       58
                                      1968
  AVERAGE         66                        55     11       68

PRECIPITATION (IN)
  YESTERDAY        0.00          1.86 1969   0.12  -0.12     0.48
  MONTH TO DATE    1.04                      2.77  -1.73     4.64
  SINCE MAR 1      1.04                      2.77  -1.73     4.64
  SINCE JAN 1      5.86                      8.34  -2.48     6.79

SNOWFALL (IN)
  YESTERDAY        0.0                                       0.0
  MONTH TO DATE    0.0                                       0.0
  SINCE MAR 1      0.0                                       0.0
  SINCE JUL 1      2.0                                        T

DEGREE DAYS
 HEATING
  YESTERDAY        0                        11    -11        0
  MONTH TO DATE  217                       311    -94      188
  SINCE MAR 1    217                       311    -94      188
  SINCE JUL 1   2126                      2984   -858     2257

 COOLING
  YESTERDAY        1                         1      0        3
  MONTH TO DATE   30                         1     29        6
  SINCE MAR 1     30                         1     29        6
  SINCE JAN 1     46                         2     44        7
..................................................................


WIND (MPH)
  HIGHEST WIND SPEED    17   HIGHEST WIND DIRECTION     S (160)
  HIGHEST GUST SPEED    24   HIGHEST GUST DIRECTION     S (170)
  AVERAGE WIND SPEED    10.0


SKY COVER
  POSSIBLE SUNSHINE  MM
  AVERAGE SKY COVER 0.2


WEATHER CONDITIONS
 THE FOLLOWING WEATHER WAS RECORDED YESTERDAY.
  HAZE


RELATIVE HUMIDITY (PERCENT)
 HIGHEST    64          1200 AM
 LOWEST     24           400 PM
 AVERAGE    44

..........................................................


THE FORT SMITH ARKANSAS CLIMATE NORMALS FOR TODAY
                         NORMAL    RECORD    YEAR
 MAXIMUM TEMPERATURE (F)   67        92      1929
 MINIMUM TEMPERATURE (F)   43        25      1974


SUNRISE AND SUNSET
MARCH 24 2017.........SUNRISE   715 AM CDT   SUNSET   733 PM CDT
MARCH 25 2017.........SUNRISE   714 AM CDT   SUNSET   734 PM CDT


-  INDICATES NEGATIVE NUMBERS.
R  INDICATES RECORD WAS SET OR TIED.
MM INDICATES DATA IS MISSING.
T  INDICATES TRACE AMOUNT.




$$

&&
...........................................................

THE ARKANSAS RIVER AT VAN BUREN

                   OBSERVED      24 HOUR     24 HOUR
                    VALUE        CHANGE      FORECAST

 STAGE (FEET)
  THIS MORNING       19.6         -0.3

MEAN FLOW (CFS)
  TODAY                                        -99
...........................................................
ALL DATA MEASURED AT THE FORT SMITH REGIONAL AIRPORT
