000
CDUS44 KTSA 302123
CLIFSM

CLIMATE REPORT
NATIONAL WEATHER SERVICE TULSA OK
418 PM CDT MON MAR 30 2015


...................................

...THE FORT SMITH ARKANSAS CLIMATE SUMMARY FOR MARCH 30 2015...
VALID TODAY AS OF 0400 PM LOCAL TIME.

CLIMATE NORMAL PERIOD 1981 TO 2010
CLIMATE RECORD PERIOD 1882 TO 2015


WEATHER ITEM   OBSERVED TIME   RECORD YEAR NORMAL DEPARTURE LAST
                VALUE   (LST)  VALUE       VALUE  FROM      YEAR
                                                  NORMAL
..................................................................
TEMPERATURE (F)
 TODAY
  MAXIMUM         77    259 PM  92    1946  69      8       77
  MINIMUM         43    604 AM  25    1975  45     -2       39
  AVERAGE         60                        57      3       58

PRECIPITATION (IN)
  TODAY            0.00          1.91 1985   0.14  -0.14     0.00
  MONTH TO DATE    4.50                      3.71   0.79     3.74
  SINCE MAR 1      4.50                      3.71   0.79     3.74
  SINCE JAN 1      9.11                      9.28  -0.17     5.51

SNOWFALL (IN)
  TODAY            0.0                                       0.0
  MONTH TO DATE    1.0                                       0.5
  SINCE MAR 1      1.0                                       0.5
  SINCE JUL 1      6.6                                      10.7

DEGREE DAYS
 HEATING
  TODAY            5                         9     -4        7
  MONTH TO DATE  392                       378     14      454
  SINCE MAR 1    392                       378     14      454
  SINCE JUL 1   3206                      3051    155     3399

 COOLING
  TODAY            0                         1     -1        0
  MONTH TO DATE    9                         8      1        0
  SINCE MAR 1      9                         8      1        0
  SINCE JAN 1      9                         9      0        0
..................................................................


WIND (MPH)
  HIGHEST WIND SPEED    12   HIGHEST WIND DIRECTION    NE (50)
  HIGHEST GUST SPEED    14   HIGHEST GUST DIRECTION    NE (40)
  AVERAGE WIND SPEED     3.9


SKY COVER
  POSSIBLE SUNSHINE  MM
  AVERAGE SKY COVER 0.0


WEATHER CONDITIONS
 THE FOLLOWING WEATHER WAS RECORDED TODAY.
  NO SIGNIFICANT WEATHER WAS OBSERVED.


RELATIVE HUMIDITY (PERCENT)
 HIGHEST    93           300 AM
 LOWEST     29           300 PM
 AVERAGE    61

..........................................................


THE FORT SMITH ARKANSAS CLIMATE NORMALS FOR TOMORROW
                         NORMAL    RECORD    YEAR
 MAXIMUM TEMPERATURE (F)   69        94      1974
 MINIMUM TEMPERATURE (F)   45        24      1987


SUNRISE AND SUNSET
MARCH 30 2015.........SUNRISE   707 AM CDT   SUNSET   737 PM CDT
MARCH 31 2015.........SUNRISE   706 AM CDT   SUNSET   738 PM CDT


-  INDICATES NEGATIVE NUMBERS.
R  INDICATES RECORD WAS SET OR TIED.
MM INDICATES DATA IS MISSING.
T  INDICATES TRACE AMOUNT.




$$

&&
...........................................................

THE ARKANSAS RIVER AT VAN BUREN

                   OBSERVED      24 HOUR     24 HOUR
                    VALUE        CHANGE      FORECAST

 STAGE (FEET)
  THIS AFTERNOON     19.1         -0.1

MEAN FLOW (CFS)
  TODAY                                        19100
...........................................................
ALL DATA MEASURED AT THE FORT SMITH REGIONAL AIRPORT
