000
CDUS44 KTSA 300801
CLIFSM

CLIMATE REPORT
NATIONAL WEATHER SERVICE TULSA OK
147 AM CDT MON MAY 30 2016


...................................

...THE FORT SMITH ARKANSAS CLIMATE SUMMARY FOR MAY 29 2016...

CLIMATE NORMAL PERIOD 1981 TO 2010
CLIMATE RECORD PERIOD 1882 TO 2016


WEATHER ITEM   OBSERVED TIME   RECORD YEAR NORMAL DEPARTURE LAST
                VALUE   (LST)  VALUE       VALUE  FROM      YEAR
                                                  NORMAL
..................................................................
TEMPERATURE (F)
 YESTERDAY
  MAXIMUM         87    321 PM  98    1951  84      3       82
  MINIMUM         67    519 AM  46    1947  63      4       67
  AVERAGE         77                        73      4       75

PRECIPITATION (IN)
  YESTERDAY        0.00          1.97 1903   0.16  -0.16     1.32
  MONTH TO DATE    3.68                      5.14  -1.46    19.85
  SINCE MAR 1     15.04                     13.29   1.75    28.64
  SINCE JAN 1     17.19                     18.86  -1.67    33.25

DEGREE DAYS
 COOLING
  YESTERDAY       12                         8      4       10
  MONTH TO DATE  122                       159    -37      162
  SINCE MAR 1    170                       224    -54      230
  SINCE JAN 1    171                       225    -54      230
..................................................................


WIND (MPH)
  HIGHEST WIND SPEED    16   HIGHEST WIND DIRECTION    NE (40)
  HIGHEST GUST SPEED    19   HIGHEST GUST DIRECTION    NE (40)
  AVERAGE WIND SPEED     4.1


SKY COVER
  POSSIBLE SUNSHINE  MM
  AVERAGE SKY COVER 0.2


WEATHER CONDITIONS
 THE FOLLOWING WEATHER WAS RECORDED YESTERDAY.
  FOG


RELATIVE HUMIDITY (PERCENT)
 HIGHEST    93           600 AM
 LOWEST     51           300 PM
 AVERAGE    72

..........................................................


THE FORT SMITH ARKANSAS CLIMATE NORMALS FOR TODAY
                         NORMAL    RECORD    YEAR
 MAXIMUM TEMPERATURE (F)   84        97      2003
 MINIMUM TEMPERATURE (F)   63        45      1947


SUNRISE AND SUNSET
MAY 30 2016...........SUNRISE   604 AM CDT   SUNSET   826 PM CDT
MAY 31 2016...........SUNRISE   604 AM CDT   SUNSET   827 PM CDT


-  INDICATES NEGATIVE NUMBERS.
R  INDICATES RECORD WAS SET OR TIED.
MM INDICATES DATA IS MISSING.
T  INDICATES TRACE AMOUNT.




$$

&&
...........................................................

THE ARKANSAS RIVER AT VAN BUREN

                   OBSERVED      24 HOUR     24 HOUR
                    VALUE        CHANGE      FORECAST

 STAGE (FEET)
  THIS MORNING       20.0         +0.1

MEAN FLOW (CFS)
  TODAY                                        -99
...........................................................
ALL DATA MEASURED AT THE FORT SMITH REGIONAL AIRPORT
