000
CDUS44 KTSA 310817
CLIFSM

CLIMATE REPORT
NATIONAL WEATHER SERVICE TULSA OK
315 AM CDT SUN AUG 31 2014


...................................

...THE FORT SMITH ARKANSAS CLIMATE SUMMARY FOR AUGUST 30 2014...

CLIMATE NORMAL PERIOD 1981 TO 2010
CLIMATE RECORD PERIOD 1882 TO 2014


WEATHER ITEM   OBSERVED TIME   RECORD YEAR NORMAL DEPARTURE LAST
                VALUE   (LST)  VALUE       VALUE  FROM      YEAR
                                                  NORMAL
..................................................................
TEMPERATURE (F)
 YESTERDAY
  MAXIMUM         90    444 PM 107    2000  91     -1       99
  MINIMUM         73    604 AM  52    1986  69      4       76
  AVERAGE         82                        80      2       88

PRECIPITATION (IN)
  YESTERDAY        0.09          0.97 1944   0.08   0.01     0.00
  MONTH TO DATE    1.58                      2.49  -0.91     3.84
  SINCE JUN 1      8.71                     10.07  -1.36    13.89
  SINCE JAN 1     23.45                     29.26  -5.81    34.87

DEGREE DAYS
 COOLING
  YESTERDAY       17                        15      2       23
  MONTH TO DATE  510                       517     -7      519
  SINCE JUN 1   1367                      1438    -71     1506
  SINCE JAN 1   1645                      1682    -37     1780
..................................................................


WIND (MPH)
  HIGHEST WIND SPEED    16   HIGHEST WIND DIRECTION    NE (60)
  HIGHEST GUST SPEED    20   HIGHEST GUST DIRECTION     E (90)
  AVERAGE WIND SPEED     4.9


SKY COVER
  POSSIBLE SUNSHINE  MM
  AVERAGE SKY COVER 0.5


WEATHER CONDITIONS
 THE FOLLOWING WEATHER WAS RECORDED YESTERDAY.
  LIGHT RAIN
  FOG


RELATIVE HUMIDITY (PERCENT)
 HIGHEST    93          1200 AM
 LOWEST     52           400 PM
 AVERAGE    73

..........................................................


THE FORT SMITH ARKANSAS CLIMATE NORMALS FOR TODAY
                         NORMAL    RECORD    YEAR
 MAXIMUM TEMPERATURE (F)   91       108      2000
 MINIMUM TEMPERATURE (F)   68        51      1915


SUNRISE AND SUNSET
AUGUST 31 2014........SUNRISE   649 AM CDT   SUNSET   746 PM CDT
SEPTEMBER  1 2014.....SUNRISE   650 AM CDT   SUNSET   744 PM CDT


-  INDICATES NEGATIVE NUMBERS.
R  INDICATES RECORD WAS SET OR TIED.
MM INDICATES DATA IS MISSING.
T  INDICATES TRACE AMOUNT.




$$

&&
...........................................................

THE ARKANSAS RIVER AT VAN BUREN

                   OBSERVED      24 HOUR     24 HOUR
                    VALUE        CHANGE      FORECAST

 STAGE (FEET)
  THIS MORNING       19.7         -0.2

MEAN FLOW (CFS)
  TODAY                                        7200
...........................................................
ALL DATA MEASURED AT THE FORT SMITH REGIONAL AIRPORT
