000
CDUS44 KTSA 300806
CLIFSM

CLIMATE REPORT
NATIONAL WEATHER SERVICE TULSA OK
306 AM CDT SAT MAY 30 2015


...................................

...THE FORT SMITH ARKANSAS CLIMATE SUMMARY FOR MAY 29 2015...

CLIMATE NORMAL PERIOD 1981 TO 2010
CLIMATE RECORD PERIOD 1882 TO 2015


WEATHER ITEM   OBSERVED TIME   RECORD YEAR NORMAL DEPARTURE LAST
                VALUE   (LST)  VALUE       VALUE  FROM      YEAR
                                                  NORMAL
..................................................................
TEMPERATURE (F)
 YESTERDAY
  MAXIMUM         82   1259 PM  98    1951  84     -2       84
  MINIMUM         67    829 PM  46    1947  63      4       67
  AVERAGE         75                        73      2       76

PRECIPITATION (IN)
  YESTERDAY        1.32          1.97 1903   0.16   1.16     0.36
  MONTH TO DATE   19.85                      5.14  14.71     5.99
  SINCE MAR 1     28.64                     13.29  15.35    12.78
  SINCE JAN 1     33.25                     18.86  14.39    14.55

DEGREE DAYS
 COOLING
  YESTERDAY       10                         8      2       11
  MONTH TO DATE  162                       159      3      203
  SINCE MAR 1    230                       224      6      254
  SINCE JAN 1    230                       225      5      254
..................................................................


WIND (MPH)
  HIGHEST WIND SPEED    20   HIGHEST WIND DIRECTION     S (180)
  HIGHEST GUST SPEED    26   HIGHEST GUST DIRECTION     S (180)
  AVERAGE WIND SPEED     6.1


SKY COVER
  POSSIBLE SUNSHINE  MM
  AVERAGE SKY COVER 0.6


WEATHER CONDITIONS
 THE FOLLOWING WEATHER WAS RECORDED YESTERDAY.
  THUNDERSTORM
  HEAVY RAIN
  RAIN
  LIGHT RAIN
  FOG
  FOG W/VISIBILITY <= 1/4 MILE
  HAZE


RELATIVE HUMIDITY (PERCENT)
 HIGHEST    90           800 AM
 LOWEST     65           100 PM
 AVERAGE    78

..........................................................


THE FORT SMITH ARKANSAS CLIMATE NORMALS FOR TODAY
                         NORMAL    RECORD    YEAR
 MAXIMUM TEMPERATURE (F)   84        97      2003
 MINIMUM TEMPERATURE (F)   63        45      1947


SUNRISE AND SUNSET
MAY 30 2015...........SUNRISE   605 AM CDT   SUNSET   826 PM CDT
MAY 31 2015...........SUNRISE   604 AM CDT   SUNSET   826 PM CDT


-  INDICATES NEGATIVE NUMBERS.
R  INDICATES RECORD WAS SET OR TIED.
MM INDICATES DATA IS MISSING.
T  INDICATES TRACE AMOUNT.




$$

&&
...........................................................

THE ARKANSAS RIVER AT VAN BUREN

                   OBSERVED      24 HOUR     24 HOUR
                    VALUE        CHANGE      FORECAST

 STAGE (FEET)
  THIS MORNING       29.2         -2.3

MEAN FLOW (CFS)
  TODAY                                        -99
...........................................................
ALL DATA MEASURED AT THE FORT SMITH REGIONAL AIRPORT
