000
CDUS42 KFFC 200816
CLIFTY


CLIMATE REPORT
NATIONAL WEATHER SERVICE PEACHTREE CITY GA
416 AM EDT SUN APR 20 2014


...................................

...THE FULTON COUNTY AIRPORT CLIMATE SUMMARY FOR APRIL 19 2014...

CLIMATE NORMAL PERIOD 1981 TO 2010
CLIMATE RECORD PERIOD 9999 TO 9999


WEATHER ITEM   OBSERVED TIME   RECORD YEAR NORMAL DEPARTURE LAST
                VALUE   (LST)  VALUE       VALUE  FROM      YEAR
                                                  NORMAL
..................................................................
TEMPERATURE (F)
 YESTERDAY
  MAXIMUM         63    324 PM  MM      MM  74    -11       73
  MINIMUM         51    246 AM  MM      MM  50      1       45
  AVERAGE         57                        62     -5       59

PRECIPITATION (IN)
  YESTERDAY        0.11         MM      MM   0.14  -0.03     0.57
  MONTH TO DATE    5.54                      2.31   3.23     2.76
  SINCE MAR 1      8.56                      7.12   1.44     3.20
  SINCE JAN 1     14.23                     16.29  -2.06     3.20

SNOWFALL (IN)
  YESTERDAY       MM            MM      MM  MM     MM       MM
  MONTH TO DATE    0.0                      MM     MM        0.0
  SINCE MAR 1      0.0                      MM     MM        0.0
  SINCE JUL 1      T                        MM     MM        0.0
  SNOW DEPTH      MM

DEGREE DAYS
 HEATING
  YESTERDAY        8                         4      4        6
  MONTH TO DATE  121                       117      4       95
  SINCE MAR 1    533                       476     57      114
  SINCE JUL 1   3100                      2816    284      114

 COOLING
  YESTERDAY        0                         1     -1        0
  MONTH TO DATE   12                        17     -5       27
  SINCE MAR 1     12                        23    -11       27
  SINCE JAN 1     12                        23    -11       27
..................................................................


WIND (MPH)
  RESULTANT WIND SPEED  10   RESULTANT WIND DIRECTION  NE (50)
  HIGHEST WIND SPEED    22   HIGHEST WIND DIRECTION    NE (60)
  HIGHEST GUST SPEED    32   HIGHEST GUST DIRECTION    NE (50)
  AVERAGE WIND SPEED     9.3


SKY COVER
  AVERAGE SKY COVER 1.0


WEATHER CONDITIONS
 THE FOLLOWING WEATHER WAS RECORDED YESTERDAY.
  LIGHT RAIN
  FOG
  HAZE


RELATIVE HUMIDITY (PERCENT)
 HIGHEST    93           500 AM
 LOWEST     57          1000 PM
 AVERAGE    75

..........................................................


THE FULTON COUNTY AIRPORT CLIMATE NORMALS FOR TODAY
                         NORMAL    RECORD    YEAR
 MAXIMUM TEMPERATURE (F)   74        MM        MM
 MINIMUM TEMPERATURE (F)   50        MM        MM


SUNRISE AND SUNSET
APRIL 20 2014.........SUNRISE   701 AM EDT   SUNSET   813 PM EDT
APRIL 21 2014.........SUNRISE   700 AM EDT   SUNSET   814 PM EDT


-  INDICATES NEGATIVE NUMBERS.
R  INDICATES RECORD WAS SET OR TIED.
MM INDICATES DATA IS MISSING.
T  INDICATES TRACE AMOUNT.




$$
