000
CDUS42 KFFC 210819
CLIFTY


CLIMATE REPORT
NATIONAL WEATHER SERVICE PEACHTREE CITY GA
419 AM EDT THU AUG 21 2014


...................................

...THE FULTON COUNTY AIRPORT CLIMATE SUMMARY FOR AUGUST 20 2014...

CLIMATE NORMAL PERIOD 1981 TO 2010
CLIMATE RECORD PERIOD 9999 TO 9999


WEATHER ITEM   OBSERVED TIME   RECORD YEAR NORMAL DEPARTURE LAST
                VALUE   (LST)  VALUE       VALUE  FROM      YEAR
                                                  NORMAL
..................................................................
TEMPERATURE (F)
 YESTERDAY
  MAXIMUM         91    139 PM  MM      MM  88      3       84
  MINIMUM         70    552 AM  MM      MM  69      1       72
  AVERAGE         81                        79      2       78

PRECIPITATION (IN)
  YESTERDAY        0.06         MM      MM   0.16  -0.10      T
  MONTH TO DATE    3.30                      3.24   0.06     3.20
  SINCE JUN 1     11.49                     12.43  -0.94    22.93
  SINCE JAN 1     30.29                     33.92  -3.63    33.18

DEGREE DAYS
 COOLING
  YESTERDAY       16                        14      2       13
  MONTH TO DATE  260                       289    -29      246
  SINCE JUN 1   1027                      1098    -71     1018
  SINCE JAN 1   1243                      1298    -55     1181
..................................................................


WIND (MPH)
  RESULTANT WIND SPEED   1   RESULTANT WIND DIRECTION   W (290)
  HIGHEST WIND SPEED    21   HIGHEST WIND DIRECTION     N (350)
  HIGHEST GUST SPEED    31   HIGHEST GUST DIRECTION     N (350)
  AVERAGE WIND SPEED     3.6


SKY COVER
  AVERAGE SKY COVER 0.2


WEATHER CONDITIONS
 THE FOLLOWING WEATHER WAS RECORDED YESTERDAY.
  LIGHT RAIN
  HAZE


RELATIVE HUMIDITY (PERCENT)
 HIGHEST    93           400 AM
 LOWEST     51           200 PM
 AVERAGE    72

..........................................................


THE FULTON COUNTY AIRPORT CLIMATE NORMALS FOR TODAY
                         NORMAL    RECORD    YEAR
 MAXIMUM TEMPERATURE (F)   88        MM        MM
 MINIMUM TEMPERATURE (F)   69        MM        MM


SUNRISE AND SUNSET
AUGUST 21 2014........SUNRISE   704 AM EDT   SUNSET   818 PM EDT
AUGUST 22 2014........SUNRISE   705 AM EDT   SUNSET   816 PM EDT


-  INDICATES NEGATIVE NUMBERS.
R  INDICATES RECORD WAS SET OR TIED.
MM INDICATES DATA IS MISSING.
T  INDICATES TRACE AMOUNT.




$$
