000
CDUS42 KFFC 240821
CLIFTY


CLIMATE REPORT
NATIONAL WEATHER SERVICE PEACHTREE CITY GA
421 AM EDT MON JUL 24 2017


...................................

...THE FULTON COUNTY AIRPORT CLIMATE SUMMARY FOR JULY 23 2017...

CLIMATE NORMAL PERIOD 1981 TO 2010
CLIMATE RECORD PERIOD 9999 TO 9999


WEATHER ITEM   OBSERVED TIME   RECORD YEAR NORMAL DEPARTURE LAST
                VALUE   (LST)  VALUE       VALUE  FROM      YEAR
                                                  NORMAL
..................................................................
TEMPERATURE (F)
 YESTERDAY
  MAXIMUM         92    155 PM  MM      MM  90      2       92
  MINIMUM         74    633 AM  MM      MM  71      3       73
  AVERAGE         83                        80      3       83

PRECIPITATION (IN)
  YESTERDAY        T            MM      MM   0.16  -0.16     0.00
  MONTH TO DATE    2.99                      4.15  -1.16     1.64
  SINCE JUN 1      9.47                      8.28   1.19     4.03
  SINCE JAN 1     31.70                     29.77   1.93    20.84

DEGREE DAYS
 COOLING
  YESTERDAY       18                        15      3       18
  MONTH TO DATE  366                       339     27      407
  SINCE JUN 1    715                       689     26      846
  SINCE JAN 1   1044                       889    155     1078
..................................................................


WIND (MPH)
  RESULTANT WIND SPEED   3   RESULTANT WIND DIRECTION   W (250)
  HIGHEST WIND SPEED    13   HIGHEST WIND DIRECTION     W (250)
  HIGHEST GUST SPEED    19   HIGHEST GUST DIRECTION     W (260)
  AVERAGE WIND SPEED     4.3


SKY COVER
  AVERAGE SKY COVER 0.2


WEATHER CONDITIONS
 THE FOLLOWING WEATHER WAS RECORDED YESTERDAY.
  NO SIGNIFICANT WEATHER WAS OBSERVED.


RELATIVE HUMIDITY (PERCENT)
 HIGHEST   100           100 AM
 LOWEST     56           200 PM
 AVERAGE    78

..........................................................


THE FULTON COUNTY AIRPORT CLIMATE NORMALS FOR TODAY
                         NORMAL    RECORD    YEAR
 MAXIMUM TEMPERATURE (F)   90        MM        MM
 MINIMUM TEMPERATURE (F)   71        MM        MM


SUNRISE AND SUNSET
JULY 24 2017..........SUNRISE   645 AM EDT   SUNSET   844 PM EDT
JULY 25 2017..........SUNRISE   645 AM EDT   SUNSET   844 PM EDT


-  INDICATES NEGATIVE NUMBERS.
R  INDICATES RECORD WAS SET OR TIED.
MM INDICATES DATA IS MISSING.
T  INDICATES TRACE AMOUNT.




$$
