000
CDUS42 KFFC 040823
CLIFTY


CLIMATE REPORT
NATIONAL WEATHER SERVICE PEACHTREE CITY GA
422 AM EDT SAT JUL 4 2015


...................................

...THE FULTON COUNTY AIRPORT CLIMATE SUMMARY FOR JULY 3 2015...

CLIMATE NORMAL PERIOD 1981 TO 2010
CLIMATE RECORD PERIOD 9999 TO 9999


WEATHER ITEM   OBSERVED TIME   RECORD YEAR NORMAL DEPARTURE LAST
                VALUE   (LST)  VALUE       VALUE  FROM      YEAR
                                                  NORMAL
..................................................................
TEMPERATURE (F)
 YESTERDAY
  MAXIMUM         80   1258 PM  MM      MM  89     -9       87
  MINIMUM         70    925 AM  MM      MM  69      1       70
  AVERAGE         75                        79     -4       79

PRECIPITATION (IN)
  YESTERDAY        0.24         MM      MM   0.18   0.06     0.00
  MONTH TO DATE    0.49                      0.57  -0.08     0.00
  SINCE JUN 1      1.49                      4.70  -3.21     2.72
  SINCE JAN 1     20.87                     26.19  -5.32    21.52

DEGREE DAYS
 COOLING
  YESTERDAY       10                        14     -4       14
  MONTH TO DATE   35                        42     -7       48
  SINCE JUN 1    461                       392     69      426
  SINCE JAN 1    736                       592    144      642
..................................................................


WIND (MPH)
  RESULTANT WIND SPEED   6   RESULTANT WIND DIRECTION  SW (230)
  HIGHEST WIND SPEED    17   HIGHEST WIND DIRECTION    NW (320)
  HIGHEST GUST SPEED    24   HIGHEST GUST DIRECTION    NW (320)
  AVERAGE WIND SPEED     7.0


SKY COVER
  AVERAGE SKY COVER 0.4


WEATHER CONDITIONS
 THE FOLLOWING WEATHER WAS RECORDED YESTERDAY.
  THUNDERSTORM
  HEAVY RAIN
  RAIN
  LIGHT RAIN
  FOG
  HAZE


RELATIVE HUMIDITY (PERCENT)
 HIGHEST    93           500 AM
 LOWEST     71           100 PM
 AVERAGE    82

..........................................................


THE FULTON COUNTY AIRPORT CLIMATE NORMALS FOR TODAY
                         NORMAL    RECORD    YEAR
 MAXIMUM TEMPERATURE (F)   89        MM        MM
 MINIMUM TEMPERATURE (F)   69        MM        MM


SUNRISE AND SUNSET
JULY  4 2015..........SUNRISE   632 AM EDT   SUNSET   852 PM EDT
JULY  5 2015..........SUNRISE   633 AM EDT   SUNSET   852 PM EDT


-  INDICATES NEGATIVE NUMBERS.
R  INDICATES RECORD WAS SET OR TIED.
MM INDICATES DATA IS MISSING.
T  INDICATES TRACE AMOUNT.




$$
