000
CDUS46 KSGX 231425
CLIFUL


CLIMATE REPORT
NATIONAL WEATHER SERVICE SAN DIEGO, CA
725 AM PDT THU OCT 23 2014


...................................

...THE FULLERTON AIRPORT CA CLIMATE SUMMARY FOR OCTOBER 22 2014...

CLIMATE NORMAL PERIOD 1981 TO 2010
CLIMATE RECORD PERIOD 1998 TO 2014


WEATHER ITEM   OBSERVED TIME   RECORD YEAR NORMAL DEPARTURE LAST
                VALUE   (LST)  VALUE       VALUE  FROM      YEAR
                                                  NORMAL
..................................................................
TEMPERATURE (F)
 YESTERDAY
  MAXIMUM         86   1247 PM  99    2008  78      8       77
  MINIMUM         58    558 AM  53    2004  56      2       55
  AVERAGE         72                        67      5       66

PRECIPITATION (IN)
  YESTERDAY        0.00          T    2010   0.03  -0.03     0.00
  MONTH TO DATE    0.00                      0.46  -0.46     0.11
  SINCE JUL 1      0.12                      0.79  -0.67     0.11
  SINCE JAN 1      3.58                     10.44  -6.86     2.64

SNOWFALL (IN)
  YESTERDAY        0.0
  MONTH TO DATE    0.0
  SINCE JAN 1      0.0
  SINCE JUL 1      0.0
  SNOW DEPTH       0

DEGREE DAYS
 HEATING
  YESTERDAY        0                         1     -1        0
  MONTH TO DATE    0                         7     -7        9
  SINCE SEP 1      0                         8     -8        9
  SINCE JUL 1      0                         8     -8        9

 COOLING
  YESTERDAY        7                         3      4        1
  MONTH TO DATE  211                        92    119      103
  SINCE SEP 1    634                       347    287      464
  SINCE JAN 1   1996                      1210    786     1854
..................................................................


WIND (MPH)
  RESULTANT WIND SPEED   1   RESULTANT WIND DIRECTION   S (190)
  HIGHEST WIND SPEED    10   HIGHEST WIND DIRECTION     S (200)
  HIGHEST GUST SPEED    14   HIGHEST GUST DIRECTION    SW (210)
  AVERAGE WIND SPEED     2.5


SKY COVER
  POSSIBLE SUNSHINE  MM
  AVERAGE SKY COVER 0.0


WEATHER CONDITIONS
 THE FOLLOWING WEATHER WAS RECORDED YESTERDAY.
  HAZE


RELATIVE HUMIDITY (PERCENT)
 HIGHEST    86           600 AM
 LOWEST     37          1200 PM
 AVERAGE    62

..........................................................


THE FULLERTON AIRPORT CA CLIMATE NORMALS FOR TODAY
                         NORMAL    RECORD    YEAR
 MAXIMUM TEMPERATURE (F)   78        99      2007
 MINIMUM TEMPERATURE (F)   56        51      2004


SUNRISE AND SUNSET
OCTOBER 23 2014.......SUNRISE   703 AM PDT   SUNSET   608 PM PDT
OCTOBER 24 2014.......SUNRISE   704 AM PDT   SUNSET   607 PM PDT


-  INDICATES NEGATIVE NUMBERS.
R  INDICATES RECORD WAS SET OR TIED.
MM INDICATES DATA IS MISSING.
T  INDICATES TRACE AMOUNT.




$$
