000
CDUS46 KSGX 241525
CLIFUL


CLIMATE REPORT
NATIONAL WEATHER SERVICE SAN DIEGO, CA
724 AM PST TUE JAN 24 2017


...................................

...THE FULLERTON AIRPORT CA CLIMATE SUMMARY FOR JANUARY 23 2017...

CLIMATE NORMAL PERIOD 1981 TO 2010
CLIMATE RECORD PERIOD 1998 TO 2017


WEATHER ITEM   OBSERVED TIME   RECORD YEAR NORMAL DEPARTURE LAST
                VALUE   (LST)  VALUE       VALUE  FROM      YEAR
                                                  NORMAL
..................................................................
TEMPERATURE (F)
 YESTERDAY
  MAXIMUM         59   1051 AM  78    2013  68     -9       65
  MINIMUM         43   1159 PM  36    2002  45     -2       51
  AVERAGE         51                        56     -5       58

PRECIPITATION (IN)
  YESTERDAY        0.06          0.54 2012   0.10  -0.04     0.00
  MONTH TO DATE    7.13                      2.42   4.71     2.35
  SINCE OCT 1     13.04                      6.32   6.72     3.40
  SINCE JAN 1      7.13                      2.42   4.71     2.35

DEGREE DAYS
 HEATING
  YESTERDAY       14                         9      5        7
  MONTH TO DATE  190                       207    -17      182
  SINCE DEC 1    396                       483    -87      459
  SINCE JUL 1    460                       647   -187      564

 COOLING
  YESTERDAY        0                         0      0        0
  MONTH TO DATE    0                         0      0        0
  SINCE DEC 1      0                         1     -1        1
  SINCE JAN 1      0                         0      0        0
..................................................................


WIND (MPH)
  RESULTANT WIND SPEED   2   RESULTANT WIND DIRECTION   S (200)
  HIGHEST WIND SPEED    16   HIGHEST WIND DIRECTION    SW (230)
  HIGHEST GUST SPEED    24   HIGHEST GUST DIRECTION    SW (230)
  AVERAGE WIND SPEED     4.6


SKY COVER
  POSSIBLE SUNSHINE  MM
  AVERAGE SKY COVER 0.2


WEATHER CONDITIONS
 THE FOLLOWING WEATHER WAS RECORDED YESTERDAY.
  THUNDERSTORM
  LIGHT RAIN
  FOG


RELATIVE HUMIDITY (PERCENT)
 HIGHEST    92          1100 PM
 LOWEST     57           300 PM
 AVERAGE    75

..........................................................


THE FULLERTON AIRPORT CA CLIMATE NORMALS FOR TODAY
                         NORMAL    RECORD    YEAR
 MAXIMUM TEMPERATURE (F)   68        85      2015
 MINIMUM TEMPERATURE (F)   45        37      2002


SUNRISE AND SUNSET
JANUARY 24 2017.......SUNRISE   653 AM PST   SUNSET   515 PM PST
JANUARY 25 2017.......SUNRISE   653 AM PST   SUNSET   516 PM PST


-  INDICATES NEGATIVE NUMBERS.
R  INDICATES RECORD WAS SET OR TIED.
MM INDICATES DATA IS MISSING.
T  INDICATES TRACE AMOUNT.




$$
