000
CDUS46 KSGX 260023
CLIFUL


CLIMATE REPORT
NATIONAL WEATHER SERVICE SAN DIEGO, CA
523 PM PDT WED MAY 25 2016


...................................

...THE FULLERTON AIRPORT CA CLIMATE SUMMARY FOR MAY 25 2016...
VALID TODAY AS OF 0500 PM LOCAL TIME.

CLIMATE NORMAL PERIOD 1981 TO 2010
CLIMATE RECORD PERIOD 1998 TO 2016


WEATHER ITEM   OBSERVED TIME   RECORD YEAR NORMAL DEPARTURE LAST
                VALUE   (LST)  VALUE       VALUE  FROM      YEAR
                                                  NORMAL
..................................................................
TEMPERATURE (F)
 TODAY
  MAXIMUM         72    305 PM  81    2014  75     -3       73
  MINIMUM         58    520 AM  51    2010  59     -1       57
  AVERAGE         65                        67     -2       65

PRECIPITATION (IN)
  TODAY            0.00          0.00   MM   0.00   0.00     0.00
  MONTH TO DATE    0.05                      0.24  -0.19     0.80
  SINCE OCT 1      5.26                     13.45  -8.19     6.35
  SINCE JAN 1      4.21                      9.55  -5.34     2.53

DEGREE DAYS
 HEATING
  TODAY            0                         1     -1        0
  MONTH TO DATE   10                        30    -20       26
  SINCE MAR 1     91                       302   -211       90
  SINCE JUL 1    770                      1224   -454      453

 COOLING
  TODAY            0                         3     -3        0
  MONTH TO DATE   44                        53     -9       33
  SINCE MAR 1    149                        96     53      270
  SINCE JAN 1    221                       105    116      321
..................................................................


WIND (MPH)
  RESULTANT WIND SPEED   2   RESULTANT WIND DIRECTION  SW (210)
  HIGHEST WIND SPEED    14   HIGHEST WIND DIRECTION     S (200)
  HIGHEST GUST SPEED    20   HIGHEST GUST DIRECTION    SW (210)
  AVERAGE WIND SPEED     4.1


SKY COVER
  POSSIBLE SUNSHINE  MM
  AVERAGE SKY COVER 0.7


WEATHER CONDITIONS
 THE FOLLOWING WEATHER WAS RECORDED TODAY.
  NO SIGNIFICANT WEATHER WAS OBSERVED.


RELATIVE HUMIDITY (PERCENT)
 HIGHEST    80           500 AM
 LOWEST     35           200 PM
 AVERAGE    58

..........................................................


THE FULLERTON AIRPORT CA CLIMATE NORMALS FOR TOMORROW
                         NORMAL    RECORD    YEAR
 MAXIMUM TEMPERATURE (F)   75        83      2014
 MINIMUM TEMPERATURE (F)   59        50      2008


SUNRISE AND SUNSET
MAY 25 2016...........SUNRISE   544 AM PDT   SUNSET   754 PM PDT
MAY 26 2016...........SUNRISE   544 AM PDT   SUNSET   754 PM PDT


-  INDICATES NEGATIVE NUMBERS.
R  INDICATES RECORD WAS SET OR TIED.
MM INDICATES DATA IS MISSING.
T  INDICATES TRACE AMOUNT.




$$
