000
CDUS46 KSGX 301419
CLIFUL


CLIMATE REPORT
NATIONAL WEATHER SERVICE SAN DIEGO, CA
719 AM PDT THU MAR 30 2017


...................................

...THE FULLERTON AIRPORT CA CLIMATE SUMMARY FOR MARCH 29 2017...

CLIMATE NORMAL PERIOD 1981 TO 2010
CLIMATE RECORD PERIOD 1998 TO 2017


WEATHER ITEM   OBSERVED TIME   RECORD YEAR NORMAL DEPARTURE LAST
                VALUE   (LST)  VALUE       VALUE  FROM      YEAR
                                                  NORMAL
..................................................................
TEMPERATURE (F)
 YESTERDAY
  MAXIMUM         84    101 PM  93    2004  71     13       67
  MINIMUM         51    526 AM  45    2007  50      1       47
  AVERAGE         68                        60      8       57

PRECIPITATION (IN)
  YESTERDAY        0.00          0.09 2006   0.04  -0.04     0.00
  MONTH TO DATE    0.26                      2.10  -1.84     0.92
  SINCE OCT 1     16.34                     12.28   4.06     5.10
  SINCE JAN 1     10.43                      8.38   2.05     4.05

DEGREE DAYS
 HEATING
  YESTERDAY        0                         5     -5        8
  MONTH TO DATE   54                       160   -106       53
  SINCE MAR 1     54                       160   -106       53
  SINCE JUL 1    751                      1082   -331      732

 COOLING
  YESTERDAY        3                         0      3        0
  MONTH TO DATE   38                         8     30       21
  SINCE MAR 1     38                         8     30       21
  SINCE JAN 1     41                        17     24       93
..................................................................


WIND (MPH)
  RESULTANT WIND SPEED   2   RESULTANT WIND DIRECTION   S (180)
  HIGHEST WIND SPEED    14   HIGHEST WIND DIRECTION    SW (220)
  HIGHEST GUST SPEED    20   HIGHEST GUST DIRECTION     S (200)
  AVERAGE WIND SPEED     4.1


SKY COVER
  POSSIBLE SUNSHINE  MM
  AVERAGE SKY COVER 0.0


WEATHER CONDITIONS
 THE FOLLOWING WEATHER WAS RECORDED YESTERDAY.
  NO SIGNIFICANT WEATHER WAS OBSERVED.


RELATIVE HUMIDITY (PERCENT)
 HIGHEST    77           300 AM
 LOWEST     21           500 PM
 AVERAGE    49

..........................................................


THE FULLERTON AIRPORT CA CLIMATE NORMALS FOR TODAY
                         NORMAL    RECORD    YEAR
 MAXIMUM TEMPERATURE (F)   71        91      2003
 MINIMUM TEMPERATURE (F)   50        47      2007


SUNRISE AND SUNSET
MARCH 30 2017.........SUNRISE   642 AM PDT   SUNSET   711 PM PDT
MARCH 31 2017.........SUNRISE   640 AM PDT   SUNSET   712 PM PDT


-  INDICATES NEGATIVE NUMBERS.
R  INDICATES RECORD WAS SET OR TIED.
MM INDICATES DATA IS MISSING.
T  INDICATES TRACE AMOUNT.




$$
