000
CDUS46 KSGX 261130
CLIFUL


CLIMATE REPORT
NATIONAL WEATHER SERVICE SAN DIEGO, CA
430 AM PDT FRI MAY 26 2017


...................................

...THE FULLERTON AIRPORT CA CLIMATE SUMMARY FOR MAY 25 2017...

CLIMATE NORMAL PERIOD 1981 TO 2010
CLIMATE RECORD PERIOD 1998 TO 2017


WEATHER ITEM   OBSERVED TIME   RECORD YEAR NORMAL DEPARTURE LAST
                VALUE   (LST)  VALUE       VALUE  FROM      YEAR
                                                  NORMAL
..................................................................
TEMPERATURE (F)
 YESTERDAY
  MAXIMUM         71    221 PM  81    2014  75     -4       72
  MINIMUM         61    610 AM  51    2010  59      2       58
  AVERAGE         66                        67     -1       65

PRECIPITATION (IN)
  YESTERDAY        0.00          0.00   MM   0.00   0.00     0.00
  MONTH TO DATE    0.54                      0.24   0.30     0.05
  SINCE OCT 1     16.91                     13.45   3.46     5.26
  SINCE JAN 1     11.00                      9.55   1.45     4.21

DEGREE DAYS
 HEATING
  YESTERDAY        0                         1     -1        0
  MONTH TO DATE   26                        30     -4       10
  SINCE MAR 1     98                       302   -204       91
  SINCE JUL 1    795                      1224   -429      770

 COOLING
  YESTERDAY        1                         3     -2        0
  MONTH TO DATE   86                        53     33       44
  SINCE MAR 1    224                        96    128      149
  SINCE JAN 1    227                       105    122      221
..................................................................


WIND (MPH)
  RESULTANT WIND SPEED   4   RESULTANT WIND DIRECTION   S (200)
  HIGHEST WIND SPEED    14   HIGHEST WIND DIRECTION    SW (210)
  HIGHEST GUST SPEED    17   HIGHEST GUST DIRECTION     S (200)
  AVERAGE WIND SPEED     4.7


SKY COVER
  POSSIBLE SUNSHINE  MM
  AVERAGE SKY COVER 0.9


WEATHER CONDITIONS
 THE FOLLOWING WEATHER WAS RECORDED YESTERDAY.
  NO SIGNIFICANT WEATHER WAS OBSERVED.


RELATIVE HUMIDITY (PERCENT)
 HIGHEST    72          1200 AM
 LOWEST     47           300 PM
 AVERAGE    60

..........................................................


THE FULLERTON AIRPORT CA CLIMATE NORMALS FOR TODAY
                         NORMAL    RECORD    YEAR
 MAXIMUM TEMPERATURE (F)   75        83      2014
 MINIMUM TEMPERATURE (F)   59        50      2008


SUNRISE AND SUNSET
MAY 26 2017...........SUNRISE   544 AM PDT   SUNSET   754 PM PDT
MAY 27 2017...........SUNRISE   544 AM PDT   SUNSET   755 PM PDT


-  INDICATES NEGATIVE NUMBERS.
R  INDICATES RECORD WAS SET OR TIED.
MM INDICATES DATA IS MISSING.
T  INDICATES TRACE AMOUNT.




$$
