000
CDUS46 KSGX 231235
CLIFUL


CLIMATE REPORT
NATIONAL WEATHER SERVICE SAN DIEGO, CA
434 AM PST TUE JAN 23 2018


...................................

...THE FULLERTON AIRPORT CA CLIMATE SUMMARY FOR JANUARY 22 2018...

CLIMATE NORMAL PERIOD 1981 TO 2010
CLIMATE RECORD PERIOD 1998 TO 2018


WEATHER ITEM   OBSERVED TIME   RECORD YEAR NORMAL DEPARTURE LAST
                VALUE   (LST)  VALUE       VALUE  FROM      YEAR
                                                  NORMAL
..................................................................
TEMPERATURE (F)
 YESTERDAY
  MAXIMUM         71    304 PM  84    2013  68      3       59
  MINIMUM         39    651 AM  36    2007  45     -6       51
  AVERAGE         55                        56     -1       55

PRECIPITATION (IN)
  YESTERDAY        0.00          2.76 2017   0.09  -0.09     2.76
  MONTH TO DATE    1.13                      2.32  -1.19     7.07
  SINCE OCT 1      1.21                      6.22  -5.01    12.98
  SINCE JAN 1      1.13                      2.32  -1.19     7.07

DEGREE DAYS
 HEATING
  YESTERDAY       10                         9      1       10
  MONTH TO DATE   83                       198   -115      176
  SINCE DEC 1    223                       474   -251      382
  SINCE JUL 1    245                       638   -393      446

 COOLING
  YESTERDAY        0                         0      0        0
  MONTH TO DATE   11                         0     11        0
  SINCE DEC 1     22                         1     21        0
  SINCE JAN 1     11                         0     11        0
..................................................................


WIND (MPH)
  RESULTANT WIND SPEED   1   RESULTANT WIND DIRECTION  NE (50)
  HIGHEST WIND SPEED     8   HIGHEST WIND DIRECTION    NW (310)
  HIGHEST GUST SPEED    13   HIGHEST GUST DIRECTION     W (290)
  AVERAGE WIND SPEED     1.5


SKY COVER
  POSSIBLE SUNSHINE  MM
  AVERAGE SKY COVER 0.0


WEATHER CONDITIONS
 THE FOLLOWING WEATHER WAS RECORDED YESTERDAY.
  NO SIGNIFICANT WEATHER WAS OBSERVED.


RELATIVE HUMIDITY (PERCENT)
 HIGHEST    79           600 AM
 LOWEST     12           400 PM
 AVERAGE    46

..........................................................


THE FULLERTON AIRPORT CA CLIMATE NORMALS FOR TODAY
                         NORMAL    RECORD    YEAR
 MAXIMUM TEMPERATURE (F)   68        78      2013
 MINIMUM TEMPERATURE (F)   45        36      2002


SUNRISE AND SUNSET
JANUARY 23 2018.......SUNRISE   654 AM PST   SUNSET   514 PM PST
JANUARY 24 2018.......SUNRISE   653 AM PST   SUNSET   515 PM PST


-  INDICATES NEGATIVE NUMBERS.
R  INDICATES RECORD WAS SET OR TIED.
MM INDICATES DATA IS MISSING.
T  INDICATES TRACE AMOUNT.




$$
