000
CDUS41 KCAR 270537
CLIFVE


CLIMATE REPORT
NATIONAL WEATHER SERVICE CARIBOU, ME
1234 AM EST SAT DEC 27 2014


...................................

...THE FRENCHVILLE ME CLIMATE SUMMARY FOR DECEMBER 26 2014...

CLIMATE NORMAL PERIOD 1981 TO 2010
CLIMATE RECORD PERIOD 9999 TO 9999


WEATHER ITEM   OBSERVED TIME   RECORD YEAR NORMAL DEPARTURE LAST
                VALUE   (LST)  VALUE       VALUE  FROM      YEAR
                                                  NORMAL
..................................................................
TEMPERATURE (F)
 YESTERDAY
  MAXIMUM         36    241 PM              20     16
  MINIMUM         29    815 PM               5     24
  AVERAGE         33                        13     20

PRECIPITATION (IN)
  YESTERDAY        0.00         MM      MM   0.06  -0.06     0.06
  MONTH TO DATE    2.39                      2.24   0.15     0.95
  SINCE DEC 1      2.39                      2.24   0.15     0.95
  SINCE JAN 1     34.48                     33.30   1.18    34.05

SNOWFALL (IN)
  YESTERDAY       MM            MM      MM  MM     MM       MM
  MONTH TO DATE   MM                        MM     MM       MM
  SINCE DEC 1     MM                        MM     MM       MM
  SINCE JUL 1     MM                        MM     MM       MM
  SNOW DEPTH      MM

DEGREE DAYS
 HEATING
  YESTERDAY       32                              -20
  MONTH TO DATE 1137                              -95
  SINCE JUL 1   3388                             -154

 COOLING
  YESTERDAY        0                                0
  MONTH TO DATE    0                                0
  SINCE JAN 1    139                                5
..................................................................


WIND (MPH)
  HIGHEST WIND SPEED    36   HIGHEST WIND DIRECTION     W (280)
  HIGHEST GUST SPEED    47   HIGHEST GUST DIRECTION     W (270)
  AVERAGE WIND SPEED    18.3




..........................................................


THE FRENCHVILLE ME CLIMATE NORMALS FOR TODAY
                         NORMAL
 MAXIMUM TEMPERATURE (F)   20
 MINIMUM TEMPERATURE (F)    5


SUNRISE AND SUNSET
DECEMBER 27 2014......SUNRISE   720 AM EST   SUNSET   349 PM EST
DECEMBER 28 2014......SUNRISE   720 AM EST   SUNSET   350 PM EST


-  INDICATES NEGATIVE NUMBERS.
R  INDICATES RECORD WAS SET OR TIED.
MM INDICATES DATA IS MISSING.
T  INDICATES TRACE AMOUNT.




$$
