000
CDUS41 KCAR 210528
CLIFVE


CLIMATE REPORT
NATIONAL WEATHER SERVICE CARIBOU, ME
127 AM EDT THU AUG 21 2014


...................................

...THE FRENCHVILLE ME CLIMATE SUMMARY FOR AUGUST 20 2014...

CLIMATE NORMAL PERIOD 1981 TO 2010
CLIMATE RECORD PERIOD 9999 TO 9999


WEATHER ITEM   OBSERVED TIME   RECORD YEAR NORMAL DEPARTURE LAST
                VALUE   (LST)  VALUE       VALUE  FROM      YEAR
                                                  NORMAL
..................................................................
TEMPERATURE (F)
 YESTERDAY
  MAXIMUM         76    350 PM              72      4
  MINIMUM         53    404 AM              53      0
  AVERAGE         65                        62      3

PRECIPITATION (IN)
  YESTERDAY        0.00         MM      MM   0.13  -0.13     0.18
  MONTH TO DATE    1.78                      2.53  -0.75     6.08
  SINCE JUN 1     12.24                     10.69   1.55    13.84
  SINCE JAN 1     22.61                     20.59   2.02    23.73

SNOWFALL (IN)
  YESTERDAY       MM            MM      MM  MM     MM       MM
  MONTH TO DATE   MM                        MM     MM       MM
  SINCE JUN 1     MM                        MM     MM       MM
  SINCE JUL 1     MM                        MM     MM       MM
  SNOW DEPTH      MM

DEGREE DAYS
 HEATING
  YESTERDAY        0                               -4
  MONTH TO DATE   50                              -12
  SINCE JUL 1    100                              -32

 COOLING
  YESTERDAY        0                               -1
  MONTH TO DATE   13                              -21
  SINCE JAN 1    113                               -3
..................................................................


WIND (MPH)
  HIGHEST WIND SPEED    14   HIGHEST WIND DIRECTION    NW (330)
  HIGHEST GUST SPEED    20   HIGHEST GUST DIRECTION     N (10)
  AVERAGE WIND SPEED     7.3




..........................................................


THE FRENCHVILLE ME CLIMATE NORMALS FOR TODAY
                         NORMAL
 MAXIMUM TEMPERATURE (F)   71
 MINIMUM TEMPERATURE (F)   52


SUNRISE AND SUNSET
AUGUST 21 2014........SUNRISE   538 AM EDT   SUNSET   734 PM EDT
AUGUST 22 2014........SUNRISE   539 AM EDT   SUNSET   732 PM EDT


-  INDICATES NEGATIVE NUMBERS.
R  INDICATES RECORD WAS SET OR TIED.
MM INDICATES DATA IS MISSING.
T  INDICATES TRACE AMOUNT.




$$
