000
CDUS41 KCAR 270542
CLIFVE


CLIMATE REPORT
NATIONAL WEATHER SERVICE CARIBOU, ME
142 AM EDT WED MAY 27 2015


...................................

...THE FRENCHVILLE ME CLIMATE SUMMARY FOR MAY 26 2015...

CLIMATE NORMAL PERIOD 1981 TO 2010
CLIMATE RECORD PERIOD 9999 TO 9999


WEATHER ITEM   OBSERVED TIME   RECORD YEAR NORMAL DEPARTURE LAST
                VALUE   (LST)  VALUE       VALUE  FROM      YEAR
                                                  NORMAL
..................................................................
TEMPERATURE (F)
 YESTERDAY
  MAXIMUM         76    355 PM              64     12
  MINIMUM         56    457 AM              43     13
  AVERAGE         66                        54     12

PRECIPITATION (IN)
  YESTERDAY        0.19         MM      MM   0.10   0.09     0.26
  MONTH TO DATE    1.89                      2.47  -0.58     3.70
  SINCE MAR 1      4.12                      6.76  -2.64     7.38
  SINCE JAN 1      4.93                      9.33  -4.40    10.30

SNOWFALL (IN)
  YESTERDAY       MM            MM      MM  MM     MM       MM
  MONTH TO DATE   MM                        MM     MM       MM
  SINCE MAR 1     MM                        MM     MM       MM
  SINCE JUL 1     MM                        MM     MM       MM
  SNOW DEPTH      MM

DEGREE DAYS
 HEATING
  YESTERDAY        0                              -12
  MONTH TO DATE  307                              -94
  SINCE JUL 1   9771                              238

 COOLING
  YESTERDAY        1                                1
  MONTH TO DATE    1                                1
  SINCE JAN 1      1                                1
..................................................................


WIND (MPH)
  HIGHEST WIND SPEED    26   HIGHEST WIND DIRECTION     W (250)
  HIGHEST GUST SPEED    36   HIGHEST GUST DIRECTION     W (250)
  AVERAGE WIND SPEED     9.3




..........................................................


THE FRENCHVILLE ME CLIMATE NORMALS FOR TODAY
                         NORMAL
 MAXIMUM TEMPERATURE (F)   64
 MINIMUM TEMPERATURE (F)   44


SUNRISE AND SUNSET
MAY 27 2015...........SUNRISE   445 AM EDT   SUNSET   817 PM EDT
MAY 28 2015...........SUNRISE   444 AM EDT   SUNSET   818 PM EDT


-  INDICATES NEGATIVE NUMBERS.
R  INDICATES RECORD WAS SET OR TIED.
MM INDICATES DATA IS MISSING.
T  INDICATES TRACE AMOUNT.




$$
