000
CDUS43 KIWX 100523
CLIFWA


CLIMATE REPORT
NATIONAL WEATHER SERVICE NORTHERN INDIANA
123 AM EDT THU JUL 10 2014


...................................

...THE FORT WAYNE CLIMATE SUMMARY FOR JULY 9 2014...

CLIMATE NORMAL PERIOD 1981 TO 2010
CLIMATE RECORD PERIOD 1897 TO 2014


WEATHER ITEM   OBSERVED TIME   RECORD YEAR NORMAL DEPARTURE LAST
                VALUE   (LST)  VALUE       VALUE  FROM      YEAR
                                                  NORMAL
..................................................................
TEMPERATURE (F)
 YESTERDAY
  MAXIMUM         81    330 PM 102    1936  85     -4       88
  MINIMUM         60    536 AM  44    1899  63     -3       73
  AVERAGE         71                        74     -3       81

PRECIPITATION (IN)
  YESTERDAY        0.00          2.60 1966   0.15  -0.15      T
  MONTH TO DATE    0.76                      1.22  -0.46     1.22
  SINCE JUN 1      6.57                      5.38   1.19     7.13
  SINCE JAN 1     23.11                     20.18   2.93    24.80

SNOWFALL (IN)
  YESTERDAY        0.0           0.0  2002   0.0    0.0      0.0
                                      2001
  MONTH TO DATE    T                         0.0    0.0      0.0
  SINCE JUN 1      T                         0.0    0.0      0.0
  SINCE JUL 1      T                         0.0    0.0      0.0
  SNOW DEPTH       0

DEGREE DAYS
 HEATING
  YESTERDAY        0                         0      0        0
  MONTH TO DATE    0                         0      0        0
  SINCE JUN 1     14                        29    -15       19
  SINCE JUL 1      0                         0      0        0

 COOLING
  YESTERDAY        6                         9     -3       16
  MONTH TO DATE   57                        81    -24       71
  SINCE JUN 1    287                       263     24      259
  SINCE JAN 1    368                       320     48      364
..................................................................


WIND (MPH)
  HIGHEST WIND SPEED    16   HIGHEST WIND DIRECTION     N (340)
  HIGHEST GUST SPEED    20   HIGHEST GUST DIRECTION    NW (330)
  AVERAGE WIND SPEED     7.6


SKY COVER
  AVERAGE SKY COVER 0.4


WEATHER CONDITIONS
 THE FOLLOWING WEATHER WAS RECORDED YESTERDAY.
  NO SIGNIFICANT WEATHER WAS OBSERVED.


RELATIVE HUMIDITY (PERCENT)
 HIGHEST    93           400 AM
 LOWEST     39           200 PM
 AVERAGE    66

..........................................................


THE FORT WAYNE CLIMATE NORMALS FOR TODAY
                         NORMAL    RECORD    YEAR
 MAXIMUM TEMPERATURE (F)   85       102      1936
 MINIMUM TEMPERATURE (F)   63        47      1963


SUNRISE AND SUNSET
JULY 10 2014..........SUNRISE   618 AM EDT   SUNSET   914 PM EDT
JULY 11 2014..........SUNRISE   619 AM EDT   SUNSET   914 PM EDT


-  INDICATES NEGATIVE NUMBERS.
R  INDICATES RECORD WAS SET OR TIED.
MM INDICATES DATA IS MISSING.
T  INDICATES TRACE AMOUNT.




$$
