000
CDUS43 KIWX 260523
CLIFWA


CLIMATE REPORT
NATIONAL WEATHER SERVICE NORTHERN INDIANA
123 AM EDT SAT JUL 26 2014


...................................

...THE FORT WAYNE CLIMATE SUMMARY FOR JULY 25 2014...

CLIMATE NORMAL PERIOD 1981 TO 2010
CLIMATE RECORD PERIOD 1897 TO 2014


WEATHER ITEM   OBSERVED TIME   RECORD YEAR NORMAL DEPARTURE LAST
                VALUE   (LST)  VALUE       VALUE  FROM      YEAR
                                                  NORMAL
..................................................................
TEMPERATURE (F)
 YESTERDAY
  MAXIMUM         77    203 PM 103    1934  84     -7       77
  MINIMUM         54    557 AM  44    1904  62     -8       52
  AVERAGE         66                        73     -7       65

PRECIPITATION (IN)
  YESTERDAY        0.00          2.57 1986   0.13  -0.13     0.00
  MONTH TO DATE    1.08                      3.44  -2.36     3.64
  SINCE JUN 1      6.89                      7.60  -0.71     9.55
  SINCE JAN 1     23.43                     22.40   1.03    27.22

SNOWFALL (IN)
  YESTERDAY        0.0           0.0  2002   0.0    0.0      0.0
                                      2001
  MONTH TO DATE    T                         0.0    0.0      0.0
  SINCE JUN 1      T                         0.0    0.0      0.0
  SINCE JUL 1      T                         0.0    0.0      0.0
  SNOW DEPTH       0

DEGREE DAYS
 HEATING
  YESTERDAY        0                         0      0        0
  MONTH TO DATE    9                         0      9        2
  SINCE JUN 1     23                        29     -6       21
  SINCE JUL 1      9                         0      9        2

 COOLING
  YESTERDAY        1                         8     -7        0
  MONTH TO DATE  130                       221    -91      234
  SINCE JUN 1    360                       403    -43      422
  SINCE JAN 1    441                       460    -19      527
..................................................................


WIND (MPH)
  HIGHEST WIND SPEED    16   HIGHEST WIND DIRECTION    SW (220)
  HIGHEST GUST SPEED    25   HIGHEST GUST DIRECTION    SW (220)
  AVERAGE WIND SPEED     8.0


SKY COVER
  AVERAGE SKY COVER 0.6


WEATHER CONDITIONS
 THE FOLLOWING WEATHER WAS RECORDED YESTERDAY.
  NO SIGNIFICANT WEATHER WAS OBSERVED.


RELATIVE HUMIDITY (PERCENT)
 HIGHEST    89           600 AM
 LOWEST     46           100 PM
 AVERAGE    68

..........................................................


THE FORT WAYNE CLIMATE NORMALS FOR TODAY
                         NORMAL    RECORD    YEAR
 MAXIMUM TEMPERATURE (F)   84        99      1941
 MINIMUM TEMPERATURE (F)   62        48      1904


SUNRISE AND SUNSET
JULY 26 2014..........SUNRISE   631 AM EDT   SUNSET   903 PM EDT
JULY 27 2014..........SUNRISE   632 AM EDT   SUNSET   902 PM EDT


-  INDICATES NEGATIVE NUMBERS.
R  INDICATES RECORD WAS SET OR TIED.
MM INDICATES DATA IS MISSING.
T  INDICATES TRACE AMOUNT.




$$
