038
CDUS43 KIWX 290525
CLIFWA


CLIMATE REPORT
NATIONAL WEATHER SERVICE NORTHERN INDIANA
123 AM EDT FRI APR 29 2016


...................................

...THE FORT WAYNE CLIMATE SUMMARY FOR APRIL 28 2016...

CLIMATE NORMAL PERIOD 1981 TO 2010
CLIMATE RECORD PERIOD 1897 TO 2016


WEATHER ITEM   OBSERVED TIME   RECORD YEAR NORMAL DEPARTURE LAST
                VALUE   (LST)  VALUE       VALUE  FROM      YEAR
                                                  NORMAL
..................................................................
TEMPERATURE (F)
 YESTERDAY
  MAXIMUM         54    409 PM  86    1899  66    -12       63
  MINIMUM         42    410 AM  27    1946  43     -1       32
  AVERAGE         48                        55     -7       48

PRECIPITATION (IN)
  YESTERDAY        0.76          0.91 1959   0.11   0.65     0.00
  MONTH TO DATE    2.61                      3.31  -0.70     3.28
  SINCE MAR 1      6.57                      6.02   0.55     5.35
  SINCE JAN 1      9.62                     10.32  -0.70     9.12

SNOWFALL (IN)
  YESTERDAY        0.0           T    2012   0.0    0.0      0.0
                                      1961
  MONTH TO DATE    1.1                       1.0    0.1       T
  SINCE MAR 1      3.9                       5.1   -1.2      8.6
  SINCE JUL 1     20.1                      33.5  -13.4     45.1
  SNOW DEPTH       0

DEGREE DAYS
 HEATING
  YESTERDAY       17                        11      6       17
  MONTH TO DATE  428                       438    -10      400
  SINCE MAR 1   1058                      1264   -206     1361
  SINCE JUL 1   4885                      5862   -977     6510

 COOLING
  YESTERDAY        0                         0      0        0
  MONTH TO DATE    0                         0      0        0
  SINCE MAR 1      0                         0      0        0
  SINCE JAN 1      0                         0      0        0
..................................................................


WIND (MPH)
  HIGHEST WIND SPEED    26   HIGHEST WIND DIRECTION     E (90)
  HIGHEST GUST SPEED    31   HIGHEST GUST DIRECTION     E (90)
  AVERAGE WIND SPEED    12.1


SKY COVER
  AVERAGE SKY COVER 1.0


WEATHER CONDITIONS
 THE FOLLOWING WEATHER WAS RECORDED YESTERDAY.
  HEAVY RAIN
  RAIN
  LIGHT RAIN
  FOG
  HAZE


RELATIVE HUMIDITY (PERCENT)
 HIGHEST    89           200 AM
 LOWEST     76          1100 PM
 AVERAGE    83

..........................................................


THE FORT WAYNE CLIMATE NORMALS FOR TODAY
                         NORMAL    RECORD    YEAR
 MAXIMUM TEMPERATURE (F)   66        90      1899
 MINIMUM TEMPERATURE (F)   44        30      1977


SUNRISE AND SUNSET
APRIL 29 2016.........SUNRISE   641 AM EDT   SUNSET   836 PM EDT
APRIL 30 2016.........SUNRISE   640 AM EDT   SUNSET   837 PM EDT


-  INDICATES NEGATIVE NUMBERS.
R  INDICATES RECORD WAS SET OR TIED.
MM INDICATES DATA IS MISSING.
T  INDICATES TRACE AMOUNT.




$$
