000
CDUS43 KIWX 240536
CLIFWA


CLIMATE REPORT
NATIONAL WEATHER SERVICE NORTHERN INDIANA
1236 AM EST FRI FEB 24 2017


...................................

...THE FORT WAYNE CLIMATE SUMMARY FOR FEBRUARY 23 2017...

CLIMATE NORMAL PERIOD 1981 TO 2010
CLIMATE RECORD PERIOD 1897 TO 2017


WEATHER ITEM   OBSERVED TIME   RECORD YEAR NORMAL DEPARTURE LAST
                VALUE   (LST)  VALUE       VALUE  FROM      YEAR
                                                  NORMAL
..................................................................
TEMPERATURE (F)
 YESTERDAY
  MAXIMUM         66R   151 PM  64    2000  39     27       47
  MINIMUM         50    737 AM  -6    2015  22     28       24
  AVERAGE         58                        31     27       36

PRECIPITATION (IN)
  YESTERDAY        T             0.96 1909   0.08  -0.08     0.00
  MONTH TO DATE    1.24                      1.65  -0.41     0.38
  SINCE DEC 1      8.26                      6.68   1.58     6.15
  SINCE JAN 1      5.95                      3.91   2.04     2.00

SNOWFALL (IN)
  YESTERDAY        0.0           5.3  1962   0.2   -0.2      0.0
  MONTH TO DATE    2.4                       6.5   -4.1      3.6
  SINCE DEC 1     14.6                      25.1  -10.5     10.7
  SINCE JUL 1     15.0                      27.2  -12.2     14.9
  SNOW DEPTH       0

DEGREE DAYS
 HEATING
  YESTERDAY        7                        34    -27       29
  MONTH TO DATE  590                       859   -269      790
  SINCE DEC 1   2740                      3213   -473     2697
  SINCE JUL 1   3585                      4430   -845     3666

 COOLING
  YESTERDAY        0                         0      0        0
  MONTH TO DATE    0                         0      0        0
  SINCE DEC 1      0                         0      0        0
  SINCE JAN 1      0                         0      0        0
..................................................................


WIND (MPH)
  HIGHEST WIND SPEED    17   HIGHEST WIND DIRECTION    SW (220)
  HIGHEST GUST SPEED    22   HIGHEST GUST DIRECTION    SW (220)
  AVERAGE WIND SPEED     7.4


SKY COVER
  AVERAGE SKY COVER 0.6


WEATHER CONDITIONS
 THE FOLLOWING WEATHER WAS RECORDED YESTERDAY.
  FOG


RELATIVE HUMIDITY (PERCENT)
 HIGHEST    96           700 AM
 LOWEST     56           100 PM
 AVERAGE    76

..........................................................


THE FORT WAYNE CLIMATE NORMALS FOR TODAY
                         NORMAL    RECORD    YEAR
 MAXIMUM TEMPERATURE (F)   39        64      1930
 MINIMUM TEMPERATURE (F)   23        -6      2015


SUNRISE AND SUNSET
FEBRUARY 24 2017......SUNRISE   722 AM EST   SUNSET   626 PM EST
FEBRUARY 25 2017......SUNRISE   721 AM EST   SUNSET   627 PM EST


-  INDICATES NEGATIVE NUMBERS.
R  INDICATES RECORD WAS SET OR TIED.
MM INDICATES DATA IS MISSING.
T  INDICATES TRACE AMOUNT.




$$
