000
CDUS43 KIWX 010021
CLIFWA


CLIMATE REPORT
NATIONAL WEATHER SERVICE NORTHERN INDIANA
820 PM EDT THU JUL 31 2014


...................................

...THE FORT WAYNE CLIMATE SUMMARY FOR JULY 31 2014...
VALID AS OF 0800 PM LOCAL TIME.

CLIMATE NORMAL PERIOD 1981 TO 2010
CLIMATE RECORD PERIOD 1897 TO 2014


WEATHER ITEM   OBSERVED TIME   RECORD YEAR NORMAL DEPARTURE LAST
                VALUE   (LST)  VALUE       VALUE  FROM      YEAR
                                                  NORMAL
..................................................................
TEMPERATURE (F)
 TODAY
  MAXIMUM         81    337 PM  98    1999  83     -2       71
  MINIMUM         56    613 AM  46    1899  62     -6       65
  AVERAGE         69                        73     -4       68

PRECIPITATION (IN)
  TODAY            0.00          2.05 1945   0.13  -0.13     0.01
  MONTH TO DATE    2.00                      4.24  -2.24     3.68
  SINCE JUN 1      7.81                      8.40  -0.59     9.59
  SINCE JAN 1     24.35                     23.20   1.15    27.26

SNOWFALL (IN)
  TODAY            0.0           0.0  2002   0.0    0.0      0.0
                                      2001
  MONTH TO DATE    T                         0.0    0.0      0.0
  SINCE JUN 1      T                         0.0    0.0      0.0
  SINCE JUL 1      T                         0.0    0.0      0.0
  SNOW DEPTH       0

DEGREE DAYS
 HEATING
  TODAY            0                         0      0        0
  MONTH TO DATE   14                         0     14       10
  SINCE JUN 1     28                        32     -4       29
  SINCE JUL 1     14                         3     11       10

 COOLING
  TODAY            4                         8     -4        3
  MONTH TO DATE  150                       267   -117      240
  SINCE JUN 1    380                       449    -69      428
  SINCE JAN 1    461                       506    -45      533
..................................................................


WIND (MPH)
  RESULTANT WIND SPEED   6   RESULTANT WIND DIRECTION   W (250)
  HIGHEST WIND SPEED    15   HIGHEST WIND DIRECTION     W (250)
  HIGHEST GUST SPEED    19   HIGHEST GUST DIRECTION     W (250)
  AVERAGE WIND SPEED     6.1


SKY COVER
  POSSIBLE SUNSHINE  MM
  AVERAGE SKY COVER 0.3


WEATHER CONDITIONS
 THE FOLLOWING WEATHER WAS RECORDED TODAY.
  FOG
  HAZE


RELATIVE HUMIDITY (PERCENT)
 HIGHEST   100           600 AM
 LOWEST     45           200 PM
 AVERAGE    73

..........................................................


THE FORT WAYNE CLIMATE NORMALS FOR TOMORROW
                         NORMAL    RECORD    YEAR
 MAXIMUM TEMPERATURE (F)   83        96      1955
                                             1953
 MINIMUM TEMPERATURE (F)   62        49      1992
                                             1952


SUNRISE AND SUNSET
JULY 31 2014..........SUNRISE   636 AM EDT   SUNSET   858 PM EDT
AUGUST  1 2014........SUNRISE   637 AM EDT   SUNSET   857 PM EDT


-  INDICATES NEGATIVE NUMBERS.
R  INDICATES RECORD WAS SET OR TIED.
MM INDICATES DATA IS MISSING.
T  INDICATES TRACE AMOUNT.




$$
