000
CDUS43 KIWX 190528
CLIFWA


CLIMATE REPORT
NATIONAL WEATHER SERVICE NORTHERN INDIANA
128 AM EDT SAT AUG 19 2017


...................................

...THE FORT WAYNE CLIMATE SUMMARY FOR AUGUST 18 2017...

CLIMATE NORMAL PERIOD 1981 TO 2010
CLIMATE RECORD PERIOD 1897 TO 2017


WEATHER ITEM   OBSERVED TIME   RECORD YEAR NORMAL DEPARTURE LAST
                VALUE   (LST)  VALUE       VALUE  FROM      YEAR
                                                  NORMAL
..................................................................
TEMPERATURE (F)
 YESTERDAY
  MAXIMUM         81    330 PM  95    1947  82     -1       82
  MINIMUM         64   1159 PM  46    1963  61      3       65
  AVERAGE         73                        72      1       74

PRECIPITATION (IN)
  YESTERDAY        0.00          2.30 1910   0.12  -0.12     0.00
  MONTH TO DATE    0.68                      2.18  -1.50     0.88
  SINCE JUN 1     12.35                     10.58   1.77     7.44
  SINCE JAN 1     35.80                     25.38  10.42    21.63

DEGREE DAYS
 HEATING
  YESTERDAY        0                         0      0        0
  MONTH TO DATE    1                         0      1        0
  SINCE JUN 1      7                        32    -25       14
  SINCE JUL 1      1                         3     -2        3

 COOLING
  YESTERDAY        8                         7      1        9
  MONTH TO DATE   97                       131    -34      220
  SINCE JUN 1    585                       580      5      736
  SINCE JAN 1    649                       637     12      810
..................................................................


WIND (MPH)
  HIGHEST WIND SPEED    20   HIGHEST WIND DIRECTION     W (270)
  HIGHEST GUST SPEED    24   HIGHEST GUST DIRECTION     W (260)
  AVERAGE WIND SPEED    11.3


SKY COVER
  AVERAGE SKY COVER 0.4


WEATHER CONDITIONS
 THE FOLLOWING WEATHER WAS RECORDED YESTERDAY.
  NO SIGNIFICANT WEATHER WAS OBSERVED.


RELATIVE HUMIDITY (PERCENT)
 HIGHEST    93           500 AM
 LOWEST     58           300 PM
 AVERAGE    76

..........................................................


THE FORT WAYNE CLIMATE NORMALS FOR TODAY
                         NORMAL    RECORD    YEAR
 MAXIMUM TEMPERATURE (F)   82        99      1983
 MINIMUM TEMPERATURE (F)   61        48      1964


SUNRISE AND SUNSET
AUGUST 19 2017........SUNRISE   655 AM EDT   SUNSET   833 PM EDT
AUGUST 20 2017........SUNRISE   656 AM EDT   SUNSET   832 PM EDT


-  INDICATES NEGATIVE NUMBERS.
R  INDICATES RECORD WAS SET OR TIED.
MM INDICATES DATA IS MISSING.
T  INDICATES TRACE AMOUNT.




$$
