000
CDUS43 KIWX 230020
CLIFWA


CLIMATE REPORT
NATIONAL WEATHER SERVICE NORTHERN INDIANA
720 PM EST SUN JAN 22 2017


...................................

...THE FORT WAYNE CLIMATE SUMMARY FOR JANUARY 22 2017...
VALID AS OF 0700 PM LOCAL TIME.

CLIMATE NORMAL PERIOD 1981 TO 2010
CLIMATE RECORD PERIOD 1897 TO 2017


WEATHER ITEM   OBSERVED TIME   RECORD YEAR NORMAL DEPARTURE LAST
                VALUE   (LST)  VALUE       VALUE  FROM      YEAR
                                                  NORMAL
..................................................................
TEMPERATURE (F)
 TODAY
  MAXIMUM         63R   227 PM  62    1933  32     31       27
                                      1906
  MINIMUM         45    845 AM -18    1936  17     28       12
  AVERAGE         54                        25     29       20

PRECIPITATION (IN)
  TODAY            0.32          1.30 1904   0.07   0.25      T
  MONTH TO DATE    4.45                      1.65   2.80     1.57
  SINCE DEC 1      6.76                      4.42   2.34     5.72
  SINCE JAN 1      4.45                      1.65   2.80     1.57

SNOWFALL (IN)
  TODAY            0.0           7.2  1915   0.4   -0.4      0.1
  MONTH TO DATE    0.7                       7.1   -6.4      6.8
  SINCE DEC 1     11.6                      15.6   -4.0      7.0
  SINCE JUL 1     12.0                      17.7   -5.7     11.2
  SNOW DEPTH       0

DEGREE DAYS
 HEATING
  TODAY           11                        40    -29       45
  MONTH TO DATE  707                       879   -172      903
  SINCE DEC 1   1873                      1990   -117     1621
  SINCE JUL 1   2718                      3207   -489     2590

 COOLING
  TODAY            0                         0      0        0
  MONTH TO DATE    0                         0      0        0
  SINCE DEC 1      0                         0      0        0
  SINCE JAN 1      0                         0      0        0
..................................................................


WIND (MPH)
  RESULTANT WIND SPEED   2   RESULTANT WIND DIRECTION  NE (60)
  HIGHEST WIND SPEED    25   HIGHEST WIND DIRECTION    SW (230)
  HIGHEST GUST SPEED    29   HIGHEST GUST DIRECTION    SW (230)
  AVERAGE WIND SPEED     3.9


SKY COVER
  POSSIBLE SUNSHINE  MM
  AVERAGE SKY COVER 0.9


WEATHER CONDITIONS
 THE FOLLOWING WEATHER WAS RECORDED TODAY.
  THUNDERSTORM
  HEAVY RAIN
  RAIN
  LIGHT RAIN
  FOG


RELATIVE HUMIDITY (PERCENT)
 HIGHEST    93           600 AM
 LOWEST     64           200 PM
 AVERAGE    79

..........................................................


THE FORT WAYNE CLIMATE NORMALS FOR TOMORROW
                         NORMAL    RECORD    YEAR
 MAXIMUM TEMPERATURE (F)   32        65      1909
 MINIMUM TEMPERATURE (F)   17       -18      1963


SUNRISE AND SUNSET
JANUARY 22 2017.......SUNRISE   759 AM EST   SUNSET   546 PM EST
JANUARY 23 2017.......SUNRISE   759 AM EST   SUNSET   547 PM EST


-  INDICATES NEGATIVE NUMBERS.
R  INDICATES RECORD WAS SET OR TIED.
MM INDICATES DATA IS MISSING.
T  INDICATES TRACE AMOUNT.




$$
