000
CDUS43 KIWX 302028
CLIFWA


CLIMATE REPORT
NATIONAL WEATHER SERVICE NORTHERN INDIANA
423 PM EDT SAT MAY 30 2015


...................................

...THE FORT WAYNE CLIMATE SUMMARY FOR MAY 30 2015...
VALID TODAY AS OF 0400 PM LOCAL TIME.

CLIMATE NORMAL PERIOD 1981 TO 2010
CLIMATE RECORD PERIOD 1897 TO 2015


WEATHER ITEM   OBSERVED TIME   RECORD YEAR NORMAL DEPARTURE LAST
                VALUE   (LST)  VALUE       VALUE  FROM      YEAR
                                                  NORMAL
..................................................................
TEMPERATURE (F)
 TODAY
  MAXIMUM         80   1117 AM  92    1988  76      4       83
                                      1953
                                      1942
  MINIMUM         67    539 AM  36    1947  54     13       53
                                      1945
  AVERAGE         74                        65      9       68

PRECIPITATION (IN)
  TODAY            0.22          4.35 1991   0.17   0.05     0.00
  MONTH TO DATE    3.38                      4.10  -0.72     4.57
  SINCE MAR 1      8.73                     10.33  -1.60    10.46
  SINCE JAN 1     12.50                     14.63  -2.13    16.70

DEGREE DAYS
 HEATING
  TODAY            0                         3     -3        0
  MONTH TO DATE  103                       188    -85      182
  SINCE MAR 1   1492                      1472     20     1698
  SINCE JUL 1   6641                      6070    571     6951

 COOLING
  TODAY            9                         3      6        3
  MONTH TO DATE  100                        46     54       75
  SINCE MAR 1    100                        54     46       76
  SINCE JAN 1    100                        54     46       76
..................................................................


WIND (MPH)
  HIGHEST WIND SPEED    23   HIGHEST WIND DIRECTION     W (270)
  HIGHEST GUST SPEED    25   HIGHEST GUST DIRECTION     W (260)
  AVERAGE WIND SPEED     8.4


SKY COVER
  POSSIBLE SUNSHINE  MM
  AVERAGE SKY COVER 0.8


WEATHER CONDITIONS
 THE FOLLOWING WEATHER WAS RECORDED TODAY.
  HEAVY RAIN
  RAIN
  LIGHT RAIN
  FOG


RELATIVE HUMIDITY (PERCENT)
 HIGHEST    93           300 AM
 LOWEST     62          1000 AM
 AVERAGE    78

..........................................................


THE FORT WAYNE CLIMATE NORMALS FOR TOMORROW
                         NORMAL    RECORD    YEAR
 MAXIMUM TEMPERATURE (F)   76        94      1988
 MINIMUM TEMPERATURE (F)   55        37      1966


SUNRISE AND SUNSET
MAY 30 2015...........SUNRISE   612 AM EDT   SUNSET   905 PM EDT
MAY 31 2015...........SUNRISE   612 AM EDT   SUNSET   906 PM EDT


-  INDICATES NEGATIVE NUMBERS.
R  INDICATES RECORD WAS SET OR TIED.
MM INDICATES DATA IS MISSING.
T  INDICATES TRACE AMOUNT.




$$
