000
CDUS43 KIWX 192023
CLIFWA


CLIMATE REPORT
NATIONAL WEATHER SERVICE NORTHERN INDIANA
423 PM EDT THU OCT 19 2017


...................................

...THE FORT WAYNE CLIMATE SUMMARY FOR OCTOBER 19 2017...
VALID TODAY AS OF 0400 PM LOCAL TIME.

CLIMATE NORMAL PERIOD 1981 TO 2010
CLIMATE RECORD PERIOD 1897 TO 2017


WEATHER ITEM   OBSERVED TIME   RECORD YEAR NORMAL DEPARTURE LAST
                VALUE   (LST)  VALUE       VALUE  FROM      YEAR
                                                  NORMAL
..................................................................
TEMPERATURE (F)
 TODAY
  MAXIMUM         73    259 PM  85    1953  62     11       71
  MINIMUM         46    156 AM  25    1972  41      5       47
                                      1909
  AVERAGE         60                        52      8       59

PRECIPITATION (IN)
  TODAY            0.00          2.19 2011   0.09  -0.09     0.06
  MONTH TO DATE    1.31                      1.79  -0.48     1.57
  SINCE SEP 1      2.98                      4.59  -1.61     7.01
  SINCE JAN 1     41.26                     31.43   9.83    30.82

DEGREE DAYS
 HEATING
  TODAY            5                        14     -9        6
  MONTH TO DATE   74                       207   -133       91
  SINCE SEP 1    154                       311   -157      115
  SINCE JUL 1    169                       323   -154      118

 COOLING
  TODAY            0                         0      0        0
  MONTH TO DATE   29                         8     21       29
  SINCE SEP 1    146                        91     55      172
  SINCE JAN 1    834                       808     26     1098
..................................................................


WIND (MPH)
  HIGHEST WIND SPEED    16   HIGHEST WIND DIRECTION     W (250)
  HIGHEST GUST SPEED    22   HIGHEST GUST DIRECTION     W (250)
  AVERAGE WIND SPEED     9.3


SKY COVER
  POSSIBLE SUNSHINE  MM
  AVERAGE SKY COVER 0.5


WEATHER CONDITIONS
 THE FOLLOWING WEATHER WAS RECORDED TODAY.
  NO SIGNIFICANT WEATHER WAS OBSERVED.


RELATIVE HUMIDITY (PERCENT)
 HIGHEST    86           400 AM
 LOWEST     44           300 PM
 AVERAGE    65

..........................................................


THE FORT WAYNE CLIMATE NORMALS FOR TOMORROW
                         NORMAL    RECORD    YEAR
 MAXIMUM TEMPERATURE (F)   62        85      1953
 MINIMUM TEMPERATURE (F)   41        23      1952


SUNRISE AND SUNSET
OCTOBER 19 2017.......SUNRISE   757 AM EDT   SUNSET   654 PM EDT
OCTOBER 20 2017.......SUNRISE   758 AM EDT   SUNSET   652 PM EDT


-  INDICATES NEGATIVE NUMBERS.
R  INDICATES RECORD WAS SET OR TIED.
MM INDICATES DATA IS MISSING.
T  INDICATES TRACE AMOUNT.




$$
