000
CDUS43 KIWX 250021
CLIFWA


CLIMATE REPORT
NATIONAL WEATHER SERVICE NORTHERN INDIANA
720 PM EST WED DEC 24 2014


...................................

...THE FORT WAYNE CLIMATE SUMMARY FOR DECEMBER 24 2014...
VALID AS OF 0700 PM LOCAL TIME.

CLIMATE NORMAL PERIOD 1981 TO 2010
CLIMATE RECORD PERIOD 1897 TO 2014


WEATHER ITEM   OBSERVED TIME   RECORD YEAR NORMAL DEPARTURE LAST
                VALUE   (LST)  VALUE       VALUE  FROM      YEAR
                                                  NORMAL
..................................................................
TEMPERATURE (F)
 TODAY
  MAXIMUM         46   1206 AM  62    1932  34     12       19
  MINIMUM         37    659 PM -16    1983  20     17        4
  AVERAGE         42                        27     15       12

PRECIPITATION (IN)
  TODAY            0.54          1.04 1965   0.09   0.45      T
  MONTH TO DATE    1.52                      2.17  -0.65     2.80
  SINCE DEC 1      1.52                      2.17  -0.65     2.80
  SINCE JAN 1     42.64                     37.74   4.90    42.15

SNOWFALL (IN)
  TODAY            0.0           3.5  1934   0.3   -0.3       T
  MONTH TO DATE    0.2                       6.2   -6.0      8.5
  SINCE DEC 1      0.2                       6.2   -6.0      8.5
  SINCE JUL 1      4.4                       8.3   -3.9      9.5
  SNOW DEPTH       0

DEGREE DAYS
 HEATING
  TODAY           23                        38    -15       53
  MONTH TO DATE  747                       839    -92      895
  SINCE DEC 1    747                       839    -92      895
  SINCE JUL 1   2193                      2056    137     2196

 COOLING
  TODAY            0                         0      0        0
  MONTH TO DATE    0                         0      0        0
  SINCE DEC 1      0                         0      0        0
  SINCE JAN 1    731                       809    -78      855
..................................................................


WIND (MPH)
  RESULTANT WIND SPEED  10   RESULTANT WIND DIRECTION  NW (330)
  HIGHEST WIND SPEED    28   HIGHEST WIND DIRECTION     W (270)
  HIGHEST GUST SPEED    35   HIGHEST GUST DIRECTION     W (260)
  AVERAGE WIND SPEED    12.6


SKY COVER
  POSSIBLE SUNSHINE  MM
  AVERAGE SKY COVER 1.0


WEATHER CONDITIONS
 THE FOLLOWING WEATHER WAS RECORDED TODAY.
  RAIN
  LIGHT RAIN
  FOG


RELATIVE HUMIDITY (PERCENT)
 HIGHEST    96           300 AM
 LOWEST     89           400 AM
 AVERAGE    93

..........................................................


THE FORT WAYNE CLIMATE NORMALS FOR TOMORROW
                         NORMAL    RECORD    YEAR
 MAXIMUM TEMPERATURE (F)   34        64      1982
 MINIMUM TEMPERATURE (F)   20       -15      2004


SUNRISE AND SUNSET
DECEMBER 24 2014......SUNRISE   804 AM EST   SUNSET   517 PM EST
DECEMBER 25 2014......SUNRISE   804 AM EST   SUNSET   518 PM EST


-  INDICATES NEGATIVE NUMBERS.
R  INDICATES RECORD WAS SET OR TIED.
MM INDICATES DATA IS MISSING.
T  INDICATES TRACE AMOUNT.




$$
