000
CDUS43 KIWX 010528
CLIFWA


CLIMATE REPORT
NATIONAL WEATHER SERVICE NORTHERN INDIANA
127 AM EDT SAT OCT 1 2016


...................................

...THE FORT WAYNE CLIMATE SUMMARY FOR SEPTEMBER 30 2016...

CLIMATE NORMAL PERIOD 1981 TO 2010
CLIMATE RECORD PERIOD 1897 TO 2016


WEATHER ITEM   OBSERVED TIME   RECORD YEAR NORMAL DEPARTURE LAST
                VALUE   (LST)  VALUE       VALUE  FROM      YEAR
                                                  NORMAL
..................................................................
TEMPERATURE (F)
 YESTERDAY
  MAXIMUM         65    106 PM  88    1971  70     -5       67
  MINIMUM         58   1023 PM  31    1993  47     11       49
                                      1899
  AVERAGE         62                        58      4       58

PRECIPITATION (IN)
  YESTERDAY        0.06          1.55 1906   0.09  -0.03     0.00
  MONTH TO DATE    5.44                      2.80   2.64     3.03
  SINCE SEP 1      5.44                      2.80   2.64     3.03
  SINCE JAN 1     29.25                     29.64  -0.39    38.68

SNOWFALL (IN)
  YESTERDAY        0.0           0.0  2002   0.0    0.0      0.0
                                      2001
  MONTH TO DATE    0.0                       0.0    0.0      0.0
  SINCE SEP 1      0.0                       0.0    0.0      0.0
  SINCE JUL 1      0.0                       0.0    0.0      0.0
  SNOW DEPTH       0

DEGREE DAYS
 HEATING
  YESTERDAY        3                         8     -5        7
  MONTH TO DATE   24                       104    -80       45
  SINCE SEP 1     24                       104    -80       45
  SINCE JUL 1     27                       116    -89       54

 COOLING
  YESTERDAY        0                         1     -1        0
  MONTH TO DATE  143                        83     60      136
  SINCE SEP 1    143                        83     60      136
  SINCE JAN 1   1069                       800    269      808
..................................................................


WIND (MPH)
  HIGHEST WIND SPEED    17   HIGHEST WIND DIRECTION     E (80)
  HIGHEST GUST SPEED    21   HIGHEST GUST DIRECTION    NE (50)
  AVERAGE WIND SPEED    10.1


SKY COVER
  AVERAGE SKY COVER 1.0


WEATHER CONDITIONS
 THE FOLLOWING WEATHER WAS RECORDED YESTERDAY.
  LIGHT RAIN
  FOG


RELATIVE HUMIDITY (PERCENT)
 HIGHEST    93           300 PM
 LOWEST     84          1200 PM
 AVERAGE    89

..........................................................


THE FORT WAYNE CLIMATE NORMALS FOR TODAY
                         NORMAL    RECORD    YEAR
 MAXIMUM TEMPERATURE (F)   70        88      1897
 MINIMUM TEMPERATURE (F)   46        25      1899


SUNRISE AND SUNSET
OCTOBER  1 2016.......SUNRISE   738 AM EDT   SUNSET   722 PM EDT
OCTOBER  2 2016.......SUNRISE   739 AM EDT   SUNSET   720 PM EDT


-  INDICATES NEGATIVE NUMBERS.
R  INDICATES RECORD WAS SET OR TIED.
MM INDICATES DATA IS MISSING.
T  INDICATES TRACE AMOUNT.




$$
