000
CDUS43 KIWX 020521
CLIFWA


CLIMATE REPORT
NATIONAL WEATHER SERVICE NORTHERN INDIANA
121 AM EDT WED SEP 2 2015


...................................

...THE FORT WAYNE CLIMATE SUMMARY FOR SEPTEMBER 1 2015...

CLIMATE NORMAL PERIOD 1981 TO 2010
CLIMATE RECORD PERIOD 1897 TO 2015


WEATHER ITEM   OBSERVED TIME   RECORD YEAR NORMAL DEPARTURE LAST
                VALUE   (LST)  VALUE       VALUE  FROM      YEAR
                                                  NORMAL
..................................................................
TEMPERATURE (F)
 YESTERDAY
  MAXIMUM         86    147 PM 100    1953  81      5       83
  MINIMUM         67    550 AM  42    1909  58      9       67
  AVERAGE         77                        69      8       75

PRECIPITATION (IN)
  YESTERDAY        0.00          3.51 1950   0.10  -0.10     0.02
  MONTH TO DATE    0.00                      0.10  -0.10     0.02
  SINCE SEP 1      0.00                      0.10  -0.10     0.02
  SINCE JAN 1     35.65                     26.94   8.71    30.57

SNOWFALL (IN)
  YESTERDAY        0.0           0.0  2002   0.0    0.0      0.0
                                      2001
  MONTH TO DATE    0.0                       0.0    0.0      0.0
  SINCE SEP 1      0.0                       0.0    0.0      0.0
  SINCE JUL 1      0.0                       0.0    0.0       T
  SNOW DEPTH       0

DEGREE DAYS
 HEATING
  YESTERDAY        0                         1     -1        0
  MONTH TO DATE    0                         1     -1        0
  SINCE SEP 1      0                         1     -1        0
  SINCE JUL 1      9                        13     -4       24

 COOLING
  YESTERDAY       12                         5      7       10
  MONTH TO DATE   12                         5      7       10
  SINCE SEP 1     12                         5      7       10
  SINCE JAN 1    684                       722    -38      684
..................................................................


WIND (MPH)
  HIGHEST WIND SPEED    21   HIGHEST WIND DIRECTION    SW (240)
  HIGHEST GUST SPEED    26   HIGHEST GUST DIRECTION    SW (230)
  AVERAGE WIND SPEED     7.2


SKY COVER
  AVERAGE SKY COVER 0.2


WEATHER CONDITIONS
 THE FOLLOWING WEATHER WAS RECORDED YESTERDAY.
  FOG


RELATIVE HUMIDITY (PERCENT)
 HIGHEST    93          1200 AM
 LOWEST     65           100 PM
 AVERAGE    79

..........................................................


THE FORT WAYNE CLIMATE NORMALS FOR TODAY
                         NORMAL    RECORD    YEAR
 MAXIMUM TEMPERATURE (F)   81       100      1953
 MINIMUM TEMPERATURE (F)   58        39      1909


SUNRISE AND SUNSET
SEPTEMBER  2 2015.....SUNRISE   708 AM EDT   SUNSET   812 PM EDT
SEPTEMBER  3 2015.....SUNRISE   709 AM EDT   SUNSET   810 PM EDT


-  INDICATES NEGATIVE NUMBERS.
R  INDICATES RECORD WAS SET OR TIED.
MM INDICATES DATA IS MISSING.
T  INDICATES TRACE AMOUNT.




$$
