000
CDUS44 KTSA 272225
CLIFYV

CLIMATE REPORT
NATIONAL WEATHER SERVICE TULSA OK
418 PM CST MON FEB 27 2017


...................................

...THE FAYETTEVILLE ARKANSAS CLIMATE SUMMARY FOR FEBRUARY 27 2017...
VALID TODAY AS OF 0400 PM LOCAL TIME.

CLIMATE NORMAL PERIOD 1981 TO 2010
CLIMATE RECORD PERIOD 1905 TO 2017


WEATHER ITEM   OBSERVED TIME   RECORD YEAR NORMAL DEPARTURE LAST
                VALUE   (LST)  VALUE       VALUE  FROM      YEAR
                                                  NORMAL
..................................................................
TEMPERATURE (F)
 TODAY
  MAXIMUM         68    116 PM  75    1976  55     13       68
  MINIMUM         27    648 AM  10    2002  32     -5       36
  AVERAGE         48                        43      5       52

PRECIPITATION (IN)
  TODAY            0.01                      0.11  -0.10     0.00
  MONTH TO DATE    1.11                      2.70  -1.59     0.64
  SINCE DEC 1      5.33                      8.78  -3.45    12.10
  SINCE JAN 1      3.50                      5.54  -2.04     1.15

SNOWFALL (IN)
  TODAY           MM                                         0.0
  MONTH TO DATE    0.0                                        T
  SINCE DEC 1      0.8                                        T
  SINCE JUL 1      0.8                                        T

DEGREE DAYS
 HEATING
  TODAY           17                        22     -5       13
  MONTH TO DATE  447                       687   -240      612
  SINCE DEC 1   2044                      2452   -408     2143
  SINCE JUL 1   2571                      3281   -710     2785
..................................................................


WIND (MPH)
  HIGHEST WIND SPEED    21   HIGHEST WIND DIRECTION     S (180)
  HIGHEST GUST SPEED    27   HIGHEST GUST DIRECTION     S (190)
  AVERAGE WIND SPEED     4.4


SKY COVER
  POSSIBLE SUNSHINE  MM
  AVERAGE SKY COVER 0.2


WEATHER CONDITIONS
 THE FOLLOWING WEATHER WAS RECORDED TODAY.
  THUNDERSTORM
  RAIN


RELATIVE HUMIDITY (PERCENT)
 HIGHEST   100           300 AM
 LOWEST     55          1000 AM
 AVERAGE    78

..........................................................


THE FAYETTEVILLE ARKANSAS CLIMATE NORMALS FOR TOMORROW
                         NORMAL    RECORD    YEAR
 MAXIMUM TEMPERATURE (F)   55        76      1980
                                             1955
 MINIMUM TEMPERATURE (F)   32         8      1962


SUNRISE AND SUNSET
FEBRUARY 27 2017......SUNRISE   649 AM CST   SUNSET   610 PM CST
FEBRUARY 28 2017......SUNRISE   648 AM CST   SUNSET   611 PM CST


-  INDICATES NEGATIVE NUMBERS.
R  INDICATES RECORD WAS SET OR TIED.
MM INDICATES DATA IS MISSING.
T  INDICATES TRACE AMOUNT.




$$
