000
CDUS44 KTSA 270800 RRA
CLIFYV

CLIMATE REPORT
NATIONAL WEATHER SERVICE TULSA OK
147 AM CDT FRI MAY 27 2016


...................................

...THE FAYETTEVILLE ARKANSAS CLIMATE SUMMARY FOR MAY 26 2016...

CLIMATE NORMAL PERIOD 1981 TO 2010
CLIMATE RECORD PERIOD 1905 TO 2016


WEATHER ITEM   OBSERVED TIME   RECORD YEAR NORMAL DEPARTURE LAST
                VALUE   (LST)  VALUE       VALUE  FROM      YEAR
                                                  NORMAL
..................................................................
TEMPERATURE (F)
 YESTERDAY
  MAXIMUM         83    109 PM  90    2012  78      5       78
                                      1953
  MINIMUM         61    344 PM  38    1988  57      4       59
  AVERAGE         72                        68      4       69

PRECIPITATION (IN)
  YESTERDAY        0.72                      0.19   0.53     0.00
  MONTH TO DATE    4.80                      5.13  -0.33    12.00
  SINCE MAR 1     12.38                     13.65  -1.27    19.39
  SINCE JAN 1     13.53                     19.30  -5.77    22.45

DEGREE DAYS
 COOLING
  YESTERDAY        7                         4      3        4
  MONTH TO DATE   36                        62    -26       57
  SINCE MAR 1     49                        90    -41       80
  SINCE JAN 1     49                        90    -41       80
..................................................................


WIND (MPH)
  HIGHEST WIND SPEED    23   HIGHEST WIND DIRECTION     S (180)
  HIGHEST GUST SPEED    30   HIGHEST GUST DIRECTION    SW (230)
  AVERAGE WIND SPEED     8.4


SKY COVER
  POSSIBLE SUNSHINE  MM
  AVERAGE SKY COVER 0.4


WEATHER CONDITIONS
 THE FOLLOWING WEATHER WAS RECORDED YESTERDAY.
  THUNDERSTORM
  HEAVY RAIN
  RAIN
  LIGHT RAIN
  FOG


RELATIVE HUMIDITY (PERCENT)
 HIGHEST   100          1200 AM
 LOWEST     74          1200 PM
 AVERAGE    87

..........................................................


THE FAYETTEVILLE ARKANSAS CLIMATE NORMALS FOR TODAY
                         NORMAL    RECORD    YEAR
 MAXIMUM TEMPERATURE (F)   79        91      2012
 MINIMUM TEMPERATURE (F)   57        37      1961


SUNRISE AND SUNSET
MAY 27 2016...........SUNRISE   603 AM CDT   SUNSET   825 PM CDT
MAY 28 2016...........SUNRISE   603 AM CDT   SUNSET   826 PM CDT


-  INDICATES NEGATIVE NUMBERS.
R  INDICATES RECORD WAS SET OR TIED.
MM INDICATES DATA IS MISSING.
T  INDICATES TRACE AMOUNT.




$$
