000
CDUS44 KTSA 270800 RRA
CLIFYV

CLIMATE REPORT
NATIONAL WEATHER SERVICE TULSA OK
300 AM CDT SAT MAY 27 2017

...................................

...THE FAYETTEVILLE ARKANSAS CLIMATE SUMMARY FOR MAY 26 2017...

CLIMATE NORMAL PERIOD 1981 TO 2010
CLIMATE RECORD PERIOD 1905 TO 2017


WEATHER ITEM   OBSERVED TIME   RECORD YEAR NORMAL DEPARTURE LAST
                VALUE   (LST)  VALUE       VALUE  FROM      YEAR
                                                  NORMAL
..................................................................
TEMPERATURE (F)
 YESTERDAY
  MAXIMUM         85    231 PM  90    2012  78      7       83
                                      1953
  MINIMUM         68    600 AM  38    1988  57     11       61
  AVERAGE         77                        68      9       72

PRECIPITATION (IN)
  YESTERDAY        T                         0.19  -0.19     0.72
  MONTH TO DATE    4.67                      5.13  -0.46     4.80
  SINCE MAR 1     23.48                     13.65   9.83    12.46
  SINCE JAN 1     26.98                     19.30   7.68    13.61

DEGREE DAYS
 COOLING
  YESTERDAY       12                         4      8        7
  MONTH TO DATE   45                        62    -17       36
  SINCE MAR 1     77                        90    -13       49
  SINCE JAN 1     82                        90     -8       49
..................................................................


WIND (MPH)
  HIGHEST WIND SPEED    21   HIGHEST WIND DIRECTION     S (200)
  HIGHEST GUST SPEED    25   HIGHEST GUST DIRECTION     S (180)
  AVERAGE WIND SPEED    10.0


SKY COVER
  POSSIBLE SUNSHINE  MM
  AVERAGE SKY COVER 0.3


WEATHER CONDITIONS
 THE FOLLOWING WEATHER WAS RECORDED YESTERDAY.
  NO SIGNIFICANT WEATHER WAS OBSERVED.


RELATIVE HUMIDITY (PERCENT)
 HIGHEST    94          1100 PM
 LOWEST     65           200 PM
 AVERAGE    80

..........................................................


THE FAYETTEVILLE ARKANSAS CLIMATE NORMALS FOR TODAY
                         NORMAL    RECORD    YEAR
 MAXIMUM TEMPERATURE (F)   79        91      2012
 MINIMUM TEMPERATURE (F)   57        37      1961


SUNRISE AND SUNSET
MAY 27 2017...........SUNRISE   603 AM CDT   SUNSET   825 PM CDT
MAY 28 2017...........SUNRISE   603 AM CDT   SUNSET   826 PM CDT


-  INDICATES NEGATIVE NUMBERS.
R  INDICATES RECORD WAS SET OR TIED.
MM INDICATES DATA IS MISSING.
T  INDICATES TRACE AMOUNT.




$$
