000
CDUS44 KTSA 310811
CLIFYV

CLIMATE REPORT
NATIONAL WEATHER SERVICE TULSA OK
147 AM CDT FRI JUL 31 2015


...................................

...THE FAYETTEVILLE ARKANSAS CLIMATE SUMMARY FOR JULY 30 2015...

CLIMATE NORMAL PERIOD 1981 TO 2010
CLIMATE RECORD PERIOD 1905 TO 2015


WEATHER ITEM   OBSERVED TIME   RECORD YEAR NORMAL DEPARTURE LAST
                VALUE   (LST)  VALUE       VALUE  FROM      YEAR
                                                  NORMAL
..................................................................
TEMPERATURE (F)
 YESTERDAY
  MAXIMUM         88    241 PM 107    1986  90     -2       71
  MINIMUM         67   1159 PM  52    1971  67      0       62
  AVERAGE         78                        78      0       67

PRECIPITATION (IN)
  YESTERDAY        0.01                      0.09  -0.08     1.33
  MONTH TO DATE    8.05                      3.37   4.68     2.27
  SINCE JUN 1     14.82                      8.35   6.47     6.37
  SINCE JAN 1     38.28                     28.56   9.72    20.89

DEGREE DAYS
 COOLING
  YESTERDAY       13                        13      0        2
  MONTH TO DATE  418                       377     41      248
  SINCE JUN 1    736                       622    114      510
  SINCE JAN 1    833                       735     98      658
..................................................................


WIND (MPH)
  HIGHEST WIND SPEED    10   HIGHEST WIND DIRECTION    NE (60)
  HIGHEST GUST SPEED    14   HIGHEST GUST DIRECTION     E (70)
  AVERAGE WIND SPEED     3.2


SKY COVER
  POSSIBLE SUNSHINE  MM
  AVERAGE SKY COVER 0.1


WEATHER CONDITIONS
 THE FOLLOWING WEATHER WAS RECORDED YESTERDAY.
  THUNDERSTORM
  LIGHT RAIN


RELATIVE HUMIDITY (PERCENT)
 HIGHEST   100          1000 PM
 LOWEST     61          1200 PM
 AVERAGE    81

..........................................................


THE FAYETTEVILLE ARKANSAS CLIMATE NORMALS FOR TODAY
                         NORMAL    RECORD    YEAR
 MAXIMUM TEMPERATURE (F)   90       104      1980
 MINIMUM TEMPERATURE (F)   67        47      1971


SUNRISE AND SUNSET
JULY 31 2015..........SUNRISE   623 AM CDT   SUNSET   823 PM CDT
AUGUST  1 2015........SUNRISE   624 AM CDT   SUNSET   822 PM CDT


-  INDICATES NEGATIVE NUMBERS.
R  INDICATES RECORD WAS SET OR TIED.
MM INDICATES DATA IS MISSING.
T  INDICATES TRACE AMOUNT.




$$
