000
CDUS44 KTSA 080951
CLIFYV

CLIMATE REPORT
NATIONAL WEATHER SERVICE TULSA OK
351 AM CST MON FEB 8 2016


...................................

...THE FAYETTEVILLE ARKANSAS CLIMATE SUMMARY FOR FEBRUARY 7 2016...

CLIMATE NORMAL PERIOD 1981 TO 2010
CLIMATE RECORD PERIOD 1905 TO 2016


WEATHER ITEM   OBSERVED TIME   RECORD YEAR NORMAL DEPARTURE LAST
                VALUE   (LST)  VALUE       VALUE  FROM      YEAR
                                                  NORMAL
..................................................................
TEMPERATURE (F)
 YESTERDAY
  MAXIMUM         53    315 PM  70    1950  49      4       69
  MINIMUM         27    317 AM  -1    1985  27      0       40
  AVERAGE         40                        38      2       55

PRECIPITATION (IN)
  YESTERDAY        0.00                      0.09  -0.09     0.00
  MONTH TO DATE    0.01                      0.62  -0.61     0.33
  SINCE DEC 1     11.47                      6.70   4.77     4.08
  SINCE JAN 1      0.52                      3.46  -2.94     1.44

SNOWFALL (IN)
  YESTERDAY        0.0                                       0.0
  MONTH TO DATE    0.0                                       0.0
  SINCE DEC 1      T                                          T
  SINCE JUL 1      T                                          T

DEGREE DAYS
 HEATING
  YESTERDAY       25                        27     -2       10
  MONTH TO DATE  181                       194    -13      194
  SINCE DEC 1   1712                      1959   -247     1866
  SINCE JUL 1   2354                      2788   -434     2791
..................................................................


WIND (MPH)
  HIGHEST WIND SPEED    21   HIGHEST WIND DIRECTION    NW (300)
  HIGHEST GUST SPEED    29   HIGHEST GUST DIRECTION     W (260)
  AVERAGE WIND SPEED     9.6


SKY COVER
  POSSIBLE SUNSHINE  MM
  AVERAGE SKY COVER 0.0


WEATHER CONDITIONS
 THE FOLLOWING WEATHER WAS RECORDED YESTERDAY.
  NO SIGNIFICANT WEATHER WAS OBSERVED.


RELATIVE HUMIDITY (PERCENT)
 HIGHEST    92           400 AM
 LOWEST     36          1100 PM
 AVERAGE    64

..........................................................


THE FAYETTEVILLE ARKANSAS CLIMATE NORMALS FOR TODAY
                         NORMAL    RECORD    YEAR
 MAXIMUM TEMPERATURE (F)   49        70      2015
                                             1999
 MINIMUM TEMPERATURE (F)   27        -3      1971


SUNRISE AND SUNSET
FEBRUARY  8 2016......SUNRISE   712 AM CST   SUNSET   551 PM CST
FEBRUARY  9 2016......SUNRISE   711 AM CST   SUNSET   552 PM CST


-  INDICATES NEGATIVE NUMBERS.
R  INDICATES RECORD WAS SET OR TIED.
MM INDICATES DATA IS MISSING.
T  INDICATES TRACE AMOUNT.




$$
