290
CDUS43 KUNR 300841
CLIGCC


CLIMATE REPORT
NATIONAL WEATHER SERVICE RAPID CITY SD
238 AM MDT THU MAR 30 2017


...................................

...THE GILLETTE AIRPORT WY CLIMATE SUMMARY FOR MARCH 29 2017...

CLIMATE NORMAL PERIOD 1981 TO 2010
CLIMATE RECORD PERIOD 9999 TO 9999


WEATHER ITEM   OBSERVED TIME   NORMAL DEPARTURE LAST
                VALUE   (LST)  VALUE  FROM      YEAR
                                      NORMAL
......................................................
TEMPERATURE (F)
 YESTERDAY
  MAXIMUM         60    429 PM  51      9       38
  MINIMUM         28    243 AM  25      3       33
  AVERAGE         44            38      6       36

PRECIPITATION (IN)
  YESTERDAY        0.00          0.04  -0.04     0.16
  MONTH TO DATE    0.79          0.89  -0.10     0.97
  SINCE MAR 1      0.79          0.89  -0.10     0.97
  SINCE JAN 1      1.63          1.67  -0.04     2.48

DEGREE DAYS
 HEATING
  YESTERDAY       21            27     -6       29
  MONTH TO DATE  669           884   -215      731
  SINCE MAR 1    669           884   -215      731
  SINCE JUL 1   5426          6292   -866     5462

 COOLING
  YESTERDAY        0             0      0        0
  MONTH TO DATE    0             0      0        0
  SINCE MAR 1      0             0      0        0
  SINCE JAN 1      0             0      0        0
......................................................


WIND (MPH)
  HIGHEST WIND SPEED    22   HIGHEST WIND DIRECTION     S (160)
  HIGHEST GUST SPEED    26   HIGHEST GUST DIRECTION     S (160)
  AVERAGE WIND SPEED     5.3


SKY COVER
  AVERAGE SKY COVER 0.0


WEATHER CONDITIONS
 THE FOLLOWING WEATHER WAS RECORDED YESTERDAY.
  HAZE


RELATIVE HUMIDITY (PERCENT)
 HIGHEST   100           100 AM
 LOWEST     25           500 PM
 AVERAGE    63

..........................................................




SUNRISE AND SUNSET
MARCH 30 2017.........SUNRISE   646 AM MDT   SUNSET   727 PM MDT
MARCH 31 2017.........SUNRISE   644 AM MDT   SUNSET   729 PM MDT


-  INDICATES NEGATIVE NUMBERS.
R  INDICATES RECORD WAS SET OR TIED.
MM INDICATES DATA IS MISSING.
T  INDICATES TRACE AMOUNT.




$$
