000
CDUS43 KUNR 110830
CLIGCC


CLIMATE REPORT
NATIONAL WEATHER SERVICE RAPID CITY SD
130 AM MST MON DEC 11 2017


...................................

...THE GILLETTE AIRPORT WY CLIMATE SUMMARY FOR DECEMBER 10 2017...

CLIMATE NORMAL PERIOD 1981 TO 2010
CLIMATE RECORD PERIOD 9999 TO 9999


WEATHER ITEM   OBSERVED TIME   NORMAL DEPARTURE LAST
                VALUE   (LST)  VALUE  FROM      YEAR
                                      NORMAL
......................................................
TEMPERATURE (F)
 YESTERDAY
  MAXIMUM         53    251 PM  35     18       25
  MINIMUM         28    522 AM  13     15        0
  AVERAGE         41            24     17       13

PRECIPITATION (IN)
  YESTERDAY        0.00          0.01  -0.01     0.09
  MONTH TO DATE    0.18          0.17   0.01     0.23
  SINCE DEC 1      0.18          0.17   0.01     0.23
  SINCE JAN 1     13.52         13.66  -0.14    13.62

DEGREE DAYS
 HEATING
  YESTERDAY       24            41    -17       52
  MONTH TO DATE  316           402    -86      506
  SINCE DEC 1    316           402    -86      506
  SINCE JUL 1   2087          2277   -190     1899

 COOLING
  YESTERDAY        0             0      0        0
  MONTH TO DATE    0             0      0        0
  SINCE DEC 1      0             0      0        0
  SINCE JAN 1    617           502    115      569
......................................................


WIND (MPH)
  HIGHEST WIND SPEED    20   HIGHEST WIND DIRECTION     W (260)
  HIGHEST GUST SPEED    21   HIGHEST GUST DIRECTION     W (250)
  AVERAGE WIND SPEED    12.6


SKY COVER
  AVERAGE SKY COVER 0.0


WEATHER CONDITIONS
 THE FOLLOWING WEATHER WAS RECORDED YESTERDAY.
  NO SIGNIFICANT WEATHER WAS OBSERVED.


RELATIVE HUMIDITY (PERCENT)
 HIGHEST    44           900 PM
 LOWEST     20           100 PM
 AVERAGE    32

..........................................................




SUNRISE AND SUNSET
DECEMBER 11 2017......SUNRISE   728 AM MST   SUNSET   423 PM MST
DECEMBER 12 2017......SUNRISE   729 AM MST   SUNSET   423 PM MST


-  INDICATES NEGATIVE NUMBERS.
R  INDICATES RECORD WAS SET OR TIED.
MM INDICATES DATA IS MISSING.
T  INDICATES TRACE AMOUNT.




$$
