000
CDUS43 KUNR 180835
CLIGCC


CLIMATE REPORT
NATIONAL WEATHER SERVICE RAPID CITY SD
135 AM MST SUN FEB 18 2018


...................................

...THE GILLETTE AIRPORT WY CLIMATE SUMMARY FOR FEBRUARY 17 2018...

CLIMATE NORMAL PERIOD 1981 TO 2010
CLIMATE RECORD PERIOD 9999 TO 9999


WEATHER ITEM   OBSERVED TIME   NORMAL DEPARTURE LAST
                VALUE   (LST)  VALUE  FROM      YEAR
                                      NORMAL
......................................................
TEMPERATURE (F)
 YESTERDAY
  MAXIMUM         42   1129 PM  38      4       57
  MINIMUM         19    714 AM  17      2       27
  AVERAGE         31            28      3       42

PRECIPITATION (IN)
  YESTERDAY        0.01          0.01   0.00     0.00
  MONTH TO DATE    0.80          0.26   0.54     0.18
  SINCE DEC 1      2.20          1.05   1.15     1.57
  SINCE JAN 1      1.49          0.65   0.84     0.72

DEGREE DAYS
 HEATING
  YESTERDAY       34            38     -4       23
  MONTH TO DATE  793           657    136      591
  SINCE DEC 1   3119          3137    -18     3045
  SINCE JUL 1   4890          5012   -122     4438

 COOLING
  YESTERDAY        0             0      0        0
  MONTH TO DATE    0             0      0        0
  SINCE DEC 1      0             0      0        0
  SINCE JAN 1      0             0      0        0
......................................................


WIND (MPH)
  HIGHEST WIND SPEED    32   HIGHEST WIND DIRECTION    SW (220)
  HIGHEST GUST SPEED    40   HIGHEST GUST DIRECTION    SW (210)
  AVERAGE WIND SPEED    12.8


SKY COVER
  AVERAGE SKY COVER 0.3


WEATHER CONDITIONS
 THE FOLLOWING WEATHER WAS RECORDED YESTERDAY.
  LIGHT SNOW
  FOG


RELATIVE HUMIDITY (PERCENT)
 HIGHEST    92           500 AM
 LOWEST     43          1000 PM
 AVERAGE    68

..........................................................




SUNRISE AND SUNSET
FEBRUARY 18 2018......SUNRISE   657 AM MST   SUNSET   536 PM MST
FEBRUARY 19 2018......SUNRISE   656 AM MST   SUNSET   537 PM MST


-  INDICATES NEGATIVE NUMBERS.
R  INDICATES RECORD WAS SET OR TIED.
MM INDICATES DATA IS MISSING.
T  INDICATES TRACE AMOUNT.




$$
