000
CDUS43 KUNR 190859
CLIGCC


CLIMATE REPORT
NATIONAL WEATHER SERVICE RAPID CITY SD
159 AM MST THU JAN 19 2017


...................................

...THE GILLETTE AIRPORT WY CLIMATE SUMMARY FOR JANUARY 18 2017...

CLIMATE NORMAL PERIOD 1981 TO 2010
CLIMATE RECORD PERIOD 9999 TO 9999


WEATHER ITEM   OBSERVED TIME   NORMAL DEPARTURE LAST
                VALUE   (LST)  VALUE  FROM      YEAR
                                      NORMAL
......................................................
TEMPERATURE (F)
 YESTERDAY
  MAXIMUM         52    226 PM  38     14       38
  MINIMUM         21    741 AM  15      6       16
  AVERAGE         37            26     11       27

PRECIPITATION (IN)
  YESTERDAY        0.00          0.01  -0.01     0.02
  MONTH TO DATE    0.13          0.18  -0.05     0.18
  SINCE DEC 1      0.98          0.58   0.40     0.66
  SINCE JAN 1      0.13          0.18  -0.05     0.18

DEGREE DAYS
 HEATING
  YESTERDAY       28            39    -11       38
  MONTH TO DATE  688           707    -19      703
  SINCE DEC 1   1957          1973    -16     1903
  SINCE JUL 1   3350          3848   -498     3463

 COOLING
  YESTERDAY        0             0      0        0
  MONTH TO DATE    0             0      0        0
  SINCE DEC 1      0             0      0        0
  SINCE JAN 1      0             0      0        0
......................................................


WIND (MPH)
  HIGHEST WIND SPEED    33   HIGHEST WIND DIRECTION    SW (230)
  HIGHEST GUST SPEED    39   HIGHEST GUST DIRECTION    SW (230)
  AVERAGE WIND SPEED    10.6


SKY COVER
  AVERAGE SKY COVER 0.0


WEATHER CONDITIONS
 THE FOLLOWING WEATHER WAS RECORDED YESTERDAY.
  NO SIGNIFICANT WEATHER WAS OBSERVED.


RELATIVE HUMIDITY (PERCENT)
 HIGHEST    69           900 PM
 LOWEST     34           100 PM
 AVERAGE    52

..........................................................




SUNRISE AND SUNSET
JANUARY 19 2017.......SUNRISE   732 AM MST   SUNSET   454 PM MST
JANUARY 20 2017.......SUNRISE   731 AM MST   SUNSET   456 PM MST


-  INDICATES NEGATIVE NUMBERS.
R  INDICATES RECORD WAS SET OR TIED.
MM INDICATES DATA IS MISSING.
T  INDICATES TRACE AMOUNT.




$$
