390
CDUS43 KUNR 200834
CLIGCC


CLIMATE REPORT
NATIONAL WEATHER SERVICE RAPID CITY SD
233 AM MDT FRI OCT 20 2017


...................................

...THE GILLETTE AIRPORT WY CLIMATE SUMMARY FOR OCTOBER 19 2017...

CLIMATE NORMAL PERIOD 1981 TO 2010
CLIMATE RECORD PERIOD 9999 TO 9999


WEATHER ITEM   OBSERVED TIME   NORMAL DEPARTURE LAST
                VALUE   (LST)  VALUE  FROM      YEAR
                                      NORMAL
......................................................
TEMPERATURE (F)
 YESTERDAY
  MAXIMUM         77    306 PM  58     19       46
  MINIMUM         41    603 AM  31     10       29
  AVERAGE         59            44     15       38

PRECIPITATION (IN)
  YESTERDAY        0.00          0.04  -0.04     0.01
  MONTH TO DATE    0.99          0.92   0.07     1.37
  SINCE SEP 1      2.57          2.11   0.46     3.87
  SINCE JAN 1     12.72         12.59   0.13    13.03

DEGREE DAYS
 HEATING
  YESTERDAY        6            21    -15       27
  MONTH TO DATE  343           337      6      320
  SINCE SEP 1    625           575     50      503
  SINCE JUL 1    660           632     28      557

 COOLING
  YESTERDAY        0             0      0        0
  MONTH TO DATE    0             0      0        0
  SINCE SEP 1     65            40     25       25
  SINCE JAN 1    617           500    117      569
......................................................


WIND (MPH)
  HIGHEST WIND SPEED    24   HIGHEST WIND DIRECTION     S (200)
  HIGHEST GUST SPEED    32   HIGHEST GUST DIRECTION     S (200)
  AVERAGE WIND SPEED    13.0


SKY COVER
  AVERAGE SKY COVER 0.0


WEATHER CONDITIONS
 THE FOLLOWING WEATHER WAS RECORDED YESTERDAY.
  NO SIGNIFICANT WEATHER WAS OBSERVED.


RELATIVE HUMIDITY (PERCENT)
 HIGHEST    37           500 AM
 LOWEST     10           300 PM
 AVERAGE    24

..........................................................




SUNRISE AND SUNSET
OCTOBER 20 2017.......SUNRISE   724 AM MDT   SUNSET   609 PM MDT
OCTOBER 21 2017.......SUNRISE   725 AM MDT   SUNSET   607 PM MDT


-  INDICATES NEGATIVE NUMBERS.
R  INDICATES RECORD WAS SET OR TIED.
MM INDICATES DATA IS MISSING.
T  INDICATES TRACE AMOUNT.




$$
