000
CDUS43 KUNR 220851
CLIGCC


CLIMATE REPORT
NATIONAL WEATHER SERVICE RAPID CITY SD
249 AM MDT MON MAY 22 2017


...................................

...THE GILLETTE AIRPORT WY CLIMATE SUMMARY FOR MAY 21 2017...

CLIMATE NORMAL PERIOD 1981 TO 2010
CLIMATE RECORD PERIOD 9999 TO 9999


WEATHER ITEM   OBSERVED TIME   NORMAL DEPARTURE LAST
                VALUE   (LST)  VALUE  FROM      YEAR
                                      NORMAL
......................................................
TEMPERATURE (F)
 YESTERDAY
  MAXIMUM         62    307 PM  67     -5       76
  MINIMUM         37   1055 PM  41     -4       52
  AVERAGE         50            54     -4       64

PRECIPITATION (IN)
  YESTERDAY        0.01          0.09  -0.08      T
  MONTH TO DATE    0.96          1.60  -0.64     0.31
  SINCE MAR 1      6.06          4.03   2.03     3.97
  SINCE JAN 1      6.90          4.81   2.09     5.48

DEGREE DAYS
 HEATING
  YESTERDAY       15            11      4        1
  MONTH TO DATE  261           290    -29      301
  SINCE MAR 1   1614          1898   -284     1696
  SINCE JUL 1   6371          7306   -935     6427

 COOLING
  YESTERDAY        0             0      0        0
  MONTH TO DATE    4             0      4        0
  SINCE MAR 1      4             0      4        0
  SINCE JAN 1      4             0      4        0
......................................................


WIND (MPH)
  HIGHEST WIND SPEED    32   HIGHEST WIND DIRECTION     N (340)
  HIGHEST GUST SPEED    40   HIGHEST GUST DIRECTION    NW (330)
  AVERAGE WIND SPEED    13.2


SKY COVER
  AVERAGE SKY COVER 0.5


WEATHER CONDITIONS
 THE FOLLOWING WEATHER WAS RECORDED YESTERDAY.
  THUNDERSTORM
  LIGHT RAIN
  FOG


RELATIVE HUMIDITY (PERCENT)
 HIGHEST    92           100 AM
 LOWEST     39           300 PM
 AVERAGE    66

..........................................................




SUNRISE AND SUNSET
MAY 22 2017...........SUNRISE   528 AM MDT   SUNSET   830 PM MDT
MAY 23 2017...........SUNRISE   527 AM MDT   SUNSET   831 PM MDT


-  INDICATES NEGATIVE NUMBERS.
R  INDICATES RECORD WAS SET OR TIED.
MM INDICATES DATA IS MISSING.
T  INDICATES TRACE AMOUNT.




$$
