000
CDUS43 KDDC 162327
CLIGCK


CLIMATE REPORT
NATIONAL WEATHER SERVICE DODGE CITY KS
626 PM CDT TUE SEP 16 2014


...................................

...THE GARDEN CITY REGIONAL ARPT KS CLIMATE SUMMARY FOR SEPTEMBER 16 2014...
VALID TODAY AS OF 0500 PM LOCAL TIME.

CLIMATE NORMAL PERIOD 1981 TO 2010
CLIMATE RECORD PERIOD 1948 TO 2014


WEATHER ITEM   OBSERVED TIME   RECORD YEAR NORMAL DEPARTURE LAST
                VALUE   (LST)  VALUE       VALUE  FROM      YEAR
                                                  NORMAL
..................................................................
TEMPERATURE (F)
 TODAY
  MAXIMUM         84    359 PM 102    2007  82      2       65
  MINIMUM         58    644 AM  38    1951  54      4       57
  AVERAGE         71                        68      3       61

PRECIPITATION (IN)
  TODAY            0.00          0.72 1950   0.05  -0.05     0.44
  MONTH TO DATE    1.47                      0.84   0.63     1.18
  SINCE SEP 1      1.47                      0.84   0.63     1.18
  SINCE JAN 1     19.12                     16.49   2.63    11.35

DEGREE DAYS
 HEATING
  TODAY            0                         2     -2        4
  MONTH TO DATE   56                        16     40        4
  SINCE SEP 1     56                        16     40        4
  SINCE JUL 1     66                        20     46        4

 COOLING
  TODAY            6                         5      1        0
  MONTH TO DATE   88                       114    -26      167
  SINCE SEP 1     88                       114    -26      167
  SINCE JAN 1   1248                      1230     18     1509
..................................................................


WIND (MPH)
  HIGHEST WIND SPEED    21   HIGHEST WIND DIRECTION    SW (210)
  HIGHEST GUST SPEED    28   HIGHEST GUST DIRECTION     S (200)
  AVERAGE WIND SPEED     8.4



WEATHER CONDITIONS
 THE FOLLOWING WEATHER WAS RECORDED TODAY.
  NO SIGNIFICANT WEATHER WAS OBSERVED.


RELATIVE HUMIDITY (PERCENT)
 HIGHEST    93          1200 AM
 LOWEST     44           400 PM
 AVERAGE    69

..........................................................


THE GARDEN CITY REGIONAL ARPT KS CLIMATE NORMALS FOR TOMORROW
                         NORMAL    RECORD    YEAR
 MAXIMUM TEMPERATURE (F)   82       101      1983
 MINIMUM TEMPERATURE (F)   54        38      1981


SUNRISE AND SUNSET
SEPTEMBER 16 2014.....SUNRISE   725 AM CDT   SUNSET   749 PM CDT
SEPTEMBER 17 2014.....SUNRISE   726 AM CDT   SUNSET   748 PM CDT


-  INDICATES NEGATIVE NUMBERS.
R  INDICATES RECORD WAS SET OR TIED.
MM INDICATES DATA IS MISSING.
T  INDICATES TRACE AMOUNT.




$$
