679
CDUS43 KDDC 062326
CLIGCK


CLIMATE REPORT
NATIONAL WEATHER SERVICE DODGE CITY KS
525 PM CST SAT FEB 6 2016


...................................

...THE GARDEN CITY REGIONAL ARPT KS CLIMATE SUMMARY FOR FEBRUARY 6 2016...
VALID TODAY AS OF 0500 PM LOCAL TIME.

CLIMATE NORMAL PERIOD 1981 TO 2010
CLIMATE RECORD PERIOD 1948 TO 2016


WEATHER ITEM   OBSERVED TIME   RECORD YEAR NORMAL DEPARTURE LAST
                VALUE   (LST)  VALUE       VALUE  FROM      YEAR
                                                  NORMAL
..................................................................
TEMPERATURE (F)
 TODAY
  MAXIMUM         53    338 PM  81    2009  46      7       76
  MINIMUM         16    620 AM -13    1982  19     -3       25
  AVERAGE         35                        33      2       51

PRECIPITATION (IN)
  TODAY            0.00          0.67 2005   0.01  -0.01     0.00
  MONTH TO DATE    0.07                      0.09  -0.02      T
  SINCE DEC 1      1.20                      0.95   0.25     0.43
  SINCE JAN 1      0.10                      0.43  -0.33     0.38

DEGREE DAYS
 HEATING
  TODAY           30                        32     -2       14
  MONTH TO DATE  213                       197     16      191
  SINCE DEC 1   2102                      2288   -186     2164
  SINCE JUL 1   2939                      3377   -438     3203

 COOLING
  TODAY            0                         0      0        0
  MONTH TO DATE    0                         0      0        0
  SINCE DEC 1      0                         0      0        0
  SINCE JAN 1      0                         0      0        0
..................................................................


WIND (MPH)
  HIGHEST WIND SPEED    20   HIGHEST WIND DIRECTION    SW (220)
  HIGHEST GUST SPEED    23   HIGHEST GUST DIRECTION    SW (220)
  AVERAGE WIND SPEED    10.5



WEATHER CONDITIONS
 THE FOLLOWING WEATHER WAS RECORDED TODAY.
  NO SIGNIFICANT WEATHER WAS OBSERVED.


RELATIVE HUMIDITY (PERCENT)
 HIGHEST    84           500 AM
 LOWEST     22           400 PM
 AVERAGE    53

..........................................................


THE GARDEN CITY REGIONAL ARPT KS CLIMATE NORMALS FOR TOMORROW
                         NORMAL    RECORD    YEAR
 MAXIMUM TEMPERATURE (F)   46        79      2015
 MINIMUM TEMPERATURE (F)   20        -8      1982


SUNRISE AND SUNSET
FEBRUARY  6 2016......SUNRISE   743 AM CST   SUNSET   611 PM CST
FEBRUARY  7 2016......SUNRISE   742 AM CST   SUNSET   612 PM CST


-  INDICATES NEGATIVE NUMBERS.
R  INDICATES RECORD WAS SET OR TIED.
MM INDICATES DATA IS MISSING.
T  INDICATES TRACE AMOUNT.




$$
