000
CDUS43 KDDC 252327
CLIGCK


CLIMATE REPORT
NATIONAL WEATHER SERVICE DODGE CITY KS
627 PM CDT SAT MAR 25 2017


...................................

...THE GARDEN CITY REGIONAL ARPT KS CLIMATE SUMMARY FOR MARCH 25 2017...
VALID TODAY AS OF 0500 PM LOCAL TIME.

CLIMATE NORMAL PERIOD 1981 TO 2010
CLIMATE RECORD PERIOD 1948 TO 2017


WEATHER ITEM   OBSERVED TIME   RECORD YEAR NORMAL DEPARTURE LAST
                VALUE   (LST)  VALUE       VALUE  FROM      YEAR
                                                  NORMAL
..................................................................
TEMPERATURE (F)
 TODAY
  MAXIMUM         66    351 PM  92    1976  61      5       67
  MINIMUM         34    642 AM   5    1955  32      2       31
  AVERAGE         50                        46      4       49

PRECIPITATION (IN)
  TODAY            0.00          0.57 1981   0.06  -0.06      T
  MONTH TO DATE    0.22                      1.10  -0.88      T
  SINCE MAR 1      0.22                      1.10  -0.88      T
  SINCE JAN 1      1.51                      1.98  -0.47     0.22

DEGREE DAYS
 HEATING
  TODAY           15                        19     -4       16
  MONTH TO DATE  392                       556   -164      419
  SINCE MAR 1    392                       556   -164      419
  SINCE JUL 1   3866                      4580   -714     3832

 COOLING
  TODAY            0                         0      0        0
  MONTH TO DATE    8                         0      8        0
  SINCE MAR 1      8                         0      8        0
  SINCE JAN 1      8                         0      8        1
..................................................................


WIND (MPH)
  HIGHEST WIND SPEED    23   HIGHEST WIND DIRECTION     N (350)
  HIGHEST GUST SPEED    27   HIGHEST GUST DIRECTION     N (350)
  AVERAGE WIND SPEED    13.7



WEATHER CONDITIONS
 THE FOLLOWING WEATHER WAS RECORDED TODAY.
  NO SIGNIFICANT WEATHER WAS OBSERVED.


RELATIVE HUMIDITY (PERCENT)
 HIGHEST    93          1200 AM
 LOWEST     28           400 PM
 AVERAGE    61

..........................................................


THE GARDEN CITY REGIONAL ARPT KS CLIMATE NORMALS FOR TOMORROW
                         NORMAL    RECORD    YEAR
 MAXIMUM TEMPERATURE (F)   61        88      1972
 MINIMUM TEMPERATURE (F)   32         3      1955


SUNRISE AND SUNSET
MARCH 25 2017.........SUNRISE   738 AM CDT   SUNSET   800 PM CDT
MARCH 26 2017.........SUNRISE   737 AM CDT   SUNSET   801 PM CDT


-  INDICATES NEGATIVE NUMBERS.
R  INDICATES RECORD WAS SET OR TIED.
MM INDICATES DATA IS MISSING.
T  INDICATES TRACE AMOUNT.




$$
