000
CDUS43 KDDC 211425
CLIGCK


CLIMATE REPORT
NATIONAL WEATHER SERVICE DODGE CITY KS
925 AM CDT FRI JUL 21 2017


...................................

...THE GARDEN CITY REGIONAL ARPT KS CLIMATE SUMMARY FOR JULY 21 2017...
VALID AS OF 0800 AM LOCAL TIME.

CLIMATE NORMAL PERIOD 1981 TO 2010
CLIMATE RECORD PERIOD 1948 TO 2017


WEATHER ITEM   OBSERVED TIME   RECORD YEAR NORMAL DEPARTURE LAST
                VALUE   (LST)  VALUE       VALUE  FROM      YEAR
                                                  NORMAL
..................................................................
TEMPERATURE (F)
 TODAY
  MAXIMUM         80    759 AM 105    1974  92    -12       99
  MINIMUM         70    608 AM  51    1989  65      5       69
  AVERAGE         75                        79     -4       84

PRECIPITATION (IN)
  TODAY            0.00          1.22 2000   0.09  -0.09     0.00
  MONTH TO DATE    2.56                      1.90   0.66     6.12
  SINCE JUN 1      3.21                      5.38  -2.17    11.20
  SINCE JAN 1     11.52                     12.32  -0.80    16.66

..................................................................


WIND (MPH)
  HIGHEST WIND SPEED    16   HIGHEST WIND DIRECTION     S (200)
  HIGHEST GUST SPEED    20   HIGHEST GUST DIRECTION     S (190)



WEATHER CONDITIONS
 THE FOLLOWING WEATHER WAS RECORDED TODAY.
  NO SIGNIFICANT WEATHER WAS OBSERVED.


RELATIVE HUMIDITY (PERCENT)
 HIGHEST    66           600 AM
 LOWEST     45          1200 AM

..........................................................


THE GARDEN CITY REGIONAL ARPT KS CLIMATE NORMALS FOR TOMORROW
                         NORMAL    RECORD    YEAR
 MAXIMUM TEMPERATURE (F)   92       104      2013
 MINIMUM TEMPERATURE (F)   65        52      1989


SUNRISE AND SUNSET
JULY 21 2017..........SUNRISE   637 AM CDT   SUNSET   901 PM CDT
JULY 22 2017..........SUNRISE   638 AM CDT   SUNSET   900 PM CDT


-  INDICATES NEGATIVE NUMBERS.
R  INDICATES RECORD WAS SET OR TIED.
MM INDICATES DATA IS MISSING.
T  INDICATES TRACE AMOUNT.




$$
