000
CDUS43 KDDC 180707
CLIGCK


CLIMATE REPORT
NATIONAL WEATHER SERVICE DODGE CITY KS
107 AM CST SAT NOV 18 2017


...................................

...THE GARDEN CITY REGIONAL ARPT KS CLIMATE SUMMARY FOR NOVEMBER 17 2017...

CLIMATE NORMAL PERIOD 1981 TO 2010
CLIMATE RECORD PERIOD 1948 TO 2017


WEATHER ITEM   OBSERVED TIME   RECORD YEAR NORMAL DEPARTURE LAST
                VALUE   (LST)  VALUE       VALUE  FROM      YEAR
                                                  NORMAL
..................................................................
TEMPERATURE (F)
 YESTERDAY
  MAXIMUM         79R   303 PM  78    1999  55     24       62
                                      1981
  MINIMUM         43   1159 PM   3    2014  27     16       36
  AVERAGE         61                        41     20       49

PRECIPITATION (IN)
  YESTERDAY        0.00          0.54 1971   0.02  -0.02     0.00
  MONTH TO DATE    T                         0.34  -0.34     0.07
  SINCE SEP 1      5.74                      3.09   2.65     0.26
  SINCE JAN 1     20.56                     18.74   1.82    20.09

DEGREE DAYS
 HEATING
  YESTERDAY        4                        24    -20
  MONTH TO DATE  348                       344      4
  SINCE SEP 1    696                       730    -34
  SINCE JUL 1    696                       734    -38

 COOLING
  YESTERDAY        0                         0      0
  MONTH TO DATE    0                         0      0
  SINCE SEP 1    226                       182     44
  SINCE JAN 1   1373                      1298     75
..................................................................


WIND (MPH)
  HIGHEST WIND SPEED    25   HIGHEST WIND DIRECTION     N (360)
  HIGHEST GUST SPEED    35   HIGHEST GUST DIRECTION     N (360)
  AVERAGE WIND SPEED    13.6



WEATHER CONDITIONS
 THE FOLLOWING WEATHER WAS RECORDED YESTERDAY.
  NO SIGNIFICANT WEATHER WAS OBSERVED.


RELATIVE HUMIDITY (PERCENT)
 HIGHEST    92           200 AM
 LOWEST     21           100 PM
 AVERAGE    57

..........................................................


THE GARDEN CITY REGIONAL ARPT KS CLIMATE NORMALS FOR TODAY
                         NORMAL    RECORD    YEAR
 MAXIMUM TEMPERATURE (F)   54        78      2007
 MINIMUM TEMPERATURE (F)   27         8      2014


SUNRISE AND SUNSET
NOVEMBER 18 2017......SUNRISE   727 AM CST   SUNSET   529 PM CST
NOVEMBER 19 2017......SUNRISE   728 AM CST   SUNSET   528 PM CST


-  INDICATES NEGATIVE NUMBERS.
R  INDICATES RECORD WAS SET OR TIED.
MM INDICATES DATA IS MISSING.
T  INDICATES TRACE AMOUNT.




$$
