000
CDUS43 KDDC 212327
CLIGCK


CLIMATE REPORT
NATIONAL WEATHER SERVICE DODGE CITY KS
526 PM CST SUN DEC 21 2014


...................................

...THE GARDEN CITY REGIONAL ARPT KS CLIMATE SUMMARY FOR DECEMBER 21 2014...
VALID TODAY AS OF 0500 PM LOCAL TIME.

CLIMATE NORMAL PERIOD 1981 TO 2010
CLIMATE RECORD PERIOD 1948 TO 2014


WEATHER ITEM   OBSERVED TIME   RECORD YEAR NORMAL DEPARTURE LAST
                VALUE   (LST)  VALUE       VALUE  FROM      YEAR
                                                  NORMAL
..................................................................
TEMPERATURE (F)
 TODAY
  MAXIMUM         50    359 PM  64    1950  43      7       28
  MINIMUM         27    209 AM  -7    1990  18      9       17
  AVERAGE         39                        31      8       23

PRECIPITATION (IN)
  TODAY            0.00          0.32 1952   0.02  -0.02     0.01
  MONTH TO DATE    0.05                      0.36  -0.31     0.01
  SINCE DEC 1      0.05                      0.36  -0.31     0.01
  SINCE JAN 1     21.44                     19.31   2.13    14.85

DEGREE DAYS
 HEATING
  TODAY           26                        34     -8       42
  MONTH TO DATE  570                       688   -118      748
  SINCE DEC 1    570                       688   -118      748
  SINCE JUL 1   1609                      1777   -168     1792

 COOLING
  TODAY            0                         0      0        0
  MONTH TO DATE    0                         0      0        0
  SINCE DEC 1      0                         0      0        0
  SINCE JAN 1   1342                      1298     44     1591
..................................................................


WIND (MPH)
  HIGHEST WIND SPEED    23   HIGHEST WIND DIRECTION     S (180)
  HIGHEST GUST SPEED    28   HIGHEST GUST DIRECTION     S (180)
  AVERAGE WIND SPEED    11.7



WEATHER CONDITIONS
 THE FOLLOWING WEATHER WAS RECORDED TODAY.
  LIGHT SNOW
  FOG
  HAZE


RELATIVE HUMIDITY (PERCENT)
 HIGHEST   100          1200 AM
 LOWEST     50           300 PM
 AVERAGE    75

..........................................................


THE GARDEN CITY REGIONAL ARPT KS CLIMATE NORMALS FOR TOMORROW
                         NORMAL    RECORD    YEAR
 MAXIMUM TEMPERATURE (F)   43        78      1955
 MINIMUM TEMPERATURE (F)   18       -17      1989


SUNRISE AND SUNSET
DECEMBER 21 2014......SUNRISE   755 AM CST   SUNSET   527 PM CST
DECEMBER 22 2014......SUNRISE   756 AM CST   SUNSET   528 PM CST


-  INDICATES NEGATIVE NUMBERS.
R  INDICATES RECORD WAS SET OR TIED.
MM INDICATES DATA IS MISSING.
T  INDICATES TRACE AMOUNT.




$$
