000
CDUS43 KDDC 222327
CLIGCK


CLIMATE REPORT
NATIONAL WEATHER SERVICE DODGE CITY KS
527 PM CST SUN JAN 22 2017


...................................

...THE GARDEN CITY REGIONAL ARPT KS CLIMATE SUMMARY FOR JANUARY 22 2017...
VALID TODAY AS OF 0500 PM LOCAL TIME.

CLIMATE NORMAL PERIOD 1981 TO 2010
CLIMATE RECORD PERIOD 1948 TO 2017


WEATHER ITEM   OBSERVED TIME   RECORD YEAR NORMAL DEPARTURE LAST
                VALUE   (LST)  VALUE       VALUE  FROM      YEAR
                                                  NORMAL
..................................................................
TEMPERATURE (F)
 TODAY
  MAXIMUM         51    315 PM  74    1967  44      7       31
  MINIMUM         31    817 AM -14    1966  18     13       11
  AVERAGE         41                        31     10       21

PRECIPITATION (IN)
  TODAY            0.00          0.35 1965   0.01  -0.01     0.00
  MONTH TO DATE    1.28                      0.23   1.05     0.03
  SINCE DEC 1      1.58                      0.75   0.83     1.13
  SINCE JAN 1      1.28                      0.23   1.05     0.03

DEGREE DAYS
 HEATING
  TODAY           24                        34    -10       44
  MONTH TO DATE  780                       748     32      760
  SINCE DEC 1   1921                      1782    139     1662
  SINCE JUL 1   2609                      2871   -262     2499

 COOLING
  TODAY            0                         0      0        0
  MONTH TO DATE    0                         0      0        0
  SINCE DEC 1      0                         0      0        0
  SINCE JAN 1      0                         0      0        0
..................................................................


WIND (MPH)
  HIGHEST WIND SPEED    25   HIGHEST WIND DIRECTION     N (340)
  HIGHEST GUST SPEED    29   HIGHEST GUST DIRECTION    NW (330)
  AVERAGE WIND SPEED    15.4



WEATHER CONDITIONS
 THE FOLLOWING WEATHER WAS RECORDED TODAY.
  NO SIGNIFICANT WEATHER WAS OBSERVED.


RELATIVE HUMIDITY (PERCENT)
 HIGHEST    92          1200 AM
 LOWEST     42           200 PM
 AVERAGE    67

..........................................................


THE GARDEN CITY REGIONAL ARPT KS CLIMATE NORMALS FOR TOMORROW
                         NORMAL    RECORD    YEAR
 MAXIMUM TEMPERATURE (F)   44        71      1976
 MINIMUM TEMPERATURE (F)   18        -9      1963


SUNRISE AND SUNSET
JANUARY 22 2017.......SUNRISE   754 AM CST   SUNSET   555 PM CST
JANUARY 23 2017.......SUNRISE   754 AM CST   SUNSET   556 PM CST


-  INDICATES NEGATIVE NUMBERS.
R  INDICATES RECORD WAS SET OR TIED.
MM INDICATES DATA IS MISSING.
T  INDICATES TRACE AMOUNT.




$$
