000
CDUS43 KDDC 270713
CLIGCK


CLIMATE REPORT
NATIONAL WEATHER SERVICE DODGE CITY KS
212 AM CDT THU APR 27 2017


...................................

...THE GARDEN CITY REGIONAL ARPT KS CLIMATE SUMMARY FOR APRIL 26 2017...

CLIMATE NORMAL PERIOD 1981 TO 2010
CLIMATE RECORD PERIOD 1948 TO 2017


WEATHER ITEM   OBSERVED TIME   RECORD YEAR NORMAL DEPARTURE LAST
                VALUE   (LST)  VALUE       VALUE  FROM      YEAR
                                                  NORMAL
..................................................................
TEMPERATURE (F)
 YESTERDAY
  MAXIMUM         59    456 PM  94    1956  71    -12       77
  MINIMUM         36    800 AM  27    2006  43     -7       48
  AVERAGE         48                        57     -9       63

PRECIPITATION (IN)
  YESTERDAY        0.00          0.62 1951   0.07  -0.07     0.00
  MONTH TO DATE    1.49                      1.45   0.04     3.28
  SINCE MAR 1      3.99                      2.91   1.08     3.28
  SINCE JAN 1      5.28                      3.79   1.49     3.50

DEGREE DAYS
 HEATING
  YESTERDAY       17                         9      8
  MONTH TO DATE  245                       341    -96
  SINCE MAR 1    755                      1005   -250
  SINCE JUL 1   4229                      5029   -800

 COOLING
  YESTERDAY        0                         1     -1
  MONTH TO DATE   29                         7     22
  SINCE MAR 1     37                         7     30
  SINCE JAN 1     37                         7     30
..................................................................


WIND (MPH)
  HIGHEST WIND SPEED    30   HIGHEST WIND DIRECTION     N (360)
  HIGHEST GUST SPEED    38   HIGHEST GUST DIRECTION     N (360)
  AVERAGE WIND SPEED    17.2



WEATHER CONDITIONS
 THE FOLLOWING WEATHER WAS RECORDED YESTERDAY.
  NO SIGNIFICANT WEATHER WAS OBSERVED.


RELATIVE HUMIDITY (PERCENT)
 HIGHEST    83          1200 AM
 LOWEST     31           500 PM
 AVERAGE    57

..........................................................


THE GARDEN CITY REGIONAL ARPT KS CLIMATE NORMALS FOR TODAY
                         NORMAL    RECORD    YEAR
 MAXIMUM TEMPERATURE (F)   71        94      1981
 MINIMUM TEMPERATURE (F)   43        27      1984


SUNRISE AND SUNSET
APRIL 27 2017.........SUNRISE   651 AM CDT   SUNSET   830 PM CDT
APRIL 28 2017.........SUNRISE   650 AM CDT   SUNSET   831 PM CDT


-  INDICATES NEGATIVE NUMBERS.
R  INDICATES RECORD WAS SET OR TIED.
MM INDICATES DATA IS MISSING.
T  INDICATES TRACE AMOUNT.




$$
