000
CDUS43 KDDC 302331
CLIGCK


CLIMATE REPORT
NATIONAL WEATHER SERVICE DODGE CITY KS
631 PM CDT TUE AUG 30 2016


...................................

...THE GARDEN CITY REGIONAL ARPT KS CLIMATE SUMMARY FOR AUGUST 30 2016...
VALID TODAY AS OF 0500 PM LOCAL TIME.

CLIMATE NORMAL PERIOD 1981 TO 2010
CLIMATE RECORD PERIOD 1948 TO 2016


WEATHER ITEM   OBSERVED TIME   RECORD YEAR NORMAL DEPARTURE LAST
                VALUE   (LST)  VALUE       VALUE  FROM      YEAR
                                                  NORMAL
..................................................................
TEMPERATURE (F)
 TODAY
  MAXIMUM         76    359 PM 104    1990  88    -12       91
  MINIMUM         65    708 AM  51    1993  61      4       52
  AVERAGE         71                        74     -3       72

PRECIPITATION (IN)
  TODAY            0.02          1.06 1996   0.06  -0.04     0.00
  MONTH TO DATE    1.72                      2.38  -0.66     1.89
  SINCE JUN 1     14.37                      8.64   5.73    10.97
  SINCE JAN 1     19.83                     15.58   4.25    19.79

DEGREE DAYS
 HEATING
  TODAY            0                         0      0        0
  MONTH TO DATE    0                         0      0        0
  SINCE JUN 1      2                        17    -15        0
  SINCE JUL 1      0                         1     -1        0

 COOLING
  TODAY            6                        10     -4        7
  MONTH TO DATE  313                       356    -43      335
  SINCE JUN 1   1090                      1018     72     1091
  SINCE JAN 1   1149                      1107     42     1121
..................................................................


WIND (MPH)
  HIGHEST WIND SPEED     9   HIGHEST WIND DIRECTION    SE (120)
  HIGHEST GUST SPEED    10   HIGHEST GUST DIRECTION    SE (150)
  AVERAGE WIND SPEED     3.4



WEATHER CONDITIONS
 THE FOLLOWING WEATHER WAS RECORDED TODAY.
  LIGHT RAIN
  FOG
  FOG W/VISIBILITY <= 1/4 MILE
  HAZE


RELATIVE HUMIDITY (PERCENT)
 HIGHEST   100           100 AM
 LOWEST     54           500 PM
 AVERAGE    77

..........................................................


THE GARDEN CITY REGIONAL ARPT KS CLIMATE NORMALS FOR TOMORROW
                         NORMAL    RECORD    YEAR
 MAXIMUM TEMPERATURE (F)   87       104      2011
 MINIMUM TEMPERATURE (F)   61        47      1993


SUNRISE AND SUNSET
AUGUST 30 2016........SUNRISE   711 AM CDT   SUNSET   814 PM CDT
AUGUST 31 2016........SUNRISE   712 AM CDT   SUNSET   813 PM CDT


-  INDICATES NEGATIVE NUMBERS.
R  INDICATES RECORD WAS SET OR TIED.
MM INDICATES DATA IS MISSING.
T  INDICATES TRACE AMOUNT.




$$
