000
CDUS41 KPHI 010627
CLIGED


CLIMATE REPORT
NATIONAL WEATHER SERVICE MOUNT HOLLY NJ
227 AM EDT TUE SEP 1 2015


...................................

...THE GEORGETOWN DE CLIMATE SUMMARY FOR AUGUST 31 2015...

CLIMATE NORMAL PERIOD 1981 TO 2010
CLIMATE RECORD PERIOD 1948 TO 2015


WEATHER ITEM   OBSERVED TIME   RECORD YEAR NORMAL DEPARTURE LAST
                VALUE   (LST)  VALUE       VALUE  FROM      YEAR
                                                  NORMAL
..................................................................
TEMPERATURE (F)
 YESTERDAY
  MAXIMUM         87   1221 PM 100    1953  83      4       93
  MINIMUM         71   1159 PM  42    1976  64      7       71
  AVERAGE         79                        73      6       82

PRECIPITATION (IN)
  YESTERDAY        0.00          2.27 1954   0.11  -0.11     0.01
  MONTH TO DATE    2.32                      3.53  -1.21     4.32
  SINCE JUN 1     10.46                     12.33  -1.87    13.11
  SINCE JAN 1     25.20                     29.27  -4.07    30.30

SNOWFALL (IN)
  YESTERDAY       MM            MM      MM  MM     MM       MM
  MONTH TO DATE   MM                        MM     MM       MM
  SINCE JUN 1     MM                        MM     MM       MM
  SINCE JUL 1     MM                        MM     MM       MM
  SNOW DEPTH      MM

DEGREE DAYS
 HEATING
  YESTERDAY        0                         0      0        0
  MONTH TO DATE    0                         0      0        0
  SINCE JUN 1     21                        14      7        5
  SINCE JUL 1      0                         1     -1        0

 COOLING
  YESTERDAY       14                         8      6       17
  MONTH TO DATE  321                       329     -8      252
  SINCE JUN 1    994                       935     59      850
  SINCE JAN 1   1169                      1029    140      951
..................................................................


WIND (MPH)
  HIGHEST WIND SPEED    15   HIGHEST WIND DIRECTION    SW (220)
  HIGHEST GUST SPEED    20   HIGHEST GUST DIRECTION    SW (220)
  AVERAGE WIND SPEED     7.5


SKY COVER
  POSSIBLE SUNSHINE  MM
  AVERAGE SKY COVER 0.1


WEATHER CONDITIONS
 THE FOLLOWING WEATHER WAS RECORDED YESTERDAY.
  NO SIGNIFICANT WEATHER WAS OBSERVED.


RELATIVE HUMIDITY (PERCENT)
 HIGHEST    90           500 AM
 LOWEST     48          1200 PM
 AVERAGE    69

..........................................................


THE GEORGETOWN DE CLIMATE NORMALS FOR TODAY
                         NORMAL    RECORD    YEAR
 MAXIMUM TEMPERATURE (F)   82        96      2010
 MINIMUM TEMPERATURE (F)   64        50      1986


SUNRISE AND SUNSET
SEPTEMBER  1 2015.....SUNRISE   630 AM EDT   SUNSET   732 PM EDT
SEPTEMBER  2 2015.....SUNRISE   631 AM EDT   SUNSET   730 PM EDT


-  INDICATES NEGATIVE NUMBERS.
R  INDICATES RECORD WAS SET OR TIED.
MM INDICATES DATA IS MISSING.
T  INDICATES TRACE AMOUNT.




$$
