000
CDUS41 KPHI 220630
CLIGED


CLIMATE REPORT
NATIONAL WEATHER SERVICE MOUNT HOLLY NJ
229 AM EDT MON SEP 22 2014


...................................

...THE GEORGETOWN DE CLIMATE SUMMARY FOR SEPTEMBER 21 2014...

CLIMATE NORMAL PERIOD 1981 TO 2010
CLIMATE RECORD PERIOD 1948 TO 2014


WEATHER ITEM   OBSERVED TIME   RECORD YEAR NORMAL DEPARTURE LAST
                VALUE   (LST)  VALUE       VALUE  FROM      YEAR
                                                  NORMAL
..................................................................
TEMPERATURE (F)
 YESTERDAY
  MAXIMUM         81    224 PM  90    1965  76      5       83
  MINIMUM         68    451 AM  32    1956  57     11       52
  AVERAGE         75                        67      8       68

PRECIPITATION (IN)
  YESTERDAY        0.00          1.96 1953   0.11  -0.11     0.34
  MONTH TO DATE    1.28                      2.99  -1.71     0.62
  SINCE SEP 1      1.28                      2.99  -1.71     0.62
  SINCE JAN 1     31.58                     32.26  -0.68    42.61

SNOWFALL (IN)
  YESTERDAY       MM            MM      MM  MM     MM       MM
  MONTH TO DATE   MM                        MM     MM       MM
  SINCE SEP 1     MM                        MM     MM       MM
  SINCE JUL 1     MM                        MM     MM       MM
  SNOW DEPTH      MM

DEGREE DAYS
 HEATING
  YESTERDAY        0                         2     -2        0
  MONTH TO DATE    6                        13     -7       27
  SINCE SEP 1      6                        13     -7       27
  SINCE JUL 1      6                        14     -8       27

 COOLING
  YESTERDAY       10                         3      7        3
  MONTH TO DATE  159                       120     39      136
  SINCE SEP 1    159                       120     39      136
  SINCE JAN 1   1110                      1149    -39     1323
..................................................................


WIND (MPH)
  HIGHEST WIND SPEED    15   HIGHEST WIND DIRECTION     E (80)
  HIGHEST GUST SPEED    20   HIGHEST GUST DIRECTION    NE (30)
  AVERAGE WIND SPEED     8.8


SKY COVER
  POSSIBLE SUNSHINE  MM
  AVERAGE SKY COVER 0.6


WEATHER CONDITIONS
 THE FOLLOWING WEATHER WAS RECORDED YESTERDAY.
  FOG


RELATIVE HUMIDITY (PERCENT)
 HIGHEST    97           600 AM
 LOWEST     67           200 PM
 AVERAGE    82

..........................................................


THE GEORGETOWN DE CLIMATE NORMALS FOR TODAY
                         NORMAL    RECORD    YEAR
 MAXIMUM TEMPERATURE (F)   76        92      2010
 MINIMUM TEMPERATURE (F)   57        34      1962


SUNRISE AND SUNSET
SEPTEMBER 22 2014.....SUNRISE   649 AM EDT   SUNSET   658 PM EDT
SEPTEMBER 23 2014.....SUNRISE   650 AM EDT   SUNSET   657 PM EDT


-  INDICATES NEGATIVE NUMBERS.
R  INDICATES RECORD WAS SET OR TIED.
MM INDICATES DATA IS MISSING.
T  INDICATES TRACE AMOUNT.




$$
