000
CDUS41 KPHI 032133
CLIGED


CLIMATE REPORT
NATIONAL WEATHER SERVICE MOUNT HOLLY NJ
529 PM EDT FRI JUL 3 2015


...................................

...THE GEORGETOWN DE CLIMATE SUMMARY FOR JULY 3 2015...
VALID TODAY AS OF 0500 PM LOCAL TIME.

CLIMATE NORMAL PERIOD 1981 TO 2010
CLIMATE RECORD PERIOD 1948 TO 2015


WEATHER ITEM   OBSERVED TIME   RECORD YEAR NORMAL DEPARTURE LAST
                VALUE   (LST)  VALUE       VALUE  FROM      YEAR
                                                  NORMAL
..................................................................
TEMPERATURE (F)
 TODAY
  MAXIMUM         81    215 PM 101    1954  86     -5       95
  MINIMUM         62    523 AM  49    1957  67     -5       72
  AVERAGE         72                        76     -4       84

PRECIPITATION (IN)
  TODAY            0.00          0.75 1971   0.16  -0.16      T
  MONTH TO DATE    0.79                      0.49   0.30      T
  SINCE JUN 1      5.62                      5.10   0.52     1.77
  SINCE JAN 1     20.36                     22.04  -1.68    18.96

SNOWFALL (IN)
  TODAY           MM            MM      MM  MM     MM       MM
  MONTH TO DATE   MM                        MM     MM       MM
  SINCE JUN 1     MM                        MM     MM       MM
  SINCE JUL 1     MM                        MM     MM       MM
  SNOW DEPTH      MM

DEGREE DAYS
 HEATING
  TODAY            0                         0      0        0
  MONTH TO DATE    0                         0      0        0
  SINCE JUN 1     21                        13      8        5
  SINCE JUL 1      0                         0      0        0

 COOLING
  TODAY            7                        11     -4       19
  MONTH TO DATE   26                        33     -7       57
  SINCE JUN 1    319                       272     47      311
  SINCE JAN 1    494                       366    128      412
..................................................................


WIND (MPH)
  HIGHEST WIND SPEED    14   HIGHEST WIND DIRECTION    SE (120)
  HIGHEST GUST SPEED    17   HIGHEST GUST DIRECTION    SE (120)
  AVERAGE WIND SPEED     3.6


SKY COVER
  POSSIBLE SUNSHINE  MM
  AVERAGE SKY COVER 0.3


WEATHER CONDITIONS
 THE FOLLOWING WEATHER WAS RECORDED TODAY.
  FOG
  FOG W/VISIBILITY <= 1/4 MILE
  HAZE


RELATIVE HUMIDITY (PERCENT)
 HIGHEST   100           100 AM
 LOWEST     54           200 PM
 AVERAGE    77

..........................................................


THE GEORGETOWN DE CLIMATE NORMALS FOR TOMORROW
                         NORMAL    RECORD    YEAR
 MAXIMUM TEMPERATURE (F)   86       100      1966
 MINIMUM TEMPERATURE (F)   67        51      1986


SUNRISE AND SUNSET
JULY  3 2015..........SUNRISE   541 AM EDT   SUNSET   830 PM EDT
JULY  4 2015..........SUNRISE   542 AM EDT   SUNSET   830 PM EDT


-  INDICATES NEGATIVE NUMBERS.
R  INDICATES RECORD WAS SET OR TIED.
MM INDICATES DATA IS MISSING.
T  INDICATES TRACE AMOUNT.




$$
