000
CDUS41 KPHI 230634
CLIGED


CLIMATE REPORT
NATIONAL WEATHER SERVICE MOUNT HOLLY NJ
233 AM EDT TUE MAY 23 2017


...................................

...THE GEORGETOWN DE CLIMATE SUMMARY FOR MAY 22 2017...

CLIMATE NORMAL PERIOD 1981 TO 2010
CLIMATE RECORD PERIOD 1948 TO 2017


WEATHER ITEM   OBSERVED TIME   RECORD YEAR NORMAL DEPARTURE LAST
                VALUE   (LST)  VALUE       VALUE  FROM      YEAR
                                                  NORMAL
..................................................................
TEMPERATURE (F)
 YESTERDAY
  MAXIMUM         71    336 PM  92    1996  75     -4       59
  MINIMUM         60    110 AM  36    2002  55      5       54
  AVERAGE         66                        65      1       57

PRECIPITATION (IN)
  YESTERDAY        0.60          1.31 1949   0.13   0.47     0.17
  MONTH TO DATE    3.38                      2.36   1.02     4.94
  SINCE MAR 1     10.23                     10.04   0.19    10.30
  SINCE JAN 1     14.47                     15.75  -1.28    16.77

DEGREE DAYS
 HEATING
  YESTERDAY        0                         3     -3        8
  MONTH TO DATE  102                       115    -13      157
  SINCE MAR 1    883                      1095   -212      979
  SINCE JUL 1   3568                      4375   -807     3657

 COOLING
  YESTERDAY        1                         3     -2        0
  MONTH TO DATE   57                        41     16        0
  SINCE MAR 1    125                        61     64       21
  SINCE JAN 1    125                        61     64       21
..................................................................


WIND (MPH)
  HIGHEST WIND SPEED    12   HIGHEST WIND DIRECTION     S (200)
  HIGHEST GUST SPEED    14   HIGHEST GUST DIRECTION     S (200)
  AVERAGE WIND SPEED     3.3


SKY COVER
  POSSIBLE SUNSHINE  MM
  AVERAGE SKY COVER 1.0


WEATHER CONDITIONS
 THE FOLLOWING WEATHER WAS RECORDED YESTERDAY.
  HEAVY RAIN
  RAIN
  LIGHT RAIN
  FOG
  FOG W/VISIBILITY <= 1/4 MILE
  HAZE


RELATIVE HUMIDITY (PERCENT)
 HIGHEST    93           700 AM
 LOWEST     78          1200 AM
 AVERAGE    86

..........................................................


THE GEORGETOWN DE CLIMATE NORMALS FOR TODAY
                         NORMAL    RECORD    YEAR
 MAXIMUM TEMPERATURE (F)   76        93      1964
 MINIMUM TEMPERATURE (F)   55        39      2006


SUNRISE AND SUNSET
MAY 23 2017...........SUNRISE   543 AM EDT   SUNSET   814 PM EDT
MAY 24 2017...........SUNRISE   543 AM EDT   SUNSET   815 PM EDT


-  INDICATES NEGATIVE NUMBERS.
R  INDICATES RECORD WAS SET OR TIED.
MM INDICATES DATA IS MISSING.
T  INDICATES TRACE AMOUNT.




$$
