000
CDUS41 KPHI 250629
CLIGED


CLIMATE REPORT
NATIONAL WEATHER SERVICE MOUNT HOLLY NJ
229 AM EDT WED MAY 25 2016


...................................

...THE GEORGETOWN DE CLIMATE SUMMARY FOR MAY 24 2016...

CLIMATE NORMAL PERIOD 1981 TO 2010
CLIMATE RECORD PERIOD 1948 TO 2016


WEATHER ITEM   OBSERVED TIME   RECORD YEAR NORMAL DEPARTURE LAST
                VALUE   (LST)  VALUE       VALUE  FROM      YEAR
                                                  NORMAL
..................................................................
TEMPERATURE (F)
 YESTERDAY
  MAXIMUM         81    437 PM  93    1964  76      5       80
  MINIMUM         57    525 AM  37    1963  55      2       46
  AVERAGE         69                        66      3       63

PRECIPITATION (IN)
  YESTERDAY        0.02          1.44 1951   0.14  -0.12     0.00
  MONTH TO DATE    4.97                      2.64   2.33     1.19
  SINCE MAR 1     10.33                     10.32   0.01     7.91
  SINCE JAN 1     16.80                     16.03   0.77    14.74

SNOWFALL (IN)
  YESTERDAY       MM            MM      MM  MM     MM       MM
  MONTH TO DATE   MM                        MM     MM       MM
  SINCE MAR 1     MM                        MM     MM       MM
  SINCE JUL 1     MM                        MM     MM       MM
  SNOW DEPTH      MM

DEGREE DAYS
 HEATING
  YESTERDAY        0                         3     -3        2
  MONTH TO DATE  159                       121     38       63
  SINCE MAR 1    981                      1101   -120     1128
  SINCE JUL 1   3659                      4381   -722     4616

 COOLING
  YESTERDAY        4                         3      1        0
  MONTH TO DATE    4                        47    -43       91
  SINCE MAR 1     25                        67    -42       96
  SINCE JAN 1     25                        67    -42       96
..................................................................


WIND (MPH)
  HIGHEST WIND SPEED    14   HIGHEST WIND DIRECTION    SW (240)
  HIGHEST GUST SPEED    20   HIGHEST GUST DIRECTION    SW (230)
  AVERAGE WIND SPEED     5.9


SKY COVER
  POSSIBLE SUNSHINE  MM
  AVERAGE SKY COVER 0.3


WEATHER CONDITIONS
 THE FOLLOWING WEATHER WAS RECORDED YESTERDAY.
  LIGHT RAIN
  FOG


RELATIVE HUMIDITY (PERCENT)
 HIGHEST    93           100 AM
 LOWEST     33           400 PM
 AVERAGE    63

..........................................................


THE GEORGETOWN DE CLIMATE NORMALS FOR TODAY
                         NORMAL    RECORD    YEAR
 MAXIMUM TEMPERATURE (F)   76        91      1964
 MINIMUM TEMPERATURE (F)   56        35      1956


SUNRISE AND SUNSET
MAY 25 2016...........SUNRISE   542 AM EDT   SUNSET   816 PM EDT
MAY 26 2016...........SUNRISE   541 AM EDT   SUNSET   816 PM EDT


-  INDICATES NEGATIVE NUMBERS.
R  INDICATES RECORD WAS SET OR TIED.
MM INDICATES DATA IS MISSING.
T  INDICATES TRACE AMOUNT.




$$
