000
CDUS41 KPHI 240619
CLIGED


CLIMATE REPORT
NATIONAL WEATHER SERVICE MOUNT HOLLY NJ
118 AM EST SAT FEB 24 2018


...................................

...THE GEORGETOWN DE CLIMATE SUMMARY FOR FEBRUARY 23 2018...

CLIMATE NORMAL PERIOD 1981 TO 2010
CLIMATE RECORD PERIOD 1948 TO 2018


WEATHER ITEM   OBSERVED TIME   RECORD YEAR NORMAL DEPARTURE LAST
                VALUE   (LST)  VALUE       VALUE  FROM      YEAR
                                                  NORMAL
..................................................................
TEMPERATURE (F)
 YESTERDAY
  MAXIMUM         48   1159 PM  75    2017  48      0       75
  MINIMUM         41    430 AM   5    1963  30     11       50
  AVERAGE         45                        39      6       63

PRECIPITATION (IN)
  YESTERDAY        0.03          1.42 1971   0.10  -0.07     0.00
  MONTH TO DATE    3.91                      2.27   1.64     0.56
  SINCE DEC 1      7.72                      8.48  -0.76     6.49
  SINCE JAN 1      6.76                      5.19   1.57     3.69

DEGREE DAYS
 HEATING
  YESTERDAY       20                        26     -6        2
  MONTH TO DATE  463                       642   -179      474
  SINCE DEC 1   2262                      2368   -106     1994
  SINCE JUL 1   2879                      3152   -273     2628

 COOLING
  YESTERDAY        0                         0      0        0
  MONTH TO DATE    7                         0      7        0
  SINCE DEC 1      7                         0      7        0
  SINCE JAN 1      7                         0      7        0
..................................................................


WIND (MPH)
  HIGHEST WIND SPEED    17   HIGHEST WIND DIRECTION    NE (60)
  HIGHEST GUST SPEED    24   HIGHEST GUST DIRECTION    NE (50)
  AVERAGE WIND SPEED     8.1


SKY COVER
  POSSIBLE SUNSHINE  MM
  AVERAGE SKY COVER 1.0


WEATHER CONDITIONS
 THE FOLLOWING WEATHER WAS RECORDED YESTERDAY.
  LIGHT RAIN
  FOG


RELATIVE HUMIDITY (PERCENT)
 HIGHEST   100           900 PM
 LOWEST     82          1200 AM
 AVERAGE    91

..........................................................


THE GEORGETOWN DE CLIMATE NORMALS FOR TODAY
                         NORMAL    RECORD    YEAR
 MAXIMUM TEMPERATURE (F)   49        76      2017
 MINIMUM TEMPERATURE (F)   30        11      2015


SUNRISE AND SUNSET
FEBRUARY 24 2018......SUNRISE   641 AM EST   SUNSET   549 PM EST
FEBRUARY 25 2018......SUNRISE   639 AM EST   SUNSET   550 PM EST


-  INDICATES NEGATIVE NUMBERS.
R  INDICATES RECORD WAS SET OR TIED.
MM INDICATES DATA IS MISSING.
T  INDICATES TRACE AMOUNT.




$$
