000
CDUS46 KOTX 220432
CLIGEG


CLIMATE REPORT
NATIONAL WEATHER SERVICE SPOKANE, WA
931 PM PDT MON JUL 21 2014


...................................

...THE SPOKANE WA AIRPORT CLIMATE SUMMARY FOR JULY 21 2014...
VALID TODAY AS OF 0800 PM LOCAL TIME.

CLIMATE NORMAL PERIOD 1981 TO 2010
CLIMATE RECORD PERIOD 1881 TO 2014


WEATHER ITEM   OBSERVED TIME   RECORD YEAR NORMAL DEPARTURE LAST
                VALUE   (LST)  VALUE       VALUE  FROM      YEAR
                                                  NORMAL
..................................................................
TEMPERATURE (F)
 TODAY
  MAXIMUM         77    359 PM 103    1905  85     -8       91
  MINIMUM         54    528 AM  44    1954  57     -3       59
  AVERAGE         66                        71     -5       75

PRECIPITATION (IN)
  TODAY            0.00          0.59 1910   0.02  -0.02     0.00
  MONTH TO DATE    0.13                      0.48  -0.35      T
  SINCE OCT 1     11.70                     15.14  -3.44    14.15
  SINCE JAN 1      9.37                      9.36   0.01     6.79

DEGREE DAYS
 HEATING
  TODAY            0                         1     -1        0
  MONTH TO DATE    0                        28    -28        0
  SINCE JUN 1    106                       164    -58      140
  SINCE JUL 1      0                        28    -28        0

 COOLING
  TODAY            1                         7     -6       10
  MONTH TO DATE  241                       108    133      177
  SINCE JUN 1    255                       157     98      225
  SINCE JAN 1    261                       171     90      255
..................................................................


WIND (MPH)
  HIGHEST WIND SPEED    18   HIGHEST WIND DIRECTION    SW (210)
  HIGHEST GUST SPEED    24   HIGHEST GUST DIRECTION    SW (210)
  AVERAGE WIND SPEED     9.4


SKY COVER
  POSSIBLE SUNSHINE  MM
  AVERAGE SKY COVER 0.5


WEATHER CONDITIONS
 THE FOLLOWING WEATHER WAS RECORDED TODAY.
  NO SIGNIFICANT WEATHER WAS OBSERVED.


RELATIVE HUMIDITY (PERCENT)
 HIGHEST    66           500 AM
 LOWEST     23           500 PM
 AVERAGE    45

..........................................................


THE SPOKANE WA AIRPORT CLIMATE NORMALS FOR TOMORROW
                         NORMAL    RECORD    YEAR
 MAXIMUM TEMPERATURE (F)   85       103      1938
 MINIMUM TEMPERATURE (F)   58        42      1954


SUNRISE AND SUNSET
JULY 21 2014..........SUNRISE   514 AM PDT   SUNSET   838 PM PDT
JULY 22 2014..........SUNRISE   515 AM PDT   SUNSET   837 PM PDT


-  INDICATES NEGATIVE NUMBERS.
R  INDICATES RECORD WAS SET OR TIED.
MM INDICATES DATA IS MISSING.
T  INDICATES TRACE AMOUNT.




$$
