000
CDUS46 KOTX 260436
CLIGEG


CLIMATE REPORT
NATIONAL WEATHER SERVICE SPOKANE, WA
936 PM PDT THU AUG 25 2016


...................................

...THE SPOKANE WA AIRPORT CLIMATE SUMMARY FOR AUGUST 25 2016...
VALID TODAY AS OF 0800 PM LOCAL TIME.

CLIMATE NORMAL PERIOD 1981 TO 2010
CLIMATE RECORD PERIOD 1881 TO 2016


WEATHER ITEM   OBSERVED TIME   RECORD YEAR NORMAL DEPARTURE LAST
                VALUE   (LST)  VALUE       VALUE  FROM      YEAR
                                                  NORMAL
..................................................................
TEMPERATURE (F)
 TODAY
  MAXIMUM         83    450 PM  98    1958  81      2       87
  MINIMUM         55    516 AM  37    1910  54      1       62
  AVERAGE         69                        67      2       75

PRECIPITATION (IN)
  TODAY            0.00          0.50 1965   0.02  -0.02      T
  MONTH TO DATE    0.16                      0.46  -0.30     0.04
  SINCE OCT 1     15.16                     15.76  -0.60    11.79
  SINCE JAN 1      8.80                      9.98  -1.18     7.06

DEGREE DAYS
 HEATING
  TODAY            0                         2     -2        0
  MONTH TO DATE   10                        21    -11        1
  SINCE JUN 1    140                       189    -49       31
  SINCE JUL 1     30                        53    -23        6

 COOLING
  TODAY            4                         4      0       10
  MONTH TO DATE  169                       147     22      215
  SINCE JUN 1    435                       376     59      740
  SINCE JAN 1    447                       390     57      772
..................................................................


WIND (MPH)
  HIGHEST WIND SPEED    15   HIGHEST WIND DIRECTION     N (20)
  HIGHEST GUST SPEED    21   HIGHEST GUST DIRECTION    NE (40)
  AVERAGE WIND SPEED     7.0


SKY COVER
  POSSIBLE SUNSHINE  MM
  AVERAGE SKY COVER 0.3


WEATHER CONDITIONS
 THE FOLLOWING WEATHER WAS RECORDED TODAY.
  NO SIGNIFICANT WEATHER WAS OBSERVED.


RELATIVE HUMIDITY (PERCENT)
 HIGHEST    55           600 AM
 LOWEST     16           200 PM
 AVERAGE    36

..........................................................


THE SPOKANE WA AIRPORT CLIMATE NORMALS FOR TOMORROW
                         NORMAL    RECORD    YEAR
 MAXIMUM TEMPERATURE (F)   80        96      1922
 MINIMUM TEMPERATURE (F)   54        39      1993


SUNRISE AND SUNSET
AUGUST 25 2016........SUNRISE   600 AM PDT   SUNSET   743 PM PDT
AUGUST 26 2016........SUNRISE   601 AM PDT   SUNSET   741 PM PDT


-  INDICATES NEGATIVE NUMBERS.
R  INDICATES RECORD WAS SET OR TIED.
MM INDICATES DATA IS MISSING.
T  INDICATES TRACE AMOUNT.




$$
