000
CDUS46 KOTX 120425
CLIGEG


CLIMATE REPORT
NATIONAL WEATHER SERVICE SPOKANE, WA
923 PM PDT FRI JUL 11 2014


...................................

...THE SPOKANE WA AIRPORT CLIMATE SUMMARY FOR JULY 11 2014...
VALID TODAY AS OF 0800 PM LOCAL TIME.

CLIMATE NORMAL PERIOD 1981 TO 2010
CLIMATE RECORD PERIOD 1881 TO 2014


WEATHER ITEM   OBSERVED TIME   RECORD YEAR NORMAL DEPARTURE LAST
                VALUE   (LST)  VALUE       VALUE  FROM      YEAR
                                                  NORMAL
..................................................................
TEMPERATURE (F)
 TODAY
  MAXIMUM         93    511 PM 103    1926  82     11       82
  MINIMUM         63    325 AM  41    1981  56      7       56
  AVERAGE         78                        69      9       69

PRECIPITATION (IN)
  TODAY            0.00          0.44 1891   0.03  -0.03     0.00
  MONTH TO DATE    0.00                      0.28  -0.28     0.00
  SINCE OCT 1     11.57                     14.94  -3.37    14.15
  SINCE JAN 1      9.24                      9.16   0.08     6.79

DEGREE DAYS
 HEATING
  TODAY            0                         1     -1        0
  MONTH TO DATE    0                        18    -18        0
  SINCE JUN 1    106                       154    -48      140
  SINCE JUL 1      0                        18    -18        0

 COOLING
  TODAY           13                         5      8        4
  MONTH TO DATE  124                        46     78       98
  SINCE JUN 1    138                        95     43      146
  SINCE JAN 1    144                       109     35      176
..................................................................


WIND (MPH)
  HIGHEST WIND SPEED    15   HIGHEST WIND DIRECTION    NE (50)
  HIGHEST GUST SPEED    18   HIGHEST GUST DIRECTION    NE (60)
  AVERAGE WIND SPEED     5.9


SKY COVER
  POSSIBLE SUNSHINE  MM
  AVERAGE SKY COVER 0.4


WEATHER CONDITIONS
 THE FOLLOWING WEATHER WAS RECORDED TODAY.
  NO SIGNIFICANT WEATHER WAS OBSERVED.


RELATIVE HUMIDITY (PERCENT)
 HIGHEST    56           500 AM
 LOWEST     13           400 PM
 AVERAGE    35

..........................................................


THE SPOKANE WA AIRPORT CLIMATE NORMALS FOR TOMORROW
                         NORMAL    RECORD    YEAR
 MAXIMUM TEMPERATURE (F)   83       103      1967
 MINIMUM TEMPERATURE (F)   56        41      1887


SUNRISE AND SUNSET
JULY 11 2014..........SUNRISE   504 AM PDT   SUNSET   847 PM PDT
JULY 12 2014..........SUNRISE   505 AM PDT   SUNSET   846 PM PDT


-  INDICATES NEGATIVE NUMBERS.
R  INDICATES RECORD WAS SET OR TIED.
MM INDICATES DATA IS MISSING.
T  INDICATES TRACE AMOUNT.




$$
