000
CDUS46 KOTX 280043
CLIGEG


CLIMATE REPORT
NATIONAL WEATHER SERVICE SPOKANE, WA
443 PM PST MON FEB 27 2017


...................................

...THE SPOKANE WA AIRPORT CLIMATE SUMMARY FOR FEBRUARY 27 2017...
VALID AS OF 0400 PM LOCAL TIME.

CLIMATE NORMAL PERIOD 1981 TO 2010
CLIMATE RECORD PERIOD 1881 TO 2017


WEATHER ITEM   OBSERVED TIME   RECORD YEAR NORMAL DEPARTURE LAST
                VALUE   (LST)  VALUE       VALUE  FROM      YEAR
                                                  NORMAL
..................................................................
TEMPERATURE (F)
 TODAY
  MAXIMUM         31    359 PM  59    1941  43    -12       54
  MINIMUM         24    525 AM -16    1890  28     -4       40
  AVERAGE         28                        35     -7       47

PRECIPITATION (IN)
  TODAY            0.03          0.65 1999   0.05  -0.02     0.02
  MONTH TO DATE    4.39                      1.28   3.11     0.72
  SINCE OCT 1     15.53                      8.85   6.68     9.82
  SINCE JAN 1      6.24                      3.07   3.17     3.46

SNOWFALL (IN)
  TODAY            0.3           2.3  1971   0.2    0.1      0.0
  MONTH TO DATE   19.7                       6.6   13.1      1.3
  SINCE DEC 1     52.2                      32.6   19.6     32.1
  SINCE JUL 1     55.5                      40.1   15.4     33.6
  SNOW DEPTH       3

DEGREE DAYS
 HEATING
  TODAY           37                        30      7       18
  MONTH TO DATE  952                       866     86      708
  SINCE DEC 1   3620                      3132    488     2810
  SINCE JUL 1   4953                      4799    154     4244

 COOLING
  TODAY            0                         0      0        0
  MONTH TO DATE    0                         0      0        0
  SINCE DEC 1      0                         0      0        0
  SINCE JAN 1      0                         0      0        0
..................................................................


WIND (MPH)
  HIGHEST WIND SPEED    15   HIGHEST WIND DIRECTION    SW (230)
  HIGHEST GUST SPEED    18   HIGHEST GUST DIRECTION     W (250)
  AVERAGE WIND SPEED     7.3


SKY COVER
  POSSIBLE SUNSHINE  MM
  AVERAGE SKY COVER 1.0


WEATHER CONDITIONS
 THE FOLLOWING WEATHER WAS RECORDED TODAY.
  LIGHT SNOW
  FOG
  FOG W/VISIBILITY <= 1/4 MILE


RELATIVE HUMIDITY (PERCENT)
 HIGHEST   100           700 AM
 LOWEST     85          1100 AM
 AVERAGE    93

..........................................................


THE SPOKANE WA AIRPORT CLIMATE NORMALS FOR TOMORROW
                         NORMAL    RECORD    YEAR
 MAXIMUM TEMPERATURE (F)   44        60      1988
 MINIMUM TEMPERATURE (F)   28       -10      1890


SUNRISE AND SUNSET
FEBRUARY 27 2017......SUNRISE   634 AM PST   SUNSET   532 PM PST
FEBRUARY 28 2017......SUNRISE   632 AM PST   SUNSET   534 PM PST


-  INDICATES NEGATIVE NUMBERS.
R  INDICATES RECORD WAS SET OR TIED.
MM INDICATES DATA IS MISSING.
T  INDICATES TRACE AMOUNT.




$$
