000
CDUS46 KOTX 240847
CLIGEG


CLIMATE REPORT
NATIONAL WEATHER SERVICE SPOKANE, WA
147 AM PDT SUN SEP 24 2017


...................................

...THE SPOKANE WA AIRPORT CLIMATE SUMMARY FOR SEPTEMBER 23 2017...

CLIMATE NORMAL PERIOD 1981 TO 2010
CLIMATE RECORD PERIOD 1881 TO 2017


WEATHER ITEM   OBSERVED TIME   RECORD YEAR NORMAL DEPARTURE LAST
                VALUE   (LST)  VALUE       VALUE  FROM      YEAR
                                                  NORMAL
..................................................................
TEMPERATURE (F)
 YESTERDAY
  MAXIMUM         60    332 PM  91    1905  70    -10       64
  MINIMUM         45    732 AM  22    2000  45      0       46
  AVERAGE         53                        57     -4       55

PRECIPITATION (IN)
  YESTERDAY        T             1.15 1892   0.03  -0.03     0.01
  MONTH TO DATE    1.21                      0.51   0.70     0.20
  SINCE OCT 1     24.47                     16.40   8.07    15.36
  SINCE JAN 1     15.18                     10.62   4.56     9.00

SNOWFALL (IN)
  YESTERDAY        0.0           1.4  1926   0.0    0.0      0.0
  MONTH TO DATE    0.0                       0.0    0.0      0.0
  SINCE SEP 1      0.0                       0.0    0.0      0.0
  SINCE JUL 1      0.0                       0.0    0.0      0.0
  SNOW DEPTH       0

DEGREE DAYS
 HEATING
  YESTERDAY       12                         8      4       10
  MONTH TO DATE  132                       117     15      145
  SINCE SEP 1    132                       117     15      145
  SINCE JUL 1    135                       182    -47      175

 COOLING
  YESTERDAY        0                         1     -1        0
  MONTH TO DATE   89                        36     53        2
  SINCE SEP 1     89                        36     53        2
  SINCE JAN 1    794                       447    347      489
..................................................................


WIND (MPH)
  HIGHEST WIND SPEED    12   HIGHEST WIND DIRECTION    SW (220)
  HIGHEST GUST SPEED    17   HIGHEST GUST DIRECTION    SW (220)
  AVERAGE WIND SPEED     5.8


SKY COVER
  POSSIBLE SUNSHINE  MM
  AVERAGE SKY COVER 0.9


WEATHER CONDITIONS
 THE FOLLOWING WEATHER WAS RECORDED YESTERDAY.
  LIGHT RAIN


RELATIVE HUMIDITY (PERCENT)
 HIGHEST    89           200 AM
 LOWEST     47           100 PM
 AVERAGE    68

..........................................................


THE SPOKANE WA AIRPORT CLIMATE NORMALS FOR TODAY
                         NORMAL    RECORD    YEAR
 MAXIMUM TEMPERATURE (F)   70        90      2011
 MINIMUM TEMPERATURE (F)   44        22      1926


SUNRISE AND SUNSET
SEPTEMBER 24 2017.....SUNRISE   640 AM PDT   SUNSET   643 PM PDT
SEPTEMBER 25 2017.....SUNRISE   641 AM PDT   SUNSET   641 PM PDT


-  INDICATES NEGATIVE NUMBERS.
R  INDICATES RECORD WAS SET OR TIED.
MM INDICATES DATA IS MISSING.
T  INDICATES TRACE AMOUNT.




$$
