000
CDUS46 KOTX 270824
CLIGEG


CLIMATE REPORT
NATIONAL WEATHER SERVICE SPOKANE, WA
124 AM PDT TUE SEP 27 2016


...................................

...THE SPOKANE WA AIRPORT CLIMATE SUMMARY FOR SEPTEMBER 26 2016...

CLIMATE NORMAL PERIOD 1981 TO 2010
CLIMATE RECORD PERIOD 1881 TO 2016


WEATHER ITEM   OBSERVED TIME   RECORD YEAR NORMAL DEPARTURE LAST
                VALUE   (LST)  VALUE       VALUE  FROM      YEAR
                                                  NORMAL
..................................................................
TEMPERATURE (F)
 YESTERDAY
  MAXIMUM         83    400 PM  87    1952  69     14       69
  MINIMUM         50    551 AM  28    1908  44      6       45
  AVERAGE         67                        56     11       57

PRECIPITATION (IN)
  YESTERDAY        0.00          0.60 1948   0.02  -0.02     0.00
  MONTH TO DATE    0.20                      0.57  -0.37     0.52
  SINCE OCT 1     15.36                     16.46  -1.10    12.45
  SINCE JAN 1      9.00                     10.68  -1.68     7.72

SNOWFALL (IN)
  YESTERDAY        0.0           0.0  2002   0.0    0.0      0.0
                                      2001
                                      1999
  MONTH TO DATE    0.0                       0.0    0.0      0.0
  SINCE SEP 1      0.0                       0.0    0.0      0.0
  SINCE JUL 1      0.0                       0.0    0.0      0.0
  SNOW DEPTH       0

DEGREE DAYS
 HEATING
  YESTERDAY        0                         9     -9        8
  MONTH TO DATE  158                       144     14      168
  SINCE SEP 1    158                       144     14      168
  SINCE JUL 1    188                       209    -21      184

 COOLING
  YESTERDAY        2                         0      2        0
  MONTH TO DATE    4                        37    -33       20
  SINCE SEP 1      4                        37    -33       20
  SINCE JAN 1    491                       448     43      828
..................................................................


WIND (MPH)
  HIGHEST WIND SPEED    14   HIGHEST WIND DIRECTION     E (70)
  HIGHEST GUST SPEED    18   HIGHEST GUST DIRECTION    NE (60)
  AVERAGE WIND SPEED     6.6


SKY COVER
  POSSIBLE SUNSHINE  MM
  AVERAGE SKY COVER 0.4


WEATHER CONDITIONS
 THE FOLLOWING WEATHER WAS RECORDED YESTERDAY.
  NO SIGNIFICANT WEATHER WAS OBSERVED.


RELATIVE HUMIDITY (PERCENT)
 HIGHEST    71           400 AM
 LOWEST     26           400 PM
 AVERAGE    49

..........................................................


THE SPOKANE WA AIRPORT CLIMATE NORMALS FOR TODAY
                         NORMAL    RECORD    YEAR
 MAXIMUM TEMPERATURE (F)   68        87      1967
                                             1963
 MINIMUM TEMPERATURE (F)   43        28      1999
                                             1972


SUNRISE AND SUNSET
SEPTEMBER 27 2016.....SUNRISE   644 AM PDT   SUNSET   636 PM PDT
SEPTEMBER 28 2016.....SUNRISE   646 AM PDT   SUNSET   634 PM PDT


-  INDICATES NEGATIVE NUMBERS.
R  INDICATES RECORD WAS SET OR TIED.
MM INDICATES DATA IS MISSING.
T  INDICATES TRACE AMOUNT.




$$
