000
CDUS45 KRIW 230035
CLIGEY


CLIMATE REPORT
NATIONAL WEATHER SERVICE RIVERTON WY
535 PM MST WED FEB 22 2017


...................................

...THE GREYBULL WY CLIMATE SUMMARY FOR FEBRUARY 22 2017...
VALID TODAY AS OF 0500 PM LOCAL TIME.

CLIMATE NORMAL PERIOD 1981 TO 2010
CLIMATE RECORD PERIOD 1998 TO 2017


WEATHER ITEM   OBSERVED TIME   RECORD YEAR NORMAL DEPARTURE LAST
                VALUE   (LST)  VALUE       VALUE  FROM      YEAR
                                                  NORMAL
..................................................................
TEMPERATURE (F)
 TODAY
  MAXIMUM         46        MM  56    2000  39      7       49
  MINIMUM         31        MM -12    2011  14     17       21
  AVERAGE         39

PRECIPITATION (IN)
  TODAY            0.00          0.09 2012   0.00   0.00     0.00
  MONTH TO DATE    0.09                      0.13  -0.04      T
  SINCE DEC 1      0.23                      0.64  -0.41     0.12
  SINCE JAN 1      0.20                      0.36  -0.16     0.11

DEGREE DAYS
 HEATING
  TODAY           26                        38    -12       30
  MONTH TO DATE  899                       941    -42      668
  SINCE DEC 1   4442                      3898    544     3438
  SINCE JUL 1   5817                      5755     62     4955

 COOLING
  TODAY            0                         0      0        0
  MONTH TO DATE    0                         0      0        0
  SINCE DEC 1      0                         0      0        0
  SINCE JAN 1      0                         0      0        0
..................................................................


WIND (MPH)
  HIGHEST WIND SPEED    15   HIGHEST WIND DIRECTION    NW (320)
  HIGHEST GUST SPEED    MM   HIGHEST GUST DIRECTION    MM
  AVERAGE WIND SPEED     6.3


SKY COVER
  POSSIBLE SUNSHINE  MM
  AVERAGE SKY COVER 0.1


WEATHER CONDITIONS
 THE FOLLOWING WEATHER WAS RECORDED TODAY.
  NO SIGNIFICANT WEATHER WAS OBSERVED.


RELATIVE HUMIDITY (PERCENT)
 HIGHEST    78           700 AM
 LOWEST     37           100 PM
 AVERAGE    58

..........................................................


THE GREYBULL WY CLIMATE NORMALS FOR TOMORROW
                         NORMAL    RECORD    YEAR
 MAXIMUM TEMPERATURE (F)   40        54      2009
 MINIMUM TEMPERATURE (F)   15       -11      2003


SUNRISE AND SUNSET
FEBRUARY 22 2017......SUNRISE   701 AM MST   SUNSET   551 PM MST
FEBRUARY 23 2017......SUNRISE   659 AM MST   SUNSET   553 PM MST


-  INDICATES NEGATIVE NUMBERS.
R  INDICATES RECORD WAS SET OR TIED.
MM INDICATES DATA IS MISSING.
T  INDICATES TRACE AMOUNT.




$$
