000
CDUS45 KRIW 280740
CLIGEY


CLIMATE REPORT
NATIONAL WEATHER SERVICE RIVERTON WY
130 AM MDT THU JUL 28 2016


...................................

...THE GREYBULL WY CLIMATE SUMMARY FOR JULY 27 2016...

CLIMATE NORMAL PERIOD 1981 TO 2010
CLIMATE RECORD PERIOD 1998 TO 2016


WEATHER ITEM   OBSERVED TIME   RECORD YEAR NORMAL DEPARTURE LAST
                VALUE   (LST)  VALUE       VALUE  FROM      YEAR
                                                  NORMAL
..................................................................
TEMPERATURE (F)
 YESTERDAY
  MAXIMUM         94    506 PM 100    2006  92      2       91
  MINIMUM         62    603 AM  47    2005  58      4       53
  AVERAGE         78                        75      3       72

PRECIPITATION (IN)
  YESTERDAY        T             0.05 2009   0.02  -0.02      T
  MONTH TO DATE    0.06                      0.60  -0.54      T
  SINCE JUN 1      0.23                      1.80  -1.57     0.25
  SINCE JAN 1      2.52                      4.97  -2.45     1.83

DEGREE DAYS
 HEATING
  YESTERDAY        0                         0      0        0
  MONTH TO DATE    2                         1      1        0
  SINCE JUN 1      7                        71    -64        0
  SINCE JUL 1      2                         1      1        0

 COOLING
  YESTERDAY       13                        10      3        7
  MONTH TO DATE  271                       238     33      246
  SINCE JUN 1    533                       344    189      491
  SINCE JAN 1    544                       364    180      496
..................................................................


WIND (MPH)
  HIGHEST WIND SPEED    26   HIGHEST WIND DIRECTION     W (290)
  HIGHEST GUST SPEED    33   HIGHEST GUST DIRECTION    NW (300)
  AVERAGE WIND SPEED     6.8


SKY COVER
  POSSIBLE SUNSHINE  MM
  AVERAGE SKY COVER 0.1


WEATHER CONDITIONS
 THE FOLLOWING WEATHER WAS RECORDED YESTERDAY.
  THUNDERSTORM
  LIGHT RAIN


RELATIVE HUMIDITY (PERCENT)
 HIGHEST    56           600 AM
 LOWEST     13           300 PM
 AVERAGE    35

..........................................................


THE GREYBULL WY CLIMATE NORMALS FOR TODAY
                         NORMAL    RECORD    YEAR
 MAXIMUM TEMPERATURE (F)   92       104      1999
 MINIMUM TEMPERATURE (F)   58        47      2015


SUNRISE AND SUNSET
JULY 28 2016..........SUNRISE   555 AM MDT   SUNSET   842 PM MDT
JULY 29 2016..........SUNRISE   556 AM MDT   SUNSET   840 PM MDT


-  INDICATES NEGATIVE NUMBERS.
R  INDICATES RECORD WAS SET OR TIED.
MM INDICATES DATA IS MISSING.
T  INDICATES TRACE AMOUNT.




$$
