000
CDUS45 KRIW 020742
CLIGEY


CLIMATE REPORT
NATIONAL WEATHER SERVICE RIVERTON WY
1241 AM MST MON MAR 2 2015


...................................

...THE GREYBULL WY CLIMATE SUMMARY FOR MARCH 1 2015...

CLIMATE NORMAL PERIOD 1981 TO 2010
CLIMATE RECORD PERIOD 1998 TO 2015


WEATHER ITEM   OBSERVED TIME   RECORD YEAR NORMAL DEPARTURE LAST
                VALUE   (LST)  VALUE       VALUE  FROM      YEAR
                                                  NORMAL
..................................................................
TEMPERATURE (F)
 YESTERDAY
  MAXIMUM         32    424 PM  67    2008  44    -12        4
  MINIMUM          9    712 AM  -7    2014  18     -9       -7
  AVERAGE         21                        30     -9       -1

PRECIPITATION (IN)
  YESTERDAY        0.00          T    2008   0.01  -0.01      T
                                      2008
                                      2014
  MONTH TO DATE    0.00                      0.01  -0.01      T
  SINCE MAR 1      0.00                      0.01  -0.01      T
  SINCE JAN 1      0.26                      0.42  -0.16     0.26

DEGREE DAYS
 HEATING
  YESTERDAY       44                        35      9       66
  MONTH TO DATE   44                        35      9       66
  SINCE MAR 1     44                        35      9       66
  SINCE JUL 1   5688                      6006   -318     5953

 COOLING
  YESTERDAY        0                         0      0        0
  MONTH TO DATE    0                         0      0        0
  SINCE MAR 1      0                         0      0        0
  SINCE JAN 1      0                         0      0        0
..................................................................


WIND (MPH)
  HIGHEST WIND SPEED    12   HIGHEST WIND DIRECTION     S (170)
  HIGHEST GUST SPEED    17   HIGHEST GUST DIRECTION     S (190)
  AVERAGE WIND SPEED     4.5


SKY COVER
  POSSIBLE SUNSHINE  MM
  AVERAGE SKY COVER 0.1


WEATHER CONDITIONS
 THE FOLLOWING WEATHER WAS RECORDED YESTERDAY.
  NO SIGNIFICANT WEATHER WAS OBSERVED.


RELATIVE HUMIDITY (PERCENT)
 HIGHEST    84           800 AM
 LOWEST     27           200 PM
 AVERAGE    56

..........................................................


THE GREYBULL WY CLIMATE NORMALS FOR TODAY
                         NORMAL    RECORD    YEAR
 MAXIMUM TEMPERATURE (F)   44        60      2009
 MINIMUM TEMPERATURE (F)   18        -9      2014


SUNRISE AND SUNSET
MARCH  2 2015.........SUNRISE   648 AM MST   SUNSET   601 PM MST
MARCH  3 2015.........SUNRISE   646 AM MST   SUNSET   603 PM MST


-  INDICATES NEGATIVE NUMBERS.
R  INDICATES RECORD WAS SET OR TIED.
MM INDICATES DATA IS MISSING.
T  INDICATES TRACE AMOUNT.




$$
