000
CDUS45 KRIW 250749
CLIGEY


CLIMATE REPORT
NATIONAL WEATHER SERVICE RIVERTON WY
134 AM MDT SAT MAR 25 2017


...................................

...THE GREYBULL WY CLIMATE SUMMARY FOR MARCH 24 2017...

CLIMATE NORMAL PERIOD 1981 TO 2010
CLIMATE RECORD PERIOD 1998 TO 2017


WEATHER ITEM   OBSERVED TIME   RECORD YEAR NORMAL DEPARTURE LAST
                VALUE   (LST)  VALUE       VALUE  FROM      YEAR
                                                  NORMAL
..................................................................
TEMPERATURE (F)
 YESTERDAY
  MAXIMUM         61    409 PM  73    2004  54      7       55
  MINIMUM         30    611 AM  17    2013  26      4       28
  AVERAGE         46                        40      6       42

PRECIPITATION (IN)
  YESTERDAY        0.00          0.05 2016   0.02  -0.02     0.05
                                      2002                                                   MONTH TO DATE    0.23                      0.27  -0.04     0.08
  SINCE MAR 1      0.23                      0.27  -0.04     0.08
  SINCE JAN 1      0.44                      0.68  -0.24     0.19

DEGREE DAYS
 HEATING
  YESTERDAY       19                        25     -6       23
  MONTH TO DATE  517                       704   -187      574
  SINCE MAR 1    517                       704   -187      574
  SINCE JUL 1   6558                      6675   -117     5727

 COOLING
  YESTERDAY        0                         0      0        0
  MONTH TO DATE    0                         0      0        0
  SINCE MAR 1      0                         0      0        0
  SINCE JAN 1      0                         0      0        0
..................................................................


WIND (MPH)
  HIGHEST WIND SPEED    22   HIGHEST WIND DIRECTION    SE (150)
  HIGHEST GUST SPEED    27   HIGHEST GUST DIRECTION    SE (150)
  AVERAGE WIND SPEED     9.0


SKY COVER
  POSSIBLE SUNSHINE  MM
  AVERAGE SKY COVER 0.0


WEATHER CONDITIONS
 THE FOLLOWING WEATHER WAS RECORDED YESTERDAY.
  FOG


RELATIVE HUMIDITY (PERCENT)
 HIGHEST   100           200 AM
 LOWEST     28           500 PM
 AVERAGE    64

..........................................................


THE GREYBULL WY CLIMATE NORMALS FOR TODAY
                         NORMAL    RECORD    YEAR
 MAXIMUM TEMPERATURE (F)   55        75      1999
 MINIMUM TEMPERATURE (F)   26        12      2013


SUNRISE AND SUNSET
MARCH 25 2017.........SUNRISE   706 AM MDT   SUNSET   731 PM MDT
MARCH 26 2017.........SUNRISE   704 AM MDT   SUNSET   733 PM MDT


-  INDICATES NEGATIVE NUMBERS.
R  INDICATES RECORD WAS SET OR TIED.
MM INDICATES DATA IS MISSING.
T  INDICATES TRACE AMOUNT.




$$
