000
CDUS45 KRIW 280733
CLIGEY


CLIMATE REPORT
NATIONAL WEATHER SERVICE RIVERTON WY
133 AM MDT SUN AUG 28 2016


...................................

...THE GREYBULL WY CLIMATE SUMMARY FOR AUGUST 27 2016...

CLIMATE NORMAL PERIOD 1981 TO 2010
CLIMATE RECORD PERIOD 1998 TO 2016


WEATHER ITEM   OBSERVED TIME   RECORD YEAR NORMAL DEPARTURE LAST
                VALUE   (LST)  VALUE       VALUE  FROM      YEAR
                                                  NORMAL
..................................................................
TEMPERATURE (F)
 YESTERDAY
  MAXIMUM         84    509 PM  99    2011  86     -2       82
  MINIMUM         47    539 AM  42    2005  52     -5       63
  AVERAGE         66                        69     -3       73

PRECIPITATION (IN)
  YESTERDAY        0.00          T    2010   0.02  -0.02     0.01
                                      2010
                                      2013
  MONTH TO DATE    0.33                      0.33   0.00     0.09
  SINCE JUN 1      0.59                      2.19  -1.60     0.34
  SINCE JAN 1      2.88                      5.36  -2.48     1.92

DEGREE DAYS
 HEATING
  YESTERDAY        0                         1     -1        0
  MONTH TO DATE   17                         5     12       25
  SINCE JUN 1     24                        81    -57       28
  SINCE JUL 1     19                        11      8       28

 COOLING
  YESTERDAY        1                         5     -4        8
  MONTH TO DATE  208                       212     -4      202
  SINCE JUN 1    793                       595    198      709
  SINCE JAN 1    804                       615    189      714
..................................................................


WIND (MPH)
  HIGHEST WIND SPEED    12   HIGHEST WIND DIRECTION     E (100)
  HIGHEST GUST SPEED    15   HIGHEST GUST DIRECTION    SE (150)
  AVERAGE WIND SPEED     3.9


SKY COVER
  POSSIBLE SUNSHINE  MM
  AVERAGE SKY COVER 0.1


WEATHER CONDITIONS
 THE FOLLOWING WEATHER WAS RECORDED YESTERDAY.
  NO SIGNIFICANT WEATHER WAS OBSERVED.


RELATIVE HUMIDITY (PERCENT)
 HIGHEST    71           400 AM
 LOWEST     13           400 PM
 AVERAGE    42

..........................................................


THE GREYBULL WY CLIMATE NORMALS FOR TODAY
                         NORMAL    RECORD    YEAR
 MAXIMUM TEMPERATURE (F)   86        98      2012
 MINIMUM TEMPERATURE (F)   51        42      2004


SUNRISE AND SUNSET
AUGUST 28 2016........SUNRISE   631 AM MDT   SUNSET   755 PM MDT
AUGUST 29 2016........SUNRISE   632 AM MDT   SUNSET   753 PM MDT


-  INDICATES NEGATIVE NUMBERS.
R  INDICATES RECORD WAS SET OR TIED.
MM INDICATES DATA IS MISSING.
T  INDICATES TRACE AMOUNT.




$$
