000
CDUS43 KIND 260531
CLIGEZ


CLIMATE REPORT
NATIONAL WEATHER SERVICE INDIANAPOLIS IN
131 AM EDT SUN OCT 26 2014


...................................

...THE SHELBYVILLE IN CLIMATE SUMMARY FOR OCTOBER 25 2014...

CLIMATE NORMAL PERIOD 1981 TO 2010
CLIMATE RECORD PERIOD 9999 TO 9999


WEATHER ITEM   OBSERVED TIME   NORMAL DEPARTURE LAST
                VALUE   (LST)  VALUE  FROM      YEAR
                                      NORMAL
......................................................
TEMPERATURE (F)
 YESTERDAY
  MAXIMUM         78    352 PM  63     15       50
  MINIMUM         50    240 AM  40     10       28
  AVERAGE         64            51     13       39

PRECIPITATION (IN)
  YESTERDAY        0.00          0.09  -0.09     0.00
  MONTH TO DATE    3.18          2.57   0.61     2.98
  SINCE SEP 1      5.90          5.74   0.16     5.01
  SINCE JAN 1     32.81         36.02  -3.21    26.42

DEGREE DAYS
 HEATING
  YESTERDAY        1            14    -13       26
  MONTH TO DATE  228           263    -35      220
  SINCE SEP 1    293           342    -49      251
  SINCE JUL 1    298           348    -50      259

 COOLING
  YESTERDAY        0             0      0        0
  MONTH TO DATE   12            11      1       35
  SINCE SEP 1    109           104      5      194
  SINCE JAN 1   1079           910    169     1179
......................................................


WIND (MPH)
  HIGHEST WIND SPEED    18   HIGHEST WIND DIRECTION     W (280)
  HIGHEST GUST SPEED    23   HIGHEST GUST DIRECTION     W (280)
  AVERAGE WIND SPEED     8.5


SKY COVER
  AVERAGE SKY COVER 0.3


WEATHER CONDITIONS
 THE FOLLOWING WEATHER WAS RECORDED YESTERDAY.
  FOG
  HAZE


RELATIVE HUMIDITY (PERCENT)
 HIGHEST    89           300 AM
 LOWEST     36           400 PM
 AVERAGE    63

..........................................................


THE SHELBYVILLE IN CLIMATE NORMALS FOR TODAY
                         NORMAL
 MAXIMUM TEMPERATURE (F)   62
 MINIMUM TEMPERATURE (F)   40


SUNRISE AND SUNSET
OCTOBER 26 2014.......SUNRISE   805 AM EDT   SUNSET   649 PM EDT
OCTOBER 27 2014.......SUNRISE   806 AM EDT   SUNSET   648 PM EDT


-  INDICATES NEGATIVE NUMBERS.
R  INDICATES RECORD WAS SET OR TIED.
MM INDICATES DATA IS MISSING.
T  INDICATES TRACE AMOUNT.




$$
