000
CDUS43 KIND 290530
CLIGEZ


CLIMATE REPORT
NATIONAL WEATHER SERVICE INDIANAPOLIS IN
130 AM EDT THU SEP 29 2016


...................................

...THE SHELBYVILLE IN CLIMATE SUMMARY FOR SEPTEMBER 28 2016...

CLIMATE NORMAL PERIOD 1981 TO 2010
CLIMATE RECORD PERIOD 9999 TO 9999


WEATHER ITEM   OBSERVED TIME   NORMAL DEPARTURE LAST
                VALUE   (LST)  VALUE  FROM      YEAR
                                      NORMAL
......................................................
TEMPERATURE (F)
 YESTERDAY
  MAXIMUM         65    132 PM  73     -8       87
  MINIMUM         54   1159 PM  48      6       59
  AVERAGE         60            60      0       73

PRECIPITATION (IN)
  YESTERDAY        0.49          0.11   0.38     0.00
  MONTH TO DATE    3.67          2.94   0.73     0.88
  SINCE SEP 1      3.67          2.94   0.73     0.88
  SINCE JAN 1     36.86         33.22   3.64    31.85

DEGREE DAYS
 HEATING
  YESTERDAY        5             6     -1        0
  MONTH TO DATE    9            66    -57       13
  SINCE SEP 1      9            66    -57       13
  SINCE JUL 1     11            72    -61       15

 COOLING
  YESTERDAY        0             1     -1        8
  MONTH TO DATE  218            92    126      184
  SINCE SEP 1    218            92    126      184
  SINCE JAN 1   1397           898    499     1202
......................................................


WIND (MPH)
  HIGHEST WIND SPEED    14   HIGHEST WIND DIRECTION    NW (310)
  HIGHEST GUST SPEED    19   HIGHEST GUST DIRECTION    NW (310)
  AVERAGE WIND SPEED     6.1


SKY COVER
  AVERAGE SKY COVER 0.9


WEATHER CONDITIONS
 THE FOLLOWING WEATHER WAS RECORDED YESTERDAY.
  THUNDERSTORM
  HEAVY RAIN
  RAIN
  LIGHT RAIN
  FOG


RELATIVE HUMIDITY (PERCENT)
 HIGHEST    87           900 AM
 LOWEST     67           300 PM
 AVERAGE    77

..........................................................


THE SHELBYVILLE IN CLIMATE NORMALS FOR TODAY
                         NORMAL
 MAXIMUM TEMPERATURE (F)   73
 MINIMUM TEMPERATURE (F)   48


SUNRISE AND SUNSET
SEPTEMBER 29 2016.....SUNRISE   738 AM EDT   SUNSET   728 PM EDT
SEPTEMBER 30 2016.....SUNRISE   739 AM EDT   SUNSET   726 PM EDT


-  INDICATES NEGATIVE NUMBERS.
R  INDICATES RECORD WAS SET OR TIED.
MM INDICATES DATA IS MISSING.
T  INDICATES TRACE AMOUNT.




$$
