000
CDUS43 KIND 250532
CLIGEZ


CLIMATE REPORT
NATIONAL WEATHER SERVICE INDIANAPOLIS IN
1231 AM EST SAT FEB 25 2017


...................................

...THE SHELBYVILLE IN CLIMATE SUMMARY FOR FEBRUARY 24 2017...

CLIMATE NORMAL PERIOD 1981 TO 2010
CLIMATE RECORD PERIOD 9999 TO 9999


WEATHER ITEM   OBSERVED TIME   NORMAL DEPARTURE LAST
                VALUE   (LST)  VALUE  FROM      YEAR
                                      NORMAL
......................................................
TEMPERATURE (F)
 YESTERDAY
  MAXIMUM         78    209 PM  43     35       40
  MINIMUM         49   1159 PM  25     24       35
  AVERAGE         64            34     30       38

PRECIPITATION (IN)
  YESTERDAY        0.02          0.08  -0.06     1.98
  MONTH TO DATE    0.76          2.04  -1.28     3.12
  SINCE DEC 1      7.01          7.70  -0.69    10.64
  SINCE JAN 1      4.82          4.43   0.39     4.48

DEGREE DAYS
 HEATING
  YESTERDAY        1            31    -30       27
  MONTH TO DATE  500           813   -313      697
  SINCE DEC 1   2411          2967   -556     2335
  SINCE JUL 1   3097          4042   -945     3062

 COOLING
  YESTERDAY        0             0      0        0
  MONTH TO DATE    0             0      0        0
  SINCE DEC 1      0             0      0        1
  SINCE JAN 1      0             0      0        0
......................................................


WIND (MPH)
  HIGHEST WIND SPEED    33   HIGHEST WIND DIRECTION    SW (210)
  HIGHEST GUST SPEED    41   HIGHEST GUST DIRECTION    SW (210)
  AVERAGE WIND SPEED    17.0


SKY COVER
  AVERAGE SKY COVER 0.3


WEATHER CONDITIONS
 THE FOLLOWING WEATHER WAS RECORDED YESTERDAY.
  THUNDERSTORM
  RAIN
  LIGHT RAIN


RELATIVE HUMIDITY (PERCENT)
 HIGHEST    80           700 AM
 LOWEST     39           200 PM
 AVERAGE    60

..........................................................


THE SHELBYVILLE IN CLIMATE NORMALS FOR TODAY
                         NORMAL
 MAXIMUM TEMPERATURE (F)   43
 MINIMUM TEMPERATURE (F)   26


SUNRISE AND SUNSET
FEBRUARY 25 2017......SUNRISE   722 AM EST   SUNSET   631 PM EST
FEBRUARY 26 2017......SUNRISE   720 AM EST   SUNSET   632 PM EST


-  INDICATES NEGATIVE NUMBERS.
R  INDICATES RECORD WAS SET OR TIED.
MM INDICATES DATA IS MISSING.
T  INDICATES TRACE AMOUNT.




$$
