000
CDUS43 KIND 300532
CLIGEZ


CLIMATE REPORT
NATIONAL WEATHER SERVICE INDIANAPOLIS IN
131 AM EDT THU MAR 30 2017


...................................

...THE SHELBYVILLE IN CLIMATE SUMMARY FOR MARCH 29 2017...

CLIMATE NORMAL PERIOD 1981 TO 2010
CLIMATE RECORD PERIOD 9999 TO 9999


WEATHER ITEM   OBSERVED TIME   NORMAL DEPARTURE LAST
                VALUE   (LST)  VALUE  FROM      YEAR
                                      NORMAL
......................................................
TEMPERATURE (F)
 YESTERDAY
  MAXIMUM         61    450 PM  57      4       59
  MINIMUM         46    744 AM  37      9       34
  AVERAGE         54            47      7       47

PRECIPITATION (IN)
  YESTERDAY        0.00          0.14  -0.14     0.00
  MONTH TO DATE    3.52          3.14   0.38     4.03
  SINCE MAR 1      3.52          3.14   0.38     4.03
  SINCE JAN 1      8.96          7.89   1.07     8.67

DEGREE DAYS
 HEATING
  YESTERDAY       11            18     -7       18
  MONTH TO DATE  608           685    -77      435
  SINCE MAR 1    608           685    -77      435
  SINCE JUL 1   3791          4848  -1057     3604

 COOLING
  YESTERDAY        0             0      0        0
  MONTH TO DATE    4             0      4        0
  SINCE MAR 1      4             0      4        0
  SINCE JAN 1      4             0      4        0
......................................................


WIND (MPH)
  HIGHEST WIND SPEED    21   HIGHEST WIND DIRECTION     E (80)
  HIGHEST GUST SPEED    25   HIGHEST GUST DIRECTION     E (80)
  AVERAGE WIND SPEED    13.2


SKY COVER
  AVERAGE SKY COVER 0.6


WEATHER CONDITIONS
 THE FOLLOWING WEATHER WAS RECORDED YESTERDAY.
  FOG


RELATIVE HUMIDITY (PERCENT)
 HIGHEST    83          1200 AM
 LOWEST     53           600 PM
 AVERAGE    68

..........................................................


THE SHELBYVILLE IN CLIMATE NORMALS FOR TODAY
                         NORMAL
 MAXIMUM TEMPERATURE (F)   58
 MINIMUM TEMPERATURE (F)   37


SUNRISE AND SUNSET
MARCH 30 2017.........SUNRISE   730 AM EDT   SUNSET   806 PM EDT
MARCH 31 2017.........SUNRISE   729 AM EDT   SUNSET   807 PM EDT


-  INDICATES NEGATIVE NUMBERS.
R  INDICATES RECORD WAS SET OR TIED.
MM INDICATES DATA IS MISSING.
T  INDICATES TRACE AMOUNT.




$$
