000
CDUS43 KIND 220621
CLIGEZ


CLIMATE REPORT
NATIONAL WEATHER SERVICE INDIANAPOLIS IN
221 AM EDT WED OCT 22 2014


...................................

...THE SHELBYVILLE IN CLIMATE SUMMARY FOR OCTOBER 21 2014...

CLIMATE NORMAL PERIOD 1981 TO 2010
CLIMATE RECORD PERIOD 9999 TO 9999


WEATHER ITEM   OBSERVED TIME   NORMAL DEPARTURE LAST
                VALUE   (LST)  VALUE  FROM      YEAR
                                      NORMAL
......................................................
TEMPERATURE (F)
 YESTERDAY
  MAXIMUM         58    151 PM  64     -6       65
  MINIMUM         46   1146 PM  41      5       42
  AVERAGE         52            52      0       54

PRECIPITATION (IN)
  YESTERDAY        0.00          0.10  -0.10      T
  MONTH TO DATE    3.18          2.18   1.00     2.80
  SINCE SEP 1      5.90          5.35   0.55     4.83
  SINCE JAN 1     32.81         35.63  -2.82    26.24

DEGREE DAYS
 HEATING
  YESTERDAY       13            13      0       11
  MONTH TO DATE  180           209    -29      123
  SINCE SEP 1    245           288    -43      154
  SINCE JUL 1    250           294    -44      162

 COOLING
  YESTERDAY        0             0      0        0
  MONTH TO DATE   12            11      1       35
  SINCE SEP 1    109           104      5      194
  SINCE JAN 1   1079           910    169     1179
......................................................


WIND (MPH)
  HIGHEST WIND SPEED    18   HIGHEST WIND DIRECTION    NW (330)
  HIGHEST GUST SPEED    22   HIGHEST GUST DIRECTION    NW (330)
  AVERAGE WIND SPEED     8.4


SKY COVER
  AVERAGE SKY COVER 0.8


WEATHER CONDITIONS
 THE FOLLOWING WEATHER WAS RECORDED YESTERDAY.
  NO SIGNIFICANT WEATHER WAS OBSERVED.


RELATIVE HUMIDITY (PERCENT)
 HIGHEST    86           200 AM
 LOWEST     51           100 PM
 AVERAGE    69

..........................................................


THE SHELBYVILLE IN CLIMATE NORMALS FOR TODAY
                         NORMAL
 MAXIMUM TEMPERATURE (F)   64
 MINIMUM TEMPERATURE (F)   41


SUNRISE AND SUNSET
OCTOBER 22 2014.......SUNRISE   801 AM EDT   SUNSET   654 PM EDT
OCTOBER 23 2014.......SUNRISE   802 AM EDT   SUNSET   653 PM EDT


-  INDICATES NEGATIVE NUMBERS.
R  INDICATES RECORD WAS SET OR TIED.
MM INDICATES DATA IS MISSING.
T  INDICATES TRACE AMOUNT.




$$
