000
CDUS43 KIND 270539
CLIGEZ


CLIMATE REPORT
NATIONAL WEATHER SERVICE INDIANAPOLIS IN
139 AM EDT WED JUL 27 2016


...................................

...THE SHELBYVILLE IN CLIMATE SUMMARY FOR JULY 26 2016...

CLIMATE NORMAL PERIOD 1981 TO 2010
CLIMATE RECORD PERIOD 9999 TO 9999


WEATHER ITEM   OBSERVED TIME   NORMAL DEPARTURE LAST
                VALUE   (LST)  VALUE  FROM      YEAR
                                      NORMAL
......................................................
TEMPERATURE (F)
 YESTERDAY
  MAXIMUM         84    609 PM  84      0       86
  MINIMUM         71   1159 PM  64      7       71
  AVERAGE         78            74      4       79

PRECIPITATION (IN)
  YESTERDAY        0.20          0.14   0.06     2.20
  MONTH TO DATE    5.08          4.02   1.06     7.72
  SINCE JUN 1      9.23          8.42   0.81    15.54
  SINCE JAN 1     25.77         26.20  -0.43    29.58

DEGREE DAYS
 HEATING
  YESTERDAY        0             0      0        0
  MONTH TO DATE    2             0      2        0
  SINCE JUN 1      2            15    -13       21
  SINCE JUL 1      2             0      2        0

 COOLING
  YESTERDAY       13             9      4       14
  MONTH TO DATE  293           234     59      240
  SINCE JUN 1    607           443    164      531
  SINCE JAN 1    730           524    206      719
......................................................


WIND (MPH)
  HIGHEST WIND SPEED     8   HIGHEST WIND DIRECTION    NE (50)
  HIGHEST GUST SPEED    10   HIGHEST GUST DIRECTION     E (70)
  AVERAGE WIND SPEED     3.5


SKY COVER
  AVERAGE SKY COVER 0.4


WEATHER CONDITIONS
 THE FOLLOWING WEATHER WAS RECORDED YESTERDAY.
  THUNDERSTORM
  RAIN
  LIGHT RAIN
  FOG


RELATIVE HUMIDITY (PERCENT)
 HIGHEST    93          1200 PM
 LOWEST     63           600 PM
 AVERAGE    78

..........................................................


THE SHELBYVILLE IN CLIMATE NORMALS FOR TODAY
                         NORMAL
 MAXIMUM TEMPERATURE (F)   84
 MINIMUM TEMPERATURE (F)   64


SUNRISE AND SUNSET
JULY 27 2016..........SUNRISE   639 AM EDT   SUNSET   900 PM EDT
JULY 28 2016..........SUNRISE   639 AM EDT   SUNSET   859 PM EDT


-  INDICATES NEGATIVE NUMBERS.
R  INDICATES RECORD WAS SET OR TIED.
MM INDICATES DATA IS MISSING.
T  INDICATES TRACE AMOUNT.




$$
