000
CDUS43 KIND 060533
CLIGEZ


CLIMATE REPORT
NATIONAL WEATHER SERVICE INDIANAPOLIS IN
1232 AM EST FRI MAR 6 2015


...................................

...THE SHELBYVILLE IN CLIMATE SUMMARY FOR MARCH 5 2015...

CLIMATE NORMAL PERIOD 1981 TO 2010
CLIMATE RECORD PERIOD 9999 TO 9999


WEATHER ITEM   OBSERVED TIME   NORMAL DEPARTURE LAST
                VALUE   (LST)  VALUE  FROM      YEAR
                                      NORMAL
......................................................
TEMPERATURE (F)
 YESTERDAY
  MAXIMUM         25    155 PM  47    -22       34
  MINIMUM          7   1058 PM  28    -21       19
  AVERAGE         16            37    -21       27

PRECIPITATION (IN)
  YESTERDAY        0.00          0.09  -0.09     0.00
  MONTH TO DATE    1.01          0.41   0.60     0.19
  SINCE MAR 1      1.01          0.41   0.60     0.19
  SINCE JAN 1      4.03          5.16  -1.13     4.07

DEGREE DAYS
 HEATING
  YESTERDAY       49            28     21       38
  MONTH TO DATE  191           142     49      200
  SINCE MAR 1    191           142     49      200
  SINCE JUL 1   4632          4305    327     4698

 COOLING
  YESTERDAY        0             0      0        0
  MONTH TO DATE    0             0      0        0
  SINCE MAR 1      0             0      0        0
  SINCE JAN 1      0             0      0        0
......................................................


WIND (MPH)
  HIGHEST WIND SPEED    15   HIGHEST WIND DIRECTION     N (350)
  HIGHEST GUST SPEED    18   HIGHEST GUST DIRECTION     N (350)
  AVERAGE WIND SPEED     8.4


SKY COVER
  AVERAGE SKY COVER 0.5


WEATHER CONDITIONS
 THE FOLLOWING WEATHER WAS RECORDED YESTERDAY.
  NO SIGNIFICANT WEATHER WAS OBSERVED.


RELATIVE HUMIDITY (PERCENT)
 HIGHEST    76           900 PM
 LOWEST     50          1200 PM
 AVERAGE    63

..........................................................


THE SHELBYVILLE IN CLIMATE NORMALS FOR TODAY
                         NORMAL
 MAXIMUM TEMPERATURE (F)   47
 MINIMUM TEMPERATURE (F)   28


SUNRISE AND SUNSET
MARCH  6 2015.........SUNRISE   709 AM EST   SUNSET   640 PM EST
MARCH  7 2015.........SUNRISE   708 AM EST   SUNSET   642 PM EST


-  INDICATES NEGATIVE NUMBERS.
R  INDICATES RECORD WAS SET OR TIED.
MM INDICATES DATA IS MISSING.
T  INDICATES TRACE AMOUNT.




$$
