000
CDUS43 KIND 200542
CLIGEZ


CLIMATE REPORT
NATIONAL WEATHER SERVICE INDIANAPOLIS IN
1242 AM EST FRI JAN 20 2017


...................................

...THE SHELBYVILLE IN CLIMATE SUMMARY FOR JANUARY 19 2017...

CLIMATE NORMAL PERIOD 1981 TO 2010
CLIMATE RECORD PERIOD 9999 TO 9999


WEATHER ITEM   OBSERVED TIME   NORMAL DEPARTURE LAST
                VALUE   (LST)  VALUE  FROM      YEAR
                                      NORMAL
......................................................
TEMPERATURE (F)
 YESTERDAY
  MAXIMUM         47    652 PM  36     11       20
  MINIMUM         36    817 AM  21     15        6
  AVERAGE         42            29     13       13

PRECIPITATION (IN)
  YESTERDAY        0.83          0.08   0.75      T
  MONTH TO DATE    3.41          1.72   1.69     1.12
  SINCE DEC 1      5.60          4.99   0.61     7.28
  SINCE JAN 1      3.41          1.72   1.69     1.12

DEGREE DAYS
 HEATING
  YESTERDAY       23            36    -13       52
  MONTH TO DATE  588           684    -96      614
  SINCE DEC 1   1617          1713    -96     1247
  SINCE JUL 1   2303          2788   -485     1974

 COOLING
  YESTERDAY        0             0      0        0
  MONTH TO DATE    0             0      0        0
  SINCE DEC 1      0             0      0        1
  SINCE JAN 1      0             0      0        0
......................................................


WIND (MPH)
  HIGHEST WIND SPEED    14   HIGHEST WIND DIRECTION     E (90)
  HIGHEST GUST SPEED    17   HIGHEST GUST DIRECTION     E (100)
  AVERAGE WIND SPEED     7.2


SKY COVER
  AVERAGE SKY COVER 0.9


WEATHER CONDITIONS
 THE FOLLOWING WEATHER WAS RECORDED YESTERDAY.
  HEAVY RAIN
  RAIN
  LIGHT RAIN
  FOG
  HAZE


RELATIVE HUMIDITY (PERCENT)
 HIGHEST    92           800 AM
 LOWEST     76           100 PM
 AVERAGE    84

..........................................................


THE SHELBYVILLE IN CLIMATE NORMALS FOR TODAY
                         NORMAL
 MAXIMUM TEMPERATURE (F)   36
 MINIMUM TEMPERATURE (F)   21


SUNRISE AND SUNSET
JANUARY 20 2017.......SUNRISE   800 AM EST   SUNSET   549 PM EST
JANUARY 21 2017.......SUNRISE   759 AM EST   SUNSET   551 PM EST


-  INDICATES NEGATIVE NUMBERS.
R  INDICATES RECORD WAS SET OR TIED.
MM INDICATES DATA IS MISSING.
T  INDICATES TRACE AMOUNT.




$$
