000
CDUS43 KIND 170535
CLIGEZ


CLIMATE REPORT
NATIONAL WEATHER SERVICE INDIANAPOLIS IN
133 AM EDT TUE OCT 17 2017


...................................

...THE SHELBYVILLE IN CLIMATE SUMMARY FOR OCTOBER 16 2017...

CLIMATE NORMAL PERIOD 1981 TO 2010
CLIMATE RECORD PERIOD 9999 TO 9999


WEATHER ITEM   OBSERVED TIME   NORMAL DEPARTURE LAST
                VALUE   (LST)  VALUE  FROM      YEAR
                                      NORMAL
......................................................
TEMPERATURE (F)
 YESTERDAY
  MAXIMUM         63    340 PM  66     -3       80
  MINIMUM         42   1159 PM  42      0       63
  AVERAGE         53            54     -1       72

PRECIPITATION (IN)
  YESTERDAY        0.00          0.11  -0.11     0.01
  MONTH TO DATE    3.78          1.68   2.10     0.08
  SINCE SEP 1      5.54          4.85   0.69     3.88
  SINCE JAN 1     38.43         35.13   3.30    37.07

DEGREE DAYS
 HEATING
  YESTERDAY       12            11      1        0
  MONTH TO DATE   30           148   -118       48
  SINCE SEP 1     80           227   -147       61
  SINCE JUL 1     80           233   -153       63

 COOLING
  YESTERDAY        0             0      0        7
  MONTH TO DATE   47            11     36       39
  SINCE SEP 1    193           104     89      257
  SINCE JAN 1   1129           910    219     1436
......................................................


WIND (MPH)
  HIGHEST WIND SPEED    13   HIGHEST WIND DIRECTION    NW (300)
  HIGHEST GUST SPEED    17   HIGHEST GUST DIRECTION     W (290)
  AVERAGE WIND SPEED     4.2


SKY COVER
  AVERAGE SKY COVER 0.2


WEATHER CONDITIONS
 THE FOLLOWING WEATHER WAS RECORDED YESTERDAY.
  NO SIGNIFICANT WEATHER WAS OBSERVED.


RELATIVE HUMIDITY (PERCENT)
 HIGHEST    86           400 AM
 LOWEST     34           200 PM
 AVERAGE    60

..........................................................


THE SHELBYVILLE IN CLIMATE NORMALS FOR TODAY
                         NORMAL
 MAXIMUM TEMPERATURE (F)   65
 MINIMUM TEMPERATURE (F)   42


SUNRISE AND SUNSET
OCTOBER 17 2017.......SUNRISE   756 AM EDT   SUNSET   701 PM EDT
OCTOBER 18 2017.......SUNRISE   757 AM EDT   SUNSET   659 PM EDT


-  INDICATES NEGATIVE NUMBERS.
R  INDICATES RECORD WAS SET OR TIED.
MM INDICATES DATA IS MISSING.
T  INDICATES TRACE AMOUNT.




$$
