000
CDUS43 KIND 010533
CLIGEZ


CLIMATE REPORT
NATIONAL WEATHER SERVICE INDIANAPOLIS IN
133 AM EDT WED JUL 1 2015


...................................

...THE SHELBYVILLE IN CLIMATE SUMMARY FOR JUNE 30 2015...

CLIMATE NORMAL PERIOD 1981 TO 2010
CLIMATE RECORD PERIOD 9999 TO 9999


WEATHER ITEM   OBSERVED TIME   NORMAL DEPARTURE LAST
                VALUE   (LST)  VALUE  FROM      YEAR
                                      NORMAL
......................................................
TEMPERATURE (F)
 YESTERDAY
  MAXIMUM         83    432 PM  85     -2       87
  MINIMUM         64   1159 PM  63      1       69
  AVERAGE         74            74      0       78

PRECIPITATION (IN)
  YESTERDAY        0.19          0.11   0.08     0.11
  MONTH TO DATE    7.82          4.40   3.42     5.40
  SINCE JUN 1      7.82          4.40   3.42     5.40
  SINCE JAN 1     21.86         22.18  -0.32    20.89

DEGREE DAYS
 HEATING
  YESTERDAY        0             0      0        0
  MONTH TO DATE   21            11     10        1
  SINCE JUN 1     21            15      6        1
  SINCE JUL 1   5577          5410    167     5703

 COOLING
  YESTERDAY        9             9      0       13
  MONTH TO DATE  291           209     82      316
  SINCE JUN 1    291           209     82      316
  SINCE JAN 1    479           290    189      479
......................................................


WIND (MPH)
  HIGHEST WIND SPEED    22   HIGHEST WIND DIRECTION     W (270)
  HIGHEST GUST SPEED    27   HIGHEST GUST DIRECTION     W (260)
  AVERAGE WIND SPEED     7.8


SKY COVER
  AVERAGE SKY COVER 0.3


WEATHER CONDITIONS
 THE FOLLOWING WEATHER WAS RECORDED YESTERDAY.
  THUNDERSTORM
  HEAVY RAIN
  RAIN
  LIGHT RAIN
  FOG


RELATIVE HUMIDITY (PERCENT)
 HIGHEST    93           200 AM
 LOWEST     55           200 PM
 AVERAGE    74

..........................................................


THE SHELBYVILLE IN CLIMATE NORMALS FOR TODAY
                         NORMAL
 MAXIMUM TEMPERATURE (F)   85
 MINIMUM TEMPERATURE (F)   64


SUNRISE AND SUNSET
JULY  1 2015..........SUNRISE   619 AM EDT   SUNSET   915 PM EDT
JULY  2 2015..........SUNRISE   620 AM EDT   SUNSET   914 PM EDT


-  INDICATES NEGATIVE NUMBERS.
R  INDICATES RECORD WAS SET OR TIED.
MM INDICATES DATA IS MISSING.
T  INDICATES TRACE AMOUNT.




$$
