000
CDUS43 KFGF 030632
CLIGFK


CLIMATE REPORT
NATIONAL WEATHER SERVICE EASTERN NORTH DAKOTA/GRAND FORKS
131 AM CDT THU SEP 3 2015


...................................

...THE GRAND FORKS INTL AP ND CLIMATE SUMMARY FOR SEPTEMBER 2 2015...

CLIMATE NORMAL PERIOD 1981 TO 2010
CLIMATE RECORD PERIOD 1941 TO 2015


WEATHER ITEM   OBSERVED TIME   RECORD YEAR NORMAL DEPARTURE LAST
                VALUE   (LST)  VALUE       VALUE  FROM      YEAR
                                                  NORMAL
..................................................................
TEMPERATURE (F)
 YESTERDAY
  MAXIMUM         90    354 PM 103    1983  76     14       79
  MINIMUM         63    433 AM  34    1946  50     13       51
  AVERAGE         77                        63     14       65

PRECIPITATION (IN)
  YESTERDAY        0.00          2.47 1957   0.07  -0.07     0.04
  MONTH TO DATE    0.00                      0.15  -0.15     0.04
  SINCE SEP 1      0.00                      0.15  -0.15     0.04
  SINCE JAN 1     16.81                     15.38   1.43    20.72

SNOWFALL (IN)
  YESTERDAY        0.0           0.0    MM   0.0    0.0      0.0
  MONTH TO DATE    0.0                       0.0    0.0      0.0
  SINCE SEP 1      0.0                       0.0    0.0      0.0
  SINCE JUL 1      0.0                       0.0    0.0      0.0
  SNOW DEPTH       0

DEGREE DAYS
 HEATING
  YESTERDAY        0                         4     -4        0
  MONTH TO DATE    0                         8     -8        1
  SINCE SEP 1      0                         8     -8        1
  SINCE JUL 1     64                        90    -26       55

 COOLING
  YESTERDAY       12                         2     10        0
  MONTH TO DATE   16                         4     12        0
  SINCE SEP 1     16                         4     12        0
  SINCE JAN 1    413                       356     57      361
..................................................................


WIND (MPH)
  HIGHEST WIND SPEED    22   HIGHEST WIND DIRECTION    SE (150)
  HIGHEST GUST SPEED    26   HIGHEST GUST DIRECTION    SE (140)
  AVERAGE WIND SPEED    11.1


SKY COVER
  POSSIBLE SUNSHINE  MM
  AVERAGE SKY COVER 0.2


WEATHER CONDITIONS
 THE FOLLOWING WEATHER WAS RECORDED YESTERDAY.
  FOG
  FOG W/VISIBILITY <= 1/4 MILE


RELATIVE HUMIDITY (PERCENT)
 HIGHEST   100           600 AM
 LOWEST     41           400 PM
 AVERAGE    71

..........................................................


THE GRAND FORKS INTL AP ND CLIMATE NORMALS FOR TODAY
                         NORMAL    RECORD    YEAR
 MAXIMUM TEMPERATURE (F)   75        96      1948
 MINIMUM TEMPERATURE (F)   49        33      1974


SUNRISE AND SUNSET
SEPTEMBER  3 2015.....SUNRISE   649 AM CDT   SUNSET   806 PM CDT
SEPTEMBER  4 2015.....SUNRISE   651 AM CDT   SUNSET   804 PM CDT


-  INDICATES NEGATIVE NUMBERS.
R  INDICATES RECORD WAS SET OR TIED.
MM INDICATES DATA IS MISSING.
T  INDICATES TRACE AMOUNT.




$$
