000
CDUS43 KFGF 092252
CLIGFK


CLIMATE REPORT
NATIONAL WEATHER SERVICE EASTERN NORTH DAKOTA/GRAND FORKS
451 PM CST FRI DEC 9 2016


...................................

...THE GRAND FORKS INTL AP ND CLIMATE SUMMARY FOR DECEMBER 9 2016...
VALID TODAY AS OF 0400 PM LOCAL TIME.

CLIMATE NORMAL PERIOD 1981 TO 2010
CLIMATE RECORD PERIOD 1941 TO 2016


WEATHER ITEM   OBSERVED TIME   RECORD YEAR NORMAL DEPARTURE LAST
                VALUE   (LST)  VALUE       VALUE  FROM      YEAR
                                                  NORMAL
..................................................................
TEMPERATURE (F)
 TODAY
  MAXIMUM          8    344 AM  56    1990  22    -14       43
  MINIMUM          0    359 PM -28    1977   5     -5       24
  AVERAGE          4                        14    -10       34

PRECIPITATION (IN)
  TODAY            0.00          0.19 1993   0.02  -0.02     0.02
  MONTH TO DATE    0.70                      0.18   0.52     0.28
  SINCE DEC 1      0.70                      0.18   0.52     0.28
  SINCE JAN 1     25.82                     20.38   5.44    20.53

SNOWFALL (IN)
  TODAY            0.0           3.0  1993   0.4   -0.4      0.0
  MONTH TO DATE   17.6                       3.0   14.6      4.3
  SINCE DEC 1     17.6                       3.0   14.6      4.3
  SINCE JUL 1     18.7                      12.2    6.5      7.0
  SNOW DEPTH       8

DEGREE DAYS
 HEATING
  TODAY           61                        52      9       31
  MONTH TO DATE  372                       448    -76      333
  SINCE DEC 1    372                       448    -76      333
  SINCE JUL 1   1840                      2647   -807     1998

 COOLING
  TODAY            0                         0      0        0
  MONTH TO DATE    0                         0      0        0
  SINCE DEC 1      0                         0      0        0
  SINCE JAN 1    434                       379     55      476
..................................................................


WIND (MPH)
  HIGHEST WIND SPEED    14   HIGHEST WIND DIRECTION    NW (300)
  HIGHEST GUST SPEED    15   HIGHEST GUST DIRECTION     W (290)
  AVERAGE WIND SPEED     9.4


SKY COVER
  POSSIBLE SUNSHINE  MM
  AVERAGE SKY COVER 0.7


WEATHER CONDITIONS
 THE FOLLOWING WEATHER WAS RECORDED TODAY.
  LIGHT SNOW


RELATIVE HUMIDITY (PERCENT)
 HIGHEST    79           600 AM
 LOWEST     65           400 PM
 AVERAGE    72

..........................................................


THE GRAND FORKS INTL AP ND CLIMATE NORMALS FOR TOMORROW
                         NORMAL    RECORD    YEAR
 MAXIMUM TEMPERATURE (F)   22        47      1974
 MINIMUM TEMPERATURE (F)    4       -28      1977


SUNRISE AND SUNSET
DECEMBER  9 2016......SUNRISE   807 AM CST   SUNSET   436 PM CST
DECEMBER 10 2016......SUNRISE   808 AM CST   SUNSET   436 PM CST


-  INDICATES NEGATIVE NUMBERS.
R  INDICATES RECORD WAS SET OR TIED.
MM INDICATES DATA IS MISSING.
T  INDICATES TRACE AMOUNT.




$$
