000
CDUS43 KFGF 120636
CLIGFK


CLIMATE REPORT
NATIONAL WEATHER SERVICE EASTERN NORTH DAKOTA/GRAND FORKS
1232 AM CST FRI FEB 12 2016


...................................

...THE GRAND FORKS INTL AP ND CLIMATE SUMMARY FOR FEBRUARY 11 2016...

CLIMATE NORMAL PERIOD 1981 TO 2010
CLIMATE RECORD PERIOD 1941 TO 2016


WEATHER ITEM   OBSERVED TIME   RECORD YEAR NORMAL DEPARTURE LAST
                VALUE   (LST)  VALUE       VALUE  FROM      YEAR
                                                  NORMAL
..................................................................
TEMPERATURE (F)
 YESTERDAY
  MAXIMUM         17    425 PM  50    2002  21     -4       12
  MINIMUM          1    436 AM -27    1967   0      1      -10
                                      1955
  AVERAGE          9                        11     -2        1

PRECIPITATION (IN)
  YESTERDAY        T             0.18 1994   0.02  -0.02      T
  MONTH TO DATE    0.15                      0.16  -0.01     0.25
  SINCE DEC 1      1.53                      1.32   0.21     0.89
  SINCE JAN 1      0.47                      0.71  -0.24     0.67

SNOWFALL (IN)
  YESTERDAY        T            MM      MM   0.2   -0.2      0.1
  MONTH TO DATE    1.5                       2.4   -0.9      2.6
  SINCE DEC 1     22.1                      23.8   -1.7      8.2
  SINCE JUL 1     24.8                      33.0   -8.2     12.2
  SNOW DEPTH       1

DEGREE DAYS
 HEATING
  YESTERDAY       56                        54      2       64
  MONTH TO DATE  515                       614    -99      604
  SINCE DEC 1   3572                      4081   -509     3678
  SINCE JUL 1   5237                      6280  -1043     5822

 COOLING
  YESTERDAY        0                         0      0        0
  MONTH TO DATE    0                         0      0        0
  SINCE DEC 1      0                         0      0        0
  SINCE JAN 1      0                         0      0        0
..................................................................


WIND (MPH)
  HIGHEST WIND SPEED    15   HIGHEST WIND DIRECTION    NW (330)
  HIGHEST GUST SPEED    18   HIGHEST GUST DIRECTION     N (340)
  AVERAGE WIND SPEED     6.4


SKY COVER
  POSSIBLE SUNSHINE  MM
  AVERAGE SKY COVER 0.8


WEATHER CONDITIONS
 THE FOLLOWING WEATHER WAS RECORDED YESTERDAY.
  LIGHT SNOW


RELATIVE HUMIDITY (PERCENT)
 HIGHEST    83           600 AM
 LOWEST     67           100 PM
 AVERAGE    75

..........................................................


THE GRAND FORKS INTL AP ND CLIMATE NORMALS FOR TODAY
                         NORMAL    RECORD    YEAR
 MAXIMUM TEMPERATURE (F)   21        38      1976
 MINIMUM TEMPERATURE (F)    1       -26      1955


SUNRISE AND SUNSET
FEBRUARY 12 2016......SUNRISE   741 AM CST   SUNSET   546 PM CST
FEBRUARY 13 2016......SUNRISE   739 AM CST   SUNSET   547 PM CST


-  INDICATES NEGATIVE NUMBERS.
R  INDICATES RECORD WAS SET OR TIED.
MM INDICATES DATA IS MISSING.
T  INDICATES TRACE AMOUNT.




$$
