000
CDUS43 KFGF 220634
CLIGFK


CLIMATE REPORT
NATIONAL WEATHER SERVICE EASTERN NORTH DAKOTA/GRAND FORKS
133 AM CDT FRI SEP 22 2017


...................................

...THE GRAND FORKS INTL AP ND CLIMATE SUMMARY FOR SEPTEMBER 21 2017...

CLIMATE NORMAL PERIOD 1981 TO 2010
CLIMATE RECORD PERIOD 1948 TO 2017


WEATHER ITEM   OBSERVED TIME   RECORD YEAR NORMAL DEPARTURE LAST
                VALUE   (LST)  VALUE       VALUE  FROM      YEAR
                                                  NORMAL
..................................................................
TEMPERATURE (F)
 YESTERDAY
  MAXIMUM         81    405 PM  91    2015  67     14       72
  MINIMUM         49    219 AM  24    1974  42      7       49
  AVERAGE         65                        54     11       61

PRECIPITATION (IN)
  YESTERDAY        0.00          1.58 1973   0.06  -0.06     0.06
  MONTH TO DATE    2.73                      1.47   1.26     3.69
  SINCE SEP 1      2.73                      1.47   1.26     3.69
  SINCE JAN 1     13.78                     16.70  -2.92    22.21

SNOWFALL (IN)
  YESTERDAY        0.0          MM      MM   0.0    0.0      0.0
  MONTH TO DATE    0.0                       0.0    0.0      0.0
  SINCE SEP 1      0.0                       0.0    0.0      0.0
  SINCE JUL 1      0.0                       0.0    0.0      0.0
  SNOW DEPTH       0

DEGREE DAYS
 HEATING
  YESTERDAY        0                        11    -11        4
  MONTH TO DATE   87                       151    -64       88
  SINCE SEP 1     87                       151    -64       88
  SINCE JUL 1    106                       233   -127      116

 COOLING
  YESTERDAY        0                         0      0        0
  MONTH TO DATE   36                        24     12       23
  SINCE SEP 1     36                        24     12       23
  SINCE JAN 1    411                       376     35      427
..................................................................


WIND (MPH)
  HIGHEST WIND SPEED    25   HIGHEST WIND DIRECTION     S (180)
  HIGHEST GUST SPEED    32   HIGHEST GUST DIRECTION     S (160)
  AVERAGE WIND SPEED    13.7


SKY COVER
  POSSIBLE SUNSHINE  MM
  AVERAGE SKY COVER 0.3


WEATHER CONDITIONS
 THE FOLLOWING WEATHER WAS RECORDED YESTERDAY.
  NO SIGNIFICANT WEATHER WAS OBSERVED.


RELATIVE HUMIDITY (PERCENT)
 HIGHEST    83           200 AM
 LOWEST     30           300 PM
 AVERAGE    57

..........................................................


THE GRAND FORKS INTL AP ND CLIMATE NORMALS FOR TODAY
                         NORMAL    RECORD    YEAR
 MAXIMUM TEMPERATURE (F)   67        84      1999
 MINIMUM TEMPERATURE (F)   41        20      1974


SUNRISE AND SUNSET
SEPTEMBER 22 2017.....SUNRISE   716 AM CDT   SUNSET   726 PM CDT
SEPTEMBER 23 2017.....SUNRISE   717 AM CDT   SUNSET   724 PM CDT


-  INDICATES NEGATIVE NUMBERS.
R  INDICATES RECORD WAS SET OR TIED.
MM INDICATES DATA IS MISSING.
T  INDICATES TRACE AMOUNT.




$$
