000
CDUS43 KFGF 250715
CLIGFK


CLIMATE REPORT
NATIONAL WEATHER SERVICE EASTERN NORTH DAKOTA/GRAND FORKS
215 AM CDT THU MAY 25 2017


...................................

...THE GRAND FORKS INTL AP ND CLIMATE SUMMARY FOR MAY 24 2017...

CLIMATE NORMAL PERIOD 1981 TO 2010
CLIMATE RECORD PERIOD 1948 TO 2017


WEATHER ITEM   OBSERVED TIME   RECORD YEAR NORMAL DEPARTURE LAST
                VALUE   (LST)  VALUE       VALUE  FROM      YEAR
                                                  NORMAL
..................................................................
TEMPERATURE (F)
 YESTERDAY
  MAXIMUM         71    343 PM  91    1980  70      1       80
  MINIMUM         37    446 AM  24    2002  45     -8       57
  AVERAGE         54                        58     -4       69

PRECIPITATION (IN)
  YESTERDAY        0.00          1.13 2010   0.09  -0.09     0.08
  MONTH TO DATE    0.95                      1.99  -1.04     0.89
  SINCE MAR 1      3.14                      3.96  -0.82     3.00
  SINCE JAN 1      3.99                      5.03  -1.04     3.58

SNOWFALL (IN)
  YESTERDAY        0.0           T    2010   0.0    0.0      0.0
  MONTH TO DATE    0.0                       0.1   -0.1       T
  SINCE MAR 1      5.8                      10.2   -4.4      2.5
  SINCE JUL 1     44.1                      47.4   -3.3     28.4
  SNOW DEPTH       0

DEGREE DAYS
 HEATING
  YESTERDAY       11                         8      3        0
  MONTH TO DATE  228                       284    -56      211
  SINCE MAR 1   2006                      2212   -206     1824
  SINCE JUL 1   7975                      9362  -1387     7803

 COOLING
  YESTERDAY        0                         1     -1        4
  MONTH TO DATE    2                         9     -7       20
  SINCE MAR 1      2                        10     -8       20
  SINCE JAN 1      2                        10     -8       20
..................................................................


WIND (MPH)
  HIGHEST WIND SPEED    26   HIGHEST WIND DIRECTION    SE (150)
  HIGHEST GUST SPEED    34   HIGHEST GUST DIRECTION    SE (140)
  AVERAGE WIND SPEED    11.9


SKY COVER
  POSSIBLE SUNSHINE  MM
  AVERAGE SKY COVER 0.3


WEATHER CONDITIONS
 THE FOLLOWING WEATHER WAS RECORDED YESTERDAY.
  NO SIGNIFICANT WEATHER WAS OBSERVED.


RELATIVE HUMIDITY (PERCENT)
 HIGHEST    93           200 AM
 LOWEST     36           100 PM
 AVERAGE    65

..........................................................


THE GRAND FORKS INTL AP ND CLIMATE NORMALS FOR TODAY
                         NORMAL    RECORD    YEAR
 MAXIMUM TEMPERATURE (F)   71        90      1978
                                             1959
 MINIMUM TEMPERATURE (F)   45        30      2007


SUNRISE AND SUNSET
MAY 25 2017...........SUNRISE   539 AM CDT   SUNSET   913 PM CDT
MAY 26 2017...........SUNRISE   538 AM CDT   SUNSET   914 PM CDT


-  INDICATES NEGATIVE NUMBERS.
R  INDICATES RECORD WAS SET OR TIED.
MM INDICATES DATA IS MISSING.
T  INDICATES TRACE AMOUNT.




$$
