000
CDUS43 KFGF 310637
CLIGFK


CLIMATE REPORT
NATIONAL WEATHER SERVICE EASTERN NORTH DAKOTA/GRAND FORKS
134 AM CDT TUE MAY 31 2016


...................................

...THE GRAND FORKS INTL AP ND CLIMATE SUMMARY FOR MAY 30 2016...

CLIMATE NORMAL PERIOD 1981 TO 2010
CLIMATE RECORD PERIOD 1941 TO 2016


WEATHER ITEM   OBSERVED TIME   RECORD YEAR NORMAL DEPARTURE LAST
                VALUE   (LST)  VALUE       VALUE  FROM      YEAR
                                                  NORMAL
..................................................................
TEMPERATURE (F)
 YESTERDAY
  MAXIMUM         81    104 PM  92    1986  72      9       58
  MINIMUM         48    406 AM  29    1947  47      1       29
  AVERAGE         65                        59      6       44

PRECIPITATION (IN)
  YESTERDAY        0.87          1.89 1985   0.10   0.77     0.00
  MONTH TO DATE    2.70                      2.57   0.13     4.45
  SINCE MAR 1      4.81                      4.54   0.27     5.49
  SINCE JAN 1      5.39                      5.61  -0.22     6.31

SNOWFALL (IN)
  YESTERDAY        0.0          MM      MM   0.0    0.0      0.0
  MONTH TO DATE    T                         0.1   -0.1       T
  SINCE MAR 1      2.5                      10.2   -7.7      2.7
  SINCE JUL 1     28.4                      47.4  -19.0     17.0
  SNOW DEPTH       0

DEGREE DAYS
 HEATING
  YESTERDAY        0                         7     -7       21
  MONTH TO DATE  216                       328   -112      364
  SINCE MAR 1   1829                      2256   -427     2022
  SINCE JUL 1   7808                      9406  -1598     8939

 COOLING
  YESTERDAY        0                         1     -1        0
  MONTH TO DATE   22                        15      7        6
  SINCE MAR 1     22                        16      6        6
  SINCE JAN 1     22                        16      6        6
..................................................................


WIND (MPH)
  HIGHEST WIND SPEED    30   HIGHEST WIND DIRECTION     W (280)
  HIGHEST GUST SPEED    37   HIGHEST GUST DIRECTION     W (290)
  AVERAGE WIND SPEED     8.2


SKY COVER
  POSSIBLE SUNSHINE  MM
  AVERAGE SKY COVER 0.6


WEATHER CONDITIONS
 THE FOLLOWING WEATHER WAS RECORDED YESTERDAY.
  THUNDERSTORM
  HEAVY RAIN
  RAIN
  LIGHT RAIN
  FOG


RELATIVE HUMIDITY (PERCENT)
 HIGHEST    86           400 AM
 LOWEST     35          1200 PM
 AVERAGE    61

..........................................................


THE GRAND FORKS INTL AP ND CLIMATE NORMALS FOR TODAY
                         NORMAL    RECORD    YEAR
 MAXIMUM TEMPERATURE (F)   72        96      1986
 MINIMUM TEMPERATURE (F)   47        33      2000
                                             1946


SUNRISE AND SUNSET
MAY 31 2016...........SUNRISE   534 AM CDT   SUNSET   920 PM CDT
JUNE  1 2016..........SUNRISE   533 AM CDT   SUNSET   921 PM CDT


-  INDICATES NEGATIVE NUMBERS.
R  INDICATES RECORD WAS SET OR TIED.
MM INDICATES DATA IS MISSING.
T  INDICATES TRACE AMOUNT.




$$
