000
CDUS43 KFGF 010636
CLIGFK


CLIMATE REPORT
NATIONAL WEATHER SERVICE EASTERN NORTH DAKOTA/GRAND FORKS
1232 AM CST SUN MAR 1 2015


...................................

...THE GRAND FORKS INTL AP ND CLIMATE SUMMARY FOR FEBRUARY 28 2015...

CLIMATE NORMAL PERIOD 1981 TO 2010
CLIMATE RECORD PERIOD 1941 TO 2015


WEATHER ITEM   OBSERVED TIME   RECORD YEAR NORMAL DEPARTURE LAST
                VALUE   (LST)  VALUE       VALUE  FROM      YEAR
                                                  NORMAL
..................................................................
TEMPERATURE (F)
 YESTERDAY
  MAXIMUM         23    500 PM  51    2000  26     -3        4
  MINIMUM          1    359 AM -30    1962   8     -7      -16
  AVERAGE         12                        17     -5       -6

PRECIPITATION (IN)
  YESTERDAY        T             0.80   MM   0.03  -0.03      T
  MONTH TO DATE    0.40                      0.52  -0.12     0.41
  SINCE DEC 1      1.04                      1.68  -0.64     1.89
  SINCE JAN 1      0.82                      1.07  -0.25     1.07

SNOWFALL (IN)
  YESTERDAY        T            MM      MM   0.3   -0.3       T
  MONTH TO DATE    4.7                       6.6   -1.9      5.4
  SINCE DEC 1     10.3                      28.0  -17.7     44.1
  SINCE JUL 1     14.3                      37.2  -22.9     45.7
  SNOW DEPTH       3

DEGREE DAYS
 HEATING
  YESTERDAY       53                        48      5       71
  MONTH TO DATE 1699                      1483    216     1799
  SINCE DEC 1   4773                      4951   -178     5784
  SINCE JUL 1   6917                      7150   -233     7895

 COOLING
  YESTERDAY        0                         0      0        0
  MONTH TO DATE    0                         0      0        0
  SINCE DEC 1      0                         0      0        0
  SINCE JAN 1      0                         0      0        0
..................................................................


WIND (MPH)
  HIGHEST WIND SPEED    22   HIGHEST WIND DIRECTION     S (190)
  HIGHEST GUST SPEED    28   HIGHEST GUST DIRECTION     S (180)
  AVERAGE WIND SPEED    14.0


SKY COVER
  POSSIBLE SUNSHINE  MM
  AVERAGE SKY COVER 0.6


WEATHER CONDITIONS
 THE FOLLOWING WEATHER WAS RECORDED YESTERDAY.
  LIGHT SNOW
  HAZE


RELATIVE HUMIDITY (PERCENT)
 HIGHEST    80           900 PM
 LOWEST     67          1100 AM
 AVERAGE    74

..........................................................


THE GRAND FORKS INTL AP ND CLIMATE NORMALS FOR TODAY
                         NORMAL    RECORD    YEAR
 MAXIMUM TEMPERATURE (F)   27        54      1992
 MINIMUM TEMPERATURE (F)    8       -29      1962


SUNRISE AND SUNSET
MARCH  1 2015.........SUNRISE   710 AM CST   SUNSET   613 PM CST
MARCH  2 2015.........SUNRISE   708 AM CST   SUNSET   614 PM CST


-  INDICATES NEGATIVE NUMBERS.
R  INDICATES RECORD WAS SET OR TIED.
MM INDICATES DATA IS MISSING.
T  INDICATES TRACE AMOUNT.




$$
