000
CDUS41 KALY 270623
CLIGFL


CLIMATE REPORT
NATIONAL WEATHER SERVICE ALBANY NY
123 AM EST FRI FEB 27 2015


...................................

...THE GLENS FALLS NY CLIMATE SUMMARY FOR FEBRUARY 26 2015...

CLIMATE NORMAL PERIOD 1981 TO 2010
CLIMATE RECORD PERIOD 1949 TO 2015


WEATHER ITEM   OBSERVED TIME   RECORD YEAR NORMAL DEPARTURE LAST
                VALUE   (LST)  VALUE       VALUE  FROM      YEAR
                                                  NORMAL
..................................................................
TEMPERATURE (F)
 YESTERDAY
  MAXIMUM         17    349 PM  61    2002  36    -19       21
  MINIMUM          0    144 AM -16    2003  13    -13       -4
  AVERAGE          9                        24    -15        9

PRECIPITATION (IN)
  YESTERDAY        T             1.11 1979   0.08  -0.08      T
  MONTH TO DATE    0.56                      1.92  -1.36     2.60
  SINCE DEC 1      6.13                      7.83  -1.70     6.92
  SINCE JAN 1      2.05                      4.78  -2.73     4.53

DEGREE DAYS
 HEATING
  YESTERDAY       56                        41     15       56
  MONTH TO DATE 1490                      1144    346     1202
  SINCE DEC 1   4100                      3842    258     3972
  SINCE JUL 1   5561                      5540     21     5651

 COOLING
  YESTERDAY        0                         0      0        0
  MONTH TO DATE    0                         0      0        0
  SINCE DEC 1      0                         0      0        0
  SINCE JAN 1      0                         0      0        0
..................................................................


WIND (MPH)
  HIGHEST WIND SPEED    13   HIGHEST WIND DIRECTION     E (70)
  HIGHEST GUST SPEED    16   HIGHEST GUST DIRECTION     E (90)
  AVERAGE WIND SPEED     5.8


SKY COVER
  AVERAGE SKY COVER 0.6



RELATIVE HUMIDITY (PERCENT)
 HIGHEST    79           100 AM
 LOWEST     40           100 PM
 AVERAGE    60

..........................................................


THE GLENS FALLS NY CLIMATE NORMALS FOR TODAY
                         NORMAL    RECORD    YEAR
 MAXIMUM TEMPERATURE (F)   36        51      2000
 MINIMUM TEMPERATURE (F)   13       -16      2006


SUNRISE AND SUNSET
FEBRUARY 27 2015......SUNRISE   634 AM EST   SUNSET   541 PM EST
FEBRUARY 28 2015......SUNRISE   633 AM EST   SUNSET   542 PM EST


-  INDICATES NEGATIVE NUMBERS.
R  INDICATES RECORD WAS SET OR TIED.
MM INDICATES DATA IS MISSING.
T  INDICATES TRACE AMOUNT.




$$
