000
CDUS41 KALY 250622
CLIGFL


CLIMATE REPORT
NATIONAL WEATHER SERVICE ALBANY NY
222 AM EDT SAT OCT 25 2014


...................................

...THE GLENS FALLS NY CLIMATE SUMMARY FOR OCTOBER 24 2014...

CLIMATE NORMAL PERIOD 1981 TO 2010
CLIMATE RECORD PERIOD 1949 TO 2014


WEATHER ITEM   OBSERVED TIME   RECORD YEAR NORMAL DEPARTURE LAST
                VALUE   (LST)  VALUE       VALUE  FROM      YEAR
                                                  NORMAL
..................................................................
TEMPERATURE (F)
 YESTERDAY
  MAXIMUM         47    720 PM  72    1998  55     -8       46
  MINIMUM         41   1055 PM  15    1969  33      8       27
  AVERAGE         44                        44      0       37

PRECIPITATION (IN)
  YESTERDAY        0.13          2.54 2009   0.10   0.03      T
  MONTH TO DATE    3.16                      2.72   0.44     1.78
  SINCE SEP 1      4.29                      6.10  -1.81     4.21
  SINCE JAN 1     30.33                     31.91  -1.58    29.48

DEGREE DAYS
 HEATING
  YESTERDAY       21                        21      0       28
  MONTH TO DATE  283                       414   -131      303
  SINCE SEP 1    460                       633   -173      550
  SINCE JUL 1    475                       699   -224      588

 COOLING
  YESTERDAY        0                         0      0        0
  MONTH TO DATE    7                         0      7        0
  SINCE SEP 1     54                        24     30       43
  SINCE JAN 1    392                       351     41      537
..................................................................


WIND (MPH)
  HIGHEST WIND SPEED     7   HIGHEST WIND DIRECTION     W (250)
  HIGHEST GUST SPEED     9   HIGHEST GUST DIRECTION     E (70)
  AVERAGE WIND SPEED     2.2


SKY COVER
  AVERAGE SKY COVER 1.0



RELATIVE HUMIDITY (PERCENT)
 HIGHEST    96          1100 PM
 LOWEST     86          1200 AM
 AVERAGE    91

..........................................................


THE GLENS FALLS NY CLIMATE NORMALS FOR TODAY
                         NORMAL    RECORD    YEAR
 MAXIMUM TEMPERATURE (F)   55        75      1963
 MINIMUM TEMPERATURE (F)   33        18      2002


SUNRISE AND SUNSET
OCTOBER 25 2014.......SUNRISE   721 AM EDT   SUNSET   556 PM EDT
OCTOBER 26 2014.......SUNRISE   722 AM EDT   SUNSET   554 PM EDT


-  INDICATES NEGATIVE NUMBERS.
R  INDICATES RECORD WAS SET OR TIED.
MM INDICATES DATA IS MISSING.
T  INDICATES TRACE AMOUNT.




$$
