000
CDUS41 KALY 200622
CLIGFL


CLIMATE REPORT
NATIONAL WEATHER SERVICE ALBANY NY
222 AM EDT FRI OCT 20 2017


...................................

...THE GLENS FALLS NY CLIMATE SUMMARY FOR OCTOBER 19 2017...

CLIMATE NORMAL PERIOD 1981 TO 2010
CLIMATE RECORD PERIOD 1949 TO 2017


WEATHER ITEM   OBSERVED TIME   RECORD YEAR NORMAL DEPARTURE LAST
                VALUE   (LST)  VALUE       VALUE  FROM      YEAR
                                                  NORMAL
..................................................................
TEMPERATURE (F)
 YESTERDAY
  MAXIMUM         72    150 PM  78    1963  57     15       75
  MINIMUM         35    621 AM  16    1974  34      1       43
  AVERAGE         54                        46      8       59

PRECIPITATION (IN)
  YESTERDAY        0.00          3.06 2012   0.11  -0.11      T
  MONTH TO DATE    1.12                      2.18  -1.06     0.52
  SINCE SEP 1      3.44                      5.56  -2.12     1.73
  SINCE JAN 1     30.57                     31.37  -0.80    22.89

DEGREE DAYS
 HEATING
  YESTERDAY       11                        20     -9        6
  MONTH TO DATE  202                       312   -110      206
  SINCE SEP 1    334                       531   -197      309
  SINCE JUL 1    401                       597   -196      315

 COOLING
  YESTERDAY        0                         0      0        0
  MONTH TO DATE    3                         0      3        3
  SINCE SEP 1     70                        24     46       58
  SINCE JAN 1    384                       351     33      643
..................................................................


WIND (MPH)
  HIGHEST WIND SPEED    20   HIGHEST WIND DIRECTION    SW (210)
  HIGHEST GUST SPEED    25   HIGHEST GUST DIRECTION     S (200)
  AVERAGE WIND SPEED     7.0


SKY COVER
  AVERAGE SKY COVER 0.1



RELATIVE HUMIDITY (PERCENT)
 HIGHEST   100           200 AM
 LOWEST     38           200 PM
 AVERAGE    69

..........................................................


THE GLENS FALLS NY CLIMATE NORMALS FOR TODAY
                         NORMAL    RECORD    YEAR
 MAXIMUM TEMPERATURE (F)   57        75      1965
 MINIMUM TEMPERATURE (F)   34        19      1972


SUNRISE AND SUNSET
OCTOBER 20 2017.......SUNRISE   715 AM EDT   SUNSET   603 PM EDT
OCTOBER 21 2017.......SUNRISE   716 AM EDT   SUNSET   601 PM EDT


-  INDICATES NEGATIVE NUMBERS.
R  INDICATES RECORD WAS SET OR TIED.
MM INDICATES DATA IS MISSING.
T  INDICATES TRACE AMOUNT.




$$
