000
CDUS44 KSHV 290753
CLIGGG


CLIMATE REPORT
NATIONAL WEATHER SERVICE SHREVEPORT, LA
250 AM CDT FRI MAY 29 2015


...................................

...THE LONGVIEW CLIMATE SUMMARY FOR MAY 28 2015...

CLIMATE NORMAL PERIOD 1981 TO 2010
CLIMATE RECORD PERIOD 1902 TO 2015


WEATHER ITEM   OBSERVED TIME   RECORD YEAR NORMAL DEPARTURE LAST
                VALUE   (LST)  VALUE       VALUE  FROM      YEAR
                                                  NORMAL
..................................................................
TEMPERATURE (F)
 YESTERDAY
  MAXIMUM         90    405 PM  98    1937  86      4       82
  MINIMUM         72    507 AM  48    1961  65      7       65
  AVERAGE         81                        76      5       74

PRECIPITATION (IN)
  YESTERDAY        0.00          2.42 1965   0.16  -0.16     0.16
  MONTH TO DATE   10.97                      4.33   6.64     7.14
  SINCE DEC 1     36.51                     23.75  12.76    20.33
  SINCE JAN 1     34.21                     19.26  14.95    16.18

SNOWFALL (IN)
  YESTERDAY        0.0
  MONTH TO DATE    0.0
  SINCE MAR 1      0.2
  SINCE JUL 1      3.1
  SNOW DEPTH       0

DEGREE DAYS
 HEATING
  YESTERDAY        0                         0      0        0
  MONTH TO DATE    0                         8     -8       23
  SINCE MAR 1    309                       353    -44      487
  SINCE JUL 1   2282                      2257     25     2611

 COOLING
  YESTERDAY       16                        11      5        9
  MONTH TO DATE  264                       222     42      210
  SINCE MAR 1    427                       333     94      315
  SINCE JAN 1    427                       345     82      320
..................................................................


WIND (MPH)
  HIGHEST WIND SPEED    13   HIGHEST WIND DIRECTION     E (90)
  HIGHEST GUST SPEED    17   HIGHEST GUST DIRECTION     E (90)
  AVERAGE WIND SPEED     6.5


SKY COVER
  POSSIBLE SUNSHINE  MM
  AVERAGE SKY COVER 0.3


WEATHER CONDITIONS
 THE FOLLOWING WEATHER WAS RECORDED YESTERDAY.
  NO SIGNIFICANT WEATHER WAS OBSERVED.


RELATIVE HUMIDITY (PERCENT)
 HIGHEST    93           100 AM
 LOWEST     50           400 PM
 AVERAGE    72

..........................................................


THE LONGVIEW CLIMATE NORMALS FOR TODAY
                         NORMAL    RECORD    YEAR
 MAXIMUM TEMPERATURE (F)   86        98      1937
 MINIMUM TEMPERATURE (F)   66        53      1992


SUNRISE AND SUNSET
MAY 29 2015...........SUNRISE   614 AM CDT   SUNSET   819 PM CDT
MAY 30 2015...........SUNRISE   613 AM CDT   SUNSET   820 PM CDT


-  INDICATES NEGATIVE NUMBERS.
R  INDICATES RECORD WAS SET OR TIED.
MM INDICATES DATA IS MISSING.
T  INDICATES TRACE AMOUNT.




$$
