949
CDUS44 KSHV 280731
CLIGGG


CLIMATE REPORT
NATIONAL WEATHER SERVICE SHREVEPORT, LA
231 AM CDT SUN MAY 28 2017


...................................

...THE LONGVIEW CLIMATE SUMMARY FOR MAY 27 2017...

CLIMATE NORMAL PERIOD 1981 TO 2010
CLIMATE RECORD PERIOD 1902 TO 2017


WEATHER ITEM   OBSERVED TIME   RECORD YEAR NORMAL DEPARTURE LAST
                VALUE   (LST)  VALUE       VALUE  FROM      YEAR
                                                  NORMAL
..................................................................
TEMPERATURE (F)
 YESTERDAY
  MAXIMUM         90    440 PM  97    1902  86      4       71
  MINIMUM         76    358 AM  48    1961  65     11       65
  AVERAGE         83                        76      7       68

PRECIPITATION (IN)
  YESTERDAY        T             1.27 1970   0.18  -0.18     0.98
  MONTH TO DATE    3.94                      4.17  -0.23     4.02
  SINCE DEC 1     25.74                     23.59   2.15    34.37
  SINCE JAN 1     20.94                     19.10   1.84    28.31

SNOWFALL (IN)
  YESTERDAY        0.0
  MONTH TO DATE    0.0
  SINCE MAR 1      0.0
  SINCE JUL 1      0.0
  SNOW DEPTH       0

DEGREE DAYS
 HEATING
  YESTERDAY        0                         0      0        0
  MONTH TO DATE    7                         8     -1       15
  SINCE MAR 1    190                       353   -163      205
  SINCE JUL 1   1291                      2257   -966     1654

 COOLING
  YESTERDAY       18                        11      7        3
  MONTH TO DATE  181                       211    -30      170
  SINCE MAR 1    419                       322     97      307
  SINCE JAN 1    490                       334    156      313
..................................................................


WIND (MPH)
  HIGHEST WIND SPEED    20   HIGHEST WIND DIRECTION    SW (210)
  HIGHEST GUST SPEED    25   HIGHEST GUST DIRECTION     S (200)
  AVERAGE WIND SPEED    10.6


SKY COVER
  POSSIBLE SUNSHINE  MM
  AVERAGE SKY COVER 0.7


WEATHER CONDITIONS
 THE FOLLOWING WEATHER WAS RECORDED YESTERDAY.
  FOG
  HAZE


RELATIVE HUMIDITY (PERCENT)
 HIGHEST   100           800 AM
 LOWEST     64           500 PM
 AVERAGE    82

..........................................................


THE LONGVIEW CLIMATE NORMALS FOR TODAY
                         NORMAL    RECORD    YEAR
 MAXIMUM TEMPERATURE (F)   86        98      1937
 MINIMUM TEMPERATURE (F)   65        48      1961


SUNRISE AND SUNSET
MAY 28 2017...........SUNRISE   614 AM CDT   SUNSET   819 PM CDT
MAY 29 2017...........SUNRISE   613 AM CDT   SUNSET   819 PM CDT


-  INDICATES NEGATIVE NUMBERS.
R  INDICATES RECORD WAS SET OR TIED.
MM INDICATES DATA IS MISSING.
T  INDICATES TRACE AMOUNT.




$$
