000
CDUS44 KSHV 032234
CLIGGG


CLIMATE REPORT
NATIONAL WEATHER SERVICE SHREVEPORT, LA
433 PM CST SAT DEC 3 2016


...................................

...THE LONGVIEW CLIMATE SUMMARY FOR DECEMBER 3 2016...
VALID TODAY AS OF 0400 PM LOCAL TIME.

CLIMATE NORMAL PERIOD 1981 TO 2010
CLIMATE RECORD PERIOD 1902 TO 2016


WEATHER ITEM   OBSERVED TIME   RECORD YEAR NORMAL DEPARTURE LAST
                VALUE   (LST)  VALUE       VALUE  FROM      YEAR
                                                  NORMAL
..................................................................
TEMPERATURE (F)
 TODAY
  MAXIMUM         50    157 PM  84    2005  61    -11       60
  MINIMUM         47    518 AM  16    1929  40      7       33
  AVERAGE         49                        50     -1       47

PRECIPITATION (IN)
  TODAY            1.99          2.78 1983   0.15   1.84     0.00
  MONTH TO DATE    2.08                      0.48   1.60     0.00
  SINCE DEC 1      2.08                      0.48   1.60     0.00
  SINCE JAN 1     46.70                     43.54   3.16    61.95

SNOWFALL (IN)
  TODAY           MM
  MONTH TO DATE    0.0
  SINCE DEC 1      0.0
  SINCE JUL 1      0.0
  SNOW DEPTH       0

DEGREE DAYS
 HEATING
  TODAY           16                        15      1       18
  MONTH TO DATE   46                        44      2       54
  SINCE DEC 1     46                        44      2       54
  SINCE JUL 1    206                       416   -210      254

 COOLING
  TODAY            0                         0      0        0
  MONTH TO DATE    0                         0      0        0
  SINCE DEC 1      0                         0      0        0
  SINCE JAN 1   2729                      2417    312     2845
..................................................................


WIND (MPH)
  HIGHEST WIND SPEED    17   HIGHEST WIND DIRECTION     E (70)
  HIGHEST GUST SPEED    22   HIGHEST GUST DIRECTION     E (80)
  AVERAGE WIND SPEED    10.8


SKY COVER
  POSSIBLE SUNSHINE  MM
  AVERAGE SKY COVER 1.0


WEATHER CONDITIONS
 THE FOLLOWING WEATHER WAS RECORDED TODAY.
  HEAVY RAIN
  RAIN
  LIGHT RAIN
  FOG


RELATIVE HUMIDITY (PERCENT)
 HIGHEST   100           700 AM
 LOWEST     80          1200 AM
 AVERAGE    90

..........................................................


THE LONGVIEW CLIMATE NORMALS FOR TOMORROW
                         NORMAL    RECORD    YEAR
 MAXIMUM TEMPERATURE (F)   61        83      1995
 MINIMUM TEMPERATURE (F)   39        22      2006


SUNRISE AND SUNSET
DECEMBER  3 2016......SUNRISE   704 AM CST   SUNSET   513 PM CST
DECEMBER  4 2016......SUNRISE   705 AM CST   SUNSET   513 PM CST


-  INDICATES NEGATIVE NUMBERS.
R  INDICATES RECORD WAS SET OR TIED.
MM INDICATES DATA IS MISSING.
T  INDICATES TRACE AMOUNT.




$$
