000
CDUS44 KSHV 250757
CLIGGG


CLIMATE REPORT
NATIONAL WEATHER SERVICE SHREVEPORT, LA
257 AM CDT FRI APR 25 2014


...................................

...THE LONGVIEW CLIMATE SUMMARY FOR APRIL 24 2014...

CLIMATE NORMAL PERIOD 1981 TO 2010
CLIMATE RECORD PERIOD 1902 TO 2014


WEATHER ITEM   OBSERVED TIME   RECORD YEAR NORMAL DEPARTURE LAST
                VALUE   (LST)  VALUE       VALUE  FROM      YEAR
                                                  NORMAL
..................................................................
TEMPERATURE (F)
 YESTERDAY
  MAXIMUM         82    434 PM  92    1935  78      4       64
  MINIMUM         62   1134 PM  38    2005  56      6       42
  AVERAGE         72                        67      5       53

PRECIPITATION (IN)
  YESTERDAY        T             5.71 1966   0.11  -0.11     0.06
  MONTH TO DATE    2.29                      2.54  -0.25     2.40
  SINCE DEC 1     13.17                     18.74  -5.57    18.22
  SINCE JAN 1      9.02                     14.25  -5.23    13.87

SNOWFALL (IN)
  YESTERDAY        0.0
  MONTH TO DATE    0.0
  SINCE MAR 1      0.1
  SINCE JUL 1      0.3
  SNOW DEPTH       0

DEGREE DAYS
 HEATING
  YESTERDAY        0                         1     -1       12
  MONTH TO DATE  107                        83     24      125
  SINCE MAR 1    455                       338    117      424
  SINCE JUL 1   2579                      2242    337     2014

 COOLING
  YESTERDAY        7                         4      3        0
  MONTH TO DATE   72                        61     11       64
  SINCE MAR 1     82                        88     -6       82
  SINCE JAN 1     87                       100    -13       90
..................................................................


WIND (MPH)
  HIGHEST WIND SPEED    22   HIGHEST WIND DIRECTION    SW (240)
  HIGHEST GUST SPEED    30   HIGHEST GUST DIRECTION    SW (240)
  AVERAGE WIND SPEED    10.2


SKY COVER
  POSSIBLE SUNSHINE  MM
  AVERAGE SKY COVER 0.5


WEATHER CONDITIONS
 THE FOLLOWING WEATHER WAS RECORDED YESTERDAY.
  NO SIGNIFICANT WEATHER WAS OBSERVED.


RELATIVE HUMIDITY (PERCENT)
 HIGHEST    87           300 AM
 LOWEST     49           800 PM
 AVERAGE    68

..........................................................


THE LONGVIEW CLIMATE NORMALS FOR TODAY
                         NORMAL    RECORD    YEAR
 MAXIMUM TEMPERATURE (F)   79        90      1943
 MINIMUM TEMPERATURE (F)   56        35      1910


SUNRISE AND SUNSET
APRIL 25 2014.........SUNRISE   638 AM CDT   SUNSET   756 PM CDT
APRIL 26 2014.........SUNRISE   637 AM CDT   SUNSET   756 PM CDT


-  INDICATES NEGATIVE NUMBERS.
R  INDICATES RECORD WAS SET OR TIED.
MM INDICATES DATA IS MISSING.
T  INDICATES TRACE AMOUNT.




$$
