000
CDUS44 KSHV 200846
CLIGGG


CLIMATE REPORT
NATIONAL WEATHER SERVICE SHREVEPORT, LA
246 AM CST MON NOV 20 2017


...................................

...THE LONGVIEW CLIMATE SUMMARY FOR NOVEMBER 19 2017...

CLIMATE NORMAL PERIOD 1981 TO 2010
CLIMATE RECORD PERIOD 1902 TO 2017


WEATHER ITEM   OBSERVED TIME   RECORD YEAR NORMAL DEPARTURE LAST
                VALUE   (LST)  VALUE       VALUE  FROM      YEAR
                                                  NORMAL
..................................................................
TEMPERATURE (F)
 YESTERDAY
  MAXIMUM         63    336 PM  85    1938  66     -3       62
  MINIMUM         37    710 AM  20    1951  44     -7       33
  AVERAGE         50                        55     -5       48

PRECIPITATION (IN)
  YESTERDAY        0.00          1.28 1944   0.16  -0.16     0.00
  MONTH TO DATE    1.89                      2.79  -0.90     0.12
  SINCE DEC 1     44.30                     45.85  -1.55    47.98
  SINCE JAN 1     39.50                     41.36  -1.86    41.92

SNOWFALL (IN)
  YESTERDAY        0.0
  MONTH TO DATE    0.0
  SINCE SEP 1      0.0
  SINCE JUL 1      0.0
  SNOW DEPTH       0

DEGREE DAYS
 HEATING
  YESTERDAY       15                        10      5       17
  MONTH TO DATE   76                       144    -68       54
  SINCE SEP 1    165                       233    -68       68
  SINCE JUL 1    165                       233    -68       68

 COOLING
  YESTERDAY        0                         1     -1        0
  MONTH TO DATE   83                        22     61       50
  SINCE SEP 1    631                       477    154      683
  SINCE JAN 1   2699                      2417    282     2728
..................................................................


WIND (MPH)
  HIGHEST WIND SPEED    16   HIGHEST WIND DIRECTION     N (340)
  HIGHEST GUST SPEED    20   HIGHEST GUST DIRECTION     N (340)
  AVERAGE WIND SPEED     5.1


SKY COVER
  POSSIBLE SUNSHINE  MM
  AVERAGE SKY COVER 0.0


WEATHER CONDITIONS
 THE FOLLOWING WEATHER WAS RECORDED YESTERDAY.
  NO SIGNIFICANT WEATHER WAS OBSERVED.


RELATIVE HUMIDITY (PERCENT)
 HIGHEST    92           700 AM
 LOWEST     27           100 PM
 AVERAGE    60

..........................................................


THE LONGVIEW CLIMATE NORMALS FOR TODAY
                         NORMAL    RECORD    YEAR
 MAXIMUM TEMPERATURE (F)   66        84      2011
 MINIMUM TEMPERATURE (F)   44        21      1903


SUNRISE AND SUNSET
NOVEMBER 20 2017......SUNRISE   653 AM CST   SUNSET   516 PM CST
NOVEMBER 21 2017......SUNRISE   654 AM CST   SUNSET   515 PM CST


-  INDICATES NEGATIVE NUMBERS.
R  INDICATES RECORD WAS SET OR TIED.
MM INDICATES DATA IS MISSING.
T  INDICATES TRACE AMOUNT.




$$
