487
CDUS44 KSHV 290812
CLIGGG


CLIMATE REPORT
NATIONAL WEATHER SERVICE SHREVEPORT, LA
300 AM CDT SUN MAY 29 2016


...................................

...THE LONGVIEW CLIMATE SUMMARY FOR MAY 28 2016...

CLIMATE NORMAL PERIOD 1981 TO 2010
CLIMATE RECORD PERIOD 1902 TO 2016


WEATHER ITEM   OBSERVED TIME   RECORD YEAR NORMAL DEPARTURE LAST
                VALUE   (LST)  VALUE       VALUE  FROM      YEAR
                                                  NORMAL
..................................................................
TEMPERATURE (F)
 YESTERDAY
  MAXIMUM         85    517 PM  98    1937  86     -1       90
  MINIMUM         65    558 AM  48    1961  65      0       72
  AVERAGE         75                        76     -1       81

PRECIPITATION (IN)
  YESTERDAY        0.00          2.42 1965   0.16  -0.16     0.00
  MONTH TO DATE    4.02                      4.33  -0.31    10.97
  SINCE DEC 1     34.37                     23.75  10.62    36.51
  SINCE JAN 1     28.31                     19.26   9.05    34.21

SNOWFALL (IN)
  YESTERDAY        0.0
  MONTH TO DATE    0.0
  SINCE MAR 1      0.0
  SINCE JUL 1      0.0
  SNOW DEPTH       0

DEGREE DAYS
 HEATING
  YESTERDAY        0                         0      0        0
  MONTH TO DATE   15                         8      7        0
  SINCE MAR 1    205                       353   -148      309
  SINCE JUL 1   1654                      2257   -603     2282

 COOLING
  YESTERDAY       10                        11     -1       16
  MONTH TO DATE  180                       222    -42      264
  SINCE MAR 1    317                       333    -16      427
  SINCE JAN 1    323                       345    -22      427
..................................................................


WIND (MPH)
  HIGHEST WIND SPEED    14   HIGHEST WIND DIRECTION     W (280)
  HIGHEST GUST SPEED    19   HIGHEST GUST DIRECTION     W (270)
  AVERAGE WIND SPEED     6.1


SKY COVER
  POSSIBLE SUNSHINE  MM
  AVERAGE SKY COVER 0.5


WEATHER CONDITIONS
 THE FOLLOWING WEATHER WAS RECORDED YESTERDAY.
  NO SIGNIFICANT WEATHER WAS OBSERVED.


RELATIVE HUMIDITY (PERCENT)
 HIGHEST   100           300 AM
 LOWEST     65           300 PM
 AVERAGE    83

..........................................................


THE LONGVIEW CLIMATE NORMALS FOR TODAY
                         NORMAL    RECORD    YEAR
 MAXIMUM TEMPERATURE (F)   86        98      1937
 MINIMUM TEMPERATURE (F)   66        53      1992


SUNRISE AND SUNSET
MAY 29 2016...........SUNRISE   613 AM CDT   SUNSET   820 PM CDT
MAY 30 2016...........SUNRISE   613 AM CDT   SUNSET   820 PM CDT


-  INDICATES NEGATIVE NUMBERS.
R  INDICATES RECORD WAS SET OR TIED.
MM INDICATES DATA IS MISSING.
T  INDICATES TRACE AMOUNT.




$$
