000
CDUS44 KSHV 282240
CLIGGG


CLIMATE REPORT
NATIONAL WEATHER SERVICE SHREVEPORT, LA
432 PM CST FRI NOV 28 2014


...................................

...THE LONGVIEW CLIMATE SUMMARY FOR NOVEMBER 28 2014...
VALID TODAY AS OF 0400 PM LOCAL TIME.

CLIMATE NORMAL PERIOD 1981 TO 2010
CLIMATE RECORD PERIOD 1902 TO 2014


WEATHER ITEM   OBSERVED TIME   RECORD YEAR NORMAL DEPARTURE LAST
                VALUE   (LST)  VALUE       VALUE  FROM      YEAR
                                                  NORMAL
..................................................................
TEMPERATURE (F)
 TODAY
  MAXIMUM         68    310 PM  81    1964  63      5       50
  MINIMUM         35    648 AM  23    1959  41     -6       26
  AVERAGE         52                        52      0       38

PRECIPITATION (IN)
  TODAY            0.00          3.15 2001   0.17  -0.17     0.00
  MONTH TO DATE    4.25                      4.16   0.09     4.22
  SINCE DEC 1     40.66                     47.22  -6.56    40.75
  SINCE JAN 1     36.51                     42.73  -6.22    36.40

SNOWFALL (IN)
  TODAY            0.0
  MONTH TO DATE    0.0
  SINCE SEP 1      0.0
  SINCE JUL 1      0.0
  SNOW DEPTH       0

DEGREE DAYS
 HEATING
  TODAY           13                        14     -1       27
  MONTH TO DATE  389                       253    136      340
  SINCE SEP 1    410                       342     68      389
  SINCE JUL 1    410                       342     68      389

 COOLING
  TODAY            0                         0      0        0
  MONTH TO DATE    3                        22    -19       15
  SINCE SEP 1    593                       477    116      632
  SINCE JAN 1   2447                      2417     30     2727
..................................................................


WIND (MPH)
  HIGHEST WIND SPEED    18   HIGHEST WIND DIRECTION     S (200)
  HIGHEST GUST SPEED    24   HIGHEST GUST DIRECTION     S (200)
  AVERAGE WIND SPEED     8.3


SKY COVER
  POSSIBLE SUNSHINE  MM
  AVERAGE SKY COVER 0.0


WEATHER CONDITIONS
 THE FOLLOWING WEATHER WAS RECORDED TODAY.
  NO SIGNIFICANT WEATHER WAS OBSERVED.


RELATIVE HUMIDITY (PERCENT)
 HIGHEST    89           700 AM
 LOWEST     43          1200 PM
 AVERAGE    66

..........................................................


THE LONGVIEW CLIMATE NORMALS FOR TOMORROW
                         NORMAL    RECORD    YEAR
 MAXIMUM TEMPERATURE (F)   62        85      1949
 MINIMUM TEMPERATURE (F)   41        20      1992


SUNRISE AND SUNSET
NOVEMBER 28 2014......SUNRISE   700 AM CST   SUNSET   514 PM CST
NOVEMBER 29 2014......SUNRISE   701 AM CST   SUNSET   514 PM CST


-  INDICATES NEGATIVE NUMBERS.
R  INDICATES RECORD WAS SET OR TIED.
MM INDICATES DATA IS MISSING.
T  INDICATES TRACE AMOUNT.




$$
