000
CDUS45 KGGW 261230
CLIGGW


CLIMATE REPORT
NATIONAL WEATHER SERVICE GLASGOW MT
630 AM MDT MON SEP 26 2016


...................................

...THE GLASGOW MT CLIMATE SUMMARY FOR SEPTEMBER 26 2016...
VALID AS OF 0600 AM LOCAL TIME.

CLIMATE NORMAL PERIOD 1981 TO 2010
CLIMATE RECORD PERIOD 1893 TO 2016


WEATHER ITEM   OBSERVED TIME   RECORD YEAR NORMAL DEPARTURE LAST
                VALUE   (LST)  VALUE       VALUE  FROM      YEAR
                                                  NORMAL
..................................................................
TEMPERATURE (F)
 TODAY
  MINIMUM         39    400 AM  19    1928  40     -1       56

PRECIPITATION (IN)
  TODAY            0.00          0.16 1932   0.03  -0.03      T
  MONTH TO DATE    1.67                      0.81   0.86     0.57
  SINCE OCT 1     20.31                     11.53   8.78    11.32
  SINCE JAN 1     17.33                      9.98   7.35    10.06

SNOWFALL (IN)
  TODAY            0.0           1.1  1965   0.0    0.0      0.0
  MONTH TO DATE    0.0                       0.1   -0.1      0.0
  SINCE SEP 1      0.0                       0.1   -0.1      0.0
  SINCE JUL 1      0.0                       0.1   -0.1      0.0
  SNOW DEPTH       0

DEGREE DAYS
 HEATING
  TODAY           21                        12      9        0
  MONTH TO DATE  230                       191     39      127
  SINCE SEP 1    230                       191     39      127
  SINCE JUL 1    264                       244     20      177

 COOLING
  TODAY            0                         0      0        8
  MONTH TO DATE   26                        37    -11       48
  SINCE SEP 1     26                        37    -11       48
  SINCE JAN 1    431                       532   -101      612
..................................................................





WEATHER CONDITIONS
 THE FOLLOWING WEATHER WAS RECORDED TODAY.
  NO SIGNIFICANT WEATHER WAS OBSERVED.


RELATIVE HUMIDITY (PERCENT)
 HIGHEST    92           300 AM

..........................................................


THE GLASGOW MT CLIMATE NORMALS FOR TOMORROW
                         NORMAL    RECORD    YEAR
 MAXIMUM TEMPERATURE (F)   66        96      1922
 MINIMUM TEMPERATURE (F)   40        15      1928


SUNRISE AND SUNSET
SEPTEMBER 26 2016.....SUNRISE   700 AM MDT   SUNSET   655 PM MDT
SEPTEMBER 27 2016.....SUNRISE   701 AM MDT   SUNSET   653 PM MDT


-  INDICATES NEGATIVE NUMBERS.
R  INDICATES RECORD WAS SET OR TIED.
MM INDICATES DATA IS MISSING.
T  INDICATES TRACE AMOUNT.




$$
