000
CDUS45 KGGW 300741
CLIGGW


CLIMATE REPORT
NATIONAL WEATHER SERVICE GLASGOW MT
140 AM MDT THU JUL 30 2015


...................................

...THE GLASGOW MT CLIMATE SUMMARY FOR JULY 29 2015...

CLIMATE NORMAL PERIOD 1981 TO 2010
CLIMATE RECORD PERIOD 1893 TO 2015


WEATHER ITEM   OBSERVED TIME   RECORD YEAR NORMAL DEPARTURE LAST
                VALUE   (LST)  VALUE       VALUE  FROM      YEAR
                                                  NORMAL
..................................................................
TEMPERATURE (F)
 YESTERDAY
  MAXIMUM         83    516 PM 103    1975  87     -4       92
  MINIMUM         52    543 AM  45    1971  59     -7       59
                                      1903
                                      1898
  AVERAGE         68                        73     -5       76

PRECIPITATION (IN)
  YESTERDAY        T             1.16 1987   0.05  -0.05     0.00
  MONTH TO DATE    1.75                      1.69   0.06     0.58
  SINCE OCT 1      9.91                      9.39   0.52     7.68
  SINCE JAN 1      8.65                      7.84   0.81     6.23

SNOWFALL (IN)
  YESTERDAY        0.0           0.0  2002   0.0    0.0      0.0
                                      2001
                                      2000
  MONTH TO DATE    0.0                       0.0    0.0      0.0
  SINCE JUN 1      0.0                       0.0    0.0      0.0
  SINCE JUL 1      0.0                       0.0    0.0      0.0
  SNOW DEPTH       0

DEGREE DAYS
 HEATING
  YESTERDAY        0                         0      0        0
  MONTH TO DATE    5                        15    -10        4
  SINCE JUN 1     51                       120    -69      112
  SINCE JUL 1      5                        15    -10        4

 COOLING
  YESTERDAY        3                         8     -5       11
  MONTH TO DATE  205                       191     14      190
  SINCE JUN 1    332                       266     66      210
  SINCE JAN 1    332                       283     49      244
..................................................................


WIND (MPH)
  HIGHEST WIND SPEED    22   HIGHEST WIND DIRECTION     N (340)
  HIGHEST GUST SPEED    27   HIGHEST GUST DIRECTION    NW (320)
  AVERAGE WIND SPEED     8.3


SKY COVER
  POSSIBLE SUNSHINE  MM
  AVERAGE SKY COVER 0.1


WEATHER CONDITIONS
 THE FOLLOWING WEATHER WAS RECORDED YESTERDAY.
  LIGHT RAIN
  HAZE


RELATIVE HUMIDITY (PERCENT)
 HIGHEST    83           100 AM
 LOWEST     23           400 PM
 AVERAGE    53

..........................................................


THE GLASGOW MT CLIMATE NORMALS FOR TODAY
                         NORMAL    RECORD    YEAR
 MAXIMUM TEMPERATURE (F)   87       107      1926
 MINIMUM TEMPERATURE (F)   59        40      1917


SUNRISE AND SUNSET
JULY 30 2015..........SUNRISE   539 AM MDT   SUNSET   846 PM MDT
JULY 31 2015..........SUNRISE   541 AM MDT   SUNSET   844 PM MDT


-  INDICATES NEGATIVE NUMBERS.
R  INDICATES RECORD WAS SET OR TIED.
MM INDICATES DATA IS MISSING.
T  INDICATES TRACE AMOUNT.

$$
