000
CDUS45 KGGW 011231
CLIGGW


CLIMATE REPORT
NATIONAL WEATHER SERVICE GLASGOW MT
631 AM MDT WED JUL 1 2015


...................................

...THE GLASGOW MT CLIMATE SUMMARY FOR JULY 1 2015...
VALID AS OF 0600 AM LOCAL TIME.

CLIMATE NORMAL PERIOD 1981 TO 2010
CLIMATE RECORD PERIOD 1893 TO 2015


WEATHER ITEM   OBSERVED TIME   RECORD YEAR NORMAL DEPARTURE LAST
                VALUE   (LST)  VALUE       VALUE  FROM      YEAR
                                                  NORMAL
..................................................................
TEMPERATURE (F)
 TODAY
  MINIMUM         58    427 AM  39    1945  55      3       51
                                      1899

PRECIPITATION (IN)
  TODAY            0.00          2.36 1975   0.06  -0.06     0.00
  MONTH TO DATE    0.00                      0.06  -0.06     0.00
  SINCE OCT 1      8.16                      7.76   0.40     7.10
  SINCE JAN 1      6.90                      6.21   0.69     5.65

SNOWFALL (IN)
  TODAY            0.0           0.0  2002   0.0    0.0      0.0
                                      2001
                                      2000
  MONTH TO DATE    0.0                       0.0    0.0      0.0
  SINCE JUN 1      0.0                       0.0    0.0      0.0
  SINCE JUL 1      0.0                       0.0    0.0      0.0
  SNOW DEPTH       0

DEGREE DAYS
 HEATING
  TODAY            4                         1      3        0
  MONTH TO DATE    4                         1      3        0
  SINCE JUN 1     50                       106    -56      108
  SINCE JUL 1      4                         1      3        0

 COOLING
  TODAY            0                         4     -4        1
  MONTH TO DATE    0                         4     -4        1
  SINCE JUN 1    127                        79     48       21
  SINCE JAN 1    127                        96     31       55
..................................................................





WEATHER CONDITIONS
 THE FOLLOWING WEATHER WAS RECORDED TODAY.
  FOG


RELATIVE HUMIDITY (PERCENT)
 HIGHEST    90           500 AM

..........................................................


THE GLASGOW MT CLIMATE NORMALS FOR TOMORROW
                         NORMAL    RECORD    YEAR
 MAXIMUM TEMPERATURE (F)   82       101      1929
 MINIMUM TEMPERATURE (F)   55        38      1915


SUNRISE AND SUNSET
JULY  1 2015..........SUNRISE   510 AM MDT   SUNSET   910 PM MDT
JULY  2 2015..........SUNRISE   511 AM MDT   SUNSET   910 PM MDT


-  INDICATES NEGATIVE NUMBERS.
R  INDICATES RECORD WAS SET OR TIED.
MM INDICATES DATA IS MISSING.
T  INDICATES TRACE AMOUNT.

$$
