000
CDUS45 KGGW 240741
CLIGGW


CLIMATE REPORT
NATIONAL WEATHER SERVICE GLASGOW MT
140 AM MDT SAT JUN 24 2017


...................................

...THE GLASGOW MT CLIMATE SUMMARY FOR JUNE 23 2017...

CLIMATE NORMAL PERIOD 1981 TO 2010
CLIMATE RECORD PERIOD 1893 TO 2017


WEATHER ITEM   OBSERVED TIME   RECORD YEAR NORMAL DEPARTURE LAST
                VALUE   (LST)  VALUE       VALUE  FROM      YEAR
                                                  NORMAL
..................................................................
TEMPERATURE (F)
 YESTERDAY
  MAXIMUM         70    446 PM 107    1900  79     -9       86
  MINIMUM         40    453 AM  37    1967  53    -13       52
  AVERAGE         55                        66    -11       69

PRECIPITATION (IN)
  YESTERDAY        0.00          2.81 1923   0.08  -0.08     0.00
  MONTH TO DATE    0.13                      1.86  -1.73     3.04
  SINCE OCT 1      6.27                      7.23  -0.96    14.23
  SINCE JAN 1      2.74                      5.68  -2.94    11.25

SNOWFALL (IN)
  YESTERDAY        0.0           0.0  2002   0.0    0.0      0.0
                                      2001
                                      2000
  MONTH TO DATE    0.0                       0.0    0.0      0.0
  SINCE JUN 1      0.0                       0.0    0.0      0.0
  SINCE JUL 1     37.7                      34.8    2.9     27.6
  SNOW DEPTH       0

DEGREE DAYS
 HEATING
  YESTERDAY       10                         2      8        0
  MONTH TO DATE   31                        93    -62       26
  SINCE JUN 1     31                        93    -62       26
  SINCE JUL 1   7944                      8424   -480     7083

 COOLING
  YESTERDAY        0                         3     -3        4
  MONTH TO DATE   67                        48     19       52
  SINCE JUN 1     67                        48     19       52
  SINCE JAN 1     82                        65     17       63
..................................................................


WIND (MPH)
  HIGHEST WIND SPEED    25   HIGHEST WIND DIRECTION    NW (310)
  HIGHEST GUST SPEED    32   HIGHEST GUST DIRECTION    NW (300)
  AVERAGE WIND SPEED    13.0


SKY COVER
  POSSIBLE SUNSHINE  MM
  AVERAGE SKY COVER 0.4


WEATHER CONDITIONS
 THE FOLLOWING WEATHER WAS RECORDED YESTERDAY.
  NO SIGNIFICANT WEATHER WAS OBSERVED.


RELATIVE HUMIDITY (PERCENT)
 HIGHEST    92           400 AM
 LOWEST     22           300 PM
 AVERAGE    57

..........................................................


THE GLASGOW MT CLIMATE NORMALS FOR TODAY
                         NORMAL    RECORD    YEAR
 MAXIMUM TEMPERATURE (F)   79       105      1936
 MINIMUM TEMPERATURE (F)   53        37      2004


SUNRISE AND SUNSET
JUNE 24 2017..........SUNRISE   507 AM MDT   SUNSET   911 PM MDT
JUNE 25 2017..........SUNRISE   507 AM MDT   SUNSET   911 PM MDT


-  INDICATES NEGATIVE NUMBERS.
R  INDICATES RECORD WAS SET OR TIED.
MM INDICATES DATA IS MISSING.
T  INDICATES TRACE AMOUNT.




$$
