000
CDUS45 KGGW 310741
CLIGGW


CLIMATE REPORT
NATIONAL WEATHER SERVICE GLASGOW MT
140 AM MDT THU JUL 31 2014


...................................

...THE GLASGOW MT CLIMATE SUMMARY FOR JULY 30 2014...

CLIMATE NORMAL PERIOD 1981 TO 2010
CLIMATE RECORD PERIOD 1893 TO 2014


WEATHER ITEM   OBSERVED TIME   RECORD YEAR NORMAL DEPARTURE LAST
                VALUE   (LST)  VALUE       VALUE  FROM      YEAR
                                                  NORMAL
..................................................................
TEMPERATURE (F)
 YESTERDAY
  MAXIMUM         93    308 PM 107    1926  87      6       78
  MINIMUM         56    512 AM  40    1917  59     -3       56
  AVERAGE         75                        73      2       67

PRECIPITATION (IN)
  YESTERDAY        0.00          1.04 1961   0.04  -0.04     0.11
  MONTH TO DATE    0.58                      1.73  -1.15     0.95
  SINCE OCT 1      7.68                      9.43  -1.75    14.61
  SINCE JAN 1      6.23                      7.88  -1.65    12.41

SNOWFALL (IN)
  YESTERDAY        0.0           0.0  2002   0.0    0.0      0.0
                                      2001
                                      2000
  MONTH TO DATE    0.0                       0.0    0.0      0.0
  SINCE JUN 1      0.0                       0.0    0.0      0.0
  SINCE JUL 1      0.0                       0.0    0.0      0.0
  SNOW DEPTH       0

DEGREE DAYS
 HEATING
  YESTERDAY        0                         0      0        0
  MONTH TO DATE    4                        15    -11       10
  SINCE JUN 1    112                       120     -8       94
  SINCE JUL 1      4                        15    -11       10

 COOLING
  YESTERDAY       10                         8      2        2
  MONTH TO DATE  200                       199      1      170
  SINCE JUN 1    220                       274    -54      219
  SINCE JAN 1    254                       291    -37      228
..................................................................


WIND (MPH)
  HIGHEST WIND SPEED    13   HIGHEST WIND DIRECTION     E (110)
  HIGHEST GUST SPEED    16   HIGHEST GUST DIRECTION    SE (130)
  AVERAGE WIND SPEED     9.4


SKY COVER
  POSSIBLE SUNSHINE  MM
  AVERAGE SKY COVER 0.0


WEATHER CONDITIONS
 THE FOLLOWING WEATHER WAS RECORDED YESTERDAY.
  NO SIGNIFICANT WEATHER WAS OBSERVED.


RELATIVE HUMIDITY (PERCENT)
 HIGHEST    86           500 AM
 LOWEST     18           400 PM
 AVERAGE    52

..........................................................


THE GLASGOW MT CLIMATE NORMALS FOR TODAY
                         NORMAL    RECORD    YEAR
 MAXIMUM TEMPERATURE (F)   87       113      1900
 MINIMUM TEMPERATURE (F)   59        41      1894


SUNRISE AND SUNSET
JULY 31 2014..........SUNRISE   541 AM MDT   SUNSET   844 PM MDT
AUGUST  1 2014........SUNRISE   542 AM MDT   SUNSET   843 PM MDT


-  INDICATES NEGATIVE NUMBERS.
R  INDICATES RECORD WAS SET OR TIED.
MM INDICATES DATA IS MISSING.
T  INDICATES TRACE AMOUNT.




$$
