000
CDUS45 KGGW 280017
CLIGGW


CLIMATE REPORT
NATIONAL WEATHER SERVICE GLASGOW MT
617 PM MDT THU APR 27 2017


...................................

...THE GLASGOW MT CLIMATE SUMMARY FOR APRIL 27 2017...
VALID TODAY AS OF 0500 PM LOCAL TIME.

CLIMATE NORMAL PERIOD 1981 TO 2010
CLIMATE RECORD PERIOD 1893 TO 2017


WEATHER ITEM   OBSERVED TIME   RECORD YEAR NORMAL DEPARTURE LAST
                VALUE   (LST)  VALUE       VALUE  FROM      YEAR
                                                  NORMAL
..................................................................
TEMPERATURE (F)
 TODAY
  MAXIMUM         56    326 PM  87    2001  62     -6       41
                                      1949
  MINIMUM         31    514 AM  12    1907  36     -5       35
  AVERAGE         44                        49     -5       38

PRECIPITATION (IN)
  TODAY            0.00          0.80 2012   0.04  -0.04     0.26
  MONTH TO DATE    0.46                      0.73  -0.27     2.61
  SINCE OCT 1      5.50                      3.33   2.17     6.73
  SINCE JAN 1      1.97                      1.78   0.19     3.75

SNOWFALL (IN)
  TODAY            0.0           2.2  1991   0.1   -0.1      0.0
  MONTH TO DATE    0.0                       1.8   -1.8      3.2
  SINCE MAR 1      6.2                       6.5   -0.3      6.1
  SINCE JUL 1     37.7                      33.5    4.2     27.6
  SNOW DEPTH       0

DEGREE DAYS
 HEATING
  TODAY           21                        16      5       27
  MONTH TO DATE  533                       556    -23      501
  SINCE MAR 1   1488                      1590   -102     1273
  SINCE JUL 1   7595                      7960   -365     6738

 COOLING
  TODAY            0                         0      0        0
  MONTH TO DATE    0                         0      0        0
  SINCE MAR 1      0                         0      0        0
  SINCE JAN 1      0                         0      0        0
..................................................................


WIND (MPH)
  HIGHEST WIND SPEED    18   HIGHEST WIND DIRECTION    SE (130)
  HIGHEST GUST SPEED    23   HIGHEST GUST DIRECTION    SE (130)
  AVERAGE WIND SPEED    13.7


SKY COVER
  POSSIBLE SUNSHINE  MM
  AVERAGE SKY COVER 0.4


WEATHER CONDITIONS
 THE FOLLOWING WEATHER WAS RECORDED TODAY.
  NO SIGNIFICANT WEATHER WAS OBSERVED.


RELATIVE HUMIDITY (PERCENT)
 HIGHEST    69           500 AM
 LOWEST     27           300 PM
 AVERAGE    48

..........................................................


THE GLASGOW MT CLIMATE NORMALS FOR TOMORROW
                         NORMAL    RECORD    YEAR
 MAXIMUM TEMPERATURE (F)   63        89      1952
 MINIMUM TEMPERATURE (F)   36        14      1966
                                             1958


SUNRISE AND SUNSET
APRIL 27 2017.........SUNRISE   554 AM MDT   SUNSET   815 PM MDT
APRIL 28 2017.........SUNRISE   552 AM MDT   SUNSET   816 PM MDT


-  INDICATES NEGATIVE NUMBERS.
R  INDICATES RECORD WAS SET OR TIED.
MM INDICATES DATA IS MISSING.
T  INDICATES TRACE AMOUNT.




$$
