000
CDUS45 KGGW 260016
CLIGGW


CLIMATE REPORT
NATIONAL WEATHER SERVICE GLASGOW MT
615 PM MDT SAT MAR 25 2017


...................................

...THE GLASGOW MT CLIMATE SUMMARY FOR MARCH 25 2017...
VALID TODAY AS OF 0500 PM LOCAL TIME.

CLIMATE NORMAL PERIOD 1981 TO 2010
CLIMATE RECORD PERIOD 1893 TO 2017


WEATHER ITEM   OBSERVED TIME   RECORD YEAR NORMAL DEPARTURE LAST
                VALUE   (LST)  VALUE       VALUE  FROM      YEAR
                                                  NORMAL
..................................................................
TEMPERATURE (F)
 TODAY
  MAXIMUM         60    257 PM  74    2007  47     13       42
  MINIMUM         40    616 AM -15    1908  25     15       21
  AVERAGE         50                        36     14       32

PRECIPITATION (IN)
  TODAY            0.00          0.42 1948   0.01  -0.01      T
  MONTH TO DATE    0.38                      0.31   0.07     0.41
  SINCE OCT 1      4.93                      2.49   2.44     4.00
  SINCE JAN 1      1.40                      0.94   0.46     1.02

SNOWFALL (IN)
  TODAY            0.0           5.4  1948   0.1   -0.1       T
  MONTH TO DATE    6.2                       3.9    2.3      2.9
  SINCE MAR 1      6.2                       3.9    2.3      2.9
  SINCE JUL 1     37.7                      30.9    6.8     24.4
  SNOW DEPTH       0

DEGREE DAYS
 HEATING
  TODAY           15                        29    -14       33
  MONTH TO DATE  842                       869    -27      630
  SINCE MAR 1    842                       869    -27      630
  SINCE JUL 1   6949                      7239   -290     6095

 COOLING
  TODAY            0                         0      0        0
  MONTH TO DATE    0                         0      0        0
  SINCE MAR 1      0                         0      0        0
  SINCE JAN 1      0                         0      0        0
..................................................................


WIND (MPH)
  HIGHEST WIND SPEED    29   HIGHEST WIND DIRECTION     W (290)
  HIGHEST GUST SPEED    36   HIGHEST GUST DIRECTION     W (280)
  AVERAGE WIND SPEED    13.7


SKY COVER
  POSSIBLE SUNSHINE  MM
  AVERAGE SKY COVER 0.1


WEATHER CONDITIONS
 THE FOLLOWING WEATHER WAS RECORDED TODAY.
  NO SIGNIFICANT WEATHER WAS OBSERVED.


RELATIVE HUMIDITY (PERCENT)
 HIGHEST    70           600 AM
 LOWEST     26           200 PM
 AVERAGE    48

..........................................................


THE GLASGOW MT CLIMATE NORMALS FOR TOMORROW
                         NORMAL    RECORD    YEAR
 MAXIMUM TEMPERATURE (F)   48        76      1946
 MINIMUM TEMPERATURE (F)   25       -23      1913
                                             1898


SUNRISE AND SUNSET
MARCH 25 2017.........SUNRISE   658 AM MDT   SUNSET   727 PM MDT
MARCH 26 2017.........SUNRISE   656 AM MDT   SUNSET   729 PM MDT


-  INDICATES NEGATIVE NUMBERS.
R  INDICATES RECORD WAS SET OR TIED.
MM INDICATES DATA IS MISSING.
T  INDICATES TRACE AMOUNT.




$$
