000
CDUS45 KGJT 172333
CLIGJT


CLIMATE REPORT
NATIONAL WEATHER SERVICE GRAND JUNCTION CO
530 PM MDT THU APR 17 2014


...................................

...THE GRAND JUNCTION CO CLIMATE SUMMARY FOR APRIL 17 2014...
VALID TODAY AS OF 0500 PM LOCAL TIME.

CLIMATE NORMAL PERIOD 1981 TO 2010
CLIMATE RECORD PERIOD 1893 TO 2014


WEATHER ITEM   OBSERVED TIME   RECORD YEAR NORMAL DEPARTURE LAST
                VALUE   (LST)  VALUE       VALUE  FROM      YEAR
                                                  NORMAL
..................................................................
TEMPERATURE (F)
 TODAY
  MAXIMUM         66    359 PM  83    1987  66      0       37
  MINIMUM         34    551 AM  23    1922  38     -4       26
  AVERAGE         50                        52     -2       32

PRECIPITATION (IN)
  TODAY            0.00          0.58 1975   0.03  -0.03     0.33
  MONTH TO DATE    0.58                      0.54   0.04     1.15
  SINCE MAR 1      0.68                      1.46  -0.78     1.50
  SINCE JAN 1      2.06                      2.58  -0.52     2.50

SNOWFALL (IN)
  TODAY            0.0           5.3  1975   0.1   -0.1      3.8
  MONTH TO DATE    T                         0.8   -0.8      4.6
  SINCE MAR 1      T                         3.4   -3.4      4.6
  SINCE JUL 1     25.7                      18.9    6.8     24.6
  SNOW DEPTH       0

DEGREE DAYS
 HEATING
  TODAY           15                        13      2       33
  MONTH TO DATE  289                       260     29      300
  SINCE MAR 1    941                       913     28      949
  SINCE JUL 1   5879                      5292    587     5712

 COOLING
  TODAY            0                         0      0        0
  MONTH TO DATE    0                         0      0        0
  SINCE MAR 1      0                         0      0        0
  SINCE JAN 1      0                         0      0        0
..................................................................


WIND (MPH)
  HIGHEST WIND SPEED    15   HIGHEST WIND DIRECTION     E (110)
  HIGHEST GUST SPEED    19   HIGHEST GUST DIRECTION    NW (310)
  AVERAGE WIND SPEED     7.5


SKY COVER
  POSSIBLE SUNSHINE  MM
  AVERAGE SKY COVER 0.0


WEATHER CONDITIONS
 THE FOLLOWING WEATHER WAS RECORDED TODAY.
  NO SIGNIFICANT WEATHER WAS OBSERVED.


RELATIVE HUMIDITY (PERCENT)
 HIGHEST    64          1200 AM
 LOWEST     18           400 PM
 AVERAGE    41

..........................................................


THE GRAND JUNCTION CO CLIMATE NORMALS FOR TOMORROW
                         NORMAL    RECORD    YEAR
 MAXIMUM TEMPERATURE (F)   66        84      1946
 MINIMUM TEMPERATURE (F)   39        22      1922


SUNRISE AND SUNSET
APRIL 17 2014.........SUNRISE   635 AM MDT   SUNSET   754 PM MDT
APRIL 18 2014.........SUNRISE   633 AM MDT   SUNSET   754 PM MDT


-  INDICATES NEGATIVE NUMBERS.
R  INDICATES RECORD WAS SET OR TIED.
MM INDICATES DATA IS MISSING.
T  INDICATES TRACE AMOUNT.




$$
