000
CDUS45 KGJT 270800
CLIGJT


CLIMATE REPORT
NATIONAL WEATHER SERVICE GRAND JUNCTION CO
130 AM MDT FRI MAY 27 2016


...................................

...THE GRAND JUNCTION CO CLIMATE SUMMARY FOR MAY 26 2016...

CLIMATE NORMAL PERIOD 1981 TO 2010
CLIMATE RECORD PERIOD 1893 TO 2016


WEATHER ITEM   OBSERVED TIME   RECORD YEAR NORMAL DEPARTURE LAST
                VALUE   (LST)  VALUE       VALUE  FROM      YEAR
                                                  NORMAL
..................................................................
TEMPERATURE (F)
 YESTERDAY
  MAXIMUM         73   1211 PM  93    1969  80     -7       70
                                      1958
  MINIMUM         44    527 AM  34    1980  50     -6       46
  AVERAGE         59                        65     -6       58

PRECIPITATION (IN)
  YESTERDAY        T             0.52 1967   0.02  -0.02     0.07
  MONTH TO DATE    0.85                      0.76   0.09     1.78
  SINCE MAR 1      3.54                      2.59   0.95     4.17
  SINCE JAN 1      4.91                      3.71   1.20     5.03

SNOWFALL (IN)
  YESTERDAY        0.0           T    2009   0.0    0.0      0.0
  MONTH TO DATE    T                         0.1   -0.1      0.1
  SINCE MAR 1      1.1                       3.6   -2.5      4.0
  SINCE JUL 1     28.5                      19.1    9.4     12.6
  SNOW DEPTH       0

DEGREE DAYS
 HEATING
  YESTERDAY        6                         3      3        7
  MONTH TO DATE  180                       143     37      211
  SINCE MAR 1   1224                      1198     26     1166
  SINCE JUL 1   5702                      5577    125     5151

 COOLING
  YESTERDAY        0                         2     -2        0
  MONTH TO DATE   12                        32    -20        2
  SINCE MAR 1     12                        35    -23        2
  SINCE JAN 1     12                        35    -23        2
..................................................................


WIND (MPH)
  HIGHEST WIND SPEED    31   HIGHEST WIND DIRECTION    NW (320)
  HIGHEST GUST SPEED    36   HIGHEST GUST DIRECTION    NW (320)
  AVERAGE WIND SPEED     7.4


SKY COVER
  POSSIBLE SUNSHINE  MM
  AVERAGE SKY COVER 0.1


WEATHER CONDITIONS
 THE FOLLOWING WEATHER WAS RECORDED YESTERDAY.
  LIGHT RAIN


RELATIVE HUMIDITY (PERCENT)
 HIGHEST    50           600 AM
 LOWEST     15          1100 AM
 AVERAGE    33

..........................................................


THE GRAND JUNCTION CO CLIMATE NORMALS FOR TODAY
                         NORMAL    RECORD    YEAR
 MAXIMUM TEMPERATURE (F)   80        93      2003
                                             1969
 MINIMUM TEMPERATURE (F)   50        36      1973


SUNRISE AND SUNSET
MAY 27 2016...........SUNRISE   552 AM MDT   SUNSET   831 PM MDT
MAY 28 2016...........SUNRISE   552 AM MDT   SUNSET   832 PM MDT


-  INDICATES NEGATIVE NUMBERS.
R  INDICATES RECORD WAS SET OR TIED.
MM INDICATES DATA IS MISSING.
T  INDICATES TRACE AMOUNT.




$$
