000
CDUS45 KGJT 160750
CLIGJT


CLIMATE REPORT
NATIONAL WEATHER SERVICE GRAND JUNCTION CO
1250 AM MST SAT DEC 16 2017


...................................

...THE GRAND JUNCTION CO CLIMATE SUMMARY FOR DECEMBER 15 2017...

CLIMATE NORMAL PERIOD 1981 TO 2010
CLIMATE RECORD PERIOD 1893 TO 2017


WEATHER ITEM   OBSERVED TIME   RECORD YEAR NORMAL DEPARTURE LAST
                VALUE   (LST)  VALUE       VALUE  FROM      YEAR
                                                  NORMAL
..................................................................
TEMPERATURE (F)
 YESTERDAY
  MAXIMUM         45    333 PM  54    1977  38      7       50
  MINIMUM         15    739 AM -11    1919  18     -3       30
  AVERAGE         30                        28      2       40

PRECIPITATION (IN)
  YESTERDAY        0.00          0.61 1908   0.02  -0.02      T
  MONTH TO DATE    0.02                      0.29  -0.27     0.05
  SINCE DEC 1      0.02                      0.29  -0.27     0.05
  SINCE JAN 1      5.06                      9.12  -4.06     8.15

SNOWFALL (IN)
  YESTERDAY        0.0           5.5  1908   0.2   -0.2      0.0
  MONTH TO DATE    0.0                       2.0   -2.0      0.4
  SINCE DEC 1      0.0                       2.0   -2.0      0.4
  SINCE JUL 1      T                         4.5   -4.5      0.9
  SNOW DEPTH       0

DEGREE DAYS
 HEATING
  YESTERDAY       35                        37     -2       25
  MONTH TO DATE  473                       526    -53      523
  SINCE DEC 1    473                       526    -53      523
  SINCE JUL 1   1587                      1754   -167     1393

 COOLING
  YESTERDAY        0                         0      0        0
  MONTH TO DATE    0                         0      0        0
  SINCE DEC 1      0                         0      0        0
  SINCE JAN 1   1479                      1125    354     1245
..................................................................


WIND (MPH)
  HIGHEST WIND SPEED    14   HIGHEST WIND DIRECTION     E (100)
  HIGHEST GUST SPEED    16   HIGHEST GUST DIRECTION    SE (120)
  AVERAGE WIND SPEED     4.7


SKY COVER
  POSSIBLE SUNSHINE  MM
  AVERAGE SKY COVER 0.0


WEATHER CONDITIONS
 THE FOLLOWING WEATHER WAS RECORDED YESTERDAY.
  NO SIGNIFICANT WEATHER WAS OBSERVED.


RELATIVE HUMIDITY (PERCENT)
 HIGHEST    73           400 AM
 LOWEST     25           300 PM
 AVERAGE    49

..........................................................


THE GRAND JUNCTION CO CLIMATE NORMALS FOR TODAY
                         NORMAL    RECORD    YEAR
 MAXIMUM TEMPERATURE (F)   38        57      2016
 MINIMUM TEMPERATURE (F)   18       -10      1919


SUNRISE AND SUNSET
DECEMBER 16 2017......SUNRISE   727 AM MST   SUNSET   453 PM MST
DECEMBER 17 2017......SUNRISE   728 AM MST   SUNSET   453 PM MST


-  INDICATES NEGATIVE NUMBERS.
R  INDICATES RECORD WAS SET OR TIED.
MM INDICATES DATA IS MISSING.
T  INDICATES TRACE AMOUNT.




$$
