000
CDUS45 KGJT 010733
CLIGJT


CLIMATE REPORT
NATIONAL WEATHER SERVICE GRAND JUNCTION CO
130 AM MDT SAT AUG 1 2015


...................................

...THE GRAND JUNCTION CO CLIMATE SUMMARY FOR JULY 31 2015...

CLIMATE NORMAL PERIOD 1981 TO 2010
CLIMATE RECORD PERIOD 1893 TO 2015


WEATHER ITEM   OBSERVED TIME   RECORD YEAR NORMAL DEPARTURE LAST
                VALUE   (LST)  VALUE       VALUE  FROM      YEAR
                                                  NORMAL
..................................................................
TEMPERATURE (F)
 YESTERDAY
  MAXIMUM         95    352 PM 102    2002  92      3       87
                                      1900
  MINIMUM         57R   546 AM  58    2014  64     -7       58
                                      1909
                                      1896
  AVERAGE         76                        78     -2       73

PRECIPITATION (IN)
  YESTERDAY        0.00          0.32 2010   0.03  -0.03     0.00
  MONTH TO DATE    1.25                      0.61   0.64     1.02
  SINCE JUN 1      2.44                      1.07   1.37     1.15
  SINCE JAN 1      7.54                      4.90   2.64     4.93

SNOWFALL (IN)
  YESTERDAY        0.0           0.0  2014   0.0    0.0      0.0
  MONTH TO DATE    T                         0.0    0.0      0.0
  SINCE JUN 1      T                         0.0    0.0      0.0
  SINCE JUL 1      T                         0.0    0.0      0.0
  SNOW DEPTH       0

DEGREE DAYS
 HEATING
  YESTERDAY        0                         0      0        0
  MONTH TO DATE    0                         0      0        0
  SINCE JUN 1     12                        23    -11       19
  SINCE JUL 1      0                         1     -1        0

 COOLING
  YESTERDAY       11                        13     -2        8
  MONTH TO DATE  277                       410   -133      450
  SINCE JUN 1    567                       641    -74      648
  SINCE JAN 1    575                       692   -117      707
..................................................................


WIND (MPH)
  HIGHEST WIND SPEED    15   HIGHEST WIND DIRECTION    SE (120)
  HIGHEST GUST SPEED    19   HIGHEST GUST DIRECTION     W (270)
  AVERAGE WIND SPEED     6.2


SKY COVER
  POSSIBLE SUNSHINE  MM
  AVERAGE SKY COVER 0.0


WEATHER CONDITIONS
 THE FOLLOWING WEATHER WAS RECORDED YESTERDAY.
  NO SIGNIFICANT WEATHER WAS OBSERVED.


RELATIVE HUMIDITY (PERCENT)
 HIGHEST    33           500 AM
 LOWEST      9           500 PM
 AVERAGE    21

..........................................................


THE GRAND JUNCTION CO CLIMATE NORMALS FOR TODAY
                         NORMAL    RECORD    YEAR
 MAXIMUM TEMPERATURE (F)   92       102      2008
                                             1938
                                             1902
 MINIMUM TEMPERATURE (F)   64        51      1903


SUNRISE AND SUNSET
AUGUST  1 2015........SUNRISE   614 AM MDT   SUNSET   826 PM MDT
AUGUST  2 2015........SUNRISE   615 AM MDT   SUNSET   825 PM MDT


-  INDICATES NEGATIVE NUMBERS.
R  INDICATES RECORD WAS SET OR TIED.
MM INDICATES DATA IS MISSING.
T  INDICATES TRACE AMOUNT.




$$
