792
CDUS45 KGJT 020733
CLIGJT


CLIMATE REPORT
NATIONAL WEATHER SERVICE GRAND JUNCTION CO
128 AM MDT MON MAY 2 2016


...................................

...THE GRAND JUNCTION CO CLIMATE SUMMARY FOR MAY 1 2016...

CLIMATE NORMAL PERIOD 1981 TO 2010
CLIMATE RECORD PERIOD 1893 TO 2016


WEATHER ITEM   OBSERVED TIME   RECORD YEAR NORMAL DEPARTURE LAST
                VALUE   (LST)  VALUE       VALUE  FROM      YEAR
                                                  NORMAL
..................................................................
TEMPERATURE (F)
 YESTERDAY
  MAXIMUM         60    417 PM  88    2001  71    -11       81
                                      1943
  MINIMUM         37    552 AM  24    2011  43     -6       51
  AVERAGE         49                        57     -8       66

PRECIPITATION (IN)
  YESTERDAY        T             0.41 1973   0.03  -0.03     0.00
  MONTH TO DATE    T                         0.03  -0.03     0.00
  SINCE MAR 1      2.69                      1.86   0.83     2.39
  SINCE JAN 1      4.06                      2.98   1.08     3.25

SNOWFALL (IN)
  YESTERDAY        0.0           0.4  2008   0.0    0.0      0.0
  MONTH TO DATE    0.0                       0.0    0.0      0.0
  SINCE MAR 1      1.1                       3.5   -2.4      3.9
  SINCE JUL 1     28.5                      19.0    9.5     12.5
  SNOW DEPTH       0

DEGREE DAYS
 HEATING
  YESTERDAY       16                         9      7        0
  MONTH TO DATE   16                         9      7        0
  SINCE MAR 1   1060                      1064     -4      955
  SINCE JUL 1   5538                      5443     95     4940

 COOLING
  YESTERDAY        0                         0      0        1
  MONTH TO DATE    0                         0      0        1
  SINCE MAR 1      0                         3     -3        1
  SINCE JAN 1      0                         3     -3        1
..................................................................


WIND (MPH)
  HIGHEST WIND SPEED    21   HIGHEST WIND DIRECTION    SE (140)
  HIGHEST GUST SPEED    24   HIGHEST GUST DIRECTION    SE (150)
  AVERAGE WIND SPEED     8.4


SKY COVER
  POSSIBLE SUNSHINE  MM
  AVERAGE SKY COVER 0.5


WEATHER CONDITIONS
 THE FOLLOWING WEATHER WAS RECORDED YESTERDAY.
  LIGHT RAIN


RELATIVE HUMIDITY (PERCENT)
 HIGHEST    70           500 AM
 LOWEST     31           400 PM
 AVERAGE    51

..........................................................


THE GRAND JUNCTION CO CLIMATE NORMALS FOR TODAY
                         NORMAL    RECORD    YEAR
 MAXIMUM TEMPERATURE (F)   71        88      1947
 MINIMUM TEMPERATURE (F)   43        26      1970


SUNRISE AND SUNSET
MAY  2 2016...........SUNRISE   614 AM MDT   SUNSET   809 PM MDT
MAY  3 2016...........SUNRISE   613 AM MDT   SUNSET   810 PM MDT


-  INDICATES NEGATIVE NUMBERS.
R  INDICATES RECORD WAS SET OR TIED.
MM INDICATES DATA IS MISSING.
T  INDICATES TRACE AMOUNT.




$$
