000
CDUS45 KGJT 210732
CLIGJT


CLIMATE REPORT
NATIONAL WEATHER SERVICE GRAND JUNCTION CO
130 AM MDT SAT OCT 21 2017


...................................

...THE GRAND JUNCTION CO CLIMATE SUMMARY FOR OCTOBER 20 2017...

CLIMATE NORMAL PERIOD 1981 TO 2010
CLIMATE RECORD PERIOD 1893 TO 2017


WEATHER ITEM   OBSERVED TIME   RECORD YEAR NORMAL DEPARTURE LAST
                VALUE   (LST)  VALUE       VALUE  FROM      YEAR
                                                  NORMAL
..................................................................
TEMPERATURE (F)
 YESTERDAY
  MAXIMUM         77    204 PM  79    2003  64     13       63
  MINIMUM         49   1159 PM  25    1976  38     11       32
                                      1905
  AVERAGE         63                        51     12       48

PRECIPITATION (IN)
  YESTERDAY        T             0.27 1963   0.04  -0.04     0.00
  MONTH TO DATE    0.28                      0.72  -0.44     0.09
  SINCE SEP 1      1.02                      1.91  -0.89     0.77
  SINCE JAN 1      5.03                      7.76  -2.73     7.02

SNOWFALL (IN)
  YESTERDAY        0.0           0.7  1996   0.0    0.0      0.0
  MONTH TO DATE    0.0                       0.2   -0.2      0.0
  SINCE SEP 1      0.0                       0.2   -0.2      0.0
  SINCE JUL 1      0.0                       0.2   -0.2      0.0
  SNOW DEPTH       0

DEGREE DAYS
 HEATING
  YESTERDAY        2                        14    -12       17
  MONTH TO DATE  263                       196     67      156
  SINCE SEP 1    362                       267     95      203
  SINCE JUL 1    362                       270     92      203

 COOLING
  YESTERDAY        0                         0      0        0
  MONTH TO DATE    0                         1     -1       10
  SINCE SEP 1    183                       104     79      131
  SINCE JAN 1   1479                      1123    356     1245
..................................................................


WIND (MPH)
  HIGHEST WIND SPEED    35   HIGHEST WIND DIRECTION    NW (310)
  HIGHEST GUST SPEED    54   HIGHEST GUST DIRECTION    NW (310)
  AVERAGE WIND SPEED    15.7


SKY COVER
  POSSIBLE SUNSHINE  MM
  AVERAGE SKY COVER 0.4


WEATHER CONDITIONS
 THE FOLLOWING WEATHER WAS RECORDED YESTERDAY.
  LIGHT RAIN


RELATIVE HUMIDITY (PERCENT)
 HIGHEST    47           700 AM
 LOWEST     17           400 PM
 AVERAGE    32

..........................................................


THE GRAND JUNCTION CO CLIMATE NORMALS FOR TODAY
                         NORMAL    RECORD    YEAR
 MAXIMUM TEMPERATURE (F)   64        80      2003
 MINIMUM TEMPERATURE (F)   38        22      1905


SUNRISE AND SUNSET
OCTOBER 21 2017.......SUNRISE   730 AM MDT   SUNSET   627 PM MDT
OCTOBER 22 2017.......SUNRISE   731 AM MDT   SUNSET   625 PM MDT


-  INDICATES NEGATIVE NUMBERS.
R  INDICATES RECORD WAS SET OR TIED.
MM INDICATES DATA IS MISSING.
T  INDICATES TRACE AMOUNT.




$$
