000
CDUS45 KGJT 250742
CLIGJT


CLIMATE REPORT
NATIONAL WEATHER SERVICE GRAND JUNCTION CO
139 AM MDT SAT MAR 25 2017


...................................

...THE GRAND JUNCTION CO CLIMATE SUMMARY FOR MARCH 24 2017...

CLIMATE NORMAL PERIOD 1981 TO 2010
CLIMATE RECORD PERIOD 1893 TO 2017


WEATHER ITEM   OBSERVED TIME   RECORD YEAR NORMAL DEPARTURE LAST
                VALUE   (LST)  VALUE       VALUE  FROM      YEAR
                                                  NORMAL
..................................................................
TEMPERATURE (F)
 YESTERDAY
  MAXIMUM         62    511 PM  77    1998  59      3       51
  MINIMUM         39    636 AM  14    2013  33      6       30
  AVERAGE         51                        46      5       41

PRECIPITATION (IN)
  YESTERDAY        0.00          0.51 1965   0.03  -0.03     0.00
  MONTH TO DATE    0.03                      0.68  -0.65     0.79
  SINCE MAR 1      0.03                      0.68  -0.65     0.79
  SINCE JAN 1      1.58                      1.80  -0.22     2.16

SNOWFALL (IN)
  YESTERDAY        0.0           2.9  1965   0.1   -0.1      0.0
  MONTH TO DATE    T                         2.0   -2.0      1.1
  SINCE MAR 1      T                         2.0   -2.0      1.1
  SINCE JUL 1     13.9                      17.5   -3.6     28.5
  SNOW DEPTH       0

DEGREE DAYS
 HEATING
  YESTERDAY       14                        19     -5       24
  MONTH TO DATE  342                       525   -183      455
  SINCE MAR 1    342                       525   -183      455
  SINCE JUL 1   3989                      4904   -915     4933

 COOLING
  YESTERDAY        0                         0      0        0
  MONTH TO DATE    0                         0      0        0
  SINCE MAR 1      0                         0      0        0
  SINCE JAN 1      0                         0      0        0
..................................................................


WIND (MPH)
  HIGHEST WIND SPEED    17   HIGHEST WIND DIRECTION     N (350)
  HIGHEST GUST SPEED    22   HIGHEST GUST DIRECTION     N (350)
  AVERAGE WIND SPEED     7.7


SKY COVER
  POSSIBLE SUNSHINE  MM
  AVERAGE SKY COVER 0.3


WEATHER CONDITIONS
 THE FOLLOWING WEATHER WAS RECORDED YESTERDAY.
  NO SIGNIFICANT WEATHER WAS OBSERVED.


RELATIVE HUMIDITY (PERCENT)
 HIGHEST    83          1200 AM
 LOWEST     27           400 PM
 AVERAGE    55

..........................................................


THE GRAND JUNCTION CO CLIMATE NORMALS FOR TODAY
                         NORMAL    RECORD    YEAR
 MAXIMUM TEMPERATURE (F)   59        79      2012
 MINIMUM TEMPERATURE (F)   33        18      1965


SUNRISE AND SUNSET
MARCH 25 2017.........SUNRISE   709 AM MDT   SUNSET   731 PM MDT
MARCH 26 2017.........SUNRISE   708 AM MDT   SUNSET   732 PM MDT


-  INDICATES NEGATIVE NUMBERS.
R  INDICATES RECORD WAS SET OR TIED.
MM INDICATES DATA IS MISSING.
T  INDICATES TRACE AMOUNT.




$$
