000
CDUS45 KGJT 232327
CLIGJT


CLIMATE REPORT
NATIONAL WEATHER SERVICE GRAND JUNCTION CO
526 PM MDT THU OCT 23 2014


...................................

...THE GRAND JUNCTION CO CLIMATE SUMMARY FOR OCTOBER 23 2014...
VALID TODAY AS OF 0500 PM LOCAL TIME.

CLIMATE NORMAL PERIOD 1981 TO 2010
CLIMATE RECORD PERIOD 1893 TO 2014


WEATHER ITEM   OBSERVED TIME   RECORD YEAR NORMAL DEPARTURE LAST
                VALUE   (LST)  VALUE       VALUE  FROM      YEAR
                                                  NORMAL
..................................................................
TEMPERATURE (F)
 TODAY
  MAXIMUM         70    306 PM  78    1954  63      7       66
  MINIMUM         41    533 AM  23    2008  37      4       34
  AVERAGE         56                        50      6       50

PRECIPITATION (IN)
  TODAY            0.00          0.78 1953   0.03  -0.03     0.00
  MONTH TO DATE    0.58                      0.81  -0.23     0.93
  SINCE SEP 1      2.42                      2.00   0.42     4.02
  SINCE JAN 1     10.51                      7.85   2.66     9.99

SNOWFALL (IN)
  TODAY            0.0           3.0  1920   0.0    0.0      0.0
  MONTH TO DATE    0.0                       0.2   -0.2      0.1
  SINCE SEP 1      0.0                       0.2   -0.2      0.1
  SINCE JUL 1      0.0                       0.2   -0.2      0.1
  SNOW DEPTH       0

DEGREE DAYS
 HEATING
  TODAY            9                        15     -6       15
  MONTH TO DATE  218                       239    -21      360
  SINCE SEP 1    259                       310    -51      442
  SINCE JUL 1    264                       313    -49      442

 COOLING
  TODAY            0                         0      0        0
  MONTH TO DATE    0                         1     -1        0
  SINCE SEP 1    120                       104     16      143
  SINCE JAN 1   1046                      1123    -77     1269
..................................................................


WIND (MPH)
  HIGHEST WIND SPEED    14   HIGHEST WIND DIRECTION    SE (130)
  HIGHEST GUST SPEED    16   HIGHEST GUST DIRECTION    SE (130)
  AVERAGE WIND SPEED     6.8


SKY COVER
  POSSIBLE SUNSHINE  MM
  AVERAGE SKY COVER 0.0


WEATHER CONDITIONS
 THE FOLLOWING WEATHER WAS RECORDED TODAY.
  NO SIGNIFICANT WEATHER WAS OBSERVED.


RELATIVE HUMIDITY (PERCENT)
 HIGHEST    82           500 AM
 LOWEST     31           200 PM
 AVERAGE    57

..........................................................


THE GRAND JUNCTION CO CLIMATE NORMALS FOR TOMORROW
                         NORMAL    RECORD    YEAR
 MAXIMUM TEMPERATURE (F)   63        77      1992
 MINIMUM TEMPERATURE (F)   37        18      1975


SUNRISE AND SUNSET
OCTOBER 23 2014.......SUNRISE   732 AM MDT   SUNSET   624 PM MDT
OCTOBER 24 2014.......SUNRISE   733 AM MDT   SUNSET   623 PM MDT


-  INDICATES NEGATIVE NUMBERS.
R  INDICATES RECORD WAS SET OR TIED.
MM INDICATES DATA IS MISSING.
T  INDICATES TRACE AMOUNT.




$$
