000
CDUS45 KGJT 012326
CLIGJT


CLIMATE REPORT
NATIONAL WEATHER SERVICE GRAND JUNCTION CO
523 PM MDT FRI AUG 1 2014


...................................

...THE GRAND JUNCTION CO CLIMATE SUMMARY FOR AUGUST 1 2014...
VALID TODAY AS OF 0500 PM LOCAL TIME.

CLIMATE NORMAL PERIOD 1981 TO 2010
CLIMATE RECORD PERIOD 1893 TO 2014


WEATHER ITEM   OBSERVED TIME   RECORD YEAR NORMAL DEPARTURE LAST
                VALUE   (LST)  VALUE       VALUE  FROM      YEAR
                                                  NORMAL
..................................................................
TEMPERATURE (F)
 TODAY
  MAXIMUM         88    245 PM 102    2008  92     -4       77
                                      1938
                                      1902
  MINIMUM         61    500 AM  51    1903  64     -3       61
  AVERAGE         75                        78     -3       69

PRECIPITATION (IN)
  TODAY            0.00          1.21 1953   0.03  -0.03     0.12
  MONTH TO DATE    0.00                      0.03  -0.03     0.12
  SINCE JUN 1      1.15                      1.10   0.05     1.50
  SINCE JAN 1      4.93                      4.93   0.00     4.91

SNOWFALL (IN)
  TODAY            0.0           0.0  2002   0.0    0.0      0.0
  MONTH TO DATE    0.0                       0.0    0.0      0.0
  SINCE JUN 1      0.0                       0.0    0.0      0.0
  SINCE JUL 1      0.0                       0.0    0.0      0.0
  SNOW DEPTH       0

DEGREE DAYS
 HEATING
  TODAY            0                         0      0        0
  MONTH TO DATE    0                         0      0        0
  SINCE JUN 1     19                        23     -4        5
  SINCE JUL 1      0                         1     -1        0

 COOLING
  TODAY           10                        13     -3        4
  MONTH TO DATE   10                        13     -3        4
  SINCE JUN 1    658                       654      4      771
  SINCE JAN 1    717                       705     12      826
..................................................................


WIND (MPH)
  HIGHEST WIND SPEED    30   HIGHEST WIND DIRECTION    NE (40)
  HIGHEST GUST SPEED    36   HIGHEST GUST DIRECTION    NE (40)
  AVERAGE WIND SPEED     7.2


SKY COVER
  POSSIBLE SUNSHINE  MM
  AVERAGE SKY COVER 0.3


WEATHER CONDITIONS
 THE FOLLOWING WEATHER WAS RECORDED TODAY.
  THUNDERSTORM


RELATIVE HUMIDITY (PERCENT)
 HIGHEST    78           500 AM
 LOWEST     22           300 PM
 AVERAGE    50

..........................................................


THE GRAND JUNCTION CO CLIMATE NORMALS FOR TOMORROW
                         NORMAL    RECORD    YEAR
 MAXIMUM TEMPERATURE (F)   92       103      2000
                                             1902
 MINIMUM TEMPERATURE (F)   64        54      1998
                                             1906


SUNRISE AND SUNSET
AUGUST  1 2014........SUNRISE   615 AM MDT   SUNSET   826 PM MDT
AUGUST  2 2014........SUNRISE   616 AM MDT   SUNSET   825 PM MDT


-  INDICATES NEGATIVE NUMBERS.
R  INDICATES RECORD WAS SET OR TIED.
MM INDICATES DATA IS MISSING.
T  INDICATES TRACE AMOUNT.




$$
