000
CDUS43 KGLD 290744
CLIGLD

CLIMATE REPORT
NATIONAL WEATHER SERVICE GOODLAND
142 AM MDT TUE JUL 29 2014

...................................

...THE GOODLAND KS CLIMATE SUMMARY FOR JULY 28 2014...

CLIMATE NORMAL PERIOD 1981 TO 2010
CLIMATE RECORD PERIOD 1895 TO 2014

WEATHER ITEM   OBSERVED TIME   RECORD YEAR NORMAL DEPARTURE LAST
                VALUE   (LST)  VALUE       VALUE  FROM      YEAR
                                                  NORMAL
..................................................................
TEMPERATURE (F)
 YESTERDAY
  MAXIMUM         85    252 PM 106    1943  90     -5       62
  MINIMUM         58    352 AM  52    1958  62     -4       53
  AVERAGE         72                        76     -4       58

PRECIPITATION (IN)
  YESTERDAY        0.00          1.15 1985   0.11  -0.11     0.11
  MONTH TO DATE    1.81                      3.13  -1.32     0.44
  SINCE JUN 1      7.34                      6.38   0.96     3.48
  SINCE JAN 1     10.88                     12.86  -1.98     7.84

SNOWFALL (IN)
  YESTERDAY        0.0                       0.0    0.0      0.0
  MONTH TO DATE    0.0                       0.0    0.0      0.0
  SINCE JUN 1      0.0                       0.0    0.0      0.0
  SINCE JUL 1      0.0                       0.0    0.0      0.0
  SNOW DEPTH       0

DEGREE DAYS
 HEATING
  YESTERDAY        0                         0      0        7
  MONTH TO DATE   13                         0     13        7
  SINCE JUN 1     51                        37     14       38
  SINCE JUL 1     13                         0     13        7

 COOLING
  YESTERDAY        7                        11     -4        0
  MONTH TO DATE  291                       301    -10      295
  SINCE JUN 1    440                       480    -40      552
  SINCE JAN 1    486                       521    -35      641
..................................................................

WIND (MPH)
  HIGHEST WIND SPEED    20   HIGHEST WIND DIRECTION     S (170)
  HIGHEST GUST SPEED    25   HIGHEST GUST DIRECTION     S (160)
  AVERAGE WIND SPEED    10.8

SKY COVER
  AVERAGE SKY COVER 0.1

WEATHER CONDITIONS
THE FOLLOWING WEATHER WAS RECORDED YESTERDAY.
  NO SIGNIFICANT WEATHER WAS OBSERVED.

RELATIVE HUMIDITY (PERCENT)
 HIGHEST    80
 LOWEST     34
 AVERAGE    57

..........................................................

THE GOODLAND KS CLIMATE NORMALS FOR TODAY
                         NORMAL    RECORD    YEAR
 MAXIMUM TEMPERATURE (F)   90       104      1947
 MINIMUM TEMPERATURE (F)   62        48      1971

SUNRISE AND SUNSET
JULY 29 2014..........SUNRISE   544 AM MDT   SUNSET   802 PM MDT
JULY 30 2014..........SUNRISE   545 AM MDT   SUNSET   801 PM MDT

-  INDICATES NEGATIVE NUMBERS.
R  INDICATES RECORD WAS SET OR TIED.
MM INDICATES DATA IS MISSING.
T  INDICATES TRACE AMOUNT.

&&

THE AVERAGE SOIL TEMPERATURE AT THE FOUR INCH DEPTH... 76

$$
