000
CDUS43 KGLD 240057
CLIGLD

CLIMATE REPORT
NATIONAL WEATHER SERVICE GOODLAND
551 PM MST TUE JAN 23 2018

...................................

...THE GOODLAND KS CLIMATE SUMMARY FOR JANUARY 23 2018...
VALID TODAY AS OF 0500 PM LOCAL TIME.

CLIMATE NORMAL PERIOD 1981 TO 2010
CLIMATE RECORD PERIOD 1895 TO 2018

WEATHER ITEM   OBSERVED TIME   RECORD YEAR NORMAL DEPARTURE LAST
                VALUE   (LST)  VALUE       VALUE  FROM      YEAR
                                                  NORMAL
..................................................................
TEMPERATURE (F)
 TODAY
  MAXIMUM         35    321 PM  69    1981  42     -7       58
  MINIMUM         15    132 AM  -9    1963  17     -2       25
  AVERAGE         25                        30     -5       42

PRECIPITATION (IN)
  TODAY            0.00          0.06 2014   0.01  -0.01     0.00
                                      1939
  MONTH TO DATE    0.68                      0.27   0.41     0.91
  SINCE DEC 1      0.77                      0.73   0.04     1.51
  SINCE JAN 1      0.68                      0.27   0.41     0.91

SNOWFALL (IN)
  TODAY            0.0                       0.2   -0.2      0.0
  MONTH TO DATE    9.0                       4.2    4.8      3.4
  SINCE DEC 1     10.5                       9.7    0.8      8.4
  SINCE JUL 1     10.6                      16.9   -6.3      9.0
  SNOW DEPTH       8

DEGREE DAYS
 HEATING
  TODAY           40                        35      5       23
  MONTH TO DATE  802                       807     -5      867
  SINCE DEC 1   1876                      1895    -19     2069
  SINCE JUL 1   3027                      3214   -187     2932

 COOLING
  TODAY            0                         0      0        0
  MONTH TO DATE    0                         0      0        0
  SINCE DEC 1      0                         0      0        0
  SINCE JAN 1      0                         0      0        0
..................................................................

WIND (MPH)
  HIGHEST WIND SPEED    17   HIGHEST WIND DIRECTION    NW (300)
  HIGHEST GUST SPEED    22   HIGHEST GUST DIRECTION     W (290)
  AVERAGE WIND SPEED    13.3


SKY COVER
  AVERAGE SKY COVER 0.0


WEATHER CONDITIONS
 THE FOLLOWING WEATHER WAS RECORDED TODAY.
  NO SIGNIFICANT WEATHER WAS OBSERVED.


RELATIVE HUMIDITY (PERCENT)
 HIGHEST    80           600 AM
 LOWEST     63          1200 PM
 AVERAGE    72

..........................................................


THE GOODLAND KS CLIMATE NORMALS FOR TOMORROW
                         NORMAL    RECORD    YEAR
 MAXIMUM TEMPERATURE (F)   42        71      1970
 MINIMUM TEMPERATURE (F)   17       -10      1897


SUNRISE AND SUNSET
JANUARY 23 2018.......SUNRISE   701 AM MST   SUNSET   457 PM MST
JANUARY 24 2018.......SUNRISE   700 AM MST   SUNSET   458 PM MST


-  INDICATES NEGATIVE NUMBERS.
R  INDICATES RECORD WAS SET OR TIED.
MM INDICATES DATA IS MISSING.
T  INDICATES TRACE AMOUNT.

&&

THE AVERAGE SOIL TEMPERATURE AT THE FOUR INCH DEPTH... 31
THE CURRENT DEPTH OF FROST... 8 INCHES

$$
