409
CDUS44 KJAN 260655
CLIGLH


CLIMATE REPORT
NATIONAL WEATHER SERVICE JACKSON MS
154 AM CDT TUE JUL 26 2016


...................................

...THE GREENVILLE CLIMATE SUMMARY FOR JULY 25 2016...

CLIMATE NORMAL PERIOD 1981 TO 2010
CLIMATE RECORD PERIOD 1920 TO 2016


WEATHER ITEM   OBSERVED TIME   RECORD YEAR NORMAL DEPARTURE LAST
                VALUE   (LST)  VALUE       VALUE  FROM      YEAR
                                                  NORMAL
..................................................................
TEMPERATURE (F)
 YESTERDAY
  MAXIMUM         95    317 PM 103    1981  92      3       98
                                      1954
                                      1952
  MINIMUM         74    514 AM  61    2014  72      2       75
  AVERAGE         85                        82      3       87

PRECIPITATION (IN)
  YESTERDAY        0.00          4.16 1959   0.10  -0.10     1.46
  MONTH TO DATE    2.84                      3.25  -0.41     4.08
  SINCE JUN 1      4.09                      7.29  -3.20     5.60
  SINCE JAN 1     32.62                     31.55   1.07    25.57

SNOWFALL (IN)
  YESTERDAY        0.0

DEGREE DAYS
 HEATING
  YESTERDAY        0                         0      0        0
  MONTH TO DATE    0                         0      0        0
  SINCE JUN 1      0                         0      0        0
  SINCE JUL 1      0                         0      0        0

 COOLING
  YESTERDAY       20                        17      3       22
  MONTH TO DATE  493                       423     70      477
  SINCE JUN 1    993                       843    150      953
  SINCE JAN 1   1335                      1165    170     1334
..................................................................


WIND (MPH)
  HIGHEST WIND SPEED    10   HIGHEST WIND DIRECTION     E (100)
  HIGHEST GUST SPEED    14   HIGHEST GUST DIRECTION    SE (150)
  AVERAGE WIND SPEED     3.6


SKY COVER
  POSSIBLE SUNSHINE  MM
  AVERAGE SKY COVER 0.1


WEATHER CONDITIONS
 THE FOLLOWING WEATHER WAS RECORDED YESTERDAY.
  NO SIGNIFICANT WEATHER WAS OBSERVED.


RELATIVE HUMIDITY (PERCENT)
 HIGHEST    94          1200 AM
 LOWEST     49           400 PM
 AVERAGE    72

..........................................................


THE GREENVILLE CLIMATE NORMALS FOR TODAY
                         NORMAL    RECORD    YEAR
 MAXIMUM TEMPERATURE (F)   92       104      1925
 MINIMUM TEMPERATURE (F)   72        64      2013


SUNRISE AND SUNSET
JULY 26 2016..........SUNRISE   613 AM CDT   SUNSET   808 PM CDT
JULY 27 2016..........SUNRISE   613 AM CDT   SUNSET   807 PM CDT


-  INDICATES NEGATIVE NUMBERS.
R  INDICATES RECORD WAS SET OR TIED.
MM INDICATES DATA IS MISSING.
T  INDICATES TRACE AMOUNT.




$$
