000
CDUS44 KJAN 200850
CLIGLH


CLIMATE REPORT
NATIONAL WEATHER SERVICE JACKSON MS
342 AM CDT THU JUL 20 2017


...................................

...THE GREENVILLE CLIMATE SUMMARY FOR JULY 19 2017...

CLIMATE NORMAL PERIOD 1981 TO 2010
CLIMATE RECORD PERIOD 1903 TO 2017


WEATHER ITEM   OBSERVED TIME   RECORD YEAR NORMAL DEPARTURE LAST
                VALUE   (LST)  VALUE       VALUE  FROM      YEAR
                                                  NORMAL
..................................................................
TEMPERATURE (F)
 YESTERDAY
  MAXIMUM         94    221 PM 103    1980  92      2       94
  MINIMUM         74    524 AM  61    2009  72      2       76
  AVERAGE         84                        82      2       85

PRECIPITATION (IN)
  YESTERDAY        0.00          1.39 1999   0.12  -0.12     0.00
  MONTH TO DATE    1.66                      2.62  -0.96     1.92
  SINCE JUN 1      6.14                      6.66  -0.52     3.17
  SINCE JAN 1     22.52                     30.92  -8.40    31.70

SNOWFALL (IN)
  YESTERDAY        0.0

DEGREE DAYS
 HEATING
  YESTERDAY        0                         0      0        0
  MONTH TO DATE    0                         0      0        0
  SINCE JUN 1      0                         0      0        0
  SINCE JUL 1      0                         0      0        0

 COOLING
  YESTERDAY       19                        17      2       20
  MONTH TO DATE  311                       321    -10      364
  SINCE JUN 1    677                       741    -64      864
  SINCE JAN 1   1074                      1063     11     1206
..................................................................


WIND (MPH)
  HIGHEST WIND SPEED    16   HIGHEST WIND DIRECTION     E (90)
  HIGHEST GUST SPEED    21   HIGHEST GUST DIRECTION     E (100)
  AVERAGE WIND SPEED     2.2


SKY COVER
  POSSIBLE SUNSHINE  MM
  AVERAGE SKY COVER 0.1


WEATHER CONDITIONS
 THE FOLLOWING WEATHER WAS RECORDED YESTERDAY.
  THUNDERSTORM
  FOG


RELATIVE HUMIDITY (PERCENT)
 HIGHEST   100          1200 AM
 LOWEST     52           200 PM
 AVERAGE    76

..........................................................


THE GREENVILLE CLIMATE NORMALS FOR TODAY
                         NORMAL    RECORD    YEAR
 MAXIMUM TEMPERATURE (F)   92       104      1986
 MINIMUM TEMPERATURE (F)   72        59      1918


SUNRISE AND SUNSET
JULY 20 2017..........SUNRISE   608 AM CDT   SUNSET   812 PM CDT
JULY 21 2017..........SUNRISE   609 AM CDT   SUNSET   811 PM CDT


-  INDICATES NEGATIVE NUMBERS.
R  INDICATES RECORD WAS SET OR TIED.
MM INDICATES DATA IS MISSING.
T  INDICATES TRACE AMOUNT.




$$
