000
CDUS44 KJAN 280644
CLIGLH


CLIMATE REPORT
NATIONAL WEATHER SERVICE JACKSON MS
1242 AM CST TUE FEB 28 2017


...................................

...THE GREENVILLE CLIMATE SUMMARY FOR FEBRUARY 27 2017...

CLIMATE NORMAL PERIOD 1981 TO 2010
CLIMATE RECORD PERIOD 1920 TO 2017


WEATHER ITEM   OBSERVED TIME   RECORD YEAR NORMAL DEPARTURE LAST
                VALUE   (LST)  VALUE       VALUE  FROM      YEAR
                                                  NORMAL
..................................................................
TEMPERATURE (F)
 YESTERDAY
  MAXIMUM         61   1159 PM  83    1962  60      1       66
  MINIMUM         48    443 AM  20    1934  40      8       32
  AVERAGE         55                        50      5       49

PRECIPITATION (IN)
  YESTERDAY        0.70          2.47 2001   0.14   0.56     0.00
  MONTH TO DATE    2.91                      4.88  -1.97     3.44
  SINCE DEC 1     10.88                     15.47  -4.59    10.32
  SINCE JAN 1      8.02                      9.85  -1.83     6.51

SNOWFALL (IN)
  YESTERDAY        0.0

DEGREE DAYS
 HEATING
  YESTERDAY       10                        15     -5       16
  MONTH TO DATE  284                       506   -222      410
  SINCE DEC 1   1264                      1833   -569     1417
  SINCE JUL 1   1533                      2295   -762     1667

 COOLING
  YESTERDAY        0                         0      0        0
  MONTH TO DATE   12                         0     12        4
  SINCE DEC 1     35                         4     31       39
  SINCE JAN 1     23                         1     22        4
..................................................................


WIND (MPH)
  HIGHEST WIND SPEED    24   HIGHEST WIND DIRECTION     N (360)
  HIGHEST GUST SPEED    31   HIGHEST GUST DIRECTION     N (10)
  AVERAGE WIND SPEED     9.6


SKY COVER
  POSSIBLE SUNSHINE  MM
  AVERAGE SKY COVER 0.9


WEATHER CONDITIONS
 THE FOLLOWING WEATHER WAS RECORDED YESTERDAY.
  THUNDERSTORM
  HEAVY RAIN
  RAIN
  LIGHT RAIN
  FOG


RELATIVE HUMIDITY (PERCENT)
 HIGHEST    93           300 AM
 LOWEST     51          1200 AM
 AVERAGE    72

..........................................................


THE GREENVILLE CLIMATE NORMALS FOR TODAY
                         NORMAL    RECORD    YEAR
 MAXIMUM TEMPERATURE (F)   61        82      1954
                                             1940
 MINIMUM TEMPERATURE (F)   40        20      1935


SUNRISE AND SUNSET
FEBRUARY 28 2017......SUNRISE   633 AM CST   SUNSET   600 PM CST
MARCH  1 2017.........SUNRISE   632 AM CST   SUNSET   601 PM CST


-  INDICATES NEGATIVE NUMBERS.
R  INDICATES RECORD WAS SET OR TIED.
MM INDICATES DATA IS MISSING.
T  INDICATES TRACE AMOUNT.




$$
