000
CDUS44 KJAN 200644
CLIGLH


CLIMATE REPORT
NATIONAL WEATHER SERVICE JACKSON MS
142 AM CDT SUN APR 20 2014


...................................

...THE GREENVILLE CLIMATE SUMMARY FOR APRIL 19 2014...

CLIMATE NORMAL PERIOD 1981 TO 2010
CLIMATE RECORD PERIOD 1920 TO 2014


WEATHER ITEM   OBSERVED TIME   RECORD YEAR NORMAL DEPARTURE LAST
                VALUE   (LST)  VALUE       VALUE  FROM      YEAR
                                                  NORMAL
..................................................................
TEMPERATURE (F)
 YESTERDAY
  MAXIMUM         80    321 PM  89    1987  75      5       59
  MINIMUM         50    550 AM  35    1983  53     -3       43
  AVERAGE         65                        64      1       51

PRECIPITATION (IN)
  YESTERDAY        0.00          1.50 1970   0.17  -0.17     0.00
  MONTH TO DATE    6.12                      3.21   2.91     3.30
  SINCE MAR 1     11.63                      7.76   3.87     8.05
  SINCE JAN 1     15.93                     17.75  -1.82    20.51

SNOWFALL (IN)
  YESTERDAY        0.0

DEGREE DAYS
 HEATING
  YESTERDAY        0                         3     -3       14
  MONTH TO DATE  123                        96     27      118
  SINCE MAR 1    557                       432    125      593
  SINCE JUL 1   3164                      2741    423     2596

 COOLING
  YESTERDAY        0                         2     -2        0
  MONTH TO DATE   29                        29      0       54
  SINCE MAR 1     34                        46    -12       56
  SINCE JAN 1     34                        51    -17       66
..................................................................


WIND (MPH)
  HIGHEST WIND SPEED    13   HIGHEST WIND DIRECTION    NE (40)
  HIGHEST GUST SPEED    MM   HIGHEST GUST DIRECTION    MM
  AVERAGE WIND SPEED     4.7


SKY COVER
  POSSIBLE SUNSHINE  MM
  AVERAGE SKY COVER 0.1


WEATHER CONDITIONS
 THE FOLLOWING WEATHER WAS RECORDED YESTERDAY.
  FOG
  FOG W/VISIBILITY <= 1/4 MILE


RELATIVE HUMIDITY (PERCENT)
 HIGHEST    96           400 AM
 LOWEST     35           500 PM
 AVERAGE    66

..........................................................


THE GREENVILLE CLIMATE NORMALS FOR TODAY
                         NORMAL    RECORD    YEAR
 MAXIMUM TEMPERATURE (F)   76        95      1987
 MINIMUM TEMPERATURE (F)   54        37      1939
                                             1926


SUNRISE AND SUNSET
APRIL 20 2014.........SUNRISE   628 AM CDT   SUNSET   739 PM CDT
APRIL 21 2014.........SUNRISE   626 AM CDT   SUNSET   739 PM CDT


-  INDICATES NEGATIVE NUMBERS.
R  INDICATES RECORD WAS SET OR TIED.
MM INDICATES DATA IS MISSING.
T  INDICATES TRACE AMOUNT.




$$
