000
CDUS44 KJAN 170843
CLIGLH


CLIMATE REPORT
NATIONAL WEATHER SERVICE JACKSON MS
237 AM CST WED JAN 17 2018


...................................

...THE GREENVILLE CLIMATE SUMMARY FOR JANUARY 16 2018...

CLIMATE NORMAL PERIOD 1981 TO 2010
CLIMATE RECORD PERIOD 1903 TO 2018


WEATHER ITEM   OBSERVED TIME   RECORD YEAR NORMAL DEPARTURE LAST
                VALUE   (LST)  VALUE       VALUE  FROM      YEAR
                                                  NORMAL
..................................................................
TEMPERATURE (F)
 YESTERDAY
  MAXIMUM         33   1209 AM  81    1943  51    -18       71
  MINIMUM          9R  1159 PM  10    1982  33    -24       53
  AVERAGE         21                        42    -21       62

PRECIPITATION (IN)
  YESTERDAY        0.05          2.20 2006   0.16  -0.11     0.05
  MONTH TO DATE    1.28                      2.38  -1.10     1.09
  SINCE DEC 1      6.14                      8.00  -1.86     3.95
  SINCE JAN 1      1.28                      2.38  -1.10     1.09

SNOWFALL (IN)
  YESTERDAY       MM

DEGREE DAYS
 HEATING
  YESTERDAY       44                        23     21        3
  MONTH TO DATE  484                       365    119      255
  SINCE DEC 1   1103                       987    116      809
  SINCE JUL 1   1517                      1449     68     1078

 COOLING
  YESTERDAY        0                         0      0        0
  MONTH TO DATE    0                         0      0       11
  SINCE DEC 1      4                         3      1       23
  SINCE JAN 1      0                         0      0       11
..................................................................


WIND (MPH)
  HIGHEST WIND SPEED    31   HIGHEST WIND DIRECTION     N (350)
  HIGHEST GUST SPEED    37   HIGHEST GUST DIRECTION     N (350)
  AVERAGE WIND SPEED    14.7


SKY COVER
  POSSIBLE SUNSHINE  MM
  AVERAGE SKY COVER 0.7


WEATHER CONDITIONS
 THE FOLLOWING WEATHER WAS RECORDED YESTERDAY.
  LIGHT SNOW
  FOG


RELATIVE HUMIDITY (PERCENT)
 HIGHEST    88           500 AM
 LOWEST     54           500 PM
 AVERAGE    71

..........................................................


THE GREENVILLE CLIMATE NORMALS FOR TODAY
                         NORMAL    RECORD    YEAR
 MAXIMUM TEMPERATURE (F)   52        75      1943
                                             1937
                                             1936
 MINIMUM TEMPERATURE (F)   32         4      1948


SUNRISE AND SUNSET
JANUARY 17 2018.......SUNRISE   707 AM CST   SUNSET   521 PM CST
JANUARY 18 2018.......SUNRISE   707 AM CST   SUNSET   522 PM CST


-  INDICATES NEGATIVE NUMBERS.
R  INDICATES RECORD WAS SET OR TIED.
MM INDICATES DATA IS MISSING.
T  INDICATES TRACE AMOUNT.




$$
