000
CDUS44 KJAN 282208
CLIGLH


CLIMATE REPORT
NATIONAL WEATHER SERVICE JACKSON MS
406 PM CST FRI NOV 28 2014


...................................

...THE GREENVILLE CLIMATE SUMMARY FOR NOVEMBER 28 2014...
VALID TODAY AS OF 0400 PM LOCAL TIME.

CLIMATE NORMAL PERIOD 1981 TO 2010
CLIMATE RECORD PERIOD 1920 TO 2014


WEATHER ITEM   OBSERVED TIME   RECORD YEAR NORMAL DEPARTURE LAST
                VALUE   (LST)  VALUE       VALUE  FROM      YEAR
                                                  NORMAL
..................................................................
TEMPERATURE (F)
 TODAY
  MAXIMUM         59    317 PM  81    1990  59      0       45
  MINIMUM         29    443 AM  18    1938  39    -10       24
  AVERAGE         44                        49     -5       35

PRECIPITATION (IN)
  TODAY            0.00          5.85 1968   0.22  -0.22     0.00
  MONTH TO DATE    2.39                      4.58  -2.19     3.53
  SINCE SEP 1      9.20                     11.98  -2.78    19.33
  SINCE JAN 1     48.92                     46.54   2.38    48.31

SNOWFALL (IN)
  TODAY            0.0

DEGREE DAYS
 HEATING
  TODAY           21                        16      5       30
  MONTH TO DATE  464                       317    147      398
  SINCE SEP 1    533                       431    102      489
  SINCE JUL 1    533                       431    102      489

 COOLING
  TODAY            0                         0      0        0
  MONTH TO DATE    0                         9     -9       10
  SINCE SEP 1    507                       404    103      520
  SINCE JAN 1   2174                      2183     -9     2247
..................................................................


WIND (MPH)
  HIGHEST WIND SPEED    18   HIGHEST WIND DIRECTION     S (190)
  HIGHEST GUST SPEED    21   HIGHEST GUST DIRECTION     S (190)
  AVERAGE WIND SPEED     7.7


SKY COVER
  POSSIBLE SUNSHINE  MM
  AVERAGE SKY COVER 0.0


WEATHER CONDITIONS
 THE FOLLOWING WEATHER WAS RECORDED TODAY.
  FOG


RELATIVE HUMIDITY (PERCENT)
 HIGHEST    92          1200 AM
 LOWEST     36           200 PM
 AVERAGE    64

..........................................................


THE GREENVILLE CLIMATE NORMALS FOR TOMORROW
                         NORMAL    RECORD    YEAR
 MAXIMUM TEMPERATURE (F)   59        81      1960
 MINIMUM TEMPERATURE (F)   39        17      1976


SUNRISE AND SUNSET
NOVEMBER 28 2014......SUNRISE   647 AM CST   SUNSET   456 PM CST
NOVEMBER 29 2014......SUNRISE   648 AM CST   SUNSET   456 PM CST


-  INDICATES NEGATIVE NUMBERS.
R  INDICATES RECORD WAS SET OR TIED.
MM INDICATES DATA IS MISSING.
T  INDICATES TRACE AMOUNT.




$$
