000
CDUS44 KJAN 010631
CLIGLH


CLIMATE REPORT
NATIONAL WEATHER SERVICE JACKSON MS
1229 AM CST SUN FEB 1 2015


...................................

...THE GREENVILLE CLIMATE SUMMARY FOR JANUARY 31 2015...

CLIMATE NORMAL PERIOD 1981 TO 2010
CLIMATE RECORD PERIOD 1920 TO 2015


WEATHER ITEM   OBSERVED TIME   RECORD YEAR NORMAL DEPARTURE LAST
                VALUE   (LST)  VALUE       VALUE  FROM      YEAR
                                                  NORMAL
..................................................................
TEMPERATURE (F)
 YESTERDAY
  MAXIMUM         58    348 PM  76    1975  53      5       62
                                      1936
                                      1938
  MINIMUM         31    251 AM   0    1936  33     -2       35
  AVERAGE         45                        43      2       49

PRECIPITATION (IN)
  YESTERDAY        0.00          1.45 2008   0.17  -0.17     0.00
  MONTH TO DATE    2.59                      4.97  -2.38     0.84
  SINCE DEC 1      6.70                     10.59  -3.89     5.37
  SINCE JAN 1      2.59                      4.97  -2.38     0.84

SNOWFALL (IN)
  YESTERDAY        0.0

DEGREE DAYS
 HEATING
  YESTERDAY       20                        22     -2       16
  MONTH TO DATE  702                       706     -4      820
  SINCE DEC 1   1229                      1327    -98     1462
  SINCE JUL 1   1769                      1789    -20     1996

 COOLING
  YESTERDAY        0                         0      0        0
  MONTH TO DATE    0                         1     -1        0
  SINCE DEC 1      0                         4     -4        9
  SINCE JAN 1      0                         1     -1        0
..................................................................


WIND (MPH)
  HIGHEST WIND SPEED    16   HIGHEST WIND DIRECTION    SE (130)
  HIGHEST GUST SPEED    18   HIGHEST GUST DIRECTION     S (160)
  AVERAGE WIND SPEED     7.9


SKY COVER
  POSSIBLE SUNSHINE  MM
  AVERAGE SKY COVER 0.0


WEATHER CONDITIONS
 THE FOLLOWING WEATHER WAS RECORDED YESTERDAY.
  NO SIGNIFICANT WEATHER WAS OBSERVED.


RELATIVE HUMIDITY (PERCENT)
 HIGHEST    82           400 AM
 LOWEST     30           300 PM
 AVERAGE    56

..........................................................


THE GREENVILLE CLIMATE NORMALS FOR TODAY
                         NORMAL    RECORD    YEAR
 MAXIMUM TEMPERATURE (F)   53        77      1923
 MINIMUM TEMPERATURE (F)   33        10      1949


SUNRISE AND SUNSET
FEBRUARY  1 2015......SUNRISE   700 AM CST   SUNSET   535 PM CST
FEBRUARY  2 2015......SUNRISE   659 AM CST   SUNSET   536 PM CST


-  INDICATES NEGATIVE NUMBERS.
R  INDICATES RECORD WAS SET OR TIED.
MM INDICATES DATA IS MISSING.
T  INDICATES TRACE AMOUNT.




$$
