000
CDUS44 KHGX 312120
CLIGLS


CLIMATE REPORT
NATIONAL WEATHER SERVICE HOUSTON/GALVESTON TX
419 PM CDT WED AUG 31 2016


...................................

...THE GALVESTON CLIMATE SUMMARY FOR AUGUST 31 2016...
VALID TODAY AS OF 400 PM LOCAL TIME.

CLIMATE NORMAL PERIOD 1981 TO 2010
CLIMATE RECORD PERIOD 1875 TO 2016


WEATHER ITEM   OBSERVED TIME   RECORD YEAR NORMAL DEPARTURE LAST
                VALUE   (LST)  VALUE       VALUE  FROM      YEAR
                                                  NORMAL
..................................................................
TEMPERATURE (F)
 TODAY
  MAXIMUM         92    259 PM 100    2000  90      2       87
  MINIMUM         80    611 AM  68    1915  79      1       79
                                      1899
  AVERAGE         86                        84      2       83

PRECIPITATION (IN)
  TODAY            T            10.86 1981   0.19  -0.19     0.03
  MONTH TO DATE    8.49                      4.39   4.10     6.40
  SINCE JUN 1     19.82                     13.88   5.94     9.38
  SINCE JAN 1     40.35                     31.18   9.17    31.56

SNOWFALL (IN)
  TODAY            0.0          MM      MM  MM     MM        0.0
  MONTH TO DATE    0.0                      MM     MM        0.0
  SINCE JUN 1      0.0                      MM     MM        0.0
  SINCE JUL 1      0.0                      MM     MM        0.0
  SNOW DEPTH       0

DEGREE DAYS
 HEATING
  TODAY            0                         0      0        0
  MONTH TO DATE    0                         0      0        0
  SINCE JUN 1      0                         0      0        0
  SINCE JUL 1      0                         0      0        0

 COOLING
  TODAY           21                        19      2       18
  MONTH TO DATE  617                       620     -3      661
  SINCE JUN 1   1802                      1759     43     1889
  SINCE JAN 1   2469                      2394     75     2591
..................................................................


WIND (MPH)
  RESULTANT WIND SPEED   6   RESULTANT WIND DIRECTION   N (10)
  HIGHEST WIND SPEED    15   HIGHEST WIND DIRECTION     E (70)
  HIGHEST GUST SPEED    20   HIGHEST GUST DIRECTION     E (80)
  AVERAGE WIND SPEED     7.3


SKY COVER
  AVERAGE SKY COVER 0.4


WEATHER CONDITIONS
 THE FOLLOWING WEATHER WAS RECORDED TODAY.
  LIGHT RAIN


RELATIVE HUMIDITY (PERCENT)
 HIGHEST    94           500 AM
 LOWEST     60           200 PM
 AVERAGE    77

..........................................................


THE GALVESTON CLIMATE NORMALS FOR TOMORROW
                         NORMAL    RECORD    YEAR
 MAXIMUM TEMPERATURE (F)   90        96      1995
 MINIMUM TEMPERATURE (F)   79        68      1949


SUNRISE AND SUNSET
AUGUST 31 2016........SUNRISE   657 AM CDT   SUNSET   742 PM CDT
SEPTEMBER  1 2016.....SUNRISE   657 AM CDT   SUNSET   741 PM CDT


-  INDICATES NEGATIVE NUMBERS.
R  INDICATES RECORD WAS SET OR TIED.
MM INDICATES DATA IS MISSING.
T  INDICATES TRACE AMOUNT.




$$
