000
CDUS44 KHGX 220832
CLIGLS


CLIMATE REPORT
NATIONAL WEATHER SERVICE HOUSTON/GALVESTON TX
221 AM CST MON DEC 22 2014


...................................

...THE GALVESTON CLIMATE SUMMARY FOR DECEMBER 21 2014...

CLIMATE NORMAL PERIOD 1981 TO 2010
CLIMATE RECORD PERIOD 1875 TO 2014


WEATHER ITEM   OBSERVED TIME   RECORD YEAR NORMAL DEPARTURE LAST
                VALUE   (LST)  VALUE       VALUE  FROM      YEAR
                                                  NORMAL
..................................................................
TEMPERATURE (F)
 YESTERDAY
  MAXIMUM         61   1159 PM  76    1971  63     -2       72
  MINIMUM         51    805 AM  28    1924  50      1       54
  AVERAGE         56                        56      0       63

PRECIPITATION (IN)
  YESTERDAY        0.00          2.85 1907   0.10  -0.10     0.42
  MONTH TO DATE    3.11                      2.51   0.60     0.61
  SINCE DEC 1      3.11                      2.51   0.60     0.61
  SINCE JAN 1     31.13                     49.75 -18.62    39.20

SNOWFALL (IN)
  YESTERDAY        0.0           0.0  2001  MM     MM        0.0
  MONTH TO DATE    0.0                      MM     MM        0.0
  SINCE DEC 1      0.0                      MM     MM        0.0
  SINCE JUL 1      0.0                      MM     MM        0.0
  SNOW DEPTH       0

DEGREE DAYS
 HEATING
  YESTERDAY        9                         9      0        2
  MONTH TO DATE   86                       164    -78      225
  SINCE DEC 1     86                       164    -78      225
  SINCE JUL 1    237                       267    -30      403

 COOLING
  YESTERDAY        0                         0      0        0
  MONTH TO DATE   18                        14      4       13
  SINCE DEC 1     18                        14      4       13
  SINCE JAN 1   3256                      3303    -47     3324
..................................................................


WIND (MPH)
  RESULTANT WIND SPEED   8   RESULTANT WIND DIRECTION  NE (50)
  HIGHEST WIND SPEED    16   HIGHEST WIND DIRECTION    NE (30)
  HIGHEST GUST SPEED    20   HIGHEST GUST DIRECTION    NE (30)
  AVERAGE WIND SPEED     9.5


SKY COVER
  AVERAGE SKY COVER 0.9


WEATHER CONDITIONS
 THE FOLLOWING WEATHER WAS RECORDED YESTERDAY.
  NO SIGNIFICANT WEATHER WAS OBSERVED.


RELATIVE HUMIDITY (PERCENT)
 HIGHEST   100
 LOWEST     77
 AVERAGE    89

..........................................................


THE GALVESTON CLIMATE NORMALS FOR TODAY
                         NORMAL    RECORD    YEAR
 MAXIMUM TEMPERATURE (F)   63        74      2007
                                             1933
                                             1883
 MINIMUM TEMPERATURE (F)   50        19      1989


SUNRISE AND SUNSET
DECEMBER 22 2014......SUNRISE   710 AM CST   SUNSET   526 PM CST
DECEMBER 23 2014......SUNRISE   710 AM CST   SUNSET   527 PM CST


-  INDICATES NEGATIVE NUMBERS.
R  INDICATES RECORD WAS SET OR TIED.
MM INDICATES DATA IS MISSING.
T  INDICATES TRACE AMOUNT.




$$
