000
CDUS44 KHGX 280720
CLIGLS


CLIMATE REPORT
NATIONAL WEATHER SERVICE HOUSTON/GALVESTON TX
220 AM CDT THU AUG 28 2014


...................................

...THE GALVESTON CLIMATE SUMMARY FOR AUGUST 27 2014...

CLIMATE NORMAL PERIOD 1981 TO 2010
CLIMATE RECORD PERIOD 1875 TO 2014


WEATHER ITEM   OBSERVED TIME   RECORD YEAR NORMAL DEPARTURE LAST
                VALUE   (LST)  VALUE       VALUE  FROM      YEAR
                                                  NORMAL
..................................................................
TEMPERATURE (F)
 YESTERDAY
  MAXIMUM         87    501 PM 100    2011  90     -3       87
  MINIMUM         79    858 AM  67    1913  79      0       78
  AVERAGE         83                        85     -2       83

PRECIPITATION (IN)
  YESTERDAY        0.11          8.17 1945   0.22  -0.11     0.00
  MONTH TO DATE    1.28                      3.54  -2.26     3.85
  SINCE JUN 1      3.89                     13.03  -9.14     9.51
  SINCE JAN 1     12.58                     30.33 -17.75    24.23

SNOWFALL (IN)
  YESTERDAY        0.0          MM      MM  MM     MM        0.0
  MONTH TO DATE    0.0                      MM     MM        0.0
  SINCE JUN 1      0.0                      MM     MM        0.0
  SINCE JUL 1      0.0                      MM     MM        0.0
  SNOW DEPTH       0

DEGREE DAYS
 HEATING
  YESTERDAY        0                         0      0        0
  MONTH TO DATE    0                         0      0        0
  SINCE JUN 1      0                         0      0        0
  SINCE JUL 1      0                         0      0        0

 COOLING
  YESTERDAY       18                        20     -2       18
  MONTH TO DATE  575                       540     35      543
  SINCE JUN 1   1753                      1679     74     1766
  SINCE JAN 1   2261                      2314    -53     2317
..................................................................


WIND (MPH)
  RESULTANT WIND SPEED  12   RESULTANT WIND DIRECTION   E (70)
  HIGHEST WIND SPEED    20   HIGHEST WIND DIRECTION    NE (40)
  HIGHEST GUST SPEED    27   HIGHEST GUST DIRECTION    NE (40)
  AVERAGE WIND SPEED    13.0


SKY COVER
  AVERAGE SKY COVER 0.3


WEATHER CONDITIONS
 THE FOLLOWING WEATHER WAS RECORDED YESTERDAY.
  THUNDERSTORM
  HEAVY RAIN
  LIGHT RAIN
  FOG


RELATIVE HUMIDITY (PERCENT)
 HIGHEST    88
 LOWEST     70
 AVERAGE    79

..........................................................


THE GALVESTON CLIMATE NORMALS FOR TODAY
                         NORMAL    RECORD    YEAR
 MAXIMUM TEMPERATURE (F)   90        97      2011
 MINIMUM TEMPERATURE (F)   79        71      1961
                                             1948
                                             1887


SUNRISE AND SUNSET
AUGUST 28 2014........SUNRISE   655 AM CDT   SUNSET   746 PM CDT
AUGUST 29 2014........SUNRISE   655 AM CDT   SUNSET   745 PM CDT


-  INDICATES NEGATIVE NUMBERS.
R  INDICATES RECORD WAS SET OR TIED.
MM INDICATES DATA IS MISSING.
T  INDICATES TRACE AMOUNT.




$$
