000
CDUS42 KJAX 272126
CLIGNV


CLIMATE REPORT
NATIONAL WEATHER SERVICE JACKSONVILLE FL
526 PM EDT MON MAR 27 2017


...................................

...THE GAINESVILLE CLIMATE SUMMARY FOR MARCH 27 2017...
VALID TODAY AS OF 0500 PM LOCAL TIME.

CLIMATE NORMAL PERIOD 1981 TO 2010
CLIMATE RECORD PERIOD 1890 TO 2017


WEATHER ITEM   OBSERVED TIME   RECORD YEAR NORMAL DEPARTURE LAST
                VALUE   (LST)  VALUE       VALUE  FROM      YEAR
                                                  NORMAL
..................................................................
TEMPERATURE (F)
 TODAY
  MAXIMUM         84    146 PM  91    1949  76      8       84
  MINIMUM         54    630 AM  30    2013  52      2       67
  AVERAGE         69                        64      5       76

PRECIPITATION (IN)
  TODAY            0.00          2.51 2003   0.13  -0.13     0.28
  MONTH TO DATE    0.67                      3.83  -3.16     2.35
  SINCE MAR 1      0.67                      3.83  -3.16     2.35
  SINCE JAN 1      2.51                     10.34  -7.83     9.20

SNOWFALL (IN)
  TODAY            0.0           0.0    MM   0.0    0.0      0.0
  MONTH TO DATE    0.0                       0.0    0.0      0.0
  SINCE MAR 1      0.0                       0.0    0.0      0.0
  SINCE JUL 1      0.0                       0.0    0.0      0.0
  SNOW DEPTH       0

DEGREE DAYS
 HEATING
  TODAY            0                         3     -3        0
  MONTH TO DATE  125                       126     -1       74
  SINCE MAR 1    125                       126     -1       74
  SINCE JUL 1    628                      1160   -532      839

 COOLING
  TODAY            4                         2      2       11
  MONTH TO DATE   45                        48     -3      100
  SINCE MAR 1     45                        48     -3      100
  SINCE JAN 1    129                        80     49      125
..................................................................


WIND (MPH)
  HIGHEST WIND SPEED    13   HIGHEST WIND DIRECTION     S (160)
  HIGHEST GUST SPEED    16   HIGHEST GUST DIRECTION    SE (140)
  AVERAGE WIND SPEED     2.9


SKY COVER
  POSSIBLE SUNSHINE  MM
  AVERAGE SKY COVER 0.2


WEATHER CONDITIONS
 THE FOLLOWING WEATHER WAS RECORDED TODAY.
  FOG


RELATIVE HUMIDITY (PERCENT)
 HIGHEST   100           700 AM
 LOWEST     40           200 PM
 AVERAGE    70

..........................................................


THE GAINESVILLE CLIMATE NORMALS FOR TOMORROW
                         NORMAL    RECORD    YEAR
 MAXIMUM TEMPERATURE (F)   77        90      1949
                                             1920
 MINIMUM TEMPERATURE (F)   52        32      2013


SUNRISE AND SUNSET
MARCH 27 2017.........SUNRISE   724 AM EDT   SUNSET   745 PM EDT
MARCH 28 2017.........SUNRISE   723 AM EDT   SUNSET   745 PM EDT


-  INDICATES NEGATIVE NUMBERS.
R  INDICATES RECORD WAS SET OR TIED.
MM INDICATES DATA IS MISSING.
T  INDICATES TRACE AMOUNT.




$$
