000
CDUS42 KJAX 242227
CLIGNV


CLIMATE REPORT
NATIONAL WEATHER SERVICE JACKSONVILLE FL
526 PM EST TUE JAN 24 2017


...................................

...THE GAINESVILLE CLIMATE SUMMARY FOR JANUARY 24 2017...
VALID TODAY AS OF 0500 PM LOCAL TIME.

CLIMATE NORMAL PERIOD 1981 TO 2010
CLIMATE RECORD PERIOD 1890 TO 2017


WEATHER ITEM   OBSERVED TIME   RECORD YEAR NORMAL DEPARTURE LAST
                VALUE   (LST)  VALUE       VALUE  FROM      YEAR
                                                  NORMAL
..................................................................
TEMPERATURE (F)
 TODAY
  MAXIMUM         73    353 PM  85    1949  67      6       56
                                      1937
  MINIMUM         49    711 AM  18    1960  43      6       25
  AVERAGE         61                        55      6       41

PRECIPITATION (IN)
  TODAY            0.00          2.56 1914   0.13  -0.13     0.00
  MONTH TO DATE    1.37                      2.48  -1.11     2.50
  SINCE DEC 1      4.06                      4.96  -0.90     4.47
  SINCE JAN 1      1.37                      2.48  -1.11     2.50

SNOWFALL (IN)
  TODAY            0.0           0.0    MM   0.0    0.0      0.0
  MONTH TO DATE    0.0                       0.0    0.0      0.0
  SINCE DEC 1      0.0                       0.0    0.0      0.0
  SINCE JUL 1      0.0                       0.0    0.0      0.0
  SNOW DEPTH       0

DEGREE DAYS
 HEATING
  TODAY            4                        11     -7       24
  MONTH TO DATE  100                       272   -172      320
  SINCE DEC 1    238                       568   -330      392
  SINCE JUL 1    344                       729   -385      431

 COOLING
  TODAY            0                         0      0        0
  MONTH TO DATE   42                         0     42        2
  SINCE DEC 1    118                        22     96      148
  SINCE JAN 1     42                         0     42        2
..................................................................


WIND (MPH)
  HIGHEST WIND SPEED    16   HIGHEST WIND DIRECTION     W (280)
  HIGHEST GUST SPEED    21   HIGHEST GUST DIRECTION     W (280)
  AVERAGE WIND SPEED    10.2


SKY COVER
  POSSIBLE SUNSHINE  MM
  AVERAGE SKY COVER 0.0


WEATHER CONDITIONS
 THE FOLLOWING WEATHER WAS RECORDED TODAY.
  NO SIGNIFICANT WEATHER WAS OBSERVED.


RELATIVE HUMIDITY (PERCENT)
 HIGHEST    83           400 AM
 LOWEST     29           400 PM
 AVERAGE    56

..........................................................


THE GAINESVILLE CLIMATE NORMALS FOR TOMORROW
                         NORMAL    RECORD    YEAR
 MAXIMUM TEMPERATURE (F)   67        85      1950
 MINIMUM TEMPERATURE (F)   43        16      1905


SUNRISE AND SUNSET
JANUARY 24 2017.......SUNRISE   723 AM EST   SUNSET   600 PM EST
JANUARY 25 2017.......SUNRISE   722 AM EST   SUNSET   601 PM EST


-  INDICATES NEGATIVE NUMBERS.
R  INDICATES RECORD WAS SET OR TIED.
MM INDICATES DATA IS MISSING.
T  INDICATES TRACE AMOUNT.




$$
