000
CDUS42 KJAX 160627
CLIGNV


CLIMATE REPORT
NATIONAL WEATHER SERVICE JACKSONVILLE FL
127 AM EST SAT DEC 16 2017


...................................

...THE GAINESVILLE CLIMATE SUMMARY FOR DECEMBER 15 2017...

CLIMATE NORMAL PERIOD 1981 TO 2010
CLIMATE RECORD PERIOD 1890 TO 2017


WEATHER ITEM   OBSERVED TIME   RECORD YEAR NORMAL DEPARTURE LAST
                VALUE   (LST)  VALUE       VALUE  FROM      YEAR
                                                  NORMAL
..................................................................
TEMPERATURE (F)
 YESTERDAY
  MAXIMUM         74    224 PM  85    1971  68      6       71
                                      1948
  MINIMUM         47    635 AM  22    2010  44      3       47
  AVERAGE         61                        56      5       59

PRECIPITATION (IN)
  YESTERDAY        0.00          2.22 1945   0.08  -0.08     0.00
  MONTH TO DATE    2.62                      1.13   1.49     1.64
  SINCE DEC 1      2.62                      1.13   1.49     1.64
  SINCE JAN 1     71.28                     46.06  25.22    41.00

SNOWFALL (IN)
  YESTERDAY        0.0           0.0    MM   0.0    0.0      0.0
  MONTH TO DATE    0.0                       0.0    0.0      0.0
  SINCE DEC 1      0.0                       0.0    0.0      0.0
  SINCE JUL 1      0.0                       0.0    0.0      0.0
  SNOW DEPTH       0

DEGREE DAYS
 HEATING
  YESTERDAY        4                        10     -6        6
  MONTH TO DATE  138                       125     13       62
  SINCE DEC 1    138                       125     13       62
  SINCE JUL 1    272                       286    -14      168

 COOLING
  YESTERDAY        0                         1     -1        0
  MONTH TO DATE    7                        15     -8       32
  SINCE DEC 1      7                        15     -8       32
  SINCE JAN 1   2895                      2631    264     3066
..................................................................


WIND (MPH)
  HIGHEST WIND SPEED    16   HIGHEST WIND DIRECTION     W (250)
  HIGHEST GUST SPEED    20   HIGHEST GUST DIRECTION     W (250)
  AVERAGE WIND SPEED     3.9


SKY COVER
  POSSIBLE SUNSHINE  MM
  AVERAGE SKY COVER 0.5


WEATHER CONDITIONS
 THE FOLLOWING WEATHER WAS RECORDED YESTERDAY.
  NO SIGNIFICANT WEATHER WAS OBSERVED.


RELATIVE HUMIDITY (PERCENT)
 HIGHEST   100           300 AM
 LOWEST     49           100 PM
 AVERAGE    75

..........................................................


THE GAINESVILLE CLIMATE NORMALS FOR TODAY
                         NORMAL    RECORD    YEAR
 MAXIMUM TEMPERATURE (F)   68        85      1956
 MINIMUM TEMPERATURE (F)   44        22      1968


SUNRISE AND SUNSET
DECEMBER 16 2017......SUNRISE   717 AM EST   SUNSET   532 PM EST
DECEMBER 17 2017......SUNRISE   718 AM EST   SUNSET   533 PM EST


-  INDICATES NEGATIVE NUMBERS.
R  INDICATES RECORD WAS SET OR TIED.
MM INDICATES DATA IS MISSING.
T  INDICATES TRACE AMOUNT.




$$
