000
CDUS42 KJAX 240550
CLIGNV


CLIMATE REPORT
NATIONAL WEATHER SERVICE JACKSONVILLE FL
1250 AM EST FRI FEB 24 2017


...................................

...THE GAINESVILLE CLIMATE SUMMARY FOR FEBRUARY 23 2017...

CLIMATE NORMAL PERIOD 1981 TO 2010
CLIMATE RECORD PERIOD 1890 TO 2017


WEATHER ITEM   OBSERVED TIME   RECORD YEAR NORMAL DEPARTURE LAST
                VALUE   (LST)  VALUE       VALUE  FROM      YEAR
                                                  NORMAL
..................................................................
TEMPERATURE (F)
 YESTERDAY
  MAXIMUM         79   1252 PM  87    1962  71      8       83
  MINIMUM         62    158 AM  24    1978  47     15       62
  AVERAGE         71                        59     12       73

PRECIPITATION (IN)
  YESTERDAY        0.02          1.64 1965   0.12  -0.10     0.07
  MONTH TO DATE    0.39                      2.59  -2.20     4.06
  SINCE DEC 1      4.53                      8.38  -3.85     8.76
  SINCE JAN 1      1.84                      5.90  -4.06     6.79

SNOWFALL (IN)
  YESTERDAY        0.0           0.0    MM   0.0    0.0      0.0
  MONTH TO DATE    0.0                       0.0    0.0      0.0
  SINCE DEC 1      0.0                       0.0    0.0      0.0
  SINCE JUL 1      0.0                       0.0    0.0      0.0
  SNOW DEPTH       0

DEGREE DAYS
 HEATING
  YESTERDAY        0                         7     -7        0
  MONTH TO DATE   78                       198   -120      205
  SINCE DEC 1    391                       839   -448      663
  SINCE JUL 1    497                      1000   -503      702

 COOLING
  YESTERDAY        6                         1      5        8
  MONTH TO DATE   20                        19      1       22
  SINCE DEC 1    142                        53     89      170
  SINCE JAN 1     66                        31     35       24
..................................................................


WIND (MPH)
  HIGHEST WIND SPEED    30   HIGHEST WIND DIRECTION    NE (50)
  HIGHEST GUST SPEED    37   HIGHEST GUST DIRECTION    NE (50)
  AVERAGE WIND SPEED    11.5


SKY COVER
  POSSIBLE SUNSHINE  MM
  AVERAGE SKY COVER 0.5


WEATHER CONDITIONS
 THE FOLLOWING WEATHER WAS RECORDED YESTERDAY.
  LIGHT RAIN
  FOG


RELATIVE HUMIDITY (PERCENT)
 HIGHEST   100           500 AM
 LOWEST     58           100 PM
 AVERAGE    79

..........................................................


THE GAINESVILLE CLIMATE NORMALS FOR TODAY
                         NORMAL    RECORD    YEAR
 MAXIMUM TEMPERATURE (F)   71        88      1962
 MINIMUM TEMPERATURE (F)   47        25      1989
                                             1901


SUNRISE AND SUNSET
FEBRUARY 24 2017......SUNRISE   700 AM EST   SUNSET   625 PM EST
FEBRUARY 25 2017......SUNRISE   659 AM EST   SUNSET   626 PM EST


-  INDICATES NEGATIVE NUMBERS.
R  INDICATES RECORD WAS SET OR TIED.
MM INDICATES DATA IS MISSING.
T  INDICATES TRACE AMOUNT.




$$
