000
CDUS45 KMSO 260740
CLIGPI


CLIMATE REPORT
NATIONAL WEATHER SERVICE MISSOULA, MT
1239 AM MST WED NOV 26 2014


...................................

...THE KALISPELL MT CLIMATE SUMMARY FOR NOVEMBER 25 2014...

CLIMATE NORMAL PERIOD 1981 TO 2010
CLIMATE RECORD PERIOD 1894 TO 2014


WEATHER ITEM   OBSERVED TIME   RECORD YEAR NORMAL DEPARTURE LAST
                VALUE   (LST)  VALUE       VALUE  FROM      YEAR
                                                  NORMAL
..................................................................
TEMPERATURE (F)
 YESTERDAY
  MAXIMUM         36    237 PM  56    1949  35      1       33
  MINIMUM         30    735 PM -14    1993  22      8       11
  AVERAGE         33                        28      5       22

PRECIPITATION (IN)
  YESTERDAY        0.06          0.58 1990   0.04   0.02     0.00
  MONTH TO DATE    1.94                      1.18   0.76     2.40
  SINCE OCT 1      3.13                      2.19   0.94     2.73
  SINCE JAN 1     18.61                     15.18   3.43    15.76

SNOWFALL (IN)
  YESTERDAY        0.2
  MONTH TO DATE    2.3
  SINCE JAN 1     40.5
  SINCE JUL 1      2.3
  SNOW DEPTH       T

DEGREE DAYS
 HEATING
  YESTERDAY       32                        37     -5       43
  MONTH TO DATE  910                       809    101      821
  SINCE SEP 1   1737                      1847   -110     1846
  SINCE JUL 1   1814                      2017   -203     1887

 COOLING
  YESTERDAY        0                         0      0        0
  MONTH TO DATE    0                         0      0        0
  SINCE SEP 1      2                         4     -2       29
  SINCE JAN 1    217                       147     70      264
..................................................................


WIND (MPH)
  HIGHEST WIND SPEED    14   HIGHEST WIND DIRECTION     S (170)
  HIGHEST GUST SPEED    18   HIGHEST GUST DIRECTION     S (160)
  AVERAGE WIND SPEED     2.2


SKY COVER
  POSSIBLE SUNSHINE  MM
  AVERAGE SKY COVER 1.0


WEATHER CONDITIONS
 THE FOLLOWING WEATHER WAS RECORDED YESTERDAY.
  LIGHT RAIN
  LIGHT SNOW
  FOG
  FOG W/VISIBILITY <= 1/4 MILE


RELATIVE HUMIDITY (PERCENT)
 HIGHEST   100           800 AM
 LOWEST     92           100 PM
 AVERAGE    96

..........................................................


THE KALISPELL MT CLIMATE NORMALS FOR TODAY
                         NORMAL    RECORD    YEAR
 MAXIMUM TEMPERATURE (F)   35        62      1933
 MINIMUM TEMPERATURE (F)   21        -5      1985


SUNRISE AND SUNSET
NOVEMBER 26 2014......SUNRISE   800 AM MST   SUNSET   448 PM MST
NOVEMBER 27 2014......SUNRISE   802 AM MST   SUNSET   447 PM MST


-  INDICATES NEGATIVE NUMBERS.
R  INDICATES RECORD WAS SET OR TIED.
MM INDICATES DATA IS MISSING.
T  INDICATES TRACE AMOUNT.




$$
