000
CDUS45 KMSO 270737
CLIGPI


CLIMATE REPORT
NATIONAL WEATHER SERVICE MISSOULA, MT
137 AM MDT TUE SEP 27 2016


...................................

...THE KALISPELL MT CLIMATE SUMMARY FOR SEPTEMBER 26 2016...

CLIMATE NORMAL PERIOD 1981 TO 2010
CLIMATE RECORD PERIOD 1894 TO 2016


WEATHER ITEM   OBSERVED TIME   RECORD YEAR NORMAL DEPARTURE LAST
                VALUE   (LST)  VALUE       VALUE  FROM      YEAR
                                                  NORMAL
..................................................................
TEMPERATURE (F)
 YESTERDAY
  MAXIMUM         74    416 PM  87    1952  65      9       73
  MINIMUM         34    652 AM  24    1970  35     -1       36
  AVERAGE         54                        50      4       55

PRECIPITATION (IN)
  YESTERDAY        0.00          0.56 1987   0.04  -0.04      T
  MONTH TO DATE    0.85                      1.23  -0.38     0.75
  SINCE OCT 1     17.12                     16.84   0.28    13.68
  SINCE JAN 1     13.07                     12.84   0.23     7.60

SNOWFALL (IN)
  YESTERDAY        0.0
  MONTH TO DATE    0.0
  SINCE JAN 1     14.6
  SINCE JUL 1      0.0
  SNOW DEPTH       0

DEGREE DAYS
 HEATING
  YESTERDAY       11                        15     -4       10
  MONTH TO DATE  324                       266     58      264
  SINCE SEP 1    324                       266     58      264
  SINCE JUL 1    471                       436     35      397

 COOLING
  YESTERDAY        0                         0      0        0
  MONTH TO DATE    0                         1     -1        2
  SINCE SEP 1      0                         1     -1        2
  SINCE JAN 1    156                       144     12      248
..................................................................


WIND (MPH)
  HIGHEST WIND SPEED    12   HIGHEST WIND DIRECTION     S (170)
  HIGHEST GUST SPEED    15   HIGHEST GUST DIRECTION    SE (150)
  AVERAGE WIND SPEED     2.6


SKY COVER
  POSSIBLE SUNSHINE  MM
  AVERAGE SKY COVER 0.0


WEATHER CONDITIONS
 THE FOLLOWING WEATHER WAS RECORDED YESTERDAY.
  NO SIGNIFICANT WEATHER WAS OBSERVED.


RELATIVE HUMIDITY (PERCENT)
 HIGHEST   100           100 AM
 LOWEST     35           300 PM
 AVERAGE    68

..........................................................


THE KALISPELL MT CLIMATE NORMALS FOR TODAY
                         NORMAL    RECORD    YEAR
 MAXIMUM TEMPERATURE (F)   65        86      1957
 MINIMUM TEMPERATURE (F)   35        24      1985


SUNRISE AND SUNSET
SEPTEMBER 27 2016.....SUNRISE   732 AM MDT   SUNSET   723 PM MDT
SEPTEMBER 28 2016.....SUNRISE   733 AM MDT   SUNSET   721 PM MDT


-  INDICATES NEGATIVE NUMBERS.
R  INDICATES RECORD WAS SET OR TIED.
MM INDICATES DATA IS MISSING.
T  INDICATES TRACE AMOUNT.




$$
