000
CDUS45 KMSO 190738
CLIGPI


CLIMATE REPORT
NATIONAL WEATHER SERVICE MISSOULA, MT
138 AM MDT THU OCT 19 2017


...................................

...THE KALISPELL MT CLIMATE SUMMARY FOR OCTOBER 18 2017...

CLIMATE NORMAL PERIOD 1981 TO 2010
CLIMATE RECORD PERIOD 1894 TO 2017


WEATHER ITEM   OBSERVED TIME   RECORD YEAR NORMAL DEPARTURE LAST
                VALUE   (LST)  VALUE       VALUE  FROM      YEAR
                                                  NORMAL
..................................................................
TEMPERATURE (F)
 YESTERDAY
  MAXIMUM         57    901 PM  73    1973  54      3       52
  MINIMUM         24    244 AM   8    1905  29     -5       39
  AVERAGE         41                        41      0       46

PRECIPITATION (IN)
  YESTERDAY        T             0.36 1947   0.03  -0.03     0.05
  MONTH TO DATE    0.71                      0.53   0.18     2.89
  SINCE OCT 1      0.71                      0.53   0.18     2.89
  SINCE JAN 1     12.56                     13.52  -0.96    15.98

SNOWFALL (IN)
  YESTERDAY        0.0
  MONTH TO DATE    T
  SINCE JAN 1     54.5
  SINCE JUL 1      T
  SNOW DEPTH       0

DEGREE DAYS
 HEATING
  YESTERDAY       24                        24      0       19
  MONTH TO DATE  419                       370     49      372
  SINCE SEP 1    702                       700      2      713
  SINCE JUL 1    751                       870   -119      860

 COOLING
  YESTERDAY        0                         0      0        0
  MONTH TO DATE    0                         0      0        0
  SINCE SEP 1      4                         4      0        1
  SINCE JAN 1    228                       147     81      157
..................................................................


WIND (MPH)
  HIGHEST WIND SPEED    18   HIGHEST WIND DIRECTION     S (180)
  HIGHEST GUST SPEED    23   HIGHEST GUST DIRECTION     S (160)
  AVERAGE WIND SPEED     5.8


SKY COVER
  POSSIBLE SUNSHINE  MM
  AVERAGE SKY COVER 0.6


WEATHER CONDITIONS
 THE FOLLOWING WEATHER WAS RECORDED YESTERDAY.
  LIGHT RAIN


RELATIVE HUMIDITY (PERCENT)
 HIGHEST    92           300 AM
 LOWEST     41          1200 AM
 AVERAGE    67

..........................................................


THE KALISPELL MT CLIMATE NORMALS FOR TODAY
                         NORMAL    RECORD    YEAR
 MAXIMUM TEMPERATURE (F)   53        71      1903
 MINIMUM TEMPERATURE (F)   29        15      1976


SUNRISE AND SUNSET
OCTOBER 19 2017.......SUNRISE   803 AM MDT   SUNSET   640 PM MDT
OCTOBER 20 2017.......SUNRISE   805 AM MDT   SUNSET   638 PM MDT


-  INDICATES NEGATIVE NUMBERS.
R  INDICATES RECORD WAS SET OR TIED.
MM INDICATES DATA IS MISSING.
T  INDICATES TRACE AMOUNT.




$$
