000
CDUS45 KMSO 050739
CLIGPI


CLIMATE REPORT
NATIONAL WEATHER SERVICE MISSOULA, MT
1239 AM MST THU MAR 5 2015


...................................

...THE KALISPELL MT CLIMATE SUMMARY FOR MARCH 4 2015...

CLIMATE NORMAL PERIOD 1981 TO 2010
CLIMATE RECORD PERIOD 1894 TO 2015


WEATHER ITEM   OBSERVED TIME   RECORD YEAR NORMAL DEPARTURE LAST
                VALUE   (LST)  VALUE       VALUE  FROM      YEAR
                                                  NORMAL
..................................................................
TEMPERATURE (F)
 YESTERDAY
  MAXIMUM         36    445 PM  62    1968  41     -5       41
  MINIMUM          4    709 AM -16    1966  21    -17       26
  AVERAGE         20                        31    -11       34

PRECIPITATION (IN)
  YESTERDAY        0.00          0.51 1996   0.04  -0.04     0.03
  MONTH TO DATE    0.01                      0.15  -0.14     0.70
  SINCE OCT 1      9.62                      6.45   3.17     7.59
  SINCE JAN 1      3.54                      2.45   1.09     3.14

SNOWFALL (IN)
  YESTERDAY        0.0
  MONTH TO DATE    T
  SINCE JAN 1     32.9
  SINCE JUL 1     59.4
  SNOW DEPTH       0

DEGREE DAYS
 HEATING
  YESTERDAY       45                        34     11       31
  MONTH TO DATE  173                       138     35      204
  SINCE MAR 1    173                       138     35      204
  SINCE JUL 1   5623                      5990   -367     6138

 COOLING
  YESTERDAY        0                         0      0        0
  MONTH TO DATE    0                         0      0        0
  SINCE MAR 1      0                         0      0        0
  SINCE JAN 1      0                         0      0        0
..................................................................


WIND (MPH)
  HIGHEST WIND SPEED    16   HIGHEST WIND DIRECTION     S (170)
  HIGHEST GUST SPEED    20   HIGHEST GUST DIRECTION     S (170)
  AVERAGE WIND SPEED     4.3


SKY COVER
  POSSIBLE SUNSHINE  MM
  AVERAGE SKY COVER 0.0


WEATHER CONDITIONS
 THE FOLLOWING WEATHER WAS RECORDED YESTERDAY.
  NO SIGNIFICANT WEATHER WAS OBSERVED.


RELATIVE HUMIDITY (PERCENT)
 HIGHEST    92           100 AM
 LOWEST     38           500 PM
 AVERAGE    65

..........................................................


THE KALISPELL MT CLIMATE NORMALS FOR TODAY
                         NORMAL    RECORD    YEAR
 MAXIMUM TEMPERATURE (F)   41        63      1968
 MINIMUM TEMPERATURE (F)   22       -17      1955


SUNRISE AND SUNSET
MARCH  5 2015.........SUNRISE   711 AM MST   SUNSET   627 PM MST
MARCH  6 2015.........SUNRISE   709 AM MST   SUNSET   629 PM MST


-  INDICATES NEGATIVE NUMBERS.
R  INDICATES RECORD WAS SET OR TIED.
MM INDICATES DATA IS MISSING.
T  INDICATES TRACE AMOUNT.




$$
