000
CDUS45 KMSO 310738
CLIGPI


CLIMATE REPORT
NATIONAL WEATHER SERVICE MISSOULA, MT
137 AM MDT SUN AUG 31 2014


...................................

...THE KALISPELL MT CLIMATE SUMMARY FOR AUGUST 30 2014...

CLIMATE NORMAL PERIOD 1981 TO 2010
CLIMATE RECORD PERIOD 1894 TO 2014


WEATHER ITEM   OBSERVED TIME   RECORD YEAR NORMAL DEPARTURE LAST
                VALUE   (LST)  VALUE       VALUE  FROM      YEAR
                                                  NORMAL
..................................................................
TEMPERATURE (F)
 YESTERDAY
  MAXIMUM         76    316 PM  94    1929  77     -1       80
  MINIMUM         48   1145 PM  31    1959  44      4       49
  AVERAGE         62                        60      2       65

PRECIPITATION (IN)
  YESTERDAY        0.00          0.61 1907   0.04  -0.04      T
  MONTH TO DATE    1.38                      0.95   0.43     1.30
  SINCE OCT 1     18.71                     15.57   3.14    16.00
  SINCE JAN 1     14.26                     11.57   2.69    10.62

SNOWFALL (IN)
  YESTERDAY        0.0
  MONTH TO DATE    0.0
  SINCE JAN 1     38.2
  SINCE JUL 1      0.0
  SNOW DEPTH       0

DEGREE DAYS
 HEATING
  YESTERDAY        3                         5     -2        0
  MONTH TO DATE   55                        90    -35       18
  SINCE JUN 1    322                       383    -61      223
  SINCE JUL 1     69                       167    -98       37

 COOLING
  YESTERDAY        0                         1     -1        0
  MONTH TO DATE   85                        61     24       94
  SINCE JUN 1    215                       141     74      235
  SINCE JAN 1    215                       144     71      235
..................................................................


WIND (MPH)
  HIGHEST WIND SPEED    17   HIGHEST WIND DIRECTION    SW (230)
  HIGHEST GUST SPEED    24   HIGHEST GUST DIRECTION    SW (240)
  AVERAGE WIND SPEED     7.2


SKY COVER
  POSSIBLE SUNSHINE  MM
  AVERAGE SKY COVER 0.5


WEATHER CONDITIONS
 THE FOLLOWING WEATHER WAS RECORDED YESTERDAY.
  HAZE


RELATIVE HUMIDITY (PERCENT)
 HIGHEST    74          1100 PM
 LOWEST     26           600 PM
 AVERAGE    50

..........................................................


THE KALISPELL MT CLIMATE NORMALS FOR TODAY
                         NORMAL    RECORD    YEAR
 MAXIMUM TEMPERATURE (F)   77        91      1998
 MINIMUM TEMPERATURE (F)   43        31      1999


SUNRISE AND SUNSET
AUGUST 31 2014........SUNRISE   653 AM MDT   SUNSET   820 PM MDT
SEPTEMBER  1 2014.....SUNRISE   655 AM MDT   SUNSET   818 PM MDT


-  INDICATES NEGATIVE NUMBERS.
R  INDICATES RECORD WAS SET OR TIED.
MM INDICATES DATA IS MISSING.
T  INDICATES TRACE AMOUNT.




$$
