245
CDUS45 KMSO 170839
CLIGPI


CLIMATE REPORT
NATIONAL WEATHER SERVICE MISSOULA, MT
138 AM MST TUE JAN 17 2017


...................................

...THE KALISPELL MT CLIMATE SUMMARY FOR JANUARY 16 2017...

CLIMATE NORMAL PERIOD 1981 TO 2010
CLIMATE RECORD PERIOD 1894 TO 2017


WEATHER ITEM   OBSERVED TIME   RECORD YEAR NORMAL DEPARTURE LAST
                VALUE   (LST)  VALUE       VALUE  FROM      YEAR
                                                  NORMAL
..................................................................
TEMPERATURE (F)
 YESTERDAY
  MAXIMUM         14    405 PM  48    1976  31    -17       32
  MINIMUM          9    922 AM -21    1916  17     -8       21
  AVERAGE         12                        24    -12       27

PRECIPITATION (IN)
  YESTERDAY        T             0.39 1982   0.04  -0.04     0.14
  MONTH TO DATE    0.77                      0.78  -0.01     0.45
  SINCE OCT 1      8.00                      4.78   3.22     4.50
  SINCE JAN 1      0.77                      0.78  -0.01     0.45

SNOWFALL (IN)
  YESTERDAY        T
  MONTH TO DATE    9.4
  SINCE JAN 1      9.4
  SINCE JUL 1     44.7
  SNOW DEPTH      11

DEGREE DAYS
 HEATING
  YESTERDAY       53                        41     12       38
  MONTH TO DATE  941                       675    266      684
  SINCE DEC 1   2422                      1985    437     1876
  SINCE JUL 1   4381                      4189    192     3895

 COOLING
  YESTERDAY        0                         0      0        0
  MONTH TO DATE    0                         0      0        0
  SINCE DEC 1      0                         0      0        0
  SINCE JAN 1      0                         0      0        0
..................................................................


WIND (MPH)
  HIGHEST WIND SPEED     7   HIGHEST WIND DIRECTION    NE (60)
  HIGHEST GUST SPEED     7   HIGHEST GUST DIRECTION    NE (60)
  AVERAGE WIND SPEED     1.9


SKY COVER
  POSSIBLE SUNSHINE  MM
  AVERAGE SKY COVER 1.0


WEATHER CONDITIONS
 THE FOLLOWING WEATHER WAS RECORDED YESTERDAY.
  LIGHT SNOW
  FOG
  FOG W/VISIBILITY <= 1/4 MILE
  HAZE


RELATIVE HUMIDITY (PERCENT)
 HIGHEST    92           500 AM
 LOWEST     76           900 AM
 AVERAGE    84

..........................................................


THE KALISPELL MT CLIMATE NORMALS FOR TODAY
                         NORMAL    RECORD    YEAR
 MAXIMUM TEMPERATURE (F)   31        50      1919
 MINIMUM TEMPERATURE (F)   17       -23      1943


SUNRISE AND SUNSET
JANUARY 17 2017.......SUNRISE   821 AM MST   SUNSET   514 PM MST
JANUARY 18 2017.......SUNRISE   820 AM MST   SUNSET   515 PM MST


-  INDICATES NEGATIVE NUMBERS.
R  INDICATES RECORD WAS SET OR TIED.
MM INDICATES DATA IS MISSING.
T  INDICATES TRACE AMOUNT.




$$
