000
CDUS43 KGRB 280703
CLIGRB


CLIMATE REPORT
NATIONAL WEATHER SERVICE GREEN BAY
202 AM CDT TUE JUL 28 2015


...................................

...THE GREEN BAY WI CLIMATE SUMMARY FOR JULY 27 2015...

CLIMATE NORMAL PERIOD 1981 TO 2010
CLIMATE RECORD PERIOD 1886 TO 2015


WEATHER ITEM   OBSERVED TIME   RECORD YEAR NORMAL DEPARTURE LAST
                VALUE   (LST)  VALUE       VALUE  FROM      YEAR
                                                  NORMAL
..................................................................
TEMPERATURE (F)
 YESTERDAY
  MAXIMUM         87    215 PM  98    1931  80      7       80
                                      1916
  MINIMUM         59    454 AM  47    1991  58      1       56
  AVERAGE         73                        69      4       68

PRECIPITATION (IN)
  YESTERDAY        0.00          1.79 1914   0.10  -0.10      T
  MONTH TO DATE    1.79                      3.07  -1.28     0.51
  SINCE JUN 1      5.03                      6.95  -1.92     4.56
  SINCE JAN 1     11.97                     16.60  -4.63    15.22

SNOWFALL (IN)
  YESTERDAY        0.0           0.0    MM   0.0    0.0      0.0
  MONTH TO DATE    0.0                       0.0    0.0      0.0
  SINCE JUN 1      0.0                       0.0    0.0      0.0
  SINCE JUL 1      0.0                       0.0    0.0      0.0
  SNOW DEPTH       0

DEGREE DAYS
 HEATING
  YESTERDAY        0                         1     -1        0
  MONTH TO DATE   19                        27     -8       13
  SINCE JUN 1     72                       119    -47       44
  SINCE JUL 1     19                        27     -8       13

 COOLING
  YESTERDAY        8                         5      3        3
  MONTH TO DATE  138                       135      3       93
  SINCE JUN 1    205                       218    -13      199
  SINCE JAN 1    233                       236     -3      215
..................................................................


WIND (MPH)
  HIGHEST WIND SPEED    13   HIGHEST WIND DIRECTION     S (160)
  HIGHEST GUST SPEED    16   HIGHEST GUST DIRECTION     S (160)
  AVERAGE WIND SPEED     3.5


SKY COVER
  POSSIBLE SUNSHINE  MM
  AVERAGE SKY COVER 0.0


WEATHER CONDITIONS
 THE FOLLOWING WEATHER WAS RECORDED YESTERDAY.
  FOG


RELATIVE HUMIDITY (PERCENT)
 HIGHEST    97           200 AM
 LOWEST     42           200 PM
 AVERAGE    70

..........................................................


THE GREEN BAY WI CLIMATE NORMALS FOR TODAY
                         NORMAL    RECORD    YEAR
 MAXIMUM TEMPERATURE (F)   80       101      1916
 MINIMUM TEMPERATURE (F)   58        50      2005
                                             1989
                                             1967


SUNRISE AND SUNSET
JULY 28 2015..........SUNRISE   535 AM CDT   SUNSET   823 PM CDT
JULY 29 2015..........SUNRISE   536 AM CDT   SUNSET   822 PM CDT


-  INDICATES NEGATIVE NUMBERS.
R  INDICATES RECORD WAS SET OR TIED.
MM INDICATES DATA IS MISSING.
T  INDICATES TRACE AMOUNT.




$$
