000
CDUS43 KGRB 270742
CLIGRB


CLIMATE REPORT
NATIONAL WEATHER SERVICE GREEN BAY
240 AM CDT WED MAY 27 2015


...................................

...THE GREEN BAY WI CLIMATE SUMMARY FOR MAY 26 2015...

CLIMATE NORMAL PERIOD 1981 TO 2010
CLIMATE RECORD PERIOD 1886 TO 2015


WEATHER ITEM   OBSERVED TIME   RECORD YEAR NORMAL DEPARTURE LAST
                VALUE   (LST)  VALUE       VALUE  FROM      YEAR
                                                  NORMAL
..................................................................
TEMPERATURE (F)
 YESTERDAY
  MAXIMUM         78   1107 AM  88    1978  69      9       85
                                      1914
  MINIMUM         62    355 AM  31    1969  47     15       59
  AVERAGE         70                        58     12       72

PRECIPITATION (IN)
  YESTERDAY        0.14          0.86 2009   0.11   0.03     0.47
  MONTH TO DATE    2.71                      2.36   0.35     2.94
  SINCE MAR 1      5.24                      6.84  -1.60     7.86
  SINCE JAN 1      6.21                      9.08  -2.87    10.65

SNOWFALL (IN)
  YESTERDAY        0.0           T    1907   0.0    0.0      0.0
  MONTH TO DATE    0.0                       0.2   -0.2      0.0
  SINCE MAR 1      4.2                      11.2   -7.0      9.8
  SINCE JUL 1     32.7                      51.4  -18.7     72.1
  SNOW DEPTH       0

DEGREE DAYS
 HEATING
  YESTERDAY        0                         8     -8        0
  MONTH TO DATE  184                       292   -108      262
  SINCE MAR 1   1716                      1989   -273     2252
  SINCE JUL 1   7754                      7829    -75     8733

 COOLING
  YESTERDAY        5                         1      4        7
  MONTH TO DATE   15                         9      6        7
  SINCE MAR 1     15                        11      4        7
  SINCE JAN 1     15                        11      4        7
..................................................................


WIND (MPH)
  HIGHEST WIND SPEED    24   HIGHEST WIND DIRECTION    SE (130)
  HIGHEST GUST SPEED    29   HIGHEST GUST DIRECTION    SW (210)
  AVERAGE WIND SPEED    11.9


SKY COVER
  POSSIBLE SUNSHINE  MM
  AVERAGE SKY COVER 0.5


WEATHER CONDITIONS
 THE FOLLOWING WEATHER WAS RECORDED YESTERDAY.
  HEAVY RAIN
  LIGHT RAIN
  FOG
  HAZE


RELATIVE HUMIDITY (PERCENT)
 HIGHEST    93           300 PM
 LOWEST     76          1200 AM
 AVERAGE    85

..........................................................


THE GREEN BAY WI CLIMATE NORMALS FOR TODAY
                         NORMAL    RECORD    YEAR
 MAXIMUM TEMPERATURE (F)   69        89      1978
 MINIMUM TEMPERATURE (F)   48        31      1961


SUNRISE AND SUNSET
MAY 27 2015...........SUNRISE   514 AM CDT   SUNSET   826 PM CDT
MAY 28 2015...........SUNRISE   514 AM CDT   SUNSET   826 PM CDT


-  INDICATES NEGATIVE NUMBERS.
R  INDICATES RECORD WAS SET OR TIED.
MM INDICATES DATA IS MISSING.
T  INDICATES TRACE AMOUNT.

$$
