000
CDUS43 KGID 240626
CLIGRI


CLIMATE REPORT
NATIONAL WEATHER SERVICE HASTINGS NE
125 AM CDT WED AUG 24 2016


...................................

...THE GRAND ISLAND NE CLIMATE SUMMARY FOR AUGUST 23 2016...

CLIMATE NORMAL PERIOD 1981 TO 2010
CLIMATE RECORD PERIOD 1895 TO 2016


WEATHER ITEM   OBSERVED TIME   RECORD YEAR NORMAL DEPARTURE LAST
                VALUE   (LST)  VALUE       VALUE  FROM      YEAR
                                                  NORMAL
..................................................................
TEMPERATURE (F)
 YESTERDAY
  MAXIMUM         93    414 PM 109    1943  85      8       76
  MINIMUM         67    656 AM  45    1966  61      6       47
  AVERAGE         80                        73      7       62

PRECIPITATION (IN)
  YESTERDAY        T             1.35 1983   0.10  -0.10     0.00
  MONTH TO DATE    0.44                      2.41  -1.97     1.24
  SINCE JUN 1      4.59                     10.11  -5.52     9.49
  SINCE JAN 1     19.27                     20.06  -0.79    16.65

SNOWFALL (IN)
  YESTERDAY        0.0                       0.0    0.0      0.0
  MONTH TO DATE    0.0                       0.0    0.0      0.0
  SINCE JUN 1      0.0                       0.0    0.0      0.0
  SINCE JUL 1      0.0                       0.0    0.0      0.0
  SNOW DEPTH       0

DEGREE DAYS
 HEATING
  YESTERDAY        0                         0      0        3
  MONTH TO DATE    0                         0      0        7
  SINCE JUN 1      6                        26    -20       17
  SINCE JUL 1      6                         2      4       12

 COOLING
  YESTERDAY       15                         8      7        0
  MONTH TO DATE  227                       226      1      194
  SINCE JUN 1    933                       788    145      747
  SINCE JAN 1    967                       853    114      774
..................................................................


WIND (MPH)
  HIGHEST WIND SPEED    22   HIGHEST WIND DIRECTION     S (170)
  HIGHEST GUST SPEED    28   HIGHEST GUST DIRECTION     S (200)
  AVERAGE WIND SPEED    12.6


SKY COVER
  AVERAGE SKY COVER 0.5


WEATHER CONDITIONS
 THE FOLLOWING WEATHER WAS RECORDED YESTERDAY.
  THUNDERSTORM
  LIGHT RAIN


RELATIVE HUMIDITY (PERCENT)
 HIGHEST    84           800 AM
 LOWEST     44           300 PM
 AVERAGE    64

..........................................................


THE GRAND ISLAND NE CLIMATE NORMALS FOR TODAY
                         NORMAL    RECORD    YEAR
 MAXIMUM TEMPERATURE (F)   85       108      1936
 MINIMUM TEMPERATURE (F)   61        38      1928


SUNRISE AND SUNSET
AUGUST 24 2016........SUNRISE   653 AM CDT   SUNSET   818 PM CDT
AUGUST 25 2016........SUNRISE   654 AM CDT   SUNSET   816 PM CDT


-  INDICATES NEGATIVE NUMBERS.
R  INDICATES RECORD WAS SET OR TIED.
MM INDICATES DATA IS MISSING.
T  INDICATES TRACE AMOUNT.




$$
