000
CDUS43 KGID 010639
CLIGRI


CLIMATE REPORT
NATIONAL WEATHER SERVICE HASTINGS NE
138 AM CDT SAT NOV 1 2014


...................................

...THE GRAND ISLAND NE CLIMATE SUMMARY FOR OCTOBER 31 2014...

CLIMATE NORMAL PERIOD 1981 TO 2010
CLIMATE RECORD PERIOD 1895 TO 2014


WEATHER ITEM   OBSERVED TIME   RECORD YEAR NORMAL DEPARTURE LAST
                VALUE   (LST)  VALUE       VALUE  FROM      YEAR
                                                  NORMAL
..................................................................
TEMPERATURE (F)
 YESTERDAY
  MAXIMUM         44    413 PM  82    1915  58    -14       59
  MINIMUM         22    723 AM  12    1923  34    -12       32
  AVERAGE         33                        46    -13       46

PRECIPITATION (IN)
  YESTERDAY        0.00          0.79 1991   0.04  -0.04     0.00
  MONTH TO DATE    1.28                      1.86  -0.58     4.05
  SINCE SEP 1      4.31                      4.09   0.22     6.43
  SINCE JAN 1     26.51                     24.86   1.65    25.84

SNOWFALL (IN)
  YESTERDAY        0.0           8.8  1991   0.1   -0.1      0.0
  MONTH TO DATE    0.0                       1.0   -1.0      0.0
  SINCE SEP 1      0.0                       1.1   -1.1      0.0
  SINCE JUL 1      0.0                       1.1   -1.1      0.0
  SNOW DEPTH       0

DEGREE DAYS
 HEATING
  YESTERDAY       32                        19     13       19
  MONTH TO DATE  310                       408    -98      403
  SINCE SEP 1    412                       513   -101      424
  SINCE JUL 1    416                       523   -107      427

 COOLING
  YESTERDAY        0                         0      0        0
  MONTH TO DATE    4                        11     -7       15
  SINCE SEP 1    101                       120    -19      202
  SINCE JAN 1   1031                      1034     -3     1265
..................................................................


WIND (MPH)
  HIGHEST WIND SPEED    20   HIGHEST WIND DIRECTION     N (10)
  HIGHEST GUST SPEED    25   HIGHEST GUST DIRECTION     N (10)
  AVERAGE WIND SPEED     8.3


SKY COVER
  AVERAGE SKY COVER 0.2


WEATHER CONDITIONS
 THE FOLLOWING WEATHER WAS RECORDED YESTERDAY.
  NO SIGNIFICANT WEATHER WAS OBSERVED.


RELATIVE HUMIDITY (PERCENT)
 HIGHEST    82          1200 AM
 LOWEST     27           400 PM
 AVERAGE    55

..........................................................


THE GRAND ISLAND NE CLIMATE NORMALS FOR TODAY
                         NORMAL    RECORD    YEAR
 MAXIMUM TEMPERATURE (F)   58        80      1910
 MINIMUM TEMPERATURE (F)   34        12      1991


SUNRISE AND SUNSET
NOVEMBER  1 2014......SUNRISE   804 AM CDT   SUNSET   629 PM CDT
NOVEMBER  2 2014......SUNRISE   705 AM CST   SUNSET   528 PM CST


-  INDICATES NEGATIVE NUMBERS.
R  INDICATES RECORD WAS SET OR TIED.
MM INDICATES DATA IS MISSING.
T  INDICATES TRACE AMOUNT.




$$
