000
CDUS43 KGID 192228
CLIGRI


CLIMATE REPORT
NATIONAL WEATHER SERVICE HASTINGS NE
525 PM CDT FRI SEP 19 2014


...................................

...THE GRAND ISLAND NE CLIMATE SUMMARY FOR SEPTEMBER 19 2014...
VALID TODAY AS OF 0500 PM LOCAL TIME.

CLIMATE NORMAL PERIOD 1981 TO 2010
CLIMATE RECORD PERIOD 1895 TO 2014


WEATHER ITEM   OBSERVED TIME   RECORD YEAR NORMAL DEPARTURE LAST
                VALUE   (LST)  VALUE       VALUE  FROM      YEAR
                                                  NORMAL
..................................................................
TEMPERATURE (F)
 TODAY
  MAXIMUM         90    317 PM  97    1998  77     13       78
                                      1980
                                      1948
  MINIMUM         63    618 AM  27    1991  51     12       51
  AVERAGE         77                        64     13       65

PRECIPITATION (IN)
  TODAY            0.00          1.46 1931   0.08  -0.08     0.07
  MONTH TO DATE    2.06                      1.45   0.61     1.79
  SINCE SEP 1      2.06                      1.45   0.61     1.79
  SINCE JAN 1     24.26                     22.22   2.04    21.20

SNOWFALL (IN)
  TODAY            0.0                       0.0    0.0      0.0
  MONTH TO DATE    0.0                       0.0    0.0      0.0
  SINCE SEP 1      0.0                       0.0    0.0      0.0
  SINCE JUL 1      0.0                       0.0    0.0      0.0
  SNOW DEPTH       0

DEGREE DAYS
 HEATING
  TODAY            0                         4     -4        0
  MONTH TO DATE   93                        42     51        6
  SINCE SEP 1     93                        42     51        6
  SINCE JUL 1     97                        52     45        9

 COOLING
  TODAY           12                         3      9        0
  MONTH TO DATE   51                        89    -38      154
  SINCE SEP 1     51                        89    -38      154
  SINCE JAN 1    981                      1003    -22     1217
..................................................................


WIND (MPH)
  HIGHEST WIND SPEED    29   HIGHEST WIND DIRECTION     S (200)
  HIGHEST GUST SPEED    35   HIGHEST GUST DIRECTION     S (170)
  AVERAGE WIND SPEED    16.7


SKY COVER
  POSSIBLE SUNSHINE  MM
  AVERAGE SKY COVER 0.2


WEATHER CONDITIONS
 THE FOLLOWING WEATHER WAS RECORDED TODAY.
  FOG


RELATIVE HUMIDITY (PERCENT)
 HIGHEST    93          1200 AM
 LOWEST     38           400 PM
 AVERAGE    66

..........................................................


THE GRAND ISLAND NE CLIMATE NORMALS FOR TOMORROW
                         NORMAL    RECORD    YEAR
 MAXIMUM TEMPERATURE (F)   76        95      1920
 MINIMUM TEMPERATURE (F)   50        32      1995
                                             1918


SUNRISE AND SUNSET
SEPTEMBER 19 2014.....SUNRISE   718 AM CDT   SUNSET   735 PM CDT
SEPTEMBER 20 2014.....SUNRISE   719 AM CDT   SUNSET   734 PM CDT


-  INDICATES NEGATIVE NUMBERS.
R  INDICATES RECORD WAS SET OR TIED.
MM INDICATES DATA IS MISSING.
T  INDICATES TRACE AMOUNT.

$$
DOXEY
