000
CDUS43 KGID 232332
CLIGRI


CLIMATE REPORT
NATIONAL WEATHER SERVICE HASTINGS NE
532 PM CST TUE JAN 23 2018


...................................

...THE GRAND ISLAND NE CLIMATE SUMMARY FOR JANUARY 23 2018...
VALID TODAY AS OF 0500 PM LOCAL TIME.

CLIMATE NORMAL PERIOD 1981 TO 2010
CLIMATE RECORD PERIOD 1895 TO 2018


WEATHER ITEM   OBSERVED TIME   RECORD YEAR NORMAL DEPARTURE LAST
                VALUE   (LST)  VALUE       VALUE  FROM      YEAR
                                                  NORMAL
..................................................................
TEMPERATURE (F)
 TODAY
  MAXIMUM         36    450 PM  69    1981  36      0       35
  MINIMUM         14    731 AM -22    1915  14      0       22
  AVERAGE         25                        25      0       29

PRECIPITATION (IN)
  TODAY            0.00          0.44 1965   0.02  -0.02     0.00
  MONTH TO DATE    1.08                      0.38   0.70     1.01
  SINCE DEC 1      1.53                      1.01   0.52     1.82
  SINCE JAN 1      1.08                      0.38   0.70     1.01

SNOWFALL (IN)
  TODAY            0.0           6.2  1965   0.3   -0.3      0.0
  MONTH TO DATE   10.2                       4.6    5.6      1.7
  SINCE DEC 1     17.4                       9.7    7.7      3.1
  SINCE JUL 1     18.5                      13.9    4.6      3.5
  SNOW DEPTH       7

DEGREE DAYS
 HEATING
  TODAY           40                        40      0       36
  MONTH TO DATE 1008                       920     88      933
  SINCE DEC 1   2193                      2109     84     2134
  SINCE JUL 1   3342                      3439    -97     3054

 COOLING
  TODAY            0                         0      0        0
  MONTH TO DATE    0                         0      0        0
  SINCE DEC 1      0                         0      0        0
  SINCE JAN 1      0                         0      0        0
..................................................................


WIND (MPH)
  HIGHEST WIND SPEED    25   HIGHEST WIND DIRECTION    NW (320)
  HIGHEST GUST SPEED    30   HIGHEST GUST DIRECTION    NW (320)
  AVERAGE WIND SPEED    11.9


SKY COVER
  POSSIBLE SUNSHINE  MM
  AVERAGE SKY COVER 0.3


WEATHER CONDITIONS
 THE FOLLOWING WEATHER WAS RECORDED TODAY.
  FOG


RELATIVE HUMIDITY (PERCENT)
 HIGHEST   100           300 AM
 LOWEST     72           100 PM
 AVERAGE    86

..........................................................


THE GRAND ISLAND NE CLIMATE NORMALS FOR TOMORROW
                         NORMAL    RECORD    YEAR
 MAXIMUM TEMPERATURE (F)   36        72      1981
 MINIMUM TEMPERATURE (F)   14       -20      1963


SUNRISE AND SUNSET
JANUARY 23 2018.......SUNRISE   751 AM CST   SUNSET   539 PM CST
JANUARY 24 2018.......SUNRISE   751 AM CST   SUNSET   541 PM CST


-  INDICATES NEGATIVE NUMBERS.
R  INDICATES RECORD WAS SET OR TIED.
MM INDICATES DATA IS MISSING.
T  INDICATES TRACE AMOUNT.




$$
