000
CDUS43 KGID 220637
CLIGRI


CLIMATE REPORT
NATIONAL WEATHER SERVICE HASTINGS NE
134 AM CDT TUE JUL 22 2014


...................................

...THE GRAND ISLAND NE CLIMATE SUMMARY FOR JULY 21 2014...

CLIMATE NORMAL PERIOD 1981 TO 2010
CLIMATE RECORD PERIOD 1895 TO 2014


WEATHER ITEM   OBSERVED TIME   RECORD YEAR NORMAL DEPARTURE LAST
                VALUE   (LST)  VALUE       VALUE  FROM      YEAR
                                                  NORMAL
..................................................................
TEMPERATURE (F)
 YESTERDAY
  MAXIMUM        100    503 PM 110    1934  88     12       93
  MINIMUM         75    544 AM  48    1970  65     10       66
  AVERAGE         88                        76     12       80

PRECIPITATION (IN)
  YESTERDAY        0.00          1.28 1992   0.11  -0.11     0.00
  MONTH TO DATE    2.06                      2.36  -0.30     0.38
  SINCE JUN 1     11.71                      6.66   5.05     2.01
  SINCE JAN 1     16.20                     16.61  -0.41    15.38

SNOWFALL (IN)
  YESTERDAY        0.0                       0.0    0.0      0.0
  MONTH TO DATE    0.0                       0.0    0.0      0.0
  SINCE JUN 1      0.0                       0.0    0.0      0.0
  SINCE JUL 1      0.0                       0.0    0.0      0.0
  SNOW DEPTH       0

DEGREE DAYS
 HEATING
  YESTERDAY        0                         0      0        0
  MONTH TO DATE    4                         0      4        0
  SINCE JUN 1     14                        24    -10       21
  SINCE JUL 1      4                         0      4        0

 COOLING
  YESTERDAY       23                        11     12       15
  MONTH TO DATE  168                       240    -72      296
  SINCE JUN 1    418                       453    -35      555
  SINCE JAN 1    537                       518     19      650
..................................................................


WIND (MPH)
  HIGHEST WIND SPEED    20   HIGHEST WIND DIRECTION     S (200)
  HIGHEST GUST SPEED    28   HIGHEST GUST DIRECTION     S (200)
  AVERAGE WIND SPEED    11.8


SKY COVER
  AVERAGE SKY COVER 0.0


WEATHER CONDITIONS
 THE FOLLOWING WEATHER WAS RECORDED YESTERDAY.
  NO SIGNIFICANT WEATHER WAS OBSERVED.


RELATIVE HUMIDITY (PERCENT)
 HIGHEST    82           500 AM
 LOWEST     42           200 PM
 AVERAGE    62

..........................................................


THE GRAND ISLAND NE CLIMATE NORMALS FOR TODAY
                         NORMAL    RECORD    YEAR
 MAXIMUM TEMPERATURE (F)   88       107      1934
 MINIMUM TEMPERATURE (F)   65        53      2009
                                             1970
                                             1953


SUNRISE AND SUNSET
JULY 22 2014..........SUNRISE   620 AM CDT   SUNSET   859 PM CDT
JULY 23 2014..........SUNRISE   621 AM CDT   SUNSET   858 PM CDT


-  INDICATES NEGATIVE NUMBERS.
R  INDICATES RECORD WAS SET OR TIED.
MM INDICATES DATA IS MISSING.
T  INDICATES TRACE AMOUNT.




$$
