349
CDUS43 KGID 212237
CLIGRI


CLIMATE REPORT
NATIONAL WEATHER SERVICE HASTINGS NE
537 PM CDT MON AUG 21 2017


...................................

...THE GRAND ISLAND NE CLIMATE SUMMARY FOR AUGUST 21 2017...
VALID TODAY AS OF 0500 PM LOCAL TIME.

CLIMATE NORMAL PERIOD 1981 TO 2010
CLIMATE RECORD PERIOD 1895 TO 2017


WEATHER ITEM   OBSERVED TIME   RECORD YEAR NORMAL DEPARTURE LAST
                VALUE   (LST)  VALUE       VALUE  FROM      YEAR
                                                  NORMAL
..................................................................
TEMPERATURE (F)
 TODAY
  MAXIMUM         87    205 PM 105    1929  85      2       83
  MINIMUM         68    622 AM  47    2016  62      6       47
  AVERAGE         78                        74      4       65

PRECIPITATION (IN)
  TODAY            0.00          1.63 1997   0.09  -0.09     0.00
  MONTH TO DATE    5.21                      2.22   2.99     0.44
  SINCE JUN 1     10.36                      9.92   0.44     4.59
  SINCE JAN 1     20.41                     19.87   0.54    19.27

SNOWFALL (IN)
  TODAY            0.0                       0.0    0.0      0.0
  MONTH TO DATE    0.0                       0.0    0.0      0.0
  SINCE JUN 1      0.0                       0.0    0.0      0.0
  SINCE JUL 1      0.0                       0.0    0.0      0.0
  SNOW DEPTH       0

DEGREE DAYS
 HEATING
  TODAY            0                         0      0        0
  MONTH TO DATE    4                         0      4        0
  SINCE JUN 1      7                        26    -19        6
  SINCE JUL 1      4                         2      2        6

 COOLING
  TODAY           13                         9      4        0
  MONTH TO DATE  113                       209    -96      201
  SINCE JUN 1    807                       771     36      907
  SINCE JAN 1    857                       836     21      941
..................................................................


WIND (MPH)
  HIGHEST WIND SPEED    21   HIGHEST WIND DIRECTION     S (200)
  HIGHEST GUST SPEED    30   HIGHEST GUST DIRECTION    SW (210)
  AVERAGE WIND SPEED     8.4


SKY COVER
  POSSIBLE SUNSHINE  MM
  AVERAGE SKY COVER 0.0


WEATHER CONDITIONS
 THE FOLLOWING WEATHER WAS RECORDED TODAY.
  NO SIGNIFICANT WEATHER WAS OBSERVED.


RELATIVE HUMIDITY (PERCENT)
 HIGHEST   100          1200 AM
 LOWEST     53           200 PM
 AVERAGE    77

..........................................................


THE GRAND ISLAND NE CLIMATE NORMALS FOR TOMORROW
                         NORMAL    RECORD    YEAR
 MAXIMUM TEMPERATURE (F)   85       107      1938
 MINIMUM TEMPERATURE (F)   62        39      1923


SUNRISE AND SUNSET
AUGUST 21 2017........SUNRISE   649 AM CDT   SUNSET   822 PM CDT
AUGUST 22 2017........SUNRISE   650 AM CDT   SUNSET   821 PM CDT


-  INDICATES NEGATIVE NUMBERS.
R  INDICATES RECORD WAS SET OR TIED.
MM INDICATES DATA IS MISSING.
T  INDICATES TRACE AMOUNT.




$$

JMBW
