000
CDUS43 KGID 200633
CLIGRI


CLIMATE REPORT
NATIONAL WEATHER SERVICE HASTINGS NE
1231 AM CST SAT DEC 20 2014


...................................

...THE GRAND ISLAND NE CLIMATE SUMMARY FOR DECEMBER 19 2014...

CLIMATE NORMAL PERIOD 1981 TO 2010
CLIMATE RECORD PERIOD 1895 TO 2014


WEATHER ITEM   OBSERVED TIME   RECORD YEAR NORMAL DEPARTURE LAST
                VALUE   (LST)  VALUE       VALUE  FROM      YEAR
                                                  NORMAL
..................................................................
TEMPERATURE (F)
 YESTERDAY
  MAXIMUM         35    457 PM  61    1966  36     -1       35
  MINIMUM         29    405 AM -19    1989  16     13       11
  AVERAGE         32                        26      6       23

PRECIPITATION (IN)
  YESTERDAY        0.00          1.04 2012   0.02  -0.02      T
  MONTH TO DATE    0.45                      0.42   0.03     0.10
  SINCE DEC 1      0.45                      0.42   0.03     0.10
  SINCE JAN 1     27.25                     26.45   0.80    26.91

SNOWFALL (IN)
  YESTERDAY        0.0           7.0  1952   0.2   -0.2       T
  MONTH TO DATE    0.4                       3.0   -2.6      2.1
  SINCE DEC 1      0.4                       3.0   -2.6      2.1
  SINCE JUL 1      2.6                       7.2   -4.6      2.3
  SNOW DEPTH       T

DEGREE DAYS
 HEATING
  YESTERDAY       33                        39     -6       42
  MONTH TO DATE  604                       710   -106      767
  SINCE DEC 1    604                       710   -106      767
  SINCE JUL 1   1937                      2040   -103     1995

 COOLING
  YESTERDAY        0                         0      0        0
  MONTH TO DATE    0                         0      0        0
  SINCE DEC 1      0                         0      0        0
  SINCE JAN 1   1031                      1034     -3     1265
..................................................................


WIND (MPH)
  HIGHEST WIND SPEED    15   HIGHEST WIND DIRECTION    SW (210)
  HIGHEST GUST SPEED    20   HIGHEST GUST DIRECTION    SW (220)
  AVERAGE WIND SPEED     9.1


SKY COVER
  AVERAGE SKY COVER 1.0


WEATHER CONDITIONS
 THE FOLLOWING WEATHER WAS RECORDED YESTERDAY.
  FOG


RELATIVE HUMIDITY (PERCENT)
 HIGHEST   100          1100 PM
 LOWEST     82           200 PM
 AVERAGE    91

..........................................................


THE GRAND ISLAND NE CLIMATE NORMALS FOR TODAY
                         NORMAL    RECORD    YEAR
 MAXIMUM TEMPERATURE (F)   36        63      1941
 MINIMUM TEMPERATURE (F)   15       -17      1924


SUNRISE AND SUNSET
DECEMBER 20 2014......SUNRISE   754 AM CST   SUNSET   508 PM CST
DECEMBER 21 2014......SUNRISE   755 AM CST   SUNSET   508 PM CST


-  INDICATES NEGATIVE NUMBERS.
R  INDICATES RECORD WAS SET OR TIED.
MM INDICATES DATA IS MISSING.
T  INDICATES TRACE AMOUNT.




$$
