000
CDUS43 KGID 200729
CLIGRI


CLIMATE REPORT
NATIONAL WEATHER SERVICE HASTINGS NE
129 AM CST FRI JAN 20 2017


...................................

...THE GRAND ISLAND NE CLIMATE SUMMARY FOR JANUARY 19 2017...

CLIMATE NORMAL PERIOD 1981 TO 2010
CLIMATE RECORD PERIOD 1895 TO 2017


WEATHER ITEM   OBSERVED TIME   RECORD YEAR NORMAL DEPARTURE LAST
                VALUE   (LST)  VALUE       VALUE  FROM      YEAR
                                                  NORMAL
..................................................................
TEMPERATURE (F)
 YESTERDAY
  MAXIMUM         42    352 PM  68    2014  36      6       23
  MINIMUM         35    315 AM -22    1943  14     21       19
  AVERAGE         39                        25     14       21

PRECIPITATION (IN)
  YESTERDAY        0.00          0.75 1988   0.01  -0.01     0.12
  MONTH TO DATE    1.00                      0.30   0.70     0.25
  SINCE DEC 1      1.81                      0.93   0.88     2.13
  SINCE JAN 1      1.00                      0.30   0.70     0.25

SNOWFALL (IN)
  YESTERDAY        0.0           9.0  1988   0.2   -0.2      1.5
  MONTH TO DATE    1.7                       3.7   -2.0      3.3
  SINCE DEC 1      3.1                       8.8   -5.7      5.7
  SINCE JUL 1      3.5                      13.0   -9.5     11.3
  SNOW DEPTH       0

DEGREE DAYS
 HEATING
  YESTERDAY       26                        40    -14       44
  MONTH TO DATE  785                       760     25      778
  SINCE DEC 1   1986                      1949     37     1786
  SINCE JUL 1   2906                      3279   -373     2752

 COOLING
  YESTERDAY        0                         0      0        0
  MONTH TO DATE    0                         0      0        0
  SINCE DEC 1      0                         0      0        0
  SINCE JAN 1      0                         0      0        0
..................................................................


WIND (MPH)
  HIGHEST WIND SPEED    15   HIGHEST WIND DIRECTION     S (180)
  HIGHEST GUST SPEED    19   HIGHEST GUST DIRECTION     S (190)
  AVERAGE WIND SPEED     6.9


SKY COVER
  AVERAGE SKY COVER 0.8


WEATHER CONDITIONS
 THE FOLLOWING WEATHER WAS RECORDED YESTERDAY.
  FOG
  FOG W/VISIBILITY <= 1/4 MILE


RELATIVE HUMIDITY (PERCENT)
 HIGHEST   100           300 AM
 LOWEST     92          1200 AM
 AVERAGE    96

..........................................................


THE GRAND ISLAND NE CLIMATE NORMALS FOR TODAY
                         NORMAL    RECORD    YEAR
 MAXIMUM TEMPERATURE (F)   36        67      1997
                                             1964
 MINIMUM TEMPERATURE (F)   14       -15      1962


SUNRISE AND SUNSET
JANUARY 20 2017.......SUNRISE   753 AM CST   SUNSET   536 PM CST
JANUARY 21 2017.......SUNRISE   752 AM CST   SUNSET   537 PM CST


-  INDICATES NEGATIVE NUMBERS.
R  INDICATES RECORD WAS SET OR TIED.
MM INDICATES DATA IS MISSING.
T  INDICATES TRACE AMOUNT.




$$
