000
CDUS43 KGID 280630
CLIGRI


CLIMATE REPORT
NATIONAL WEATHER SERVICE HASTINGS NE
129 AM CDT THU AUG 28 2014


...................................

...THE GRAND ISLAND NE CLIMATE SUMMARY FOR AUGUST 27 2014...

CLIMATE NORMAL PERIOD 1981 TO 2010
CLIMATE RECORD PERIOD 1895 TO 2014


WEATHER ITEM   OBSERVED TIME   RECORD YEAR NORMAL DEPARTURE LAST
                VALUE   (LST)  VALUE       VALUE  FROM      YEAR
                                                  NORMAL
..................................................................
TEMPERATURE (F)
 YESTERDAY
  MAXIMUM         78    344 PM 104    1936  84     -6       97
  MINIMUM         68    652 AM  44    1906  60      8       73
  AVERAGE         73                        72      1       85

PRECIPITATION (IN)
  YESTERDAY        0.41          2.12 1989   0.09   0.32     0.00
  MONTH TO DATE    5.09                      2.77   2.32     2.99
  SINCE JUN 1     16.93                     10.47   6.46     6.01
  SINCE JAN 1     21.42                     20.42   1.00    19.38

SNOWFALL (IN)
  YESTERDAY        0.0                       0.0    0.0      0.0
  MONTH TO DATE    0.0                       0.0    0.0      0.0
  SINCE JUN 1      0.0                       0.0    0.0      0.0
  SINCE JUL 1      0.0                       0.0    0.0      0.0
  SNOW DEPTH       0

DEGREE DAYS
 HEATING
  YESTERDAY        0                         0      0        0
  MONTH TO DATE    0                         0      0        0
  SINCE JUN 1     14                        26    -12       24
  SINCE JUL 1      4                         2      2        3

 COOLING
  YESTERDAY        8                         8      0       20
  MONTH TO DATE  258                       258      0      280
  SINCE JUN 1    780                       820    -40      900
  SINCE JAN 1    899                       885     14      995
..................................................................


WIND (MPH)
  HIGHEST WIND SPEED    17   HIGHEST WIND DIRECTION    SW (220)
  HIGHEST GUST SPEED    22   HIGHEST GUST DIRECTION    SW (220)
  AVERAGE WIND SPEED     7.3


SKY COVER
  AVERAGE SKY COVER 0.8


WEATHER CONDITIONS
 THE FOLLOWING WEATHER WAS RECORDED YESTERDAY.
  THUNDERSTORM
  RAIN
  LIGHT RAIN
  FOG


RELATIVE HUMIDITY (PERCENT)
 HIGHEST    93          1200 AM
 LOWEST     71           200 PM
 AVERAGE    82

..........................................................


THE GRAND ISLAND NE CLIMATE NORMALS FOR TODAY
                         NORMAL    RECORD    YEAR
 MAXIMUM TEMPERATURE (F)   84       106      1913
 MINIMUM TEMPERATURE (F)   60        42      1917
                                             1911


SUNRISE AND SUNSET
AUGUST 28 2014........SUNRISE   656 AM CDT   SUNSET   812 PM CDT
AUGUST 29 2014........SUNRISE   657 AM CDT   SUNSET   810 PM CDT


-  INDICATES NEGATIVE NUMBERS.
R  INDICATES RECORD WAS SET OR TIED.
MM INDICATES DATA IS MISSING.
T  INDICATES TRACE AMOUNT.




$$
