264
CDUS43 KGID 130639
CLIGRI


CLIMATE REPORT
NATIONAL WEATHER SERVICE HASTINGS NE
1237 AM CST SAT FEB 13 2016


...................................

...THE GRAND ISLAND NE CLIMATE SUMMARY FOR FEBRUARY 12 2016...

CLIMATE NORMAL PERIOD 1981 TO 2010
CLIMATE RECORD PERIOD 1895 TO 2016


WEATHER ITEM   OBSERVED TIME   RECORD YEAR NORMAL DEPARTURE LAST
                VALUE   (LST)  VALUE       VALUE  FROM      YEAR
                                                  NORMAL
..................................................................
TEMPERATURE (F)
 YESTERDAY
  MAXIMUM         31   1218 AM  67    1938  39     -8       24
                                      1928
  MINIMUM         17   1159 PM -34    1899  18     -1        8
  AVERAGE         24                        28     -4       16

PRECIPITATION (IN)
  YESTERDAY        0.00          0.48 1950   0.02  -0.02      T
  MONTH TO DATE    1.85                      0.25   1.60     0.56
  SINCE DEC 1      4.05                      1.41   2.64     1.79
  SINCE JAN 1      2.17                      0.78   1.39     1.03

SNOWFALL (IN)
  YESTERDAY        0.0           6.0  1978   0.2   -0.2       T
  MONTH TO DATE   18.6                       2.9   15.7      8.0
  SINCE DEC 1     25.6                      14.5   11.1     17.6
  SINCE JUL 1     31.2                      18.7   12.5     19.8
  SNOW DEPTH       5

DEGREE DAYS
 HEATING
  YESTERDAY       41                        37      4       49
  MONTH TO DATE  455                       457     -2      442
  SINCE DEC 1   2633                      2883   -250     2701
  SINCE JUL 1   3599                      4213   -614     4034

 COOLING
  YESTERDAY        0                         0      0        0
  MONTH TO DATE    0                         0      0        0
  SINCE DEC 1      0                         0      0        0
  SINCE JAN 1      0                         0      0        0
..................................................................


WIND (MPH)
  HIGHEST WIND SPEED    20   HIGHEST WIND DIRECTION     N (360)
  HIGHEST GUST SPEED    25   HIGHEST GUST DIRECTION    NW (330)
  AVERAGE WIND SPEED    12.0


SKY COVER
  AVERAGE SKY COVER 0.9


WEATHER CONDITIONS
 THE FOLLOWING WEATHER WAS RECORDED YESTERDAY.
  FOG


RELATIVE HUMIDITY (PERCENT)
 HIGHEST    96           100 PM
 LOWEST     67          1100 PM
 AVERAGE    82

..........................................................


THE GRAND ISLAND NE CLIMATE NORMALS FOR TODAY
                         NORMAL    RECORD    YEAR
 MAXIMUM TEMPERATURE (F)   39        71      1954
                                             1934
 MINIMUM TEMPERATURE (F)   18       -25      1905


SUNRISE AND SUNSET
FEBRUARY 13 2016......SUNRISE   731 AM CST   SUNSET   605 PM CST
FEBRUARY 14 2016......SUNRISE   729 AM CST   SUNSET   606 PM CST


-  INDICATES NEGATIVE NUMBERS.
R  INDICATES RECORD WAS SET OR TIED.
MM INDICATES DATA IS MISSING.
T  INDICATES TRACE AMOUNT.

$$

HALBLAUB
